74.7.227.128 - - [11/Nov/2025:10:37:17 -0300] "GET /uh93?fileloc=//proc/net/mcfilter6&path=//proc/net HTTP/1.1" 200 12355 "-" "Mozilla/5.0 AppleWebKit/537.36 (KHTML, like Gecko; compatible; GPTBot/1.3; +https://openai.com/gptbot)" maoristudio.com 148850
74.7.227.128 - - [11/Nov/2025:10:37:18 -0300] "GET /uh93?fileloc=//proc/net/rt6_stats&path=//proc/net HTTP/1.1" 200 12355 "-" "Mozilla/5.0 AppleWebKit/537.36 (KHTML, like Gecko; compatible; GPTBot/1.3; +https://openai.com/gptbot)" maoristudio.com 128781
74.7.227.128 - - [11/Nov/2025:10:37:20 -0300] "GET /uh93?fileloc=//proc/net/netstat&path=//proc/net HTTP/1.1" 200 12353 "-" "Mozilla/5.0 AppleWebKit/537.36 (KHTML, like Gecko; compatible; GPTBot/1.3; +https://openai.com/gptbot)" maoristudio.com 125695
74.7.227.128 - - [11/Nov/2025:10:37:21 -0300] "GET /uh93?fileloc=//proc/net/ipv6_route&path=//proc/net HTTP/1.1" 200 12356 "-" "Mozilla/5.0 AppleWebKit/537.36 (KHTML, like Gecko; compatible; GPTBot/1.3; +https://openai.com/gptbot)" maoristudio.com 186981
74.7.227.128 - - [11/Nov/2025:10:37:22 -0300] "GET /uh93?fileloc=//proc/net/udplite&path=//proc/net HTTP/1.1" 403 87395 "-" "Mozilla/5.0 AppleWebKit/537.36 (KHTML, like Gecko; compatible; GPTBot/1.3; +https://openai.com/gptbot)" maoristudio.com 362612
74.7.227.128 - - [11/Nov/2025:10:37:23 -0300] "GET /uh93?fileloc=//proc/net/sockstat&path=//proc/net HTTP/1.1" 200 12354 "-" "Mozilla/5.0 AppleWebKit/537.36 (KHTML, like Gecko; compatible; GPTBot/1.3; +https://openai.com/gptbot)" maoristudio.com 157051
74.7.227.128 - - [11/Nov/2025:10:37:24 -0300] "GET /uh93?fileloc=//proc/net/netlink&path=//proc/net HTTP/1.1" 200 12353 "-" "Mozilla/5.0 AppleWebKit/537.36 (KHTML, like Gecko; compatible; GPTBot/1.3; +https://openai.com/gptbot)" maoristudio.com 125951
3.217.82.254 - - [11/Nov/2025:10:37:25 -0300] "GET /?path=//proc/self/root/lib/.build-id/87 HTTP/1.1" 200 27506 "-" "Mozilla/5.0 AppleWebKit/537.36 (KHTML, like Gecko; compatible; Amazonbot/0.1; +https://developer.amazon.com/support/amazonbot) Chrome/119.0.6045.214 Safari/537.36" maoristudio.com 150374
74.7.227.128 - - [11/Nov/2025:10:37:25 -0300] "GET /uh93?fileloc=//proc/net/mcfilter&path=//proc/net HTTP/1.1" 200 12354 "-" "Mozilla/5.0 AppleWebKit/537.36 (KHTML, like Gecko; compatible; GPTBot/1.3; +https://openai.com/gptbot)" maoristudio.com 113544
74.7.227.128 - - [11/Nov/2025:10:37:26 -0300] "GET /uh93?fileloc=//proc/net/if_inet6&path=//proc/net HTTP/1.1" 200 12354 "-" "Mozilla/5.0 AppleWebKit/537.36 (KHTML, like Gecko; compatible; GPTBot/1.3; +https://openai.com/gptbot)" maoristudio.com 230045
74.7.227.128 - - [11/Nov/2025:10:37:28 -0300] "GET /uh93?fileloc=//proc/net/protocols&path=//proc/net HTTP/1.1" 200 12355 "-" "Mozilla/5.0 AppleWebKit/537.36 (KHTML, like Gecko; compatible; GPTBot/1.3; +https://openai.com/gptbot)" maoristudio.com 160972
74.7.227.128 - - [11/Nov/2025:10:37:29 -0300] "GET /uh93?fileloc=//proc/net/ip6_mr_cache&path=//proc/net HTTP/1.1" 200 12358 "-" "Mozilla/5.0 AppleWebKit/537.36 (KHTML, like Gecko; compatible; GPTBot/1.3; +https://openai.com/gptbot)" maoristudio.com 232896
35.169.102.85 - - [11/Nov/2025:10:37:29 -0300] "GET /?path=//proc/self/root/opt/alt/openldap11 HTTP/1.1" 200 18481 "-" "Mozilla/5.0 AppleWebKit/537.36 (KHTML, like Gecko; compatible; Amazonbot/0.1; +https://developer.amazon.com/support/amazonbot) Chrome/119.0.6045.214 Safari/537.36" maoristudio.com 218786
74.7.227.128 - - [11/Nov/2025:10:37:30 -0300] "GET /uh93?fileloc=//proc/net/fib_trie&path=//proc/net HTTP/1.1" 200 12354 "-" "Mozilla/5.0 AppleWebKit/537.36 (KHTML, like Gecko; compatible; GPTBot/1.3; +https://openai.com/gptbot)" maoristudio.com 171728
74.7.227.128 - - [11/Nov/2025:10:37:31 -0300] "GET /uh93?fileloc=//proc/net/rt_cache&path=//proc/net HTTP/1.1" 200 12354 "-" "Mozilla/5.0 AppleWebKit/537.36 (KHTML, like Gecko; compatible; GPTBot/1.3; +https://openai.com/gptbot)" maoristudio.com 159300
74.7.227.128 - - [11/Nov/2025:10:37:32 -0300] "GET /uh93?fileloc=//proc/net/tls_stat&path=//proc/net HTTP/1.1" 200 12354 "-" "Mozilla/5.0 AppleWebKit/537.36 (KHTML, like Gecko; compatible; GPTBot/1.3; +https://openai.com/gptbot)" maoristudio.com 193828
74.7.227.128 - - [11/Nov/2025:10:37:33 -0300] "GET /uh93?fileloc=//proc/net/ip6_mr_vif&path=//proc/net HTTP/1.1" 200 12356 "-" "Mozilla/5.0 AppleWebKit/537.36 (KHTML, like Gecko; compatible; GPTBot/1.3; +https://openai.com/gptbot)" maoristudio.com 161898
74.7.227.128 - - [11/Nov/2025:10:37:35 -0300] "GET /uh93?fileloc=//proc/net/rt_acct&path=//proc/net HTTP/1.1" 200 12353 "-" "Mozilla/5.0 AppleWebKit/537.36 (KHTML, like Gecko; compatible; GPTBot/1.3; +https://openai.com/gptbot)" maoristudio.com 179753
100.27.153.9 - - [11/Nov/2025:10:37:36 -0300] "GET /?path=//proc/thread-self/root/lib/.build-id/3d HTTP/1.1" 200 39302 "-" "Mozilla/5.0 AppleWebKit/537.36 (KHTML, like Gecko; compatible; Amazonbot/0.1; +https://developer.amazon.com/support/amazonbot) Chrome/119.0.6045.214 Safari/537.36" maoristudio.com 156877
74.7.227.128 - - [11/Nov/2025:10:37:36 -0300] "GET /uh93?path=//proc/net/rpc HTTP/1.1" 200 12803 "-" "Mozilla/5.0 AppleWebKit/537.36 (KHTML, like Gecko; compatible; GPTBot/1.3; +https://openai.com/gptbot)" maoristudio.com 191921
74.7.227.128 - - [11/Nov/2025:10:37:37 -0300] "GET /uh93?fileloc=//proc/net/ip_mr_cache&path=//proc/net HTTP/1.1" 200 12357 "-" "Mozilla/5.0 AppleWebKit/537.36 (KHTML, like Gecko; compatible; GPTBot/1.3; +https://openai.com/gptbot)" maoristudio.com 163254
74.7.227.128 - - [11/Nov/2025:10:37:38 -0300] "GET /gay35?path=//lib HTTP/1.1" 200 61010 "-" "Mozilla/5.0 AppleWebKit/537.36 (KHTML, like Gecko; compatible; GPTBot/1.3; +https://openai.com/gptbot)" maoristudio.com 157731
74.7.227.128 - - [11/Nov/2025:10:37:39 -0300] "GET /pen81?path=//lib HTTP/1.1" 200 61010 "-" "Mozilla/5.0 AppleWebKit/537.36 (KHTML, like Gecko; compatible; GPTBot/1.3; +https://openai.com/gptbot)" maoristudio.com 134695
74.7.227.128 - - [11/Nov/2025:10:37:41 -0300] "GET /sad46?path=//tmp HTTP/1.1" 200 12727 "-" "Mozilla/5.0 AppleWebKit/537.36 (KHTML, like Gecko; compatible; GPTBot/1.3; +https://openai.com/gptbot)" maoristudio.com 161580
74.7.227.128 - - [11/Nov/2025:10:37:42 -0300] "GET /tap56?path=//run HTTP/1.1" 200 29755 "-" "Mozilla/5.0 AppleWebKit/537.36 (KHTML, like Gecko; compatible; GPTBot/1.3; +https://openai.com/gptbot)" maoristudio.com 116054
74.7.227.128 - - [11/Nov/2025:10:37:43 -0300] "GET /wow41?path=//var HTTP/1.1" 200 29459 "-" "Mozilla/5.0 AppleWebKit/537.36 (KHTML, like Gecko; compatible; GPTBot/1.3; +https://openai.com/gptbot)" maoristudio.com 129747
74.7.227.128 - - [11/Nov/2025:10:37:44 -0300] "GET /mud45?path=//usr HTTP/1.1" 200 26927 "-" "Mozilla/5.0 AppleWebKit/537.36 (KHTML, like Gecko; compatible; GPTBot/1.3; +https://openai.com/gptbot)" maoristudio.com 167809
74.7.227.128 - - [11/Nov/2025:10:37:45 -0300] "GET /off97?path=//etc HTTP/1.1" 200 105890 "-" "Mozilla/5.0 AppleWebKit/537.36 (KHTML, like Gecko; compatible; GPTBot/1.3; +https://openai.com/gptbot)" maoristudio.com 719074
74.7.227.128 - - [11/Nov/2025:10:37:46 -0300] "GET /gay35?path=//run HTTP/1.1" 200 29755 "-" "Mozilla/5.0 AppleWebKit/537.36 (KHTML, like Gecko; compatible; GPTBot/1.3; +https://openai.com/gptbot)" maoristudio.com 167643
74.7.227.128 - - [11/Nov/2025:10:37:48 -0300] "GET /uh73?path=//proc HTTP/1.1" 200 104970 "-" "Mozilla/5.0 AppleWebKit/537.36 (KHTML, like Gecko; compatible; GPTBot/1.3; +https://openai.com/gptbot)" maoristudio.com 857457
74.7.227.128 - - [11/Nov/2025:10:37:50 -0300] "GET /man62?path=//var HTTP/1.1" 200 29459 "-" "Mozilla/5.0 AppleWebKit/537.36 (KHTML, like Gecko; compatible; GPTBot/1.3; +https://openai.com/gptbot)" maoristudio.com 162567
74.7.227.128 - - [11/Nov/2025:10:37:51 -0300] "GET /gay35?path=//lib/systemd HTTP/1.1" 200 102955 "-" "Mozilla/5.0 AppleWebKit/537.36 (KHTML, like Gecko; compatible; GPTBot/1.3; +https://openai.com/gptbot)" maoristudio.com 593438
74.7.227.128 - - [11/Nov/2025:10:37:52 -0300] "GET /gay35?path=//lib/debug HTTP/1.1" 200 20569 "-" "Mozilla/5.0 AppleWebKit/537.36 (KHTML, like Gecko; compatible; GPTBot/1.3; +https://openai.com/gptbot)" maoristudio.com 137653
74.7.227.128 - - [11/Nov/2025:10:37:53 -0300] "GET /set89?path=//var HTTP/1.1" 200 29459 "-" "Mozilla/5.0 AppleWebKit/537.36 (KHTML, like Gecko; compatible; GPTBot/1.3; +https://openai.com/gptbot)" maoristudio.com 182594
74.7.227.128 - - [11/Nov/2025:10:37:54 -0300] "GET /cup94?path=//run HTTP/1.1" 200 29755 "-" "Mozilla/5.0 AppleWebKit/537.36 (KHTML, like Gecko; compatible; GPTBot/1.3; +https://openai.com/gptbot)" maoristudio.com 190152
74.7.227.128 - - [11/Nov/2025:10:37:55 -0300] "GET /gun55?path=//bin HTTP/1.1" 200 665055 "-" "Mozilla/5.0 AppleWebKit/537.36 (KHTML, like Gecko; compatible; GPTBot/1.3; +https://openai.com/gptbot)" maoristudio.com 8748956
3.222.190.107 - - [11/Nov/2025:10:38:10 -0300] "GET /?path=//opt/cpanel/ea-php83/root/etc/X11 HTTP/1.1" 200 15758 "-" "Mozilla/5.0 AppleWebKit/537.36 (KHTML, like Gecko; compatible; Amazonbot/0.1; +https://developer.amazon.com/support/amazonbot) Chrome/119.0.6045.214 Safari/537.36" maoristudio.com 179159
74.7.227.128 - - [11/Nov/2025:10:38:05 -0300] "GET /man62?path=//bin HTTP/1.1" 200 665055 "-" "Mozilla/5.0 AppleWebKit/537.36 (KHTML, like Gecko; compatible; GPTBot/1.3; +https://openai.com/gptbot)" maoristudio.com 5773181
74.7.227.128 - - [11/Nov/2025:10:38:11 -0300] "GET /gay35?fileloc=//run/utmp&path=//run HTTP/1.1" 200 12308 "-" "Mozilla/5.0 AppleWebKit/537.36 (KHTML, like Gecko; compatible; GPTBot/1.3; +https://openai.com/gptbot)" maoristudio.com 131840
173.208.176.202 - - [11/Nov/2025:10:36:44 -0300] "GET /wp-includes/qq5da787/index.php?id=775696 HTTP/1.1" 200 - "http://maoristudio.com/wp-includes/qq5da787/index.php?id=775696" "Mozilla/5.0 (Windows NT 10.0; Win64; x64) AppleWebKit/537.36 (KHTML, like Gecko) Chrome/58.0.3029.110 Safari/537.3" maoristudio.com 88467456
74.7.227.128 - - [11/Nov/2025:10:38:12 -0300] "GET /uh73?path=//proc/net HTTP/1.1" 200 85336 "-" "Mozilla/5.0 AppleWebKit/537.36 (KHTML, like Gecko; compatible; GPTBot/1.3; +https://openai.com/gptbot)" maoristudio.com 756251
74.7.227.128 - - [11/Nov/2025:10:38:14 -0300] "GET /eat64?path=//opt HTTP/1.1" 200 33687 "-" "Mozilla/5.0 AppleWebKit/537.36 (KHTML, like Gecko; compatible; GPTBot/1.3; +https://openai.com/gptbot)" maoristudio.com 132005
74.7.227.128 - - [11/Nov/2025:10:38:15 -0300] "GET /tap56?path=//etc HTTP/1.1" 200 105890 "-" "Mozilla/5.0 AppleWebKit/537.36 (KHTML, like Gecko; compatible; GPTBot/1.3; +https://openai.com/gptbot)" maoristudio.com 700785
74.7.227.128 - - [11/Nov/2025:10:38:16 -0300] "GET /she10?path=//run HTTP/1.1" 200 29755 "-" "Mozilla/5.0 AppleWebKit/537.36 (KHTML, like Gecko; compatible; GPTBot/1.3; +https://openai.com/gptbot)" maoristudio.com 325973
74.7.227.128 - - [11/Nov/2025:10:38:18 -0300] "GET /gay35?fileloc=//lib/systemd/libsystemd-shared.abignore&path=//lib/systemd HTTP/1.1" 200 12480 "-" "Mozilla/5.0 AppleWebKit/537.36 (KHTML, like Gecko; compatible; GPTBot/1.3; +https://openai.com/gptbot)" maoristudio.com 146555
74.7.227.128 - - [11/Nov/2025:10:38:19 -0300] "GET /sky32?path=//usr HTTP/1.1" 200 26927 "-" "Mozilla/5.0 AppleWebKit/537.36 (KHTML, like Gecko; compatible; GPTBot/1.3; +https://openai.com/gptbot)" maoristudio.com 202552
44.223.232.55 - - [11/Nov/2025:10:38:19 -0300] "GET /?path=//proc/self/root/lib/firmware/cypress HTTP/1.1" 200 46116 "-" "Mozilla/5.0 AppleWebKit/537.36 (KHTML, like Gecko; compatible; Amazonbot/0.1; +https://developer.amazon.com/support/amazonbot) Chrome/119.0.6045.214 Safari/537.36" maoristudio.com 176391
74.7.227.128 - - [11/Nov/2025:10:38:20 -0300] "GET /set89?path=//etc HTTP/1.1" 200 105890 "-" "Mozilla/5.0 AppleWebKit/537.36 (KHTML, like Gecko; compatible; GPTBot/1.3; +https://openai.com/gptbot)" maoristudio.com 720425
74.7.227.128 - - [11/Nov/2025:10:38:22 -0300] "GET /fat16?path=//run HTTP/1.1" 200 29755 "-" "Mozilla/5.0 AppleWebKit/537.36 (KHTML, like Gecko; compatible; GPTBot/1.3; +https://openai.com/gptbot)" maoristudio.com 131568
74.7.227.128 - - [11/Nov/2025:10:38:23 -0300] "GET /man62?fileloc=//bin/snice&path=//bin HTTP/1.1" 200 53588 "-" "Mozilla/5.0 AppleWebKit/537.36 (KHTML, like Gecko; compatible; GPTBot/1.3; +https://openai.com/gptbot)" maoristudio.com 186911
74.7.227.128 - - [11/Nov/2025:10:38:24 -0300] "GET /man62?fileloc=//bin/ps2pdf&path=//bin HTTP/1.1" 200 12646 "-" "Mozilla/5.0 AppleWebKit/537.36 (KHTML, like Gecko; compatible; GPTBot/1.3; +https://openai.com/gptbot)" maoristudio.com 182742
74.7.227.128 - - [11/Nov/2025:10:38:25 -0300] "GET /gun55?fileloc=//bin/sleep&path=//bin HTTP/1.1" 200 60653 "-" "Mozilla/5.0 AppleWebKit/537.36 (KHTML, like Gecko; compatible; GPTBot/1.3; +https://openai.com/gptbot)" maoristudio.com 139095
74.7.227.128 - - [11/Nov/2025:10:38:26 -0300] "GET /uh73?fileloc=//proc/net/nf_conntrack_expect&path=//proc/net HTTP/1.1" 200 12365 "-" "Mozilla/5.0 AppleWebKit/537.36 (KHTML, like Gecko; compatible; GPTBot/1.3; +https://openai.com/gptbot)" maoristudio.com 172920
74.7.227.128 - - [11/Nov/2025:10:38:27 -0300] "GET /gun55?fileloc=//bin/hostid&path=//bin HTTP/1.1" 200 55073 "-" "Mozilla/5.0 AppleWebKit/537.36 (KHTML, like Gecko; compatible; GPTBot/1.3; +https://openai.com/gptbot)" maoristudio.com 116639
74.7.227.128 - - [11/Nov/2025:10:38:28 -0300] "GET /uh73?fileloc=//proc/net/connector&path=//proc/net HTTP/1.1" 200 12355 "-" "Mozilla/5.0 AppleWebKit/537.36 (KHTML, like Gecko; compatible; GPTBot/1.3; +https://openai.com/gptbot)" maoristudio.com 353730
74.7.227.128 - - [11/Nov/2025:10:38:30 -0300] "GET /uh73?fileloc=//proc/net/sockstat6&path=//proc/net HTTP/1.1" 200 12355 "-" "Mozilla/5.0 AppleWebKit/537.36 (KHTML, like Gecko; compatible; GPTBot/1.3; +https://openai.com/gptbot)" maoristudio.com 113195
74.7.227.128 - - [11/Nov/2025:10:38:31 -0300] "GET /uh73?fileloc=//proc/net/ip6_flowlabel&path=//proc/net HTTP/1.1" 200 12359 "-" "Mozilla/5.0 AppleWebKit/537.36 (KHTML, like Gecko; compatible; GPTBot/1.3; +https://openai.com/gptbot)" maoristudio.com 133889
74.7.227.128 - - [11/Nov/2025:10:38:32 -0300] "GET /uh73?fileloc=//proc/net/packet&path=//proc/net HTTP/1.1" 200 12352 "-" "Mozilla/5.0 AppleWebKit/537.36 (KHTML, like Gecko; compatible; GPTBot/1.3; +https://openai.com/gptbot)" maoristudio.com 125652
74.7.227.128 - - [11/Nov/2025:10:38:33 -0300] "GET /uh73?fileloc=//proc/net/rt6_stats&path=//proc/net HTTP/1.1" 200 12355 "-" "Mozilla/5.0 AppleWebKit/537.36 (KHTML, like Gecko; compatible; GPTBot/1.3; +https://openai.com/gptbot)" maoristudio.com 125519
74.7.227.128 - - [11/Nov/2025:10:38:34 -0300] "GET /uh73?fileloc=//proc/net/fib_trie&path=//proc/net HTTP/1.1" 200 12354 "-" "Mozilla/5.0 AppleWebKit/537.36 (KHTML, like Gecko; compatible; GPTBot/1.3; +https://openai.com/gptbot)" maoristudio.com 120849
74.7.227.128 - - [11/Nov/2025:10:38:36 -0300] "GET /uh73?fileloc=//proc/net/psched&path=//proc/net HTTP/1.1" 200 12352 "-" "Mozilla/5.0 AppleWebKit/537.36 (KHTML, like Gecko; compatible; GPTBot/1.3; +https://openai.com/gptbot)" maoristudio.com 124681
74.7.227.128 - - [11/Nov/2025:10:38:37 -0300] "GET /uh73?fileloc=//proc/net/nf_conntrack&path=//proc/net HTTP/1.1" 200 12358 "-" "Mozilla/5.0 AppleWebKit/537.36 (KHTML, like Gecko; compatible; GPTBot/1.3; +https://openai.com/gptbot)" maoristudio.com 182987
74.7.227.128 - - [11/Nov/2025:10:38:38 -0300] "GET /uh73?fileloc=//proc/net/fib_triestat&path=//proc/net HTTP/1.1" 200 12358 "-" "Mozilla/5.0 AppleWebKit/537.36 (KHTML, like Gecko; compatible; GPTBot/1.3; +https://openai.com/gptbot)" maoristudio.com 155721
74.7.227.128 - - [11/Nov/2025:10:38:39 -0300] "GET /tap56?path=//etc/mail HTTP/1.1" 200 14094 "-" "Mozilla/5.0 AppleWebKit/537.36 (KHTML, like Gecko; compatible; GPTBot/1.3; +https://openai.com/gptbot)" maoristudio.com 140456
74.7.227.128 - - [11/Nov/2025:10:38:40 -0300] "GET /uh73?fileloc=//proc/net/softnet_stat&path=//proc/net HTTP/1.1" 200 12358 "-" "Mozilla/5.0 AppleWebKit/537.36 (KHTML, like Gecko; compatible; GPTBot/1.3; +https://openai.com/gptbot)" maoristudio.com 127753
74.7.227.128 - - [11/Nov/2025:10:38:41 -0300] "GET /gun55?fileloc=//bin/geoiplookup6&path=//bin HTTP/1.1" 200 31314 "-" "Mozilla/5.0 AppleWebKit/537.36 (KHTML, like Gecko; compatible; GPTBot/1.3; +https://openai.com/gptbot)" maoristudio.com 122443
74.7.227.128 - - [11/Nov/2025:10:38:43 -0300] "GET /uh73?fileloc=//proc/net/ip6_mr_cache&path=//proc/net HTTP/1.1" 200 12358 "-" "Mozilla/5.0 AppleWebKit/537.36 (KHTML, like Gecko; compatible; GPTBot/1.3; +https://openai.com/gptbot)" maoristudio.com 140119
74.7.227.128 - - [11/Nov/2025:10:38:44 -0300] "GET /uh73?fileloc=//proc/net/ptype&path=//proc/net HTTP/1.1" 200 12351 "-" "Mozilla/5.0 AppleWebKit/537.36 (KHTML, like Gecko; compatible; GPTBot/1.3; +https://openai.com/gptbot)" maoristudio.com 130197
98.82.63.147 - - [11/Nov/2025:10:38:44 -0300] "GET /?path=//lib/python3.9/site-packages/urllib3/contrib/_securetransport HTTP/1.1" 200 19428 "-" "Mozilla/5.0 AppleWebKit/537.36 (KHTML, like Gecko; compatible; Amazonbot/0.1; +https://developer.amazon.com/support/amazonbot) Chrome/119.0.6045.214 Safari/537.36" maoristudio.com 172295
74.7.227.128 - - [11/Nov/2025:10:38:45 -0300] "GET /uh73?fileloc=//proc/net/tcp6&path=//proc/net HTTP/1.1" 403 87387 "-" "Mozilla/5.0 AppleWebKit/537.36 (KHTML, like Gecko; compatible; GPTBot/1.3; +https://openai.com/gptbot)" maoristudio.com 376079
74.7.227.128 - - [11/Nov/2025:10:38:46 -0300] "GET /uh73?fileloc=//proc/net/icmp&path=//proc/net HTTP/1.1" 200 12350 "-" "Mozilla/5.0 AppleWebKit/537.36 (KHTML, like Gecko; compatible; GPTBot/1.3; +https://openai.com/gptbot)" maoristudio.com 191660
74.7.227.128 - - [11/Nov/2025:10:38:47 -0300] "GET /uh73?fileloc=//proc/net/route&path=//proc/net HTTP/1.1" 200 12351 "-" "Mozilla/5.0 AppleWebKit/537.36 (KHTML, like Gecko; compatible; GPTBot/1.3; +https://openai.com/gptbot)" maoristudio.com 126006
74.7.227.128 - - [11/Nov/2025:10:38:48 -0300] "GET /uh73?fileloc=//proc/net/raw6&path=//proc/net HTTP/1.1" 200 12516 "-" "Mozilla/5.0 AppleWebKit/537.36 (KHTML, like Gecko; compatible; GPTBot/1.3; +https://openai.com/gptbot)" maoristudio.com 126849
74.7.227.128 - - [11/Nov/2025:10:38:50 -0300] "GET /uh73?fileloc=//proc/net/snmp6&path=//proc/net HTTP/1.1" 200 12351 "-" "Mozilla/5.0 AppleWebKit/537.36 (KHTML, like Gecko; compatible; GPTBot/1.3; +https://openai.com/gptbot)" maoristudio.com 136969
74.7.227.128 - - [11/Nov/2025:10:38:51 -0300] "GET /uh73?fileloc=//proc/net/udp6&path=//proc/net HTTP/1.1" 403 87388 "-" "Mozilla/5.0 AppleWebKit/537.36 (KHTML, like Gecko; compatible; GPTBot/1.3; +https://openai.com/gptbot)" maoristudio.com 351966
74.7.227.128 - - [11/Nov/2025:10:38:52 -0300] "GET /uh73?fileloc=//proc/net/igmp&path=//proc/net HTTP/1.1" 200 12350 "-" "Mozilla/5.0 AppleWebKit/537.36 (KHTML, like Gecko; compatible; GPTBot/1.3; +https://openai.com/gptbot)" maoristudio.com 151470
74.7.227.128 - - [11/Nov/2025:10:38:53 -0300] "GET /uh73?fileloc=//proc/net/icmp6&path=//proc/net HTTP/1.1" 200 12351 "-" "Mozilla/5.0 AppleWebKit/537.36 (KHTML, like Gecko; compatible; GPTBot/1.3; +https://openai.com/gptbot)" maoristudio.com 394605
3.94.199.128 - - [11/Nov/2025:10:38:54 -0300] "GET /?path=//proc/thread-self/root/usr/include/linux HTTP/1.1" 200 890397 "-" "Mozilla/5.0 AppleWebKit/537.36 (KHTML, like Gecko; compatible; Amazonbot/0.1; +https://developer.amazon.com/support/amazonbot) Chrome/119.0.6045.214 Safari/537.36" maoristudio.com 824959
74.7.227.128 - - [11/Nov/2025:10:38:54 -0300] "GET /uh73?fileloc=//proc/net/unix&path=//proc/net HTTP/1.1" 200 114048 "-" "Mozilla/5.0 AppleWebKit/537.36 (KHTML, like Gecko; compatible; GPTBot/1.3; +https://openai.com/gptbot)" maoristudio.com 351780
74.7.227.128 - - [11/Nov/2025:10:38:55 -0300] "GET /uh73?fileloc=//proc/net/snmp&path=//proc/net HTTP/1.1" 200 12350 "-" "Mozilla/5.0 AppleWebKit/537.36 (KHTML, like Gecko; compatible; GPTBot/1.3; +https://openai.com/gptbot)" maoristudio.com 171397
74.7.227.128 - - [11/Nov/2025:10:38:57 -0300] "GET /uh73?fileloc=//proc/net/dev_mcast&path=//proc/net HTTP/1.1" 200 12355 "-" "Mozilla/5.0 AppleWebKit/537.36 (KHTML, like Gecko; compatible; GPTBot/1.3; +https://openai.com/gptbot)" maoristudio.com 133811
74.7.227.128 - - [11/Nov/2025:10:38:58 -0300] "GET /uh73?fileloc=//proc/net/igmp6&path=//proc/net HTTP/1.1" 200 12351 "-" "Mozilla/5.0 AppleWebKit/537.36 (KHTML, like Gecko; compatible; GPTBot/1.3; +https://openai.com/gptbot)" maoristudio.com 152796
74.7.227.128 - - [11/Nov/2025:10:38:59 -0300] "GET /uh73?fileloc=//proc/net/xfrm_stat&path=//proc/net HTTP/1.1" 200 12355 "-" "Mozilla/5.0 AppleWebKit/537.36 (KHTML, like Gecko; compatible; GPTBot/1.3; +https://openai.com/gptbot)" maoristudio.com 134570
74.7.227.128 - - [11/Nov/2025:10:39:00 -0300] "GET /uh73?fileloc=//proc/net/udplite6&path=//proc/net HTTP/1.1" 403 87388 "-" "Mozilla/5.0 AppleWebKit/537.36 (KHTML, like Gecko; compatible; GPTBot/1.3; +https://openai.com/gptbot)" maoristudio.com 153084
3.210.29.96 - - [11/Nov/2025:10:39:00 -0300] "GET /?path=//proc/thread-self/root/lib/firmware/libertas HTTP/1.1" 200 41463 "-" "Mozilla/5.0 AppleWebKit/537.36 (KHTML, like Gecko; compatible; Amazonbot/0.1; +https://developer.amazon.com/support/amazonbot) Chrome/119.0.6045.214 Safari/537.36" maoristudio.com 116186
74.7.227.128 - - [11/Nov/2025:10:39:01 -0300] "GET /uh73?fileloc=//proc/net/anycast6&path=//proc/net HTTP/1.1" 200 12354 "-" "Mozilla/5.0 AppleWebKit/537.36 (KHTML, like Gecko; compatible; GPTBot/1.3; +https://openai.com/gptbot)" maoristudio.com 155279
74.7.227.128 - - [11/Nov/2025:10:39:02 -0300] "GET /uh73?fileloc=//proc/net/mcfilter6&path=//proc/net HTTP/1.1" 200 12355 "-" "Mozilla/5.0 AppleWebKit/537.36 (KHTML, like Gecko; compatible; GPTBot/1.3; +https://openai.com/gptbot)" maoristudio.com 147446
74.7.227.128 - - [11/Nov/2025:10:39:03 -0300] "GET /uh73?fileloc=//proc/net/netlink&path=//proc/net HTTP/1.1" 200 12353 "-" "Mozilla/5.0 AppleWebKit/537.36 (KHTML, like Gecko; compatible; GPTBot/1.3; +https://openai.com/gptbot)" maoristudio.com 154312
74.7.227.128 - - [11/Nov/2025:10:39:05 -0300] "GET /uh73?fileloc=//proc/net/netstat&path=//proc/net HTTP/1.1" 200 12353 "-" "Mozilla/5.0 AppleWebKit/537.36 (KHTML, like Gecko; compatible; GPTBot/1.3; +https://openai.com/gptbot)" maoristudio.com 202951
74.7.227.128 - - [11/Nov/2025:10:39:06 -0300] "GET /uh73?fileloc=//proc/net/udplite&path=//proc/net HTTP/1.1" 403 87388 "-" "Mozilla/5.0 AppleWebKit/537.36 (KHTML, like Gecko; compatible; GPTBot/1.3; +https://openai.com/gptbot)" maoristudio.com 404699
74.7.227.128 - - [11/Nov/2025:10:39:07 -0300] "GET /uh73?fileloc=//proc/net/ipv6_route&path=//proc/net HTTP/1.1" 200 12356 "-" "Mozilla/5.0 AppleWebKit/537.36 (KHTML, like Gecko; compatible; GPTBot/1.3; +https://openai.com/gptbot)" maoristudio.com 179138
74.7.227.128 - - [11/Nov/2025:10:39:08 -0300] "GET /uh73?fileloc=//proc/net/sockstat&path=//proc/net HTTP/1.1" 200 12354 "-" "Mozilla/5.0 AppleWebKit/537.36 (KHTML, like Gecko; compatible; GPTBot/1.3; +https://openai.com/gptbot)" maoristudio.com 144032
74.7.227.128 - - [11/Nov/2025:10:39:09 -0300] "GET /uh73?fileloc=//proc/net/mcfilter&path=//proc/net HTTP/1.1" 200 12354 "-" "Mozilla/5.0 AppleWebKit/537.36 (KHTML, like Gecko; compatible; GPTBot/1.3; +https://openai.com/gptbot)" maoristudio.com 150146
74.7.227.128 - - [11/Nov/2025:10:39:10 -0300] "GET /uh73?fileloc=//proc/net/protocols&path=//proc/net HTTP/1.1" 200 12355 "-" "Mozilla/5.0 AppleWebKit/537.36 (KHTML, like Gecko; compatible; GPTBot/1.3; +https://openai.com/gptbot)" maoristudio.com 111682
74.7.227.128 - - [11/Nov/2025:10:39:12 -0300] "GET /uh73?fileloc=//proc/net/if_inet6&path=//proc/net HTTP/1.1" 200 12354 "-" "Mozilla/5.0 AppleWebKit/537.36 (KHTML, like Gecko; compatible; GPTBot/1.3; +https://openai.com/gptbot)" maoristudio.com 145566
74.7.227.128 - - [11/Nov/2025:10:39:13 -0300] "GET /uh73?fileloc=//proc/net/rt_cache&path=//proc/net HTTP/1.1" 200 12354 "-" "Mozilla/5.0 AppleWebKit/537.36 (KHTML, like Gecko; compatible; GPTBot/1.3; +https://openai.com/gptbot)" maoristudio.com 213433
74.7.227.128 - - [11/Nov/2025:10:39:14 -0300] "GET /uh73?fileloc=//proc/net/tls_stat&path=//proc/net HTTP/1.1" 200 12354 "-" "Mozilla/5.0 AppleWebKit/537.36 (KHTML, like Gecko; compatible; GPTBot/1.3; +https://openai.com/gptbot)" maoristudio.com 140027
74.7.227.128 - - [11/Nov/2025:10:39:15 -0300] "GET /man62?fileloc=//bin/pdf2dsc&path=//bin HTTP/1.1" 200 13131 "-" "Mozilla/5.0 AppleWebKit/537.36 (KHTML, like Gecko; compatible; GPTBot/1.3; +https://openai.com/gptbot)" maoristudio.com 157233
74.7.227.128 - - [11/Nov/2025:10:39:16 -0300] "GET /uh73?fileloc=//proc/net/rt_acct&path=//proc/net HTTP/1.1" 200 12353 "-" "Mozilla/5.0 AppleWebKit/537.36 (KHTML, like Gecko; compatible; GPTBot/1.3; +https://openai.com/gptbot)" maoristudio.com 152878
74.7.227.128 - - [11/Nov/2025:10:39:17 -0300] "GET /uh73?fileloc=//proc/net/ip6_mr_vif&path=//proc/net HTTP/1.1" 200 12356 "-" "Mozilla/5.0 AppleWebKit/537.36 (KHTML, like Gecko; compatible; GPTBot/1.3; +https://openai.com/gptbot)" maoristudio.com 170628
74.7.227.128 - - [11/Nov/2025:10:39:18 -0300] "GET /uh73?path=//proc/net/rpc HTTP/1.1" 200 12803 "-" "Mozilla/5.0 AppleWebKit/537.36 (KHTML, like Gecko; compatible; GPTBot/1.3; +https://openai.com/gptbot)" maoristudio.com 149911
74.7.227.128 - - [11/Nov/2025:10:39:20 -0300] "GET /who94?path=//run HTTP/1.1" 200 29755 "-" "Mozilla/5.0 AppleWebKit/537.36 (KHTML, like Gecko; compatible; GPTBot/1.3; +https://openai.com/gptbot)" maoristudio.com 161586
74.7.227.128 - - [11/Nov/2025:10:39:21 -0300] "GET /uh73?fileloc=//proc/net/ip_mr_cache&path=//proc/net HTTP/1.1" 200 12357 "-" "Mozilla/5.0 AppleWebKit/537.36 (KHTML, like Gecko; compatible; GPTBot/1.3; +https://openai.com/gptbot)" maoristudio.com 141202
74.7.227.128 - - [11/Nov/2025:10:39:22 -0300] "GET /boy41?path=//tmp HTTP/1.1" 200 12727 "-" "Mozilla/5.0 AppleWebKit/537.36 (KHTML, like Gecko; compatible; GPTBot/1.3; +https://openai.com/gptbot)" maoristudio.com 148970
74.7.227.128 - - [11/Nov/2025:10:39:23 -0300] "GET /bat78?path=//opt HTTP/1.1" 200 33687 "-" "Mozilla/5.0 AppleWebKit/537.36 (KHTML, like Gecko; compatible; GPTBot/1.3; +https://openai.com/gptbot)" maoristudio.com 354980
74.7.227.128 - - [11/Nov/2025:10:39:24 -0300] "GET /who88?path=//usr HTTP/1.1" 200 26927 "-" "Mozilla/5.0 AppleWebKit/537.36 (KHTML, like Gecko; compatible; GPTBot/1.3; +https://openai.com/gptbot)" maoristudio.com 145574
54.87.95.7 - - [11/Nov/2025:10:39:25 -0300] "GET /?path=//proc/self/root/usr/lib64/games HTTP/1.1" 200 12965 "-" "Mozilla/5.0 AppleWebKit/537.36 (KHTML, like Gecko; compatible; Amazonbot/0.1; +https://developer.amazon.com/support/amazonbot) Chrome/119.0.6045.214 Safari/537.36" maoristudio.com 172878
74.7.227.128 - - [11/Nov/2025:10:39:25 -0300] "GET /fly95?path=//etc HTTP/1.1" 200 105890 "-" "Mozilla/5.0 AppleWebKit/537.36 (KHTML, like Gecko; compatible; GPTBot/1.3; +https://openai.com/gptbot)" maoristudio.com 524902
74.7.227.128 - - [11/Nov/2025:10:39:26 -0300] "GET /wow41?path=//usr HTTP/1.1" 200 26927 "-" "Mozilla/5.0 AppleWebKit/537.36 (KHTML, like Gecko; compatible; GPTBot/1.3; +https://openai.com/gptbot)" maoristudio.com 139028
74.7.227.128 - - [11/Nov/2025:10:39:28 -0300] "GET /bow69?path=//opt HTTP/1.1" 200 33687 "-" "Mozilla/5.0 AppleWebKit/537.36 (KHTML, like Gecko; compatible; GPTBot/1.3; +https://openai.com/gptbot)" maoristudio.com 184763
74.7.227.128 - - [11/Nov/2025:10:39:29 -0300] "GET /bow69?path=//tmp HTTP/1.1" 200 12727 "-" "Mozilla/5.0 AppleWebKit/537.36 (KHTML, like Gecko; compatible; GPTBot/1.3; +https://openai.com/gptbot)" maoristudio.com 124440
74.7.227.128 - - [11/Nov/2025:10:39:30 -0300] "GET /cup84?path=//bin HTTP/1.1" 200 665055 "-" "Mozilla/5.0 AppleWebKit/537.36 (KHTML, like Gecko; compatible; GPTBot/1.3; +https://openai.com/gptbot)" maoristudio.com 5212807
74.7.227.128 - - [11/Nov/2025:10:39:36 -0300] "GET /far51?path=//usr HTTP/1.1" 200 26927 "-" "Mozilla/5.0 AppleWebKit/537.36 (KHTML, like Gecko; compatible; GPTBot/1.3; +https://openai.com/gptbot)" maoristudio.com 127325
74.7.227.128 - - [11/Nov/2025:10:39:37 -0300] "GET /hit25?path=//var HTTP/1.1" 200 29459 "-" "Mozilla/5.0 AppleWebKit/537.36 (KHTML, like Gecko; compatible; GPTBot/1.3; +https://openai.com/gptbot)" maoristudio.com 153165
54.225.181.161 - - [11/Nov/2025:10:39:37 -0300] "GET /?path=//usr/share/locale/en/LC_MESSAGES HTTP/1.1" 200 15954 "-" "Mozilla/5.0 AppleWebKit/537.36 (KHTML, like Gecko; compatible; Amazonbot/0.1; +https://developer.amazon.com/support/amazonbot) Chrome/119.0.6045.214 Safari/537.36" maoristudio.com 120240
74.7.227.128 - - [11/Nov/2025:10:39:38 -0300] "GET /shy59?path=//usr HTTP/1.1" 200 26927 "-" "Mozilla/5.0 AppleWebKit/537.36 (KHTML, like Gecko; compatible; GPTBot/1.3; +https://openai.com/gptbot)" maoristudio.com 144709
173.208.176.202 - - [11/Nov/2025:10:38:15 -0300] "GET /wp-includes/qq5da787/index.php?id=775696 HTTP/1.1" 200 - "http://maoristudio.com/wp-includes/qq5da787/index.php?id=775696" "Mozilla/5.0 (Windows NT 10.0; Win64; x64) AppleWebKit/537.36 (KHTML, like Gecko) Chrome/58.0.3029.110 Safari/537.3" maoristudio.com 87276015
74.7.227.128 - - [11/Nov/2025:10:39:39 -0300] "GET /she10?path=//bin HTTP/1.1" 200 665055 "-" "Mozilla/5.0 AppleWebKit/537.36 (KHTML, like Gecko; compatible; GPTBot/1.3; +https://openai.com/gptbot)" maoristudio.com 7961450
74.7.227.128 - - [11/Nov/2025:10:39:48 -0300] "GET /map69?path=//etc HTTP/1.1" 200 105890 "-" "Mozilla/5.0 AppleWebKit/537.36 (KHTML, like Gecko; compatible; GPTBot/1.3; +https://openai.com/gptbot)" maoristudio.com 142965
74.7.227.128 - - [11/Nov/2025:10:39:50 -0300] "GET /fly95?fileloc=//etc/rpc&path=//etc HTTP/1.1" 200 13951 "-" "Mozilla/5.0 AppleWebKit/537.36 (KHTML, like Gecko; compatible; GPTBot/1.3; +https://openai.com/gptbot)" maoristudio.com 121887
74.7.227.128 - - [11/Nov/2025:10:39:51 -0300] "GET /too83?path=//etc HTTP/1.1" 200 105890 "-" "Mozilla/5.0 AppleWebKit/537.36 (KHTML, like Gecko; compatible; GPTBot/1.3; +https://openai.com/gptbot)" maoristudio.com 490064
74.7.227.128 - - [11/Nov/2025:10:39:52 -0300] "GET /hit25?path=//usr HTTP/1.1" 200 26927 "-" "Mozilla/5.0 AppleWebKit/537.36 (KHTML, like Gecko; compatible; GPTBot/1.3; +https://openai.com/gptbot)" maoristudio.com 168254
74.7.227.128 - - [11/Nov/2025:10:39:53 -0300] "GET /pen81?path=//bin HTTP/1.1" 200 665055 "-" "Mozilla/5.0 AppleWebKit/537.36 (KHTML, like Gecko; compatible; GPTBot/1.3; +https://openai.com/gptbot)" maoristudio.com 6239424
74.7.227.128 - - [11/Nov/2025:10:40:01 -0300] "GET /she10?fileloc=//bin/zipgrep&path=//bin HTTP/1.1" 200 15973 "-" "Mozilla/5.0 AppleWebKit/537.36 (KHTML, like Gecko; compatible; GPTBot/1.3; +https://openai.com/gptbot)" maoristudio.com 187548
74.7.227.128 - - [11/Nov/2025:10:40:02 -0300] "GET /cup84?fileloc=//bin/as&path=//bin HTTP/1.1" 200 997967 "-" "Mozilla/5.0 AppleWebKit/537.36 (KHTML, like Gecko; compatible; GPTBot/1.3; +https://openai.com/gptbot)" maoristudio.com 7063611
74.7.227.128 - - [11/Nov/2025:10:40:10 -0300] "GET /cup84?fileloc=//bin/ssh-copy-id&path=//bin HTTP/1.1" 200 27477 "-" "Mozilla/5.0 AppleWebKit/537.36 (KHTML, like Gecko; compatible; GPTBot/1.3; +https://openai.com/gptbot)" maoristudio.com 133677
54.145.82.217 - - [11/Nov/2025:10:40:13 -0300] "GET /?path=//proc/self/root/usr/include/scsi HTTP/1.1" 200 27939 "-" "Mozilla/5.0 AppleWebKit/537.36 (KHTML, like Gecko; compatible; Amazonbot/0.1; +https://developer.amazon.com/support/amazonbot) Chrome/119.0.6045.214 Safari/537.36" maoristudio.com 334185
74.7.227.128 - - [11/Nov/2025:10:40:11 -0300] "GET /dig39?path=//bin HTTP/1.1" 200 665055 "-" "Mozilla/5.0 AppleWebKit/537.36 (KHTML, like Gecko; compatible; GPTBot/1.3; +https://openai.com/gptbot)" maoristudio.com 11492100
74.7.227.128 - - [11/Nov/2025:10:40:23 -0300] "GET /bit78?path=//usr HTTP/1.1" 200 26927 "-" "Mozilla/5.0 AppleWebKit/537.36 (KHTML, like Gecko; compatible; GPTBot/1.3; +https://openai.com/gptbot)" maoristudio.com 139959
74.7.227.128 - - [11/Nov/2025:10:40:25 -0300] "GET /pen81?fileloc=//bin/locale&path=//bin HTTP/1.1" 200 90203 "-" "Mozilla/5.0 AppleWebKit/537.36 (KHTML, like Gecko; compatible; GPTBot/1.3; +https://openai.com/gptbot)" maoristudio.com 509899
74.7.227.128 - - [11/Nov/2025:10:40:26 -0300] "GET /art43?path=//usr HTTP/1.1" 200 26927 "-" "Mozilla/5.0 AppleWebKit/537.36 (KHTML, like Gecko; compatible; GPTBot/1.3; +https://openai.com/gptbot)" maoristudio.com 334764
74.7.227.128 - - [11/Nov/2025:10:40:27 -0300] "GET /mud45?path=//etc HTTP/1.1" 200 105890 "-" "Mozilla/5.0 AppleWebKit/537.36 (KHTML, like Gecko; compatible; GPTBot/1.3; +https://openai.com/gptbot)" maoristudio.com 212837
74.7.227.128 - - [11/Nov/2025:10:40:29 -0300] "GET /air55?path=//tmp HTTP/1.1" 200 12727 "-" "Mozilla/5.0 AppleWebKit/537.36 (KHTML, like Gecko; compatible; GPTBot/1.3; +https://openai.com/gptbot)" maoristudio.com 162854
74.7.227.128 - - [11/Nov/2025:10:40:30 -0300] "GET /bug96?path=//opt HTTP/1.1" 200 33687 "-" "Mozilla/5.0 AppleWebKit/537.36 (KHTML, like Gecko; compatible; GPTBot/1.3; +https://openai.com/gptbot)" maoristudio.com 124961
74.7.227.128 - - [11/Nov/2025:10:40:31 -0300] "GET /why59?path=//run HTTP/1.1" 200 29755 "-" "Mozilla/5.0 AppleWebKit/537.36 (KHTML, like Gecko; compatible; GPTBot/1.3; +https://openai.com/gptbot)" maoristudio.com 122989
54.167.32.123 - - [11/Nov/2025:10:40:32 -0300] "GET /?path=//proc/thread-self/root/lib/.build-id/6d HTTP/1.1" 200 27790 "-" "Mozilla/5.0 AppleWebKit/537.36 (KHTML, like Gecko; compatible; Amazonbot/0.1; +https://developer.amazon.com/support/amazonbot) Chrome/119.0.6045.214 Safari/537.36" maoristudio.com 200457
74.7.227.128 - - [11/Nov/2025:10:40:32 -0300] "GET /shy14?path=//lib HTTP/1.1" 200 61010 "-" "Mozilla/5.0 AppleWebKit/537.36 (KHTML, like Gecko; compatible; GPTBot/1.3; +https://openai.com/gptbot)" maoristudio.com 174726
74.7.227.128 - - [11/Nov/2025:10:40:34 -0300] "GET /tap56?path=//usr HTTP/1.1" 200 26927 "-" "Mozilla/5.0 AppleWebKit/537.36 (KHTML, like Gecko; compatible; GPTBot/1.3; +https://openai.com/gptbot)" maoristudio.com 131801
74.7.227.128 - - [11/Nov/2025:10:40:35 -0300] "GET /now78?path=//tmp HTTP/1.1" 200 12727 "-" "Mozilla/5.0 AppleWebKit/537.36 (KHTML, like Gecko; compatible; GPTBot/1.3; +https://openai.com/gptbot)" maoristudio.com 131927
74.7.227.128 - - [11/Nov/2025:10:40:36 -0300] "GET /she10?fileloc=//bin/mktemp&path=//bin HTTP/1.1" 200 69172 "-" "Mozilla/5.0 AppleWebKit/537.36 (KHTML, like Gecko; compatible; GPTBot/1.3; +https://openai.com/gptbot)" maoristudio.com 167931
74.7.227.128 - - [11/Nov/2025:10:40:37 -0300] "GET /wow41?path=//tmp HTTP/1.1" 200 12727 "-" "Mozilla/5.0 AppleWebKit/537.36 (KHTML, like Gecko; compatible; GPTBot/1.3; +https://openai.com/gptbot)" maoristudio.com 138904
74.7.227.128 - - [11/Nov/2025:10:40:38 -0300] "GET /bug96?path=//run HTTP/1.1" 200 29755 "-" "Mozilla/5.0 AppleWebKit/537.36 (KHTML, like Gecko; compatible; GPTBot/1.3; +https://openai.com/gptbot)" maoristudio.com 388422
74.7.227.128 - - [11/Nov/2025:10:40:40 -0300] "GET /air55?path=//opt HTTP/1.1" 200 33687 "-" "Mozilla/5.0 AppleWebKit/537.36 (KHTML, like Gecko; compatible; GPTBot/1.3; +https://openai.com/gptbot)" maoristudio.com 114892
74.7.227.128 - - [11/Nov/2025:10:40:41 -0300] "GET /art43?path=//usr/bin HTTP/1.1" 200 672673 "-" "Mozilla/5.0 AppleWebKit/537.36 (KHTML, like Gecko; compatible; GPTBot/1.3; +https://openai.com/gptbot)" maoristudio.com 7046502
74.7.227.128 - - [11/Nov/2025:10:40:48 -0300] "GET /she10?path=//lib HTTP/1.1" 200 61010 "-" "Mozilla/5.0 AppleWebKit/537.36 (KHTML, like Gecko; compatible; GPTBot/1.3; +https://openai.com/gptbot)" maoristudio.com 184210
74.7.227.128 - - [11/Nov/2025:10:40:50 -0300] "GET /dot93?path=//tmp HTTP/1.1" 200 12727 "-" "Mozilla/5.0 AppleWebKit/537.36 (KHTML, like Gecko; compatible; GPTBot/1.3; +https://openai.com/gptbot)" maoristudio.com 125509
74.7.227.128 - - [11/Nov/2025:10:40:51 -0300] "GET /pen81?path=//etc HTTP/1.1" 200 105890 "-" "Mozilla/5.0 AppleWebKit/537.36 (KHTML, like Gecko; compatible; GPTBot/1.3; +https://openai.com/gptbot)" maoristudio.com 491367
74.7.227.128 - - [11/Nov/2025:10:40:52 -0300] "GET /its15?path=//lib HTTP/1.1" 200 61010 "-" "Mozilla/5.0 AppleWebKit/537.36 (KHTML, like Gecko; compatible; GPTBot/1.3; +https://openai.com/gptbot)" maoristudio.com 136028
74.7.227.128 - - [11/Nov/2025:10:40:53 -0300] "GET /law21?path=//etc HTTP/1.1" 200 105890 "-" "Mozilla/5.0 AppleWebKit/537.36 (KHTML, like Gecko; compatible; GPTBot/1.3; +https://openai.com/gptbot)" maoristudio.com 482577
74.7.227.128 - - [11/Nov/2025:10:40:54 -0300] "GET /bug96?path=//tmp HTTP/1.1" 200 12727 "-" "Mozilla/5.0 AppleWebKit/537.36 (KHTML, like Gecko; compatible; GPTBot/1.3; +https://openai.com/gptbot)" maoristudio.com 122879
74.7.227.128 - - [11/Nov/2025:10:40:56 -0300] "GET /ass29?path=//run HTTP/1.1" 200 29755 "-" "Mozilla/5.0 AppleWebKit/537.36 (KHTML, like Gecko; compatible; GPTBot/1.3; +https://openai.com/gptbot)" maoristudio.com 180943
74.7.227.128 - - [11/Nov/2025:10:40:57 -0300] "GET /art43?fileloc=//usr/bin/xargs&path=//usr/bin HTTP/1.1" 200 108070 "-" "Mozilla/5.0 AppleWebKit/537.36 (KHTML, like Gecko; compatible; GPTBot/1.3; +https://openai.com/gptbot)" maoristudio.com 645536
74.7.227.128 - - [11/Nov/2025:10:40:58 -0300] "GET /art43?fileloc=//usr/bin/python3&path=//usr/bin HTTP/1.1" 200 29094 "-" "Mozilla/5.0 AppleWebKit/537.36 (KHTML, like Gecko; compatible; GPTBot/1.3; +https://openai.com/gptbot)" maoristudio.com 139978
74.7.227.128 - - [11/Nov/2025:10:40:59 -0300] "GET /wet40?path=//tmp HTTP/1.1" 200 12727 "-" "Mozilla/5.0 AppleWebKit/537.36 (KHTML, like Gecko; compatible; GPTBot/1.3; +https://openai.com/gptbot)" maoristudio.com 109937
3.94.199.128 - - [11/Nov/2025:10:41:00 -0300] "GET /?path=//proc/thread-self/root/lib/.build-id/7a HTTP/1.1" 200 32729 "-" "Mozilla/5.0 AppleWebKit/537.36 (KHTML, like Gecko; compatible; Amazonbot/0.1; +https://developer.amazon.com/support/amazonbot) Chrome/119.0.6045.214 Safari/537.36" maoristudio.com 112560
74.7.227.128 - - [11/Nov/2025:10:41:00 -0300] "GET /sad46?path=//bin HTTP/1.1" 200 665055 "-" "Mozilla/5.0 AppleWebKit/537.36 (KHTML, like Gecko; compatible; GPTBot/1.3; +https://openai.com/gptbot)" maoristudio.com 6844561
74.7.227.128 - - [11/Nov/2025:10:41:08 -0300] "GET /she10?path=//lib/sysusers.d HTTP/1.1" 200 28669 "-" "Mozilla/5.0 AppleWebKit/537.36 (KHTML, like Gecko; compatible; GPTBot/1.3; +https://openai.com/gptbot)" maoristudio.com 158829
74.7.227.128 - - [11/Nov/2025:10:41:09 -0300] "GET /bow69?path=//etc HTTP/1.1" 200 105890 "-" "Mozilla/5.0 AppleWebKit/537.36 (KHTML, like Gecko; compatible; GPTBot/1.3; +https://openai.com/gptbot)" maoristudio.com 493767
74.7.227.128 - - [11/Nov/2025:10:41:10 -0300] "GET /too83?path=//var HTTP/1.1" 200 29459 "-" "Mozilla/5.0 AppleWebKit/537.36 (KHTML, like Gecko; compatible; GPTBot/1.3; +https://openai.com/gptbot)" maoristudio.com 118380
74.7.227.128 - - [11/Nov/2025:10:41:12 -0300] "GET /bit78?path=//etc HTTP/1.1" 200 105890 "-" "Mozilla/5.0 AppleWebKit/537.36 (KHTML, like Gecko; compatible; GPTBot/1.3; +https://openai.com/gptbot)" maoristudio.com 514817
74.7.227.128 - - [11/Nov/2025:10:41:13 -0300] "GET /ban29?path=//usr HTTP/1.1" 200 26927 "-" "Mozilla/5.0 AppleWebKit/537.36 (KHTML, like Gecko; compatible; GPTBot/1.3; +https://openai.com/gptbot)" maoristudio.com 166657
74.7.227.128 - - [11/Nov/2025:10:41:14 -0300] "GET /its15?path=//var HTTP/1.1" 200 29459 "-" "Mozilla/5.0 AppleWebKit/537.36 (KHTML, like Gecko; compatible; GPTBot/1.3; +https://openai.com/gptbot)" maoristudio.com 156252
74.7.227.128 - - [11/Nov/2025:10:41:15 -0300] "GET /too83?path=//run HTTP/1.1" 200 29755 "-" "Mozilla/5.0 AppleWebKit/537.36 (KHTML, like Gecko; compatible; GPTBot/1.3; +https://openai.com/gptbot)" maoristudio.com 321926
74.7.227.128 - - [11/Nov/2025:10:41:16 -0300] "GET /bow69?path=//etc/cl.selector.conf.d HTTP/1.1" 200 24546 "-" "Mozilla/5.0 AppleWebKit/537.36 (KHTML, like Gecko; compatible; GPTBot/1.3; +https://openai.com/gptbot)" maoristudio.com 146564
3.89.170.186 - - [11/Nov/2025:10:41:16 -0300] "GET /?fileloc=//proc/thread-self/root/usr/bin/word-list-compress&path=//proc/thread-self/root/usr/bin HTTP/1.1" 200 30804 "-" "Mozilla/5.0 AppleWebKit/537.36 (KHTML, like Gecko; compatible; Amazonbot/0.1; +https://developer.amazon.com/support/amazonbot) Chrome/119.0.6045.214 Safari/537.36" maoristudio.com 128675
74.7.227.128 - - [11/Nov/2025:10:41:17 -0300] "GET /who94?path=//tmp HTTP/1.1" 200 12727 "-" "Mozilla/5.0 AppleWebKit/537.36 (KHTML, like Gecko; compatible; GPTBot/1.3; +https://openai.com/gptbot)" maoristudio.com 154407
74.7.227.128 - - [11/Nov/2025:10:41:18 -0300] "GET /sad46?fileloc=//bin/selectorctl&path=//bin HTTP/1.1" 200 21567 "-" "Mozilla/5.0 AppleWebKit/537.36 (KHTML, like Gecko; compatible; GPTBot/1.3; +https://openai.com/gptbot)" maoristudio.com 181591
74.7.227.128 - - [11/Nov/2025:10:41:20 -0300] "GET /sad46?fileloc=//bin/pydoc3&path=//bin HTTP/1.1" 200 12398 "-" "Mozilla/5.0 AppleWebKit/537.36 (KHTML, like Gecko; compatible; GPTBot/1.3; +https://openai.com/gptbot)" maoristudio.com 129589
74.7.227.128 - - [11/Nov/2025:10:41:21 -0300] "GET /sad46?fileloc=//bin/cp&path=//bin HTTP/1.1" 200 251266 "-" "Mozilla/5.0 AppleWebKit/537.36 (KHTML, like Gecko; compatible; GPTBot/1.3; +https://openai.com/gptbot)" maoristudio.com 2336165
74.7.227.128 - - [11/Nov/2025:10:41:24 -0300] "GET /cue86?path=//run HTTP/1.1" 200 29755 "-" "Mozilla/5.0 AppleWebKit/537.36 (KHTML, like Gecko; compatible; GPTBot/1.3; +https://openai.com/gptbot)" maoristudio.com 126133
74.7.227.128 - - [11/Nov/2025:10:41:25 -0300] "GET /law21?path=//lib HTTP/1.1" 200 61010 "-" "Mozilla/5.0 AppleWebKit/537.36 (KHTML, like Gecko; compatible; GPTBot/1.3; +https://openai.com/gptbot)" maoristudio.com 118615
74.7.227.128 - - [11/Nov/2025:10:41:26 -0300] "GET /art43?fileloc=//usr/bin/logname&path=//usr/bin HTTP/1.1" 200 55179 "-" "Mozilla/5.0 AppleWebKit/537.36 (KHTML, like Gecko; compatible; GPTBot/1.3; +https://openai.com/gptbot)" maoristudio.com 113409
74.7.227.128 - - [11/Nov/2025:10:41:27 -0300] "GET /sad46?path=//etc HTTP/1.1" 200 105890 "-" "Mozilla/5.0 AppleWebKit/537.36 (KHTML, like Gecko; compatible; GPTBot/1.3; +https://openai.com/gptbot)" maoristudio.com 125018
74.7.227.128 - - [11/Nov/2025:10:41:30 -0300] "GET /gay35?path=//bin HTTP/1.1" 200 665055 "-" "Mozilla/5.0 AppleWebKit/537.36 (KHTML, like Gecko; compatible; GPTBot/1.3; +https://openai.com/gptbot)" maoristudio.com 6580123
3.221.156.96 - - [11/Nov/2025:10:41:40 -0300] "GET /?path=//usr/lib64/perl5/vendor_perl/MIME HTTP/1.1" 200 15955 "-" "Mozilla/5.0 AppleWebKit/537.36 (KHTML, like Gecko; compatible; Amazonbot/0.1; +https://developer.amazon.com/support/amazonbot) Chrome/119.0.6045.214 Safari/537.36" maoristudio.com 133128
52.73.6.26 - - [11/Nov/2025:10:41:41 -0300] "GET /?path=//proc/thread-self/root/var/lve/php.dat.d HTTP/1.1" 200 39124 "-" "Mozilla/5.0 AppleWebKit/537.36 (KHTML, like Gecko; compatible; Amazonbot/0.1; +https://developer.amazon.com/support/amazonbot) Chrome/119.0.6045.214 Safari/537.36" maoristudio.com 116470
74.7.227.128 - - [11/Nov/2025:10:41:37 -0300] "GET /too83?path=//bin HTTP/1.1" 200 665055 "-" "Mozilla/5.0 AppleWebKit/537.36 (KHTML, like Gecko; compatible; GPTBot/1.3; +https://openai.com/gptbot)" maoristudio.com 7370111
74.7.227.128 - - [11/Nov/2025:10:41:46 -0300] "GET /pig76?path=//usr HTTP/1.1" 200 26927 "-" "Mozilla/5.0 AppleWebKit/537.36 (KHTML, like Gecko; compatible; GPTBot/1.3; +https://openai.com/gptbot)" maoristudio.com 109000
74.7.227.128 - - [11/Nov/2025:10:41:47 -0300] "GET /pen81?path=//opt HTTP/1.1" 200 33687 "-" "Mozilla/5.0 AppleWebKit/537.36 (KHTML, like Gecko; compatible; GPTBot/1.3; +https://openai.com/gptbot)" maoristudio.com 122135
74.7.227.128 - - [11/Nov/2025:10:41:48 -0300] "GET /man85?path=//usr HTTP/1.1" 200 26927 "-" "Mozilla/5.0 AppleWebKit/537.36 (KHTML, like Gecko; compatible; GPTBot/1.3; +https://openai.com/gptbot)" maoristudio.com 134009
74.7.227.128 - - [11/Nov/2025:10:41:49 -0300] "GET /bit12?path=//run HTTP/1.1" 200 29755 "-" "Mozilla/5.0 AppleWebKit/537.36 (KHTML, like Gecko; compatible; GPTBot/1.3; +https://openai.com/gptbot)" maoristudio.com 320439
54.156.55.147 - - [11/Nov/2025:10:41:57 -0300] "GET /?path=//proc/thread-self/root/usr/include/video HTTP/1.1" 200 17583 "-" "Mozilla/5.0 AppleWebKit/537.36 (KHTML, like Gecko; compatible; Amazonbot/0.1; +https://developer.amazon.com/support/amazonbot) Chrome/119.0.6045.214 Safari/537.36" maoristudio.com 116542
74.7.227.128 - - [11/Nov/2025:10:41:50 -0300] "GET /huh22?path=//bin HTTP/1.1" 200 665055 "-" "Mozilla/5.0 AppleWebKit/537.36 (KHTML, like Gecko; compatible; GPTBot/1.3; +https://openai.com/gptbot)" maoristudio.com 7951775
74.7.227.128 - - [11/Nov/2025:10:41:59 -0300] "GET /use95?path=//etc HTTP/1.1" 200 105890 "-" "Mozilla/5.0 AppleWebKit/537.36 (KHTML, like Gecko; compatible; GPTBot/1.3; +https://openai.com/gptbot)" maoristudio.com 149237
74.7.227.128 - - [11/Nov/2025:10:42:02 -0300] "GET /me62?path=//proc HTTP/1.1" 200 101073 "-" "Mozilla/5.0 AppleWebKit/537.36 (KHTML, like Gecko; compatible; GPTBot/1.3; +https://openai.com/gptbot)" maoristudio.com 120203
208.110.64.178 - - [11/Nov/2025:10:42:02 -0300] "GET /wp-content/ade7e187/edit.php HTTP/1.1" 200 6 "http://maoristudio.com/wp-content/ade7e187/edit.php" "Mozilla/5.0 (Windows NT 10.0; Win64; x64) AppleWebKit/537.36 (KHTML, like Gecko) Chrome/58.0.3029.110 Safari/537.3" maoristudio.com 398820
74.7.227.128 - - [11/Nov/2025:10:42:03 -0300] "GET /too83?fileloc=//bin/ps&path=//bin HTTP/1.1" 200 211208 "-" "Mozilla/5.0 AppleWebKit/537.36 (KHTML, like Gecko; compatible; GPTBot/1.3; +https://openai.com/gptbot)" maoristudio.com 2261058
74.7.227.128 - - [11/Nov/2025:10:42:06 -0300] "GET /gay35?fileloc=//bin/delv&path=//bin HTTP/1.1" 200 73610 "-" "Mozilla/5.0 AppleWebKit/537.36 (KHTML, like Gecko; compatible; GPTBot/1.3; +https://openai.com/gptbot)" maoristudio.com 121209
74.7.227.128 - - [11/Nov/2025:10:42:07 -0300] "GET /gay35?fileloc=//bin/crontab&path=//bin HTTP/1.1" 200 14081 "-" "Mozilla/5.0 AppleWebKit/537.36 (KHTML, like Gecko; compatible; GPTBot/1.3; +https://openai.com/gptbot)" maoristudio.com 154313
74.7.227.128 - - [11/Nov/2025:10:42:09 -0300] "GET /gay35?fileloc=//bin/mysql_config-64&path=//bin HTTP/1.1" 200 18169 "-" "Mozilla/5.0 AppleWebKit/537.36 (KHTML, like Gecko; compatible; GPTBot/1.3; +https://openai.com/gptbot)" maoristudio.com 126955
74.7.227.128 - - [11/Nov/2025:10:42:10 -0300] "GET /huh22?fileloc=//bin/tr&path=//bin HTTP/1.1" 200 80793 "-" "Mozilla/5.0 AppleWebKit/537.36 (KHTML, like Gecko; compatible; GPTBot/1.3; +https://openai.com/gptbot)" maoristudio.com 602861
74.7.227.128 - - [11/Nov/2025:10:42:11 -0300] "GET /its15?path=//opt HTTP/1.1" 200 33687 "-" "Mozilla/5.0 AppleWebKit/537.36 (KHTML, like Gecko; compatible; GPTBot/1.3; +https://openai.com/gptbot)" maoristudio.com 140219
52.71.203.206 - - [11/Nov/2025:10:42:12 -0300] "GET /?path=//proc/self/root/lib/firmware/rtw88 HTTP/1.1" 200 29941 "-" "Mozilla/5.0 AppleWebKit/537.36 (KHTML, like Gecko; compatible; Amazonbot/0.1; +https://developer.amazon.com/support/amazonbot) Chrome/119.0.6045.214 Safari/537.36" maoristudio.com 166749
74.7.227.128 - - [11/Nov/2025:10:42:12 -0300] "GET /gay35?fileloc=//bin/automake-1.16&path=//bin HTTP/1.1" 200 302025 "-" "Mozilla/5.0 AppleWebKit/537.36 (KHTML, like Gecko; compatible; GPTBot/1.3; +https://openai.com/gptbot)" maoristudio.com 1835489
34.205.163.103 - - [11/Nov/2025:10:42:14 -0300] "GET /?path=//proc/self/root/lib/.build-id/2f HTTP/1.1" 200 33968 "-" "Mozilla/5.0 AppleWebKit/537.36 (KHTML, like Gecko; compatible; Amazonbot/0.1; +https://developer.amazon.com/support/amazonbot) Chrome/119.0.6045.214 Safari/537.36" maoristudio.com 123616
74.7.227.128 - - [11/Nov/2025:10:42:14 -0300] "GET /law21?path=//usr HTTP/1.1" 200 26927 "-" "Mozilla/5.0 AppleWebKit/537.36 (KHTML, like Gecko; compatible; GPTBot/1.3; +https://openai.com/gptbot)" maoristudio.com 143575
74.7.227.128 - - [11/Nov/2025:10:42:16 -0300] "GET /huh22?fileloc=//bin/spell&path=//bin HTTP/1.1" 200 12444 "-" "Mozilla/5.0 AppleWebKit/537.36 (KHTML, like Gecko; compatible; GPTBot/1.3; +https://openai.com/gptbot)" maoristudio.com 160053
74.7.227.128 - - [11/Nov/2025:10:42:17 -0300] "GET /gay35?fileloc=//bin/bzmore&path=//bin HTTP/1.1" 200 13876 "-" "Mozilla/5.0 AppleWebKit/537.36 (KHTML, like Gecko; compatible; GPTBot/1.3; +https://openai.com/gptbot)" maoristudio.com 158891
34.225.87.80 - - [11/Nov/2025:10:42:17 -0300] "GET /?path=//proc/self/root/lib/.build-id/ca HTTP/1.1" 200 33968 "-" "Mozilla/5.0 AppleWebKit/537.36 (KHTML, like Gecko; compatible; Amazonbot/0.1; +https://developer.amazon.com/support/amazonbot) Chrome/119.0.6045.214 Safari/537.36" maoristudio.com 150759
74.7.227.128 - - [11/Nov/2025:10:42:18 -0300] "GET /too83?fileloc=//bin/sha1sum&path=//bin HTTP/1.1" 200 68449 "-" "Mozilla/5.0 AppleWebKit/537.36 (KHTML, like Gecko; compatible; GPTBot/1.3; +https://openai.com/gptbot)" maoristudio.com 156804
74.7.227.128 - - [11/Nov/2025:10:42:19 -0300] "GET /use95?path=//etc/ssh HTTP/1.1" 200 15559 "-" "Mozilla/5.0 AppleWebKit/537.36 (KHTML, like Gecko; compatible; GPTBot/1.3; +https://openai.com/gptbot)" maoristudio.com 123011
74.7.227.128 - - [11/Nov/2025:10:42:20 -0300] "GET /too83?fileloc=//bin/h2xs&path=//bin HTTP/1.1" 200 80080 "-" "Mozilla/5.0 AppleWebKit/537.36 (KHTML, like Gecko; compatible; GPTBot/1.3; +https://openai.com/gptbot)" maoristudio.com 179365
74.7.227.128 - - [11/Nov/2025:10:42:22 -0300] "GET /me62?path=//proc/net HTTP/1.1" 200 85336 "-" "Mozilla/5.0 AppleWebKit/537.36 (KHTML, like Gecko; compatible; GPTBot/1.3; +https://openai.com/gptbot)" maoristudio.com 163905
74.7.227.128 - - [11/Nov/2025:10:42:23 -0300] "GET /use95?path=//etc/crypto-policies HTTP/1.1" 200 19603 "-" "Mozilla/5.0 AppleWebKit/537.36 (KHTML, like Gecko; compatible; GPTBot/1.3; +https://openai.com/gptbot)" maoristudio.com 205199
