74.7.227.128 - - [11/Nov/2025:09:14:41 -0300] "GET /stand228?path=//var/www HTTP/1.1" 200 15365 "-" "Mozilla/5.0 AppleWebKit/537.36 (KHTML, like Gecko; compatible; GPTBot/1.3; +https://openai.com/gptbot)" maoristudio.com 174372
74.7.227.128 - - [11/Nov/2025:09:14:43 -0300] "GET /store161?path=//var/www HTTP/1.1" 200 15365 "-" "Mozilla/5.0 AppleWebKit/537.36 (KHTML, like Gecko; compatible; GPTBot/1.3; +https://openai.com/gptbot)" maoristudio.com 161122
74.7.227.128 - - [11/Nov/2025:09:14:44 -0300] "GET /ahead287?path=//var/www HTTP/1.1" 200 15365 "-" "Mozilla/5.0 AppleWebKit/537.36 (KHTML, like Gecko; compatible; GPTBot/1.3; +https://openai.com/gptbot)" maoristudio.com 132738
74.7.227.128 - - [11/Nov/2025:09:14:45 -0300] "GET /drown272?path=//var/www HTTP/1.1" 200 15365 "-" "Mozilla/5.0 AppleWebKit/537.36 (KHTML, like Gecko; compatible; GPTBot/1.3; +https://openai.com/gptbot)" maoristudio.com 117666
74.7.227.128 - - [11/Nov/2025:09:14:46 -0300] "GET /curve119?path=//var/www HTTP/1.1" 200 15365 "-" "Mozilla/5.0 AppleWebKit/537.36 (KHTML, like Gecko; compatible; GPTBot/1.3; +https://openai.com/gptbot)" maoristudio.com 311157
74.7.227.128 - - [11/Nov/2025:09:14:47 -0300] "GET /paper296?path=//var/www HTTP/1.1" 200 15365 "-" "Mozilla/5.0 AppleWebKit/537.36 (KHTML, like Gecko; compatible; GPTBot/1.3; +https://openai.com/gptbot)" maoristudio.com 157572
74.7.227.128 - - [11/Nov/2025:09:14:48 -0300] "GET /cheap222?path=//var/www HTTP/1.1" 200 15365 "-" "Mozilla/5.0 AppleWebKit/537.36 (KHTML, like Gecko; compatible; GPTBot/1.3; +https://openai.com/gptbot)" maoristudio.com 126525
74.7.227.128 - - [11/Nov/2025:09:14:49 -0300] "GET /state293?path=//var/www HTTP/1.1" 200 15365 "-" "Mozilla/5.0 AppleWebKit/537.36 (KHTML, like Gecko; compatible; GPTBot/1.3; +https://openai.com/gptbot)" maoristudio.com 136738
74.7.227.128 - - [11/Nov/2025:09:14:51 -0300] "GET /donor211?path=//var/www HTTP/1.1" 200 15365 "-" "Mozilla/5.0 AppleWebKit/537.36 (KHTML, like Gecko; compatible; GPTBot/1.3; +https://openai.com/gptbot)" maoristudio.com 137219
74.7.227.128 - - [11/Nov/2025:09:14:52 -0300] "GET /array101?path=//var/www HTTP/1.1" 200 15365 "-" "Mozilla/5.0 AppleWebKit/537.36 (KHTML, like Gecko; compatible; GPTBot/1.3; +https://openai.com/gptbot)" maoristudio.com 109260
74.7.227.128 - - [11/Nov/2025:09:14:53 -0300] "GET /pitch116?path=//var/www HTTP/1.1" 200 15365 "-" "Mozilla/5.0 AppleWebKit/537.36 (KHTML, like Gecko; compatible; GPTBot/1.3; +https://openai.com/gptbot)" maoristudio.com 147687
74.7.227.128 - - [11/Nov/2025:09:14:54 -0300] "GET /leave129?path=//var/www HTTP/1.1" 200 15365 "-" "Mozilla/5.0 AppleWebKit/537.36 (KHTML, like Gecko; compatible; GPTBot/1.3; +https://openai.com/gptbot)" maoristudio.com 132521
74.7.227.128 - - [11/Nov/2025:09:14:55 -0300] "GET /opera266?path=//var/www HTTP/1.1" 200 15365 "-" "Mozilla/5.0 AppleWebKit/537.36 (KHTML, like Gecko; compatible; GPTBot/1.3; +https://openai.com/gptbot)" maoristudio.com 137975
74.7.227.128 - - [11/Nov/2025:09:14:57 -0300] "GET /lake250009945.html?fileloc=/home/maoristu4c3dbd03/public_html/product.php&path=/home/maoristu4c3dbd03/public_html HTTP/1.1" 200 14638 "-" "Mozilla/5.0 AppleWebKit/537.36 (KHTML, like Gecko; compatible; GPTBot/1.3; +https://openai.com/gptbot)" maoristudio.com 134636
74.7.227.128 - - [11/Nov/2025:09:14:58 -0300] "GET /fresh197?path=//var/www HTTP/1.1" 200 15365 "-" "Mozilla/5.0 AppleWebKit/537.36 (KHTML, like Gecko; compatible; GPTBot/1.3; +https://openai.com/gptbot)" maoristudio.com 130003
74.7.227.128 - - [11/Nov/2025:09:14:59 -0300] "GET /party240003689.html?fileloc=/home/maoristu4c3dbd03/public_html/product.php&path=/home/maoristu4c3dbd03/public_html HTTP/1.1" 200 14638 "-" "Mozilla/5.0 AppleWebKit/537.36 (KHTML, like Gecko; compatible; GPTBot/1.3; +https://openai.com/gptbot)" maoristudio.com 130894
74.7.227.128 - - [11/Nov/2025:09:15:00 -0300] "GET /laugh196?path=//var/www HTTP/1.1" 200 15365 "-" "Mozilla/5.0 AppleWebKit/537.36 (KHTML, like Gecko; compatible; GPTBot/1.3; +https://openai.com/gptbot)" maoristudio.com 170171
74.7.227.128 - - [11/Nov/2025:09:15:01 -0300] "GET /sauce129?path=//var/www HTTP/1.1" 200 15365 "-" "Mozilla/5.0 AppleWebKit/537.36 (KHTML, like Gecko; compatible; GPTBot/1.3; +https://openai.com/gptbot)" maoristudio.com 487170
74.7.227.128 - - [11/Nov/2025:09:15:02 -0300] "GET /rough174?path=//var/www HTTP/1.1" 200 15365 "-" "Mozilla/5.0 AppleWebKit/537.36 (KHTML, like Gecko; compatible; GPTBot/1.3; +https://openai.com/gptbot)" maoristudio.com 168151
74.7.227.128 - - [11/Nov/2025:09:15:04 -0300] "GET /drift105?path=//var/www HTTP/1.1" 200 15365 "-" "Mozilla/5.0 AppleWebKit/537.36 (KHTML, like Gecko; compatible; GPTBot/1.3; +https://openai.com/gptbot)" maoristudio.com 377046
74.7.227.128 - - [11/Nov/2025:09:15:05 -0300] "GET /gross128?path=//var/www HTTP/1.1" 200 15365 "-" "Mozilla/5.0 AppleWebKit/537.36 (KHTML, like Gecko; compatible; GPTBot/1.3; +https://openai.com/gptbot)" maoristudio.com 140440
74.7.227.128 - - [11/Nov/2025:09:15:06 -0300] "GET /cease213?path=//var/www HTTP/1.1" 200 15365 "-" "Mozilla/5.0 AppleWebKit/537.36 (KHTML, like Gecko; compatible; GPTBot/1.3; +https://openai.com/gptbot)" maoristudio.com 132148
74.7.227.128 - - [11/Nov/2025:09:15:07 -0300] "GET /board156?path=//var/www HTTP/1.1" 200 15365 "-" "Mozilla/5.0 AppleWebKit/537.36 (KHTML, like Gecko; compatible; GPTBot/1.3; +https://openai.com/gptbot)" maoristudio.com 136142
74.7.227.128 - - [11/Nov/2025:09:15:08 -0300] "GET /terms105?path=//var/www HTTP/1.1" 200 15365 "-" "Mozilla/5.0 AppleWebKit/537.36 (KHTML, like Gecko; compatible; GPTBot/1.3; +https://openai.com/gptbot)" maoristudio.com 141257
74.7.227.128 - - [11/Nov/2025:09:15:09 -0300] "GET /green209?path=//var/www HTTP/1.1" 200 15365 "-" "Mozilla/5.0 AppleWebKit/537.36 (KHTML, like Gecko; compatible; GPTBot/1.3; +https://openai.com/gptbot)" maoristudio.com 137286
74.7.227.128 - - [11/Nov/2025:09:15:10 -0300] "GET /skull292?path=//var/www HTTP/1.1" 200 15365 "-" "Mozilla/5.0 AppleWebKit/537.36 (KHTML, like Gecko; compatible; GPTBot/1.3; +https://openai.com/gptbot)" maoristudio.com 172922
74.7.227.128 - - [11/Nov/2025:09:15:12 -0300] "GET /floor169?path=//var/www HTTP/1.1" 200 15365 "-" "Mozilla/5.0 AppleWebKit/537.36 (KHTML, like Gecko; compatible; GPTBot/1.3; +https://openai.com/gptbot)" maoristudio.com 139270
74.7.227.128 - - [11/Nov/2025:09:15:13 -0300] "GET /group265?path=//var/www HTTP/1.1" 200 15365 "-" "Mozilla/5.0 AppleWebKit/537.36 (KHTML, like Gecko; compatible; GPTBot/1.3; +https://openai.com/gptbot)" maoristudio.com 349793
74.7.227.128 - - [11/Nov/2025:09:15:14 -0300] "GET /snake118?path=//var/www HTTP/1.1" 200 15365 "-" "Mozilla/5.0 AppleWebKit/537.36 (KHTML, like Gecko; compatible; GPTBot/1.3; +https://openai.com/gptbot)" maoristudio.com 152704
74.7.227.128 - - [11/Nov/2025:09:15:15 -0300] "GET /brand196?path=//var/www HTTP/1.1" 200 15365 "-" "Mozilla/5.0 AppleWebKit/537.36 (KHTML, like Gecko; compatible; GPTBot/1.3; +https://openai.com/gptbot)" maoristudio.com 122853
74.7.227.128 - - [11/Nov/2025:09:15:16 -0300] "GET /shelf101?path=//var/www HTTP/1.1" 200 15365 "-" "Mozilla/5.0 AppleWebKit/537.36 (KHTML, like Gecko; compatible; GPTBot/1.3; +https://openai.com/gptbot)" maoristudio.com 216032
74.7.227.128 - - [11/Nov/2025:09:15:17 -0300] "GET /fence220?path=//var/www HTTP/1.1" 200 15365 "-" "Mozilla/5.0 AppleWebKit/537.36 (KHTML, like Gecko; compatible; GPTBot/1.3; +https://openai.com/gptbot)" maoristudio.com 162016
74.7.227.128 - - [11/Nov/2025:09:15:18 -0300] "GET /pilot192?path=//var/www HTTP/1.1" 200 15365 "-" "Mozilla/5.0 AppleWebKit/537.36 (KHTML, like Gecko; compatible; GPTBot/1.3; +https://openai.com/gptbot)" maoristudio.com 384422
74.7.227.128 - - [11/Nov/2025:09:15:20 -0300] "GET /delay298?path=//var/www HTTP/1.1" 200 15365 "-" "Mozilla/5.0 AppleWebKit/537.36 (KHTML, like Gecko; compatible; GPTBot/1.3; +https://openai.com/gptbot)" maoristudio.com 131910
54.85.126.86 - - [11/Nov/2025:09:15:20 -0300] "GET /?path=//proc/self/root/lib64/krb5/plugins HTTP/1.1" 200 19876 "-" "Mozilla/5.0 AppleWebKit/537.36 (KHTML, like Gecko; compatible; Amazonbot/0.1; +https://developer.amazon.com/support/amazonbot) Chrome/119.0.6045.214 Safari/537.36" maoristudio.com 147787
74.7.227.128 - - [11/Nov/2025:09:15:21 -0300] "GET /rough267?path=//var/www HTTP/1.1" 200 15365 "-" "Mozilla/5.0 AppleWebKit/537.36 (KHTML, like Gecko; compatible; GPTBot/1.3; +https://openai.com/gptbot)" maoristudio.com 143342
74.7.227.128 - - [11/Nov/2025:09:15:22 -0300] "GET /point286?path=//var/www HTTP/1.1" 200 15365 "-" "Mozilla/5.0 AppleWebKit/537.36 (KHTML, like Gecko; compatible; GPTBot/1.3; +https://openai.com/gptbot)" maoristudio.com 160406
74.7.227.128 - - [11/Nov/2025:09:15:23 -0300] "GET /class231?path=//var/www HTTP/1.1" 200 15365 "-" "Mozilla/5.0 AppleWebKit/537.36 (KHTML, like Gecko; compatible; GPTBot/1.3; +https://openai.com/gptbot)" maoristudio.com 142965
89.248.172.183 - - [11/Nov/2025:09:15:23 -0300] "POST /wp-json/litespeed/v1/cdn_status HTTP/1.1" 500 12830 "-" "Mozilla/5.0 (X11; Linux x86_64; rv:109.0) Gecko/20100101 Firefox/114.3" maoristudio.com 161578
34.199.252.22 - - [11/Nov/2025:09:15:24 -0300] "GET /?path=//proc/self/root/lib64/samba/pdb HTTP/1.1" 200 17471 "-" "Mozilla/5.0 AppleWebKit/537.36 (KHTML, like Gecko; compatible; Amazonbot/0.1; +https://developer.amazon.com/support/amazonbot) Chrome/119.0.6045.214 Safari/537.36" maoristudio.com 155962
74.7.227.128 - - [11/Nov/2025:09:15:24 -0300] "GET /shame253?path=//var/www HTTP/1.1" 200 15365 "-" "Mozilla/5.0 AppleWebKit/537.36 (KHTML, like Gecko; compatible; GPTBot/1.3; +https://openai.com/gptbot)" maoristudio.com 199027
74.7.227.128 - - [11/Nov/2025:09:15:25 -0300] "GET /doubt100?path=//var/www HTTP/1.1" 200 15365 "-" "Mozilla/5.0 AppleWebKit/537.36 (KHTML, like Gecko; compatible; GPTBot/1.3; +https://openai.com/gptbot)" maoristudio.com 184470
74.7.227.128 - - [11/Nov/2025:09:15:27 -0300] "GET /radio281?path=//var/www HTTP/1.1" 200 15365 "-" "Mozilla/5.0 AppleWebKit/537.36 (KHTML, like Gecko; compatible; GPTBot/1.3; +https://openai.com/gptbot)" maoristudio.com 130116
74.7.227.128 - - [11/Nov/2025:09:15:28 -0300] "GET /angle282?path=//var/www HTTP/1.1" 200 15365 "-" "Mozilla/5.0 AppleWebKit/537.36 (KHTML, like Gecko; compatible; GPTBot/1.3; +https://openai.com/gptbot)" maoristudio.com 127989
74.7.227.128 - - [11/Nov/2025:09:15:29 -0300] "GET /midst221?path=//var/www HTTP/1.1" 200 15365 "-" "Mozilla/5.0 AppleWebKit/537.36 (KHTML, like Gecko; compatible; GPTBot/1.3; +https://openai.com/gptbot)" maoristudio.com 139982
74.7.227.128 - - [11/Nov/2025:09:15:30 -0300] "GET /table248?path=//var/www HTTP/1.1" 200 15365 "-" "Mozilla/5.0 AppleWebKit/537.36 (KHTML, like Gecko; compatible; GPTBot/1.3; +https://openai.com/gptbot)" maoristudio.com 157091
74.7.227.128 - - [11/Nov/2025:09:15:31 -0300] "GET /loyal278?path=//var/www HTTP/1.1" 200 15365 "-" "Mozilla/5.0 AppleWebKit/537.36 (KHTML, like Gecko; compatible; GPTBot/1.3; +https://openai.com/gptbot)" maoristudio.com 136235
74.7.227.128 - - [11/Nov/2025:09:15:32 -0300] "GET /alive169?path=//var/www HTTP/1.1" 200 15365 "-" "Mozilla/5.0 AppleWebKit/537.36 (KHTML, like Gecko; compatible; GPTBot/1.3; +https://openai.com/gptbot)" maoristudio.com 159410
74.7.227.128 - - [11/Nov/2025:09:15:33 -0300] "GET /clean229?path=//var/www HTTP/1.1" 200 15365 "-" "Mozilla/5.0 AppleWebKit/537.36 (KHTML, like Gecko; compatible; GPTBot/1.3; +https://openai.com/gptbot)" maoristudio.com 141220
74.7.227.128 - - [11/Nov/2025:09:15:35 -0300] "GET /ideal178?path=//var/www HTTP/1.1" 200 15365 "-" "Mozilla/5.0 AppleWebKit/537.36 (KHTML, like Gecko; compatible; GPTBot/1.3; +https://openai.com/gptbot)" maoristudio.com 185705
74.7.227.128 - - [11/Nov/2025:09:15:36 -0300] "GET /beach260?path=//var/www HTTP/1.1" 200 15365 "-" "Mozilla/5.0 AppleWebKit/537.36 (KHTML, like Gecko; compatible; GPTBot/1.3; +https://openai.com/gptbot)" maoristudio.com 131914
74.7.227.128 - - [11/Nov/2025:09:15:37 -0300] "GET /offer109?path=//var/www HTTP/1.1" 200 15365 "-" "Mozilla/5.0 AppleWebKit/537.36 (KHTML, like Gecko; compatible; GPTBot/1.3; +https://openai.com/gptbot)" maoristudio.com 146905
74.7.227.128 - - [11/Nov/2025:09:15:38 -0300] "GET /skull211?path=//var/www HTTP/1.1" 200 15365 "-" "Mozilla/5.0 AppleWebKit/537.36 (KHTML, like Gecko; compatible; GPTBot/1.3; +https://openai.com/gptbot)" maoristudio.com 145503
74.7.227.128 - - [11/Nov/2025:09:15:39 -0300] "GET /abuse113?path=//var/www HTTP/1.1" 200 15365 "-" "Mozilla/5.0 AppleWebKit/537.36 (KHTML, like Gecko; compatible; GPTBot/1.3; +https://openai.com/gptbot)" maoristudio.com 129159
34.204.150.196 - - [11/Nov/2025:09:15:40 -0300] "GET /?path=//usr/share/locale/ar_SY/LC_MESSAGES HTTP/1.1" 200 12931 "-" "Mozilla/5.0 AppleWebKit/537.36 (KHTML, like Gecko; compatible; Amazonbot/0.1; +https://developer.amazon.com/support/amazonbot) Chrome/119.0.6045.214 Safari/537.36" maoristudio.com 134695
74.7.227.128 - - [11/Nov/2025:09:15:40 -0300] "GET /count177?path=//var/www HTTP/1.1" 200 15365 "-" "Mozilla/5.0 AppleWebKit/537.36 (KHTML, like Gecko; compatible; GPTBot/1.3; +https://openai.com/gptbot)" maoristudio.com 536210
74.7.227.128 - - [11/Nov/2025:09:15:42 -0300] "GET /layer153?path=//var/www HTTP/1.1" 200 15365 "-" "Mozilla/5.0 AppleWebKit/537.36 (KHTML, like Gecko; compatible; GPTBot/1.3; +https://openai.com/gptbot)" maoristudio.com 137795
74.7.227.128 - - [11/Nov/2025:09:15:43 -0300] "GET /couch108?path=//var/www HTTP/1.1" 200 15365 "-" "Mozilla/5.0 AppleWebKit/537.36 (KHTML, like Gecko; compatible; GPTBot/1.3; +https://openai.com/gptbot)" maoristudio.com 113402
74.7.227.128 - - [11/Nov/2025:09:15:44 -0300] "GET /cable182?path=//var/www HTTP/1.1" 200 15365 "-" "Mozilla/5.0 AppleWebKit/537.36 (KHTML, like Gecko; compatible; GPTBot/1.3; +https://openai.com/gptbot)" maoristudio.com 126585
74.7.227.128 - - [11/Nov/2025:09:15:45 -0300] "GET /old-fashioned109036838.html HTTP/1.1" 200 87388 "-" "Mozilla/5.0 AppleWebKit/537.36 (KHTML, like Gecko; compatible; GPTBot/1.3; +https://openai.com/gptbot)" maoristudio.com 417994
74.7.227.128 - - [11/Nov/2025:09:15:46 -0300] "GET /United103029450.html?path=/home/maoristu4c3dbd03/public_html HTTP/1.1" 200 87388 "-" "Mozilla/5.0 AppleWebKit/537.36 (KHTML, like Gecko; compatible; GPTBot/1.3; +https://openai.com/gptbot)" maoristudio.com 179810
74.7.227.128 - - [11/Nov/2025:09:15:47 -0300] "GET /Iraqi163002820.html?path=/home/maoristu4c3dbd03/public_html HTTP/1.1" 200 87388 "-" "Mozilla/5.0 AppleWebKit/537.36 (KHTML, like Gecko; compatible; GPTBot/1.3; +https://openai.com/gptbot)" maoristudio.com 367192
74.7.227.128 - - [11/Nov/2025:09:15:49 -0300] "GET /job196009601.html HTTP/1.1" 200 87395 "-" "Mozilla/5.0 AppleWebKit/537.36 (KHTML, like Gecko; compatible; GPTBot/1.3; +https://openai.com/gptbot)" maoristudio.com 109038
74.7.227.128 - - [11/Nov/2025:09:15:50 -0300] "GET /bad213004300.html HTTP/1.1" 200 87395 "-" "Mozilla/5.0 AppleWebKit/537.36 (KHTML, like Gecko; compatible; GPTBot/1.3; +https://openai.com/gptbot)" maoristudio.com 117038
74.7.227.128 - - [11/Nov/2025:09:15:51 -0300] "GET /dog093009336.html HTTP/1.1" 200 87395 "-" "Mozilla/5.0 AppleWebKit/537.36 (KHTML, like Gecko; compatible; GPTBot/1.3; +https://openai.com/gptbot)" maoristudio.com 149909
18.211.148.239 - - [11/Nov/2025:09:15:52 -0300] "GET /?path=//opt/infinispan60/bin/standalone/tmp/auth HTTP/1.1" 200 13021 "-" "Mozilla/5.0 AppleWebKit/537.36 (KHTML, like Gecko; compatible; Amazonbot/0.1; +https://developer.amazon.com/support/amazonbot) Chrome/119.0.6045.214 Safari/537.36" maoristudio.com 134530
74.7.227.128 - - [11/Nov/2025:09:15:52 -0300] "GET /boy173?fileloc=//bin/enchant-lsmod&path=//bin HTTP/1.1" 200 30919 "-" "Mozilla/5.0 AppleWebKit/537.36 (KHTML, like Gecko; compatible; GPTBot/1.3; +https://openai.com/gptbot)" maoristudio.com 165567
74.7.227.128 - - [11/Nov/2025:09:15:53 -0300] "GET /skull292?fileloc=//bin/fc-pattern&path=//bin HTTP/1.1" 200 30514 "-" "Mozilla/5.0 AppleWebKit/537.36 (KHTML, like Gecko; compatible; GPTBot/1.3; +https://openai.com/gptbot)" maoristudio.com 167034
74.7.227.128 - - [11/Nov/2025:09:15:54 -0300] "GET /roof35?fileloc=//lib64/libsombok.so.3&path=//lib64 HTTP/1.1" 200 154837 "-" "Mozilla/5.0 AppleWebKit/537.36 (KHTML, like Gecko; compatible; GPTBot/1.3; +https://openai.com/gptbot)" maoristudio.com 366408
173.208.176.202 - - [11/Nov/2025:09:14:20 -0300] "GET /wp-includes/qq5da787/index.php?id=775696 HTTP/1.1" 200 - "http://maoristudio.com/wp-includes/qq5da787/index.php?id=775696" "Mozilla/5.0 (Windows NT 10.0; Win64; x64) AppleWebKit/537.36 (KHTML, like Gecko) Chrome/58.0.3029.110 Safari/537.3" maoristudio.com 94741787
74.7.227.128 - - [11/Nov/2025:09:15:56 -0300] "GET /doll34?fileloc=//lib64/libdcerpc.so.0&path=//lib64 HTTP/1.1" 200 329843 "-" "Mozilla/5.0 AppleWebKit/537.36 (KHTML, like Gecko; compatible; GPTBot/1.3; +https://openai.com/gptbot)" maoristudio.com 440938
74.7.227.128 - - [11/Nov/2025:09:15:57 -0300] "GET /pine18?fileloc=//lib64/libtalloc.so.2&path=//lib64 HTTP/1.1" 200 93172 "-" "Mozilla/5.0 AppleWebKit/537.36 (KHTML, like Gecko; compatible; GPTBot/1.3; +https://openai.com/gptbot)" maoristudio.com 343587
74.7.227.128 - - [11/Nov/2025:09:15:58 -0300] "GET /deck46?fileloc=//lib64/libpanelw.so.6&path=//lib64 HTTP/1.1" 200 37391 "-" "Mozilla/5.0 AppleWebKit/537.36 (KHTML, like Gecko; compatible; GPTBot/1.3; +https://openai.com/gptbot)" maoristudio.com 136978
74.7.227.128 - - [11/Nov/2025:09:15:59 -0300] "GET /wet40?fileloc=//lib64/libcfitsio.so.9&path=//lib64 HTTP/1.1" 200 2560635 "-" "Mozilla/5.0 AppleWebKit/537.36 (KHTML, like Gecko; compatible; GPTBot/1.3; +https://openai.com/gptbot)" maoristudio.com 1468994
74.7.227.128 - - [11/Nov/2025:09:16:01 -0300] "GET /late55?fileloc=//lib64/libefivar.so.1&path=//lib64 HTTP/1.1" 200 307240 "-" "Mozilla/5.0 AppleWebKit/537.36 (KHTML, like Gecko; compatible; GPTBot/1.3; +https://openai.com/gptbot)" maoristudio.com 145937
74.7.227.128 - - [11/Nov/2025:09:16:02 -0300] "GET /vary44?fileloc=//lib64/libefivar.so.1&path=//lib64 HTTP/1.1" 200 307240 "-" "Mozilla/5.0 AppleWebKit/537.36 (KHTML, like Gecko; compatible; GPTBot/1.3; +https://openai.com/gptbot)" maoristudio.com 169267
74.7.227.128 - - [11/Nov/2025:09:16:03 -0300] "GET /lay28?fileloc=//lib64/libcfitsio.so.9&path=//lib64 HTTP/1.1" 200 2560635 "-" "Mozilla/5.0 AppleWebKit/537.36 (KHTML, like Gecko; compatible; GPTBot/1.3; +https://openai.com/gptbot)" maoristudio.com 150789
52.21.62.139 - - [11/Nov/2025:09:16:04 -0300] "GET /?path=//usr/lib/dracut/modules.d/01systemd-ac-power HTTP/1.1" 200 19382 "-" "Mozilla/5.0 AppleWebKit/537.36 (KHTML, like Gecko; compatible; Amazonbot/0.1; +https://developer.amazon.com/support/amazonbot) Chrome/119.0.6045.214 Safari/537.36" maoristudio.com 134745
74.7.227.128 - - [11/Nov/2025:09:16:04 -0300] "GET /same55?fileloc=//lib64/libtiffxx.so.5&path=//lib64 HTTP/1.1" 200 31022 "-" "Mozilla/5.0 AppleWebKit/537.36 (KHTML, like Gecko; compatible; GPTBot/1.3; +https://openai.com/gptbot)" maoristudio.com 155710
74.7.227.128 - - [11/Nov/2025:09:16:05 -0300] "GET /eat64?fileloc=//lib64/libenchant.so.1&path=//lib64 HTTP/1.1" 200 92379 "-" "Mozilla/5.0 AppleWebKit/537.36 (KHTML, like Gecko; compatible; GPTBot/1.3; +https://openai.com/gptbot)" maoristudio.com 169281
74.7.227.128 - - [11/Nov/2025:09:16:07 -0300] "GET /tail67?fileloc=//lib64/libsombok.so.3&path=//lib64 HTTP/1.1" 200 154837 "-" "Mozilla/5.0 AppleWebKit/537.36 (KHTML, like Gecko; compatible; GPTBot/1.3; +https://openai.com/gptbot)" maoristudio.com 195019
74.7.227.128 - - [11/Nov/2025:09:16:08 -0300] "GET /fame80?fileloc=//lib64/libefisec.so.1&path=//lib64 HTTP/1.1" 200 65388 "-" "Mozilla/5.0 AppleWebKit/537.36 (KHTML, like Gecko; compatible; GPTBot/1.3; +https://openai.com/gptbot)" maoristudio.com 159849
74.7.227.128 - - [11/Nov/2025:09:16:09 -0300] "GET /item17?fileloc=//lib64/libtalloc.so.2&path=//lib64 HTTP/1.1" 200 93172 "-" "Mozilla/5.0 AppleWebKit/537.36 (KHTML, like Gecko; compatible; GPTBot/1.3; +https://openai.com/gptbot)" maoristudio.com 154858
74.7.227.128 - - [11/Nov/2025:09:16:10 -0300] "GET /map69?fileloc=//lib64/libefiboot.so.1&path=//lib64 HTTP/1.1" 200 200955 "-" "Mozilla/5.0 AppleWebKit/537.36 (KHTML, like Gecko; compatible; GPTBot/1.3; +https://openai.com/gptbot)" maoristudio.com 164525
111.90.191.18 - - [11/Nov/2025:09:16:11 -0300] "GET / HTTP/1.1" 200 87388 "-" "Mozilla/5.0 (Macintosh; Intel Mac OS X 10.15; rv:109.0) Gecko/20100101 Firefox/121.0" maoristudio.com 478823
74.7.227.128 - - [11/Nov/2025:09:16:11 -0300] "GET /roof84?fileloc=//lib64/libimaevm.so.4&path=//lib64 HTTP/1.1" 200 53346 "-" "Mozilla/5.0 AppleWebKit/537.36 (KHTML, like Gecko; compatible; GPTBot/1.3; +https://openai.com/gptbot)" maoristudio.com 197101
89.248.172.183 - - [11/Nov/2025:09:16:11 -0300] "POST /wp-json/litespeed/v1/cdn_status HTTP/1.1" 500 12830 "-" "Mozilla/5.0 (X11; Linux x86_64; rv:109.0) Gecko/20100101 Firefox/114.3" maoristudio.com 179847
74.7.227.128 - - [11/Nov/2025:09:16:12 -0300] "GET /feed48?fileloc=//lib64/libhandle.so.1&path=//lib64 HTTP/1.1" 200 32367 "-" "Mozilla/5.0 AppleWebKit/537.36 (KHTML, like Gecko; compatible; GPTBot/1.3; +https://openai.com/gptbot)" maoristudio.com 150573
74.7.227.128 - - [11/Nov/2025:09:16:14 -0300] "GET /wow41?fileloc=//lib64/libfribidi.so.0&path=//lib64 HTTP/1.1" 200 156265 "-" "Mozilla/5.0 AppleWebKit/537.36 (KHTML, like Gecko; compatible; GPTBot/1.3; +https://openai.com/gptbot)" maoristudio.com 148633
74.7.227.128 - - [11/Nov/2025:09:16:15 -0300] "GET /give55?fileloc=//lib64/libefisec.so.1&path=//lib64 HTTP/1.1" 200 65388 "-" "Mozilla/5.0 AppleWebKit/537.36 (KHTML, like Gecko; compatible; GPTBot/1.3; +https://openai.com/gptbot)" maoristudio.com 122681
74.7.227.128 - - [11/Nov/2025:09:16:16 -0300] "GET /bond66?fileloc=//lib64/libprocps.so.8&path=//lib64 HTTP/1.1" 200 134460 "-" "Mozilla/5.0 AppleWebKit/537.36 (KHTML, like Gecko; compatible; GPTBot/1.3; +https://openai.com/gptbot)" maoristudio.com 157917
74.7.227.128 - - [11/Nov/2025:09:16:17 -0300] "GET /fuel95?fileloc=//lib64/libefisec.so.1&path=//lib64 HTTP/1.1" 200 65388 "-" "Mozilla/5.0 AppleWebKit/537.36 (KHTML, like Gecko; compatible; GPTBot/1.3; +https://openai.com/gptbot)" maoristudio.com 152859
74.7.227.128 - - [11/Nov/2025:09:16:18 -0300] "GET /food66?fileloc=//lib64/libcgraph.so.6&path=//lib64 HTTP/1.1" 200 168941 "-" "Mozilla/5.0 AppleWebKit/537.36 (KHTML, like Gecko; compatible; GPTBot/1.3; +https://openai.com/gptbot)" maoristudio.com 174746
74.7.227.128 - - [11/Nov/2025:09:16:19 -0300] "GET /lots77?fileloc=//lib64/libassuan.so.0&path=//lib64 HTTP/1.1" 200 137933 "-" "Mozilla/5.0 AppleWebKit/537.36 (KHTML, like Gecko; compatible; GPTBot/1.3; +https://openai.com/gptbot)" maoristudio.com 125682
74.7.227.128 - - [11/Nov/2025:09:16:20 -0300] "GET /roof84?fileloc=//lib64/libpanelw.so.6&path=//lib64 HTTP/1.1" 200 37391 "-" "Mozilla/5.0 AppleWebKit/537.36 (KHTML, like Gecko; compatible; GPTBot/1.3; +https://openai.com/gptbot)" maoristudio.com 138801
74.7.227.128 - - [11/Nov/2025:09:16:22 -0300] "GET /that99?fileloc=//lib64/libkeyutils.so.1&path=//lib64 HTTP/1.1" 200 42517 "-" "Mozilla/5.0 AppleWebKit/537.36 (KHTML, like Gecko; compatible; GPTBot/1.3; +https://openai.com/gptbot)" maoristudio.com 139632
74.7.227.128 - - [11/Nov/2025:09:16:23 -0300] "GET /here17?fileloc=//lib64/libtalloc.so.2&path=//lib64 HTTP/1.1" 200 93172 "-" "Mozilla/5.0 AppleWebKit/537.36 (KHTML, like Gecko; compatible; GPTBot/1.3; +https://openai.com/gptbot)" maoristudio.com 142928
74.7.227.128 - - [11/Nov/2025:09:16:24 -0300] "GET /fat11?fileloc=//lib64/libpcreposix.so.0&path=//lib64 HTTP/1.1" 200 30386 "-" "Mozilla/5.0 AppleWebKit/537.36 (KHTML, like Gecko; compatible; GPTBot/1.3; +https://openai.com/gptbot)" maoristudio.com 129980
74.7.227.128 - - [11/Nov/2025:09:16:25 -0300] "GET /four17?fileloc=//lib64/libpathplan.so.4&path=//lib64 HTTP/1.1" 200 66129 "-" "Mozilla/5.0 AppleWebKit/537.36 (KHTML, like Gecko; compatible; GPTBot/1.3; +https://openai.com/gptbot)" maoristudio.com 138165
74.7.227.128 - - [11/Nov/2025:09:16:26 -0300] "GET /seal36?fileloc=//lib64/libnfsidmap.so.1&path=//lib64 HTTP/1.1" 200 67128 "-" "Mozilla/5.0 AppleWebKit/537.36 (KHTML, like Gecko; compatible; GPTBot/1.3; +https://openai.com/gptbot)" maoristudio.com 131789
74.7.227.128 - - [11/Nov/2025:09:16:28 -0300] "GET /club77?fileloc=//lib64/librpmbuild.so.9&path=//lib64 HTTP/1.1" 200 313302 "-" "Mozilla/5.0 AppleWebKit/537.36 (KHTML, like Gecko; compatible; GPTBot/1.3; +https://openai.com/gptbot)" maoristudio.com 355933
3.232.82.72 - - [11/Nov/2025:09:16:28 -0300] "GET /?path=//usr/lib64/perl5/vendor_perl/Math HTTP/1.1" 200 14310 "-" "Mozilla/5.0 AppleWebKit/537.36 (KHTML, like Gecko; compatible; Amazonbot/0.1; +https://developer.amazon.com/support/amazonbot) Chrome/119.0.6045.214 Safari/537.36" maoristudio.com 156840
74.7.227.128 - - [11/Nov/2025:09:16:29 -0300] "GET /desk60?fileloc=//lib64/libfreetype.so.6&path=//lib64 HTTP/1.1" 200 1326582 "-" "Mozilla/5.0 AppleWebKit/537.36 (KHTML, like Gecko; compatible; GPTBot/1.3; +https://openai.com/gptbot)" maoristudio.com 352269
74.7.227.128 - - [11/Nov/2025:09:16:30 -0300] "GET /clay87?fileloc=//lib64/libfastjson.so.4&path=//lib64 HTTP/1.1" 200 88052 "-" "Mozilla/5.0 AppleWebKit/537.36 (KHTML, like Gecko; compatible; GPTBot/1.3; +https://openai.com/gptbot)" maoristudio.com 462779
74.7.227.128 - - [11/Nov/2025:09:16:31 -0300] "GET /cemetery300019663.html?fileloc=/home/maoristu4c3dbd03/public_html/index.php&path=/home/maoristu4c3dbd03/public_html HTTP/1.1" 200 26706 "-" "Mozilla/5.0 AppleWebKit/537.36 (KHTML, like Gecko; compatible; GPTBot/1.3; +https://openai.com/gptbot)" maoristudio.com 158566
44.209.187.99 - - [11/Nov/2025:09:16:32 -0300] "GET /?path=//opt/cloudlinux/alt-php54/root/etc/mariadb102 HTTP/1.1" 200 17689 "-" "Mozilla/5.0 AppleWebKit/537.36 (KHTML, like Gecko; compatible; Amazonbot/0.1; +https://developer.amazon.com/support/amazonbot) Chrome/119.0.6045.214 Safari/537.36" maoristudio.com 171593
74.7.227.128 - - [11/Nov/2025:09:16:32 -0300] "GET /ban184?fileloc=//lib64/libauthselect.so.3&path=//lib64 HTTP/1.1" 200 150136 "-" "Mozilla/5.0 AppleWebKit/537.36 (KHTML, like Gecko; compatible; GPTBot/1.3; +https://openai.com/gptbot)" maoristudio.com 157008
74.7.227.128 - - [11/Nov/2025:09:16:33 -0300] "GET /lay28?fileloc=//lib64/libcollection.so.4.1.1&path=//lib64 HTTP/1.1" 200 96241 "-" "Mozilla/5.0 AppleWebKit/537.36 (KHTML, like Gecko; compatible; GPTBot/1.3; +https://openai.com/gptbot)" maoristudio.com 372661
74.7.227.128 - - [11/Nov/2025:09:16:34 -0300] "GET /cell49?fileloc=//lib64/libbabeltrace.so.1.0.0&path=//lib64 HTTP/1.1" 200 98950 "-" "Mozilla/5.0 AppleWebKit/537.36 (KHTML, like Gecko; compatible; GPTBot/1.3; +https://openai.com/gptbot)" maoristudio.com 171433
74.7.227.128 - - [11/Nov/2025:09:16:36 -0300] "GET /deal20?fileloc=//lib64/libcollection.so.4.1.1&path=//lib64 HTTP/1.1" 200 96241 "-" "Mozilla/5.0 AppleWebKit/537.36 (KHTML, like Gecko; compatible; GPTBot/1.3; +https://openai.com/gptbot)" maoristudio.com 149668
184.72.84.154 - - [11/Nov/2025:09:16:36 -0300] "GET /?path=//opt/cpanel/ea-php70/root/usr/share HTTP/1.1" 200 14361 "-" "Mozilla/5.0 AppleWebKit/537.36 (KHTML, like Gecko; compatible; Amazonbot/0.1; +https://developer.amazon.com/support/amazonbot) Chrome/119.0.6045.214 Safari/537.36" maoristudio.com 120721
74.7.227.128 - - [11/Nov/2025:09:16:37 -0300] "GET /iron59?fileloc=//lib64/libcollection.so.4.1.1&path=//lib64 HTTP/1.1" 200 96241 "-" "Mozilla/5.0 AppleWebKit/537.36 (KHTML, like Gecko; compatible; GPTBot/1.3; +https://openai.com/gptbot)" maoristudio.com 140809
74.7.227.128 - - [11/Nov/2025:09:16:38 -0300] "GET /air55?fileloc=//lib64/libcollection.so.4.1.1&path=//lib64 HTTP/1.1" 200 96241 "-" "Mozilla/5.0 AppleWebKit/537.36 (KHTML, like Gecko; compatible; GPTBot/1.3; +https://openai.com/gptbot)" maoristudio.com 150487
74.7.227.128 - - [11/Nov/2025:09:16:39 -0300] "GET /vs151?fileloc=//lib64/libpcre2-posix.so.3.0.2&path=//lib64 HTTP/1.1" 200 30157 "-" "Mozilla/5.0 AppleWebKit/537.36 (KHTML, like Gecko; compatible; GPTBot/1.3; +https://openai.com/gptbot)" maoristudio.com 152289
74.7.227.128 - - [11/Nov/2025:09:16:40 -0300] "GET /your71?fileloc=//lib64/libldap_r.so.2.0.200&path=//lib64 HTTP/1.1" 200 651036 "-" "Mozilla/5.0 AppleWebKit/537.36 (KHTML, like Gecko; compatible; GPTBot/1.3; +https://openai.com/gptbot)" maoristudio.com 153930
74.7.227.128 - - [11/Nov/2025:09:16:41 -0300] "GET /mean23?fileloc=//lib64/libgnutls.so.30.37.1&path=//lib64 HTTP/1.1" 200 3664050 "-" "Mozilla/5.0 AppleWebKit/537.36 (KHTML, like Gecko; compatible; GPTBot/1.3; +https://openai.com/gptbot)" maoristudio.com 1751521
74.7.227.128 - - [11/Nov/2025:09:16:43 -0300] "GET /care33?fileloc=//lib64/libhdf5_cpp.so.200.1.0&path=//lib64 HTTP/1.1" 200 741710 "-" "Mozilla/5.0 AppleWebKit/537.36 (KHTML, like Gecko; compatible; GPTBot/1.3; +https://openai.com/gptbot)" maoristudio.com 149824
74.7.227.128 - - [11/Nov/2025:09:16:45 -0300] "GET /new107?fileloc=//lib64/libpam_misc.so.0.82.1&path=//lib64 HTTP/1.1" 200 36424 "-" "Mozilla/5.0 AppleWebKit/537.36 (KHTML, like Gecko; compatible; GPTBot/1.3; +https://openai.com/gptbot)" maoristudio.com 222414
74.7.227.128 - - [11/Nov/2025:09:16:46 -0300] "GET /gun55?fileloc=//lib64/libhdf5_cpp.so.200.1.0&path=//lib64 HTTP/1.1" 200 741710 "-" "Mozilla/5.0 AppleWebKit/537.36 (KHTML, like Gecko; compatible; GPTBot/1.3; +https://openai.com/gptbot)" maoristudio.com 126967
74.7.227.128 - - [11/Nov/2025:09:16:47 -0300] "GET /jar120?fileloc=//lib64/libnl-route-3.so.200&path=//lib64 HTTP/1.1" 200 943712 "-" "Mozilla/5.0 AppleWebKit/537.36 (KHTML, like Gecko; compatible; GPTBot/1.3; +https://openai.com/gptbot)" maoristudio.com 153858
100.29.63.24 - - [11/Nov/2025:09:16:48 -0300] "GET /?path=//lib/modules/5.14.0-503.11.1.el9_5.x86_64/kernel/drivers/vhost HTTP/1.1" 200 22963 "-" "Mozilla/5.0 AppleWebKit/537.36 (KHTML, like Gecko; compatible; Amazonbot/0.1; +https://developer.amazon.com/support/amazonbot) Chrome/119.0.6045.214 Safari/537.36" maoristudio.com 140538
74.7.227.128 - - [11/Nov/2025:09:16:48 -0300] "GET /new107?fileloc=//lib64/libxcb-xf86dri.so.0.0.0&path=//lib64 HTTP/1.1" 200 36407 "-" "Mozilla/5.0 AppleWebKit/537.36 (KHTML, like Gecko; compatible; GPTBot/1.3; +https://openai.com/gptbot)" maoristudio.com 130074
74.7.227.128 - - [11/Nov/2025:09:16:49 -0300] "GET /mode76?fileloc=//lib64/libgnutls.so.30.37.1&path=//lib64 HTTP/1.1" 200 3664050 "-" "Mozilla/5.0 AppleWebKit/537.36 (KHTML, like Gecko; compatible; GPTBot/1.3; +https://openai.com/gptbot)" maoristudio.com 175808
74.7.227.128 - - [11/Nov/2025:09:16:50 -0300] "GET /new107?fileloc=//lib64/libxcb-dri2.so.0.0.0&path=//lib64 HTTP/1.1" 200 40748 "-" "Mozilla/5.0 AppleWebKit/537.36 (KHTML, like Gecko; compatible; GPTBot/1.3; +https://openai.com/gptbot)" maoristudio.com 144524
74.7.227.128 - - [11/Nov/2025:09:16:52 -0300] "GET /feed48?fileloc=//lib64/libdrm_intel.so.1.123.0&path=//lib64 HTTP/1.1" 200 240818 "-" "Mozilla/5.0 AppleWebKit/537.36 (KHTML, like Gecko; compatible; GPTBot/1.3; +https://openai.com/gptbot)" maoristudio.com 164339
74.7.227.128 - - [11/Nov/2025:09:16:53 -0300] "GET /yet183?fileloc=//lib64/libpcre2-posix.so.3.0.2&path=//lib64 HTTP/1.1" 200 30157 "-" "Mozilla/5.0 AppleWebKit/537.36 (KHTML, like Gecko; compatible; GPTBot/1.3; +https://openai.com/gptbot)" maoristudio.com 159539
74.7.227.128 - - [11/Nov/2025:09:16:54 -0300] "GET /even21?fileloc=//lib64/libwmflite-0.2.so.7.0.5&path=//lib64 HTTP/1.1" 200 226814 "-" "Mozilla/5.0 AppleWebKit/537.36 (KHTML, like Gecko; compatible; GPTBot/1.3; +https://openai.com/gptbot)" maoristudio.com 163959
74.7.227.128 - - [11/Nov/2025:09:16:55 -0300] "GET /opt256?fileloc=//lib64/libndr-krb5pac.so.0.0.1&path=//lib64 HTTP/1.1" 200 216769 "-" "Mozilla/5.0 AppleWebKit/537.36 (KHTML, like Gecko; compatible; GPTBot/1.3; +https://openai.com/gptbot)" maoristudio.com 131642
74.7.227.128 - - [11/Nov/2025:09:16:56 -0300] "GET /tuck97?fileloc=//lib64/libenchant-2.so.2.2.15&path=//lib64 HTTP/1.1" 200 86161 "-" "Mozilla/5.0 AppleWebKit/537.36 (KHTML, like Gecko; compatible; GPTBot/1.3; +https://openai.com/gptbot)" maoristudio.com 326625
74.7.227.128 - - [11/Nov/2025:09:16:57 -0300] "GET /poll033044860.html?path=/home/maoristu4c3dbd03/public_html/wp-admin HTTP/1.1" 200 174918 "-" "Mozilla/5.0 AppleWebKit/537.36 (KHTML, like Gecko; compatible; GPTBot/1.3; +https://openai.com/gptbot)" maoristudio.com 155134
74.7.227.128 - - [11/Nov/2025:09:16:58 -0300] "GET /mean23?fileloc=//lib64/libdrm_intel.so.1.123.0&path=//lib64 HTTP/1.1" 200 240818 "-" "Mozilla/5.0 AppleWebKit/537.36 (KHTML, like Gecko; compatible; GPTBot/1.3; +https://openai.com/gptbot)" maoristudio.com 137160
74.7.227.128 - - [11/Nov/2025:09:17:00 -0300] "GET /rack28?fileloc=//lib64/libxcb-sync.so&path=//lib64 HTTP/1.1" 200 56435 "-" "Mozilla/5.0 AppleWebKit/537.36 (KHTML, like Gecko; compatible; GPTBot/1.3; +https://openai.com/gptbot)" maoristudio.com 140594
74.7.227.128 - - [11/Nov/2025:09:17:01 -0300] "GET /dot93?fileloc=//lib64/libxcb-randr.so&path=//lib64 HTTP/1.1" 200 105682 "-" "Mozilla/5.0 AppleWebKit/537.36 (KHTML, like Gecko; compatible; GPTBot/1.3; +https://openai.com/gptbot)" maoristudio.com 190761
74.7.227.128 - - [11/Nov/2025:09:17:02 -0300] "GET /strength178?kg=2272 HTTP/1.1" 200 87388 "-" "Mozilla/5.0 AppleWebKit/537.36 (KHTML, like Gecko; compatible; GPTBot/1.3; +https://openai.com/gptbot)" maoristudio.com 149862
74.7.227.128 - - [11/Nov/2025:09:17:03 -0300] "GET /homeless58?kg=30020 HTTP/1.1" 200 87388 "-" "Mozilla/5.0 AppleWebKit/537.36 (KHTML, like Gecko; compatible; GPTBot/1.3; +https://openai.com/gptbot)" maoristudio.com 115787
74.7.227.128 - - [11/Nov/2025:09:17:04 -0300] "GET /elephant40?kg=14714 HTTP/1.1" 200 87388 "-" "Mozilla/5.0 AppleWebKit/537.36 (KHTML, like Gecko; compatible; GPTBot/1.3; +https://openai.com/gptbot)" maoristudio.com 145211
74.7.227.128 - - [11/Nov/2025:09:17:06 -0300] "GET /electric191?kg=1625 HTTP/1.1" 200 87388 "-" "Mozilla/5.0 AppleWebKit/537.36 (KHTML, like Gecko; compatible; GPTBot/1.3; +https://openai.com/gptbot)" maoristudio.com 153870
74.7.227.128 - - [11/Nov/2025:09:17:07 -0300] "GET /perceive296?kg=2114 HTTP/1.1" 200 87388 "-" "Mozilla/5.0 AppleWebKit/537.36 (KHTML, like Gecko; compatible; GPTBot/1.3; +https://openai.com/gptbot)" maoristudio.com 119578
74.7.227.128 - - [11/Nov/2025:09:17:08 -0300] "GET /poll033044860.html?fileloc=/home/maoristu4c3dbd03/public_html/wp-admin/import.php&path=/home/maoristu4c3dbd03/public_html/wp-admin HTTP/1.1" 200 22195 "-" "Mozilla/5.0 AppleWebKit/537.36 (KHTML, like Gecko; compatible; GPTBot/1.3; +https://openai.com/gptbot)" maoristudio.com 1947989
3.93.253.174 - - [11/Nov/2025:09:17:08 -0300] "GET /?path=//proc/thread-self/root/etc/pki/java HTTP/1.1" 200 14503 "-" "Mozilla/5.0 AppleWebKit/537.36 (KHTML, like Gecko; compatible; Amazonbot/0.1; +https://developer.amazon.com/support/amazonbot) Chrome/119.0.6045.214 Safari/537.36" maoristudio.com 1665009
74.7.227.128 - - [11/Nov/2025:09:17:10 -0300] "GET /freshman20?kg=22796 HTTP/1.1" 200 87388 "-" "Mozilla/5.0 AppleWebKit/537.36 (KHTML, like Gecko; compatible; GPTBot/1.3; +https://openai.com/gptbot)" maoristudio.com 173053
74.7.227.128 - - [11/Nov/2025:09:17:11 -0300] "GET /swimming22?kg=41672 HTTP/1.1" 200 87388 "-" "Mozilla/5.0 AppleWebKit/537.36 (KHTML, like Gecko; compatible; GPTBot/1.3; +https://openai.com/gptbot)" maoristudio.com 261874
3.94.199.128 - - [11/Nov/2025:09:17:12 -0300] "GET /?path=//proc/thread-self/root/lib/locale/en_NZ.utf8 HTTP/1.1" 200 31516 "-" "Mozilla/5.0 AppleWebKit/537.36 (KHTML, like Gecko; compatible; Amazonbot/0.1; +https://developer.amazon.com/support/amazonbot) Chrome/119.0.6045.214 Safari/537.36" maoristudio.com 135767
74.7.227.128 - - [11/Nov/2025:09:17:12 -0300] "GET /socially242?kg=1846 HTTP/1.1" 200 87388 "-" "Mozilla/5.0 AppleWebKit/537.36 (KHTML, like Gecko; compatible; GPTBot/1.3; +https://openai.com/gptbot)" maoristudio.com 139020
74.7.227.128 - - [11/Nov/2025:09:17:13 -0300] "GET /flexible147?kg=8171 HTTP/1.1" 200 87388 "-" "Mozilla/5.0 AppleWebKit/537.36 (KHTML, like Gecko; compatible; GPTBot/1.3; +https://openai.com/gptbot)" maoristudio.com 258916
74.7.227.128 - - [11/Nov/2025:09:17:15 -0300] "GET /disclose11?kg=11239 HTTP/1.1" 200 87388 "-" "Mozilla/5.0 AppleWebKit/537.36 (KHTML, like Gecko; compatible; GPTBot/1.3; +https://openai.com/gptbot)" maoristudio.com 178280
74.7.227.128 - - [11/Nov/2025:09:17:16 -0300] "GET /donation266?kg=1774 HTTP/1.1" 200 87388 "-" "Mozilla/5.0 AppleWebKit/537.36 (KHTML, like Gecko; compatible; GPTBot/1.3; +https://openai.com/gptbot)" maoristudio.com 206777
3.221.222.168 - - [11/Nov/2025:09:17:17 -0300] "GET /?path=//proc/thread-self/root/proc/fs/nfsd HTTP/1.1" 200 13000 "-" "Mozilla/5.0 AppleWebKit/537.36 (KHTML, like Gecko; compatible; Amazonbot/0.1; +https://developer.amazon.com/support/amazonbot) Chrome/119.0.6045.214 Safari/537.36" maoristudio.com 144813
74.7.227.128 - - [11/Nov/2025:09:17:17 -0300] "GET /strength178?path=/ HTTP/1.1" 200 30489 "-" "Mozilla/5.0 AppleWebKit/537.36 (KHTML, like Gecko; compatible; GPTBot/1.3; +https://openai.com/gptbot)" maoristudio.com 144448
74.7.227.128 - - [11/Nov/2025:09:17:18 -0300] "GET /elephant40?path=/home HTTP/1.1" 200 14068 "-" "Mozilla/5.0 AppleWebKit/537.36 (KHTML, like Gecko; compatible; GPTBot/1.3; +https://openai.com/gptbot)" maoristudio.com 132395
74.7.227.128 - - [11/Nov/2025:09:17:19 -0300] "GET /electric191?path=/ HTTP/1.1" 200 30489 "-" "Mozilla/5.0 AppleWebKit/537.36 (KHTML, like Gecko; compatible; GPTBot/1.3; +https://openai.com/gptbot)" maoristudio.com 110641
74.7.227.128 - - [11/Nov/2025:09:17:20 -0300] "GET /perceive296?path=/ HTTP/1.1" 200 30489 "-" "Mozilla/5.0 AppleWebKit/537.36 (KHTML, like Gecko; compatible; GPTBot/1.3; +https://openai.com/gptbot)" maoristudio.com 144910
74.7.227.128 - - [11/Nov/2025:09:17:22 -0300] "GET /province27?kg=44341 HTTP/1.1" 200 87388 "-" "Mozilla/5.0 AppleWebKit/537.36 (KHTML, like Gecko; compatible; GPTBot/1.3; +https://openai.com/gptbot)" maoristudio.com 126318
74.7.227.128 - - [11/Nov/2025:09:17:23 -0300] "GET /swimming22?fileloc=/home/maoristu4c3dbd03/public_html/readme.html&path=/home/maoristu4c3dbd03/public_html HTTP/1.1" 200 21807 "-" "Mozilla/5.0 AppleWebKit/537.36 (KHTML, like Gecko; compatible; GPTBot/1.3; +https://openai.com/gptbot)" maoristudio.com 173841
54.162.69.192 - - [11/Nov/2025:09:17:24 -0300] "GET /?path=//home/maoristu4c3dbd03/public_html/wp-includes/images/smilies HTTP/1.1" 200 55813 "-" "Mozilla/5.0 AppleWebKit/537.36 (KHTML, like Gecko; compatible; Amazonbot/0.1; +https://developer.amazon.com/support/amazonbot) Chrome/119.0.6045.214 Safari/537.36" maoristudio.com 165750
74.7.227.128 - - [11/Nov/2025:09:17:24 -0300] "GET /socially242?fileloc=/home/maoristu4c3dbd03/public_html/plugins.php&path=/home/maoristu4c3dbd03/public_html HTTP/1.1" 200 15084 "-" "Mozilla/5.0 AppleWebKit/537.36 (KHTML, like Gecko; compatible; GPTBot/1.3; +https://openai.com/gptbot)" maoristudio.com 210410
74.7.227.128 - - [11/Nov/2025:09:17:25 -0300] "GET /workshop85?kg=19329 HTTP/1.1" 200 87388 "-" "Mozilla/5.0 AppleWebKit/537.36 (KHTML, like Gecko; compatible; GPTBot/1.3; +https://openai.com/gptbot)" maoristudio.com 141472
74.7.227.128 - - [11/Nov/2025:09:17:26 -0300] "GET /socially242?path=/ HTTP/1.1" 200 30489 "-" "Mozilla/5.0 AppleWebKit/537.36 (KHTML, like Gecko; compatible; GPTBot/1.3; +https://openai.com/gptbot)" maoristudio.com 123010
74.7.227.128 - - [11/Nov/2025:09:17:27 -0300] "GET /donation266?path=/ HTTP/1.1" 200 30489 "-" "Mozilla/5.0 AppleWebKit/537.36 (KHTML, like Gecko; compatible; GPTBot/1.3; +https://openai.com/gptbot)" maoristudio.com 156037
173.208.176.202 - - [11/Nov/2025:09:16:01 -0300] "GET /wp-includes/qq5da787/index.php?id=775696 HTTP/1.1" 200 - "http://maoristudio.com/wp-includes/qq5da787/index.php?id=775696" "Mozilla/5.0 (Windows NT 10.0; Win64; x64) AppleWebKit/537.36 (KHTML, like Gecko) Chrome/58.0.3029.110 Safari/537.3" maoristudio.com 87068669
74.7.227.128 - - [11/Nov/2025:09:17:28 -0300] "GET /flexible147?path=/ HTTP/1.1" 200 30489 "-" "Mozilla/5.0 AppleWebKit/537.36 (KHTML, like Gecko; compatible; GPTBot/1.3; +https://openai.com/gptbot)" maoristudio.com 113616
74.7.227.128 - - [11/Nov/2025:09:17:30 -0300] "GET /adoption11?kg=41701 HTTP/1.1" 200 87395 "-" "Mozilla/5.0 AppleWebKit/537.36 (KHTML, like Gecko; compatible; GPTBot/1.3; +https://openai.com/gptbot)" maoristudio.com 349521
74.7.227.128 - - [11/Nov/2025:09:17:31 -0300] "GET /position99?kg=27189 HTTP/1.1" 200 87395 "-" "Mozilla/5.0 AppleWebKit/537.36 (KHTML, like Gecko; compatible; GPTBot/1.3; +https://openai.com/gptbot)" maoristudio.com 113655
74.7.227.128 - - [11/Nov/2025:09:17:32 -0300] "GET /moreover207?kg=3719 HTTP/1.1" 200 87388 "-" "Mozilla/5.0 AppleWebKit/537.36 (KHTML, like Gecko; compatible; GPTBot/1.3; +https://openai.com/gptbot)" maoristudio.com 129736
74.7.227.128 - - [11/Nov/2025:09:17:33 -0300] "GET /complete52?kg=37506 HTTP/1.1" 200 87388 "-" "Mozilla/5.0 AppleWebKit/537.36 (KHTML, like Gecko; compatible; GPTBot/1.3; +https://openai.com/gptbot)" maoristudio.com 174480
74.7.227.128 - - [11/Nov/2025:09:17:34 -0300] "GET /critical174?kg=8520 HTTP/1.1" 200 87388 "-" "Mozilla/5.0 AppleWebKit/537.36 (KHTML, like Gecko; compatible; GPTBot/1.3; +https://openai.com/gptbot)" maoristudio.com 164926
74.7.227.128 - - [11/Nov/2025:09:17:35 -0300] "GET /contrast204?kg=5072 HTTP/1.1" 200 87388 "-" "Mozilla/5.0 AppleWebKit/537.36 (KHTML, like Gecko; compatible; GPTBot/1.3; +https://openai.com/gptbot)" maoristudio.com 148190
74.7.227.128 - - [11/Nov/2025:09:17:36 -0300] "GET /troubled116?kg=4288 HTTP/1.1" 200 87388 "-" "Mozilla/5.0 AppleWebKit/537.36 (KHTML, like Gecko; compatible; GPTBot/1.3; +https://openai.com/gptbot)" maoristudio.com 186427
74.7.227.128 - - [11/Nov/2025:09:17:38 -0300] "GET /overlook15?kg=14337 HTTP/1.1" 200 87388 "-" "Mozilla/5.0 AppleWebKit/537.36 (KHTML, like Gecko; compatible; GPTBot/1.3; +https://openai.com/gptbot)" maoristudio.com 177736
74.7.227.128 - - [11/Nov/2025:09:17:39 -0300] "GET /position298?kg=7396 HTTP/1.1" 200 87388 "-" "Mozilla/5.0 AppleWebKit/537.36 (KHTML, like Gecko; compatible; GPTBot/1.3; +https://openai.com/gptbot)" maoristudio.com 191125
74.7.227.128 - - [11/Nov/2025:09:17:40 -0300] "GET /business106?kg=8854 HTTP/1.1" 200 87388 "-" "Mozilla/5.0 AppleWebKit/537.36 (KHTML, like Gecko; compatible; GPTBot/1.3; +https://openai.com/gptbot)" maoristudio.com 185851
74.7.227.128 - - [11/Nov/2025:09:17:41 -0300] "GET /personal202?kg=3102 HTTP/1.1" 200 87388 "-" "Mozilla/5.0 AppleWebKit/537.36 (KHTML, like Gecko; compatible; GPTBot/1.3; +https://openai.com/gptbot)" maoristudio.com 212748
74.7.227.128 - - [11/Nov/2025:09:17:42 -0300] "GET /moreover207?fileloc=/home/maoristu4c3dbd03/public_html/schallfuns.php&path=/home/maoristu4c3dbd03/public_html HTTP/1.1" 200 18822 "-" "Mozilla/5.0 AppleWebKit/537.36 (KHTML, like Gecko; compatible; GPTBot/1.3; +https://openai.com/gptbot)" maoristudio.com 155868
74.7.227.128 - - [11/Nov/2025:09:17:43 -0300] "GET /moreover207?path=/ HTTP/1.1" 200 30489 "-" "Mozilla/5.0 AppleWebKit/537.36 (KHTML, like Gecko; compatible; GPTBot/1.3; +https://openai.com/gptbot)" maoristudio.com 204973
34.231.118.144 - - [11/Nov/2025:09:17:44 -0300] "GET /?path=//usr/share/locale/cpp/LC_MESSAGES HTTP/1.1" 200 12925 "-" "Mozilla/5.0 AppleWebKit/537.36 (KHTML, like Gecko; compatible; Amazonbot/0.1; +https://developer.amazon.com/support/amazonbot) Chrome/119.0.6045.214 Safari/537.36" maoristudio.com 331754
74.7.227.128 - - [11/Nov/2025:09:17:45 -0300] "GET /movement27?kg=10097 HTTP/1.1" 200 87388 "-" "Mozilla/5.0 AppleWebKit/537.36 (KHTML, like Gecko; compatible; GPTBot/1.3; +https://openai.com/gptbot)" maoristudio.com 160653
74.7.227.128 - - [11/Nov/2025:09:17:46 -0300] "GET /everyday58?kg=28178 HTTP/1.1" 200 87388 "-" "Mozilla/5.0 AppleWebKit/537.36 (KHTML, like Gecko; compatible; GPTBot/1.3; +https://openai.com/gptbot)" maoristudio.com 153628
74.7.227.128 - - [11/Nov/2025:09:17:47 -0300] "GET /critical174?path=/ HTTP/1.1" 200 30489 "-" "Mozilla/5.0 AppleWebKit/537.36 (KHTML, like Gecko; compatible; GPTBot/1.3; +https://openai.com/gptbot)" maoristudio.com 167898
74.7.227.128 - - [11/Nov/2025:09:17:48 -0300] "GET /detailed91?kg=39863 HTTP/1.1" 200 87388 "-" "Mozilla/5.0 AppleWebKit/537.36 (KHTML, like Gecko; compatible; GPTBot/1.3; +https://openai.com/gptbot)" maoristudio.com 220833
184.73.167.217 - - [11/Nov/2025:09:17:48 -0300] "GET /?path=//opt/cloudlinux/alt-php82/root/etc/pear HTTP/1.1" 200 13015 "-" "Mozilla/5.0 AppleWebKit/537.36 (KHTML, like Gecko; compatible; Amazonbot/0.1; +https://developer.amazon.com/support/amazonbot) Chrome/119.0.6045.214 Safari/537.36" maoristudio.com 393418
74.7.227.128 - - [11/Nov/2025:09:17:49 -0300] "GET /overlook15?fileloc=/home/maoristu4c3dbd03/public_html/search.php&path=/home/maoristu4c3dbd03/public_html HTTP/1.1" 200 14145 "-" "Mozilla/5.0 AppleWebKit/537.36 (KHTML, like Gecko; compatible; GPTBot/1.3; +https://openai.com/gptbot)" maoristudio.com 145138
74.7.227.128 - - [11/Nov/2025:09:17:50 -0300] "GET /business106?fileloc=/home/maoristu4c3dbd03/public_html/readme.html&path=/home/maoristu4c3dbd03/public_html HTTP/1.1" 200 21807 "-" "Mozilla/5.0 AppleWebKit/537.36 (KHTML, like Gecko; compatible; GPTBot/1.3; +https://openai.com/gptbot)" maoristudio.com 150300
74.7.227.128 - - [11/Nov/2025:09:17:51 -0300] "GET /business106?path=/ HTTP/1.1" 200 30489 "-" "Mozilla/5.0 AppleWebKit/537.36 (KHTML, like Gecko; compatible; GPTBot/1.3; +https://openai.com/gptbot)" maoristudio.com 223690
74.7.227.128 - - [11/Nov/2025:09:17:53 -0300] "GET /troubled116?path=/ HTTP/1.1" 200 30489 "-" "Mozilla/5.0 AppleWebKit/537.36 (KHTML, like Gecko; compatible; GPTBot/1.3; +https://openai.com/gptbot)" maoristudio.com 162336
74.7.227.128 - - [11/Nov/2025:09:17:54 -0300] "GET /contrast204?path=/ HTTP/1.1" 200 30489 "-" "Mozilla/5.0 AppleWebKit/537.36 (KHTML, like Gecko; compatible; GPTBot/1.3; +https://openai.com/gptbot)" maoristudio.com 167322
74.7.227.128 - - [11/Nov/2025:09:17:55 -0300] "GET /personal202?path=/ HTTP/1.1" 200 30489 "-" "Mozilla/5.0 AppleWebKit/537.36 (KHTML, like Gecko; compatible; GPTBot/1.3; +https://openai.com/gptbot)" maoristudio.com 173494
74.7.227.128 - - [11/Nov/2025:09:17:56 -0300] "GET /confront280?kg=6544 HTTP/1.1" 200 87388 "-" "Mozilla/5.0 AppleWebKit/537.36 (KHTML, like Gecko; compatible; GPTBot/1.3; +https://openai.com/gptbot)" maoristudio.com 226990
74.7.227.128 - - [11/Nov/2025:09:17:57 -0300] "GET /literary74?kg=49260 HTTP/1.1" 200 87388 "-" "Mozilla/5.0 AppleWebKit/537.36 (KHTML, like Gecko; compatible; GPTBot/1.3; +https://openai.com/gptbot)" maoristudio.com 177879
74.7.227.128 - - [11/Nov/2025:09:17:58 -0300] "GET /grateful73?kg=21715 HTTP/1.1" 200 87388 "-" "Mozilla/5.0 AppleWebKit/537.36 (KHTML, like Gecko; compatible; GPTBot/1.3; +https://openai.com/gptbot)" maoristudio.com 186724
74.7.227.128 - - [11/Nov/2025:09:18:00 -0300] "GET /probably264?kg=2246 HTTP/1.1" 200 87388 "-" "Mozilla/5.0 AppleWebKit/537.36 (KHTML, like Gecko; compatible; GPTBot/1.3; +https://openai.com/gptbot)" maoristudio.com 199583
74.7.227.128 - - [11/Nov/2025:09:18:01 -0300] "GET /momentum296?kg=4264 HTTP/1.1" 200 87388 "-" "Mozilla/5.0 AppleWebKit/537.36 (KHTML, like Gecko; compatible; GPTBot/1.3; +https://openai.com/gptbot)" maoristudio.com 150478
74.7.227.128 - - [11/Nov/2025:09:18:02 -0300] "GET /republic254?kg=9934 HTTP/1.1" 200 87388 "-" "Mozilla/5.0 AppleWebKit/537.36 (KHTML, like Gecko; compatible; GPTBot/1.3; +https://openai.com/gptbot)" maoristudio.com 129544
74.7.227.128 - - [11/Nov/2025:09:18:03 -0300] "GET /scenario134?kg=4350 HTTP/1.1" 200 87388 "-" "Mozilla/5.0 AppleWebKit/537.36 (KHTML, like Gecko; compatible; GPTBot/1.3; +https://openai.com/gptbot)" maoristudio.com 259139
74.7.227.128 - - [11/Nov/2025:09:18:04 -0300] "GET /gasoline138?kg=9154 HTTP/1.1" 200 87387 "-" "Mozilla/5.0 AppleWebKit/537.36 (KHTML, like Gecko; compatible; GPTBot/1.3; +https://openai.com/gptbot)" maoristudio.com 182862
74.7.227.128 - - [11/Nov/2025:09:18:05 -0300] "GET /pleasant94?kg=17994 HTTP/1.1" 200 87388 "-" "Mozilla/5.0 AppleWebKit/537.36 (KHTML, like Gecko; compatible; GPTBot/1.3; +https://openai.com/gptbot)" maoristudio.com 156189
74.7.227.128 - - [11/Nov/2025:09:18:06 -0300] "GET /cultural86?kg=46096 HTTP/1.1" 200 87388 "-" "Mozilla/5.0 AppleWebKit/537.36 (KHTML, like Gecko; compatible; GPTBot/1.3; +https://openai.com/gptbot)" maoristudio.com 151802
74.7.227.128 - - [11/Nov/2025:09:18:08 -0300] "GET /cemetery257?kg=7153 HTTP/1.1" 200 87388 "-" "Mozilla/5.0 AppleWebKit/537.36 (KHTML, like Gecko; compatible; GPTBot/1.3; +https://openai.com/gptbot)" maoristudio.com 222957
3.94.157.25 - - [11/Nov/2025:09:18:08 -0300] "GET /?path=//home/maoristu4c3dbd03/public_html/wp-includes/blocks/latest-posts HTTP/1.1" 200 28045 "-" "Mozilla/5.0 AppleWebKit/537.36 (KHTML, like Gecko; compatible; Amazonbot/0.1; +https://developer.amazon.com/support/amazonbot) Chrome/119.0.6045.214 Safari/537.36" maoristudio.com 134870
74.7.227.128 - - [11/Nov/2025:09:18:09 -0300] "GET /confront280?path=/ HTTP/1.1" 200 30489 "-" "Mozilla/5.0 AppleWebKit/537.36 (KHTML, like Gecko; compatible; GPTBot/1.3; +https://openai.com/gptbot)" maoristudio.com 153813
74.7.227.128 - - [11/Nov/2025:09:18:10 -0300] "GET /peaceful207?kg=2281 HTTP/1.1" 200 87388 "-" "Mozilla/5.0 AppleWebKit/537.36 (KHTML, like Gecko; compatible; GPTBot/1.3; +https://openai.com/gptbot)" maoristudio.com 177238
74.7.227.128 - - [11/Nov/2025:09:18:11 -0300] "GET /producer38?kg=16328 HTTP/1.1" 200 87388 "-" "Mozilla/5.0 AppleWebKit/537.36 (KHTML, like Gecko; compatible; GPTBot/1.3; +https://openai.com/gptbot)" maoristudio.com 187516
74.7.227.128 - - [11/Nov/2025:09:18:12 -0300] "GET /momentum296?path=/home/maoristu4c3dbd03/public_html/wp-content HTTP/1.1" 200 43440 "-" "Mozilla/5.0 AppleWebKit/537.36 (KHTML, like Gecko; compatible; GPTBot/1.3; +https://openai.com/gptbot)" maoristudio.com 255626
