74.7.227.128 - - [11/Nov/2025:10:57:43 -0300] "GET /raw237?path=//home HTTP/1.1" 200 14072 "-" "Mozilla/5.0 AppleWebKit/537.36 (KHTML, like Gecko; compatible; GPTBot/1.3; +https://openai.com/gptbot)" maoristudio.com 295324
74.7.227.128 - - [11/Nov/2025:10:57:44 -0300] "GET /key194?path=//home HTTP/1.1" 200 14072 "-" "Mozilla/5.0 AppleWebKit/537.36 (KHTML, like Gecko; compatible; GPTBot/1.3; +https://openai.com/gptbot)" maoristudio.com 192223
74.7.227.128 - - [11/Nov/2025:10:57:46 -0300] "GET /week219?path=//home HTTP/1.1" 200 14072 "-" "Mozilla/5.0 AppleWebKit/537.36 (KHTML, like Gecko; compatible; GPTBot/1.3; +https://openai.com/gptbot)" maoristudio.com 242437
74.7.227.128 - - [11/Nov/2025:10:57:47 -0300] "GET /chef150?path=//home HTTP/1.1" 200 14072 "-" "Mozilla/5.0 AppleWebKit/537.36 (KHTML, like Gecko; compatible; GPTBot/1.3; +https://openai.com/gptbot)" maoristudio.com 194027
74.7.227.128 - - [11/Nov/2025:10:57:48 -0300] "GET /bay264?path=//home HTTP/1.1" 200 14072 "-" "Mozilla/5.0 AppleWebKit/537.36 (KHTML, like Gecko; compatible; GPTBot/1.3; +https://openai.com/gptbot)" maoristudio.com 231386
74.7.227.128 - - [11/Nov/2025:10:57:49 -0300] "GET /bulb224?path=//home HTTP/1.1" 200 14072 "-" "Mozilla/5.0 AppleWebKit/537.36 (KHTML, like Gecko; compatible; GPTBot/1.3; +https://openai.com/gptbot)" maoristudio.com 251252
74.7.227.128 - - [11/Nov/2025:10:57:50 -0300] "GET /look205?path=//home HTTP/1.1" 200 14072 "-" "Mozilla/5.0 AppleWebKit/537.36 (KHTML, like Gecko; compatible; GPTBot/1.3; +https://openai.com/gptbot)" maoristudio.com 192865
74.7.227.128 - - [11/Nov/2025:10:57:51 -0300] "GET /pull294?path=//home HTTP/1.1" 200 14072 "-" "Mozilla/5.0 AppleWebKit/537.36 (KHTML, like Gecko; compatible; GPTBot/1.3; +https://openai.com/gptbot)" maoristudio.com 424232
74.7.227.128 - - [11/Nov/2025:10:57:52 -0300] "GET /play156?path=//home HTTP/1.1" 200 14072 "-" "Mozilla/5.0 AppleWebKit/537.36 (KHTML, like Gecko; compatible; GPTBot/1.3; +https://openai.com/gptbot)" maoristudio.com 211881
74.7.227.128 - - [11/Nov/2025:10:57:54 -0300] "GET /boss190?path=//home HTTP/1.1" 200 14072 "-" "Mozilla/5.0 AppleWebKit/537.36 (KHTML, like Gecko; compatible; GPTBot/1.3; +https://openai.com/gptbot)" maoristudio.com 214222
74.7.227.128 - - [11/Nov/2025:10:57:55 -0300] "GET /ban184?path=//home HTTP/1.1" 200 14072 "-" "Mozilla/5.0 AppleWebKit/537.36 (KHTML, like Gecko; compatible; GPTBot/1.3; +https://openai.com/gptbot)" maoristudio.com 204093
74.7.227.128 - - [11/Nov/2025:10:57:56 -0300] "GET /pine173?path=//home HTTP/1.1" 200 14072 "-" "Mozilla/5.0 AppleWebKit/537.36 (KHTML, like Gecko; compatible; GPTBot/1.3; +https://openai.com/gptbot)" maoristudio.com 413754
74.7.227.128 - - [11/Nov/2025:10:57:57 -0300] "GET /tank260?path=//home HTTP/1.1" 200 14072 "-" "Mozilla/5.0 AppleWebKit/537.36 (KHTML, like Gecko; compatible; GPTBot/1.3; +https://openai.com/gptbot)" maoristudio.com 194594
74.7.227.128 - - [11/Nov/2025:10:57:58 -0300] "GET /chew258?path=//home HTTP/1.1" 200 14072 "-" "Mozilla/5.0 AppleWebKit/537.36 (KHTML, like Gecko; compatible; GPTBot/1.3; +https://openai.com/gptbot)" maoristudio.com 230828
74.7.227.128 - - [11/Nov/2025:10:57:59 -0300] "GET /riot237?path=//home HTTP/1.1" 200 14072 "-" "Mozilla/5.0 AppleWebKit/537.36 (KHTML, like Gecko; compatible; GPTBot/1.3; +https://openai.com/gptbot)" maoristudio.com 248950
74.7.227.128 - - [11/Nov/2025:10:58:00 -0300] "GET /roof129?path=//home HTTP/1.1" 200 14072 "-" "Mozilla/5.0 AppleWebKit/537.36 (KHTML, like Gecko; compatible; GPTBot/1.3; +https://openai.com/gptbot)" maoristudio.com 269842
74.7.227.128 - - [11/Nov/2025:10:58:02 -0300] "GET /new107?path=//home HTTP/1.1" 200 14072 "-" "Mozilla/5.0 AppleWebKit/537.36 (KHTML, like Gecko; compatible; GPTBot/1.3; +https://openai.com/gptbot)" maoristudio.com 180046
74.7.227.128 - - [11/Nov/2025:10:58:03 -0300] "GET /say281?path=//home HTTP/1.1" 200 14072 "-" "Mozilla/5.0 AppleWebKit/537.36 (KHTML, like Gecko; compatible; GPTBot/1.3; +https://openai.com/gptbot)" maoristudio.com 186802
3.232.39.98 - - [11/Nov/2025:10:58:04 -0300] "GET /?path=//proc/thread-self/root/lib/firmware/3com HTTP/1.1" 200 14565 "-" "Mozilla/5.0 AppleWebKit/537.36 (KHTML, like Gecko; compatible; Amazonbot/0.1; +https://developer.amazon.com/support/amazonbot) Chrome/119.0.6045.214 Safari/537.36" maoristudio.com 254158
74.7.227.128 - - [11/Nov/2025:10:58:04 -0300] "GET /face206?path=//home HTTP/1.1" 200 14072 "-" "Mozilla/5.0 AppleWebKit/537.36 (KHTML, like Gecko; compatible; GPTBot/1.3; +https://openai.com/gptbot)" maoristudio.com 251012
74.7.227.128 - - [11/Nov/2025:10:58:05 -0300] "GET /land233?path=//home HTTP/1.1" 200 14072 "-" "Mozilla/5.0 AppleWebKit/537.36 (KHTML, like Gecko; compatible; GPTBot/1.3; +https://openai.com/gptbot)" maoristudio.com 258083
74.7.227.128 - - [11/Nov/2025:10:58:06 -0300] "GET /copy270?path=//home HTTP/1.1" 200 14072 "-" "Mozilla/5.0 AppleWebKit/537.36 (KHTML, like Gecko; compatible; GPTBot/1.3; +https://openai.com/gptbot)" maoristudio.com 169702
74.7.227.128 - - [11/Nov/2025:10:58:07 -0300] "GET /lots104?path=//home HTTP/1.1" 200 14072 "-" "Mozilla/5.0 AppleWebKit/537.36 (KHTML, like Gecko; compatible; GPTBot/1.3; +https://openai.com/gptbot)" maoristudio.com 228869
74.7.227.128 - - [11/Nov/2025:10:58:08 -0300] "GET /jar120?path=//home HTTP/1.1" 200 14072 "-" "Mozilla/5.0 AppleWebKit/537.36 (KHTML, like Gecko; compatible; GPTBot/1.3; +https://openai.com/gptbot)" maoristudio.com 238925
74.7.227.128 - - [11/Nov/2025:10:58:09 -0300] "GET /old210?path=//home HTTP/1.1" 200 14072 "-" "Mozilla/5.0 AppleWebKit/537.36 (KHTML, like Gecko; compatible; GPTBot/1.3; +https://openai.com/gptbot)" maoristudio.com 218201
74.7.227.128 - - [11/Nov/2025:10:58:11 -0300] "GET /few157?path=//home HTTP/1.1" 200 14072 "-" "Mozilla/5.0 AppleWebKit/537.36 (KHTML, like Gecko; compatible; GPTBot/1.3; +https://openai.com/gptbot)" maoristudio.com 237133
74.7.227.128 - - [11/Nov/2025:10:58:12 -0300] "GET /air185?path=//home HTTP/1.1" 200 14072 "-" "Mozilla/5.0 AppleWebKit/537.36 (KHTML, like Gecko; compatible; GPTBot/1.3; +https://openai.com/gptbot)" maoristudio.com 291940
74.7.227.128 - - [11/Nov/2025:10:58:13 -0300] "GET /fish197?path=//home HTTP/1.1" 200 14072 "-" "Mozilla/5.0 AppleWebKit/537.36 (KHTML, like Gecko; compatible; GPTBot/1.3; +https://openai.com/gptbot)" maoristudio.com 224255
74.7.227.128 - - [11/Nov/2025:10:58:14 -0300] "GET /boss145?path=//home HTTP/1.1" 200 14072 "-" "Mozilla/5.0 AppleWebKit/537.36 (KHTML, like Gecko; compatible; GPTBot/1.3; +https://openai.com/gptbot)" maoristudio.com 224052
74.7.227.128 - - [11/Nov/2025:10:58:15 -0300] "GET /rely131?path=//home HTTP/1.1" 200 14072 "-" "Mozilla/5.0 AppleWebKit/537.36 (KHTML, like Gecko; compatible; GPTBot/1.3; +https://openai.com/gptbot)" maoristudio.com 248325
173.208.176.202 - - [11/Nov/2025:10:56:49 -0300] "GET /wp-content/ade7e187/edit.php?id=798844 HTTP/1.1" 200 - "http://maoristudio.com/wp-content/ade7e187/edit.php?id=798844" "Mozilla/5.0 (Windows NT 10.0; Win64; x64) AppleWebKit/537.36 (KHTML, like Gecko) Chrome/58.0.3029.110 Safari/537.3" maoristudio.com 86972477
74.7.227.128 - - [11/Nov/2025:10:58:17 -0300] "GET /thus193?path=//home HTTP/1.1" 200 14072 "-" "Mozilla/5.0 AppleWebKit/537.36 (KHTML, like Gecko; compatible; GPTBot/1.3; +https://openai.com/gptbot)" maoristudio.com 135906
74.7.227.128 - - [11/Nov/2025:10:58:18 -0300] "GET /lake125?path=//home HTTP/1.1" 200 14072 "-" "Mozilla/5.0 AppleWebKit/537.36 (KHTML, like Gecko; compatible; GPTBot/1.3; +https://openai.com/gptbot)" maoristudio.com 163677
74.7.227.128 - - [11/Nov/2025:10:58:19 -0300] "GET /tail257?path=//home HTTP/1.1" 200 14072 "-" "Mozilla/5.0 AppleWebKit/537.36 (KHTML, like Gecko; compatible; GPTBot/1.3; +https://openai.com/gptbot)" maoristudio.com 188076
74.7.227.128 - - [11/Nov/2025:10:58:20 -0300] "GET /unit155?path=//home HTTP/1.1" 200 14072 "-" "Mozilla/5.0 AppleWebKit/537.36 (KHTML, like Gecko; compatible; GPTBot/1.3; +https://openai.com/gptbot)" maoristudio.com 233326
74.7.227.128 - - [11/Nov/2025:10:58:21 -0300] "GET /next132?path=//home HTTP/1.1" 200 14072 "-" "Mozilla/5.0 AppleWebKit/537.36 (KHTML, like Gecko; compatible; GPTBot/1.3; +https://openai.com/gptbot)" maoristudio.com 201306
74.7.227.128 - - [11/Nov/2025:10:58:22 -0300] "GET /love57?fileloc=//lib64/libdrm_amdgpu.so.1.123.0&path=//lib64 HTTP/1.1" 200 79028 "-" "Mozilla/5.0 AppleWebKit/537.36 (KHTML, like Gecko; compatible; GPTBot/1.3; +https://openai.com/gptbot)" maoristudio.com 691621
74.7.227.128 - - [11/Nov/2025:10:58:24 -0300] "GET /dry158?fileloc=//lib64/libxmlrpc_server_cgi.so.3&path=//lib64 HTTP/1.1" 200 31884 "-" "Mozilla/5.0 AppleWebKit/537.36 (KHTML, like Gecko; compatible; GPTBot/1.3; +https://openai.com/gptbot)" maoristudio.com 221403
74.7.227.128 - - [11/Nov/2025:10:58:25 -0300] "GET /recognize67?fileloc=/home/maoristu4c3dbd03/public_html/robots.txt&path=/home/maoristu4c3dbd03/public_html HTTP/1.1" 200 12840 "-" "Mozilla/5.0 AppleWebKit/537.36 (KHTML, like Gecko; compatible; GPTBot/1.3; +https://openai.com/gptbot)" maoristudio.com 215881
74.7.227.128 - - [11/Nov/2025:10:58:26 -0300] "GET /raw237?fileloc=//lib64/libharfbuzz-gobject.so.0&path=//lib64 HTTP/1.1" 200 141751 "-" "Mozilla/5.0 AppleWebKit/537.36 (KHTML, like Gecko; compatible; GPTBot/1.3; +https://openai.com/gptbot)" maoristudio.com 903679
74.7.227.128 - - [11/Nov/2025:10:58:27 -0300] "GET /frequent77?fileloc=/home/maoristu4c3dbd03/public_html/license.txt&path=/home/maoristu4c3dbd03/public_html HTTP/1.1" 200 33365 "-" "Mozilla/5.0 AppleWebKit/537.36 (KHTML, like Gecko; compatible; GPTBot/1.3; +https://openai.com/gptbot)" maoristudio.com 438787
52.70.123.241 - - [11/Nov/2025:10:58:28 -0300] "GET /?path=//usr/share/locale/bo/LC_MESSAGES HTTP/1.1" 200 12922 "-" "Mozilla/5.0 AppleWebKit/537.36 (KHTML, like Gecko; compatible; Amazonbot/0.1; +https://developer.amazon.com/support/amazonbot) Chrome/119.0.6045.214 Safari/537.36" maoristudio.com 209035
74.7.227.128 - - [11/Nov/2025:10:58:28 -0300] "GET /job196009601.html?path=/home/maoristu4c3dbd03/public_html/a72ed HTTP/1.1" 200 14448 "-" "Mozilla/5.0 AppleWebKit/537.36 (KHTML, like Gecko; compatible; GPTBot/1.3; +https://openai.com/gptbot)" maoristudio.com 200070
74.7.227.128 - - [11/Nov/2025:10:58:29 -0300] "GET /gap294010461.html?path=/home/maoristu4c3dbd03/public_html/a72ed HTTP/1.1" 200 14448 "-" "Mozilla/5.0 AppleWebKit/537.36 (KHTML, like Gecko; compatible; GPTBot/1.3; +https://openai.com/gptbot)" maoristudio.com 214904
74.7.227.128 - - [11/Nov/2025:10:58:30 -0300] "GET /face206?path=//lib/.build-id HTTP/1.1" 200 347109 "-" "Mozilla/5.0 AppleWebKit/537.36 (KHTML, like Gecko; compatible; GPTBot/1.3; +https://openai.com/gptbot)" maoristudio.com 2773931
74.7.227.128 - - [11/Nov/2025:10:58:34 -0300] "GET /automatic220008511.html?fileloc=/home/maoristu4c3dbd03/public_html/wp-mail.php&path=/home/maoristu4c3dbd03/public_html HTTP/1.1" 200 22369 "-" "Mozilla/5.0 AppleWebKit/537.36 (KHTML, like Gecko; compatible; GPTBot/1.3; +https://openai.com/gptbot)" maoristudio.com 404003
74.7.227.128 - - [11/Nov/2025:10:58:35 -0300] "GET /provide060033315.html?fileloc=/home/maoristu4c3dbd03/public_html/wp-config.php&path=/home/maoristu4c3dbd03/public_html HTTP/1.1" 403 87388 "-" "Mozilla/5.0 AppleWebKit/537.36 (KHTML, like Gecko; compatible; GPTBot/1.3; +https://openai.com/gptbot)" maoristudio.com 560511
74.7.227.128 - - [11/Nov/2025:10:58:36 -0300] "GET /baseball277005222.html?fileloc=/home/maoristu4c3dbd03/public_html/wp-style.php&path=/home/maoristu4c3dbd03/public_html HTTP/1.1" 200 17127 "-" "Mozilla/5.0 AppleWebKit/537.36 (KHTML, like Gecko; compatible; GPTBot/1.3; +https://openai.com/gptbot)" maoristudio.com 318197
74.7.227.128 - - [11/Nov/2025:10:58:37 -0300] "GET /bend24?fileloc=//lib64/python3.9/numbers.py&path=//lib64/python3.9 HTTP/1.1" 200 24705 "-" "Mozilla/5.0 AppleWebKit/537.36 (KHTML, like Gecko; compatible; GPTBot/1.3; +https://openai.com/gptbot)" maoristudio.com 276137
74.7.227.128 - - [11/Nov/2025:10:58:38 -0300] "GET /four17?fileloc=//lib64/libxcb-shm.so&path=//lib64 HTTP/1.1" 200 31386 "-" "Mozilla/5.0 AppleWebKit/537.36 (KHTML, like Gecko; compatible; GPTBot/1.3; +https://openai.com/gptbot)" maoristudio.com 291291
74.7.227.128 - - [11/Nov/2025:10:58:40 -0300] "GET /tuck97?fileloc=//lib64/libcom_err.so&path=//lib64 HTTP/1.1" 200 40793 "-" "Mozilla/5.0 AppleWebKit/537.36 (KHTML, like Gecko; compatible; GPTBot/1.3; +https://openai.com/gptbot)" maoristudio.com 284000
74.7.227.128 - - [11/Nov/2025:10:58:41 -0300] "GET /your96?fileloc=//lib64/libcairo-script-interpreter.so.2.11704.0&path=//lib64 HTTP/1.1" 200 245152 "-" "Mozilla/5.0 AppleWebKit/537.36 (KHTML, like Gecko; compatible; GPTBot/1.3; +https://openai.com/gptbot)" maoristudio.com 591571
74.7.227.128 - - [11/Nov/2025:10:58:42 -0300] "GET /face206?path=//lib/.build-id/9f HTTP/1.1" 200 23702 "-" "Mozilla/5.0 AppleWebKit/537.36 (KHTML, like Gecko; compatible; GPTBot/1.3; +https://openai.com/gptbot)" maoristudio.com 262859
74.7.227.128 - - [11/Nov/2025:10:58:43 -0300] "GET /lifestyle66?kg=44442 HTTP/1.1" 200 87388 "-" "Mozilla/5.0 AppleWebKit/537.36 (KHTML, like Gecko; compatible; GPTBot/1.3; +https://openai.com/gptbot)" maoristudio.com 304653
44.207.207.36 - - [11/Nov/2025:10:58:44 -0300] "GET /?path=//home/maoristu4c3dbd03/www/wp-includes/sodium_compat/lib HTTP/1.1" 200 27786 "-" "Mozilla/5.0 AppleWebKit/537.36 (KHTML, like Gecko; compatible; Amazonbot/0.1; +https://developer.amazon.com/support/amazonbot) Chrome/119.0.6045.214 Safari/537.36" maoristudio.com 423736
74.7.227.128 - - [11/Nov/2025:10:58:44 -0300] "GET /thinking101?kg=7077 HTTP/1.1" 200 87388 "-" "Mozilla/5.0 AppleWebKit/537.36 (KHTML, like Gecko; compatible; GPTBot/1.3; +https://openai.com/gptbot)" maoristudio.com 243834
74.7.227.128 - - [11/Nov/2025:10:58:46 -0300] "GET /together32?kg=23020 HTTP/1.1" 200 87388 "-" "Mozilla/5.0 AppleWebKit/537.36 (KHTML, like Gecko; compatible; GPTBot/1.3; +https://openai.com/gptbot)" maoristudio.com 412011
74.7.227.128 - - [11/Nov/2025:10:58:47 -0300] "GET /planning82?kg=21422 HTTP/1.1" 200 87387 "-" "Mozilla/5.0 AppleWebKit/537.36 (KHTML, like Gecko; compatible; GPTBot/1.3; +https://openai.com/gptbot)" maoristudio.com 214608
89.248.172.183 - - [11/Nov/2025:10:58:47 -0300] "POST /wp-json/litespeed/v1/cdn_status HTTP/1.1" 500 12830 "-" "Mozilla/5.0 (X11; Linux x86_64; rv:109.0) Gecko/20100101 Firefox/114.3" maoristudio.com 232251
74.7.227.128 - - [11/Nov/2025:10:58:48 -0300] "GET /royal6?fileloc=/home/maoristu4c3dbd03/public_html/noindex.html&path=/home/maoristu4c3dbd03/public_html HTTP/1.1" 200 15313 "-" "Mozilla/5.0 AppleWebKit/537.36 (KHTML, like Gecko; compatible; GPTBot/1.3; +https://openai.com/gptbot)" maoristudio.com 290858
74.7.227.128 - - [11/Nov/2025:10:58:49 -0300] "GET /adventure111?kg=1981 HTTP/1.1" 200 87387 "-" "Mozilla/5.0 AppleWebKit/537.36 (KHTML, like Gecko; compatible; GPTBot/1.3; +https://openai.com/gptbot)" maoristudio.com 255345
74.7.227.128 - - [11/Nov/2025:10:58:50 -0300] "GET /face206?path=//lib/.build-id/f5 HTTP/1.1" 200 34585 "-" "Mozilla/5.0 AppleWebKit/537.36 (KHTML, like Gecko; compatible; GPTBot/1.3; +https://openai.com/gptbot)" maoristudio.com 248977
74.7.227.128 - - [11/Nov/2025:10:58:51 -0300] "GET /confident286?kg=8444 HTTP/1.1" 200 87387 "-" "Mozilla/5.0 AppleWebKit/537.36 (KHTML, like Gecko; compatible; GPTBot/1.3; +https://openai.com/gptbot)" maoristudio.com 291550
74.7.227.128 - - [11/Nov/2025:10:58:52 -0300] "GET /carefully222?kg=8500 HTTP/1.1" 200 87387 "-" "Mozilla/5.0 AppleWebKit/537.36 (KHTML, like Gecko; compatible; GPTBot/1.3; +https://openai.com/gptbot)" maoristudio.com 330885
74.7.227.128 - - [11/Nov/2025:10:58:53 -0300] "GET /ball99?fileloc=//lib64/libdevmapper-event-lvm2.so.2.03&path=//lib64 HTTP/1.1" 200 31339 "-" "Mozilla/5.0 AppleWebKit/537.36 (KHTML, like Gecko; compatible; GPTBot/1.3; +https://openai.com/gptbot)" maoristudio.com 258714
74.7.227.128 - - [11/Nov/2025:10:58:55 -0300] "GET /negotiate14?kg=46222 HTTP/1.1" 200 87387 "-" "Mozilla/5.0 AppleWebKit/537.36 (KHTML, like Gecko; compatible; GPTBot/1.3; +https://openai.com/gptbot)" maoristudio.com 233347
204.12.252.98 - - [11/Nov/2025:10:58:55 -0300] "GET /wp-content/ade7e187/edit.php HTTP/1.1" 200 6 "http://maoristudio.com/wp-content/ade7e187/edit.php" "Mozilla/5.0 (Windows NT 10.0; Win64; x64) AppleWebKit/537.36 (KHTML, like Gecko) Chrome/58.0.3029.110 Safari/537.3" maoristudio.com 433401
74.7.227.128 - - [11/Nov/2025:10:58:56 -0300] "GET /mm-hmm78?path=/ HTTP/1.1" 200 30489 "-" "Mozilla/5.0 AppleWebKit/537.36 (KHTML, like Gecko; compatible; GPTBot/1.3; +https://openai.com/gptbot)" maoristudio.com 306386
3.229.2.217 - - [11/Nov/2025:10:58:56 -0300] "GET /?path=//proc/thread-self/root/usr/include/libxml2 HTTP/1.1" 200 14423 "-" "Mozilla/5.0 AppleWebKit/537.36 (KHTML, like Gecko; compatible; Amazonbot/0.1; +https://developer.amazon.com/support/amazonbot) Chrome/119.0.6045.214 Safari/537.36" maoristudio.com 367084
74.7.227.128 - - [11/Nov/2025:10:58:57 -0300] "GET /thinking101?fileloc=/home/maoristu4c3dbd03/public_html/wp-signup.php&path=/home/maoristu4c3dbd03/public_html HTTP/1.1" 200 54002 "-" "Mozilla/5.0 AppleWebKit/537.36 (KHTML, like Gecko; compatible; GPTBot/1.3; +https://openai.com/gptbot)" maoristudio.com 272135
74.7.227.128 - - [11/Nov/2025:10:58:58 -0300] "GET /thinking101?path=/ HTTP/1.1" 200 30489 "-" "Mozilla/5.0 AppleWebKit/537.36 (KHTML, like Gecko; compatible; GPTBot/1.3; +https://openai.com/gptbot)" maoristudio.com 256826
74.7.227.128 - - [11/Nov/2025:10:58:59 -0300] "GET /dry85?fileloc=//lib64/libboost_program_options.so.1.75.0&path=//lib64 HTTP/1.1" 200 427396 "-" "Mozilla/5.0 AppleWebKit/537.36 (KHTML, like Gecko; compatible; GPTBot/1.3; +https://openai.com/gptbot)" maoristudio.com 695009
74.7.227.128 - - [11/Nov/2025:10:59:00 -0300] "GET /to82?path=//opt HTTP/1.1" 200 33687 "-" "Mozilla/5.0 AppleWebKit/537.36 (KHTML, like Gecko; compatible; GPTBot/1.3; +https://openai.com/gptbot)" maoristudio.com 219099
74.7.227.128 - - [11/Nov/2025:10:59:01 -0300] "GET /chair278008337.html?path=/home/maoristu4c3dbd03/public_html/cgi-bin HTTP/1.1" 200 15883 "-" "Mozilla/5.0 AppleWebKit/537.36 (KHTML, like Gecko; compatible; GPTBot/1.3; +https://openai.com/gptbot)" maoristudio.com 234651
74.7.227.128 - - [11/Nov/2025:10:59:03 -0300] "GET /face206?fileloc=//lib/.build-id/f5/7a125800a23bfbfc595eb6a967205601ba4133&path=//lib/.build-id/f5 HTTP/1.1" 200 47401 "-" "Mozilla/5.0 AppleWebKit/537.36 (KHTML, like Gecko; compatible; GPTBot/1.3; +https://openai.com/gptbot)" maoristudio.com 238850
74.7.227.128 - - [11/Nov/2025:10:59:04 -0300] "GET /instruct258032129.html?path=/home/maoristu4c3dbd03/public_html/.tmb HTTP/1.1" 200 12920 "-" "Mozilla/5.0 AppleWebKit/537.36 (KHTML, like Gecko; compatible; GPTBot/1.3; +https://openai.com/gptbot)" maoristudio.com 460959
74.7.227.128 - - [11/Nov/2025:10:59:05 -0300] "GET /light105043170.html?path=/home/maoristu4c3dbd03/public_html/cgi-bin HTTP/1.1" 200 15883 "-" "Mozilla/5.0 AppleWebKit/537.36 (KHTML, like Gecko; compatible; GPTBot/1.3; +https://openai.com/gptbot)" maoristudio.com 273391
173.208.176.202 - - [11/Nov/2025:10:57:39 -0300] "GET /wp-includes/qq5da787/index.php?id=775696 HTTP/1.1" 200 - "http://maoristudio.com/wp-includes/qq5da787/index.php?id=775696" "Mozilla/5.0 (Windows NT 10.0; Win64; x64) AppleWebKit/537.36 (KHTML, like Gecko) Chrome/58.0.3029.110 Safari/537.3" maoristudio.com 87008767
74.7.227.128 - - [11/Nov/2025:10:59:06 -0300] "GET /negotiate14?fileloc=/home/maoristu4c3dbd03/public_html/google346bac590c7c3e89.html&path=/home/maoristu4c3dbd03/public_html HTTP/1.1" 200 12541 "-" "Mozilla/5.0 AppleWebKit/537.36 (KHTML, like Gecko; compatible; GPTBot/1.3; +https://openai.com/gptbot)" maoristudio.com 119152
74.7.227.128 - - [11/Nov/2025:10:59:07 -0300] "GET /teaching239010550.html?path=/home/maoristu4c3dbd03/public_html/.tmb HTTP/1.1" 200 12920 "-" "Mozilla/5.0 AppleWebKit/537.36 (KHTML, like Gecko; compatible; GPTBot/1.3; +https://openai.com/gptbot)" maoristudio.com 133158
74.7.227.128 - - [11/Nov/2025:10:59:08 -0300] "GET /thoroughly124004505.html?path=/home/maoristu4c3dbd03 HTTP/1.1" 200 49210 "-" "Mozilla/5.0 AppleWebKit/537.36 (KHTML, like Gecko; compatible; GPTBot/1.3; +https://openai.com/gptbot)" maoristudio.com 220995
74.7.227.128 - - [11/Nov/2025:10:59:10 -0300] "GET /lunch83?fileloc=/home/maoristu4c3dbd03/public_html/order.php&path=/home/maoristu4c3dbd03/public_html HTTP/1.1" 200 17124 "-" "Mozilla/5.0 AppleWebKit/537.36 (KHTML, like Gecko; compatible; GPTBot/1.3; +https://openai.com/gptbot)" maoristudio.com 256060
74.7.227.128 - - [11/Nov/2025:10:59:11 -0300] "GET /Ms189?path=/home HTTP/1.1" 200 14068 "-" "Mozilla/5.0 AppleWebKit/537.36 (KHTML, like Gecko; compatible; GPTBot/1.3; +https://openai.com/gptbot)" maoristudio.com 238179
74.7.227.128 - - [11/Nov/2025:10:59:12 -0300] "GET /Ms110?path=/home HTTP/1.1" 200 14068 "-" "Mozilla/5.0 AppleWebKit/537.36 (KHTML, like Gecko; compatible; GPTBot/1.3; +https://openai.com/gptbot)" maoristudio.com 280018
74.7.227.128 - - [11/Nov/2025:10:59:13 -0300] "GET /hill72?fileloc=//lib64/libkrb5support.so.0.1&path=//lib64 HTTP/1.1" 200 106542 "-" "Mozilla/5.0 AppleWebKit/537.36 (KHTML, like Gecko; compatible; GPTBot/1.3; +https://openai.com/gptbot)" maoristudio.com 240373
74.7.227.128 - - [11/Nov/2025:10:59:14 -0300] "GET /hang76?fileloc=//lib64/libgettextlib-0.21.so&path=//lib64 HTTP/1.1" 200 425763 "-" "Mozilla/5.0 AppleWebKit/537.36 (KHTML, like Gecko; compatible; GPTBot/1.3; +https://openai.com/gptbot)" maoristudio.com 279873
74.7.227.128 - - [11/Nov/2025:10:59:15 -0300] "GET /here17?fileloc=//lib64/libkrb5support.so.0.1&path=//lib64 HTTP/1.1" 200 106542 "-" "Mozilla/5.0 AppleWebKit/537.36 (KHTML, like Gecko; compatible; GPTBot/1.3; +https://openai.com/gptbot)" maoristudio.com 359237
74.7.227.128 - - [11/Nov/2025:10:59:16 -0300] "GET /care33?fileloc=//lib64/libgettextsrc-0.21.so&path=//lib64 HTTP/1.1" 200 546233 "-" "Mozilla/5.0 AppleWebKit/537.36 (KHTML, like Gecko; compatible; GPTBot/1.3; +https://openai.com/gptbot)" maoristudio.com 310777
74.7.227.128 - - [11/Nov/2025:10:59:18 -0300] "GET /stay65?fileloc=//lib64/libkrb5support.so.0.1&path=//lib64 HTTP/1.1" 200 106542 "-" "Mozilla/5.0 AppleWebKit/537.36 (KHTML, like Gecko; compatible; GPTBot/1.3; +https://openai.com/gptbot)" maoristudio.com 230189
74.7.227.128 - - [11/Nov/2025:10:59:19 -0300] "GET /cash29?fileloc=//lib64/libmemcachedutil.so.2.0.0&path=//lib64 HTTP/1.1" 200 42355 "-" "Mozilla/5.0 AppleWebKit/537.36 (KHTML, like Gecko; compatible; GPTBot/1.3; +https://openai.com/gptbot)" maoristudio.com 292007
74.7.227.128 - - [11/Nov/2025:10:59:20 -0300] "GET /poor22?fileloc=//lib64/libgettextsrc-0.21.so&path=//lib64 HTTP/1.1" 200 546233 "-" "Mozilla/5.0 AppleWebKit/537.36 (KHTML, like Gecko; compatible; GPTBot/1.3; +https://openai.com/gptbot)" maoristudio.com 264071
74.7.227.128 - - [11/Nov/2025:10:59:21 -0300] "GET /this76?fileloc=//lib64/libgettextsrc-0.21.so&path=//lib64 HTTP/1.1" 200 546233 "-" "Mozilla/5.0 AppleWebKit/537.36 (KHTML, like Gecko; compatible; GPTBot/1.3; +https://openai.com/gptbot)" maoristudio.com 250212
74.7.227.128 - - [11/Nov/2025:10:59:22 -0300] "GET /hurt29?fileloc=//lib64/libkrb5support.so.0.1&path=//lib64 HTTP/1.1" 200 106542 "-" "Mozilla/5.0 AppleWebKit/537.36 (KHTML, like Gecko; compatible; GPTBot/1.3; +https://openai.com/gptbot)" maoristudio.com 373476
74.7.227.128 - - [11/Nov/2025:10:59:23 -0300] "GET /love57?fileloc=//lib64/libxmlrpc_openssl.so.1.51&path=//lib64 HTTP/1.1" 200 29642 "-" "Mozilla/5.0 AppleWebKit/537.36 (KHTML, like Gecko; compatible; GPTBot/1.3; +https://openai.com/gptbot)" maoristudio.com 238995
34.227.156.153 - - [11/Nov/2025:10:59:24 -0300] "GET /?path=//usr/share/locale/inh/LC_MESSAGES HTTP/1.1" 200 12925 "-" "Mozilla/5.0 AppleWebKit/537.36 (KHTML, like Gecko; compatible; Amazonbot/0.1; +https://developer.amazon.com/support/amazonbot) Chrome/119.0.6045.214 Safari/537.36" maoristudio.com 261844
74.7.227.128 - - [11/Nov/2025:10:59:25 -0300] "GET /fate68?fileloc=//lib64/libkrb5support.so.0.1&path=//lib64 HTTP/1.1" 200 106542 "-" "Mozilla/5.0 AppleWebKit/537.36 (KHTML, like Gecko; compatible; GPTBot/1.3; +https://openai.com/gptbot)" maoristudio.com 214913
74.7.227.128 - - [11/Nov/2025:10:59:26 -0300] "GET /uh93?fileloc=//lib64/libc_malloc_debug.so.0&path=//lib64 HTTP/1.1" 200 86130 "-" "Mozilla/5.0 AppleWebKit/537.36 (KHTML, like Gecko; compatible; GPTBot/1.3; +https://openai.com/gptbot)" maoristudio.com 291075
74.7.227.128 - - [11/Nov/2025:10:59:27 -0300] "GET /sky106?fileloc=//proc/net/dev_mcast&path=//proc/net HTTP/1.1" 200 12355 "-" "Mozilla/5.0 AppleWebKit/537.36 (KHTML, like Gecko; compatible; GPTBot/1.3; +https://openai.com/gptbot)" maoristudio.com 290821
74.7.227.128 - - [11/Nov/2025:10:59:28 -0300] "GET /darkness41?kg=40111 HTTP/1.1" 200 87388 "-" "Mozilla/5.0 AppleWebKit/537.36 (KHTML, like Gecko; compatible; GPTBot/1.3; +https://openai.com/gptbot)" maoristudio.com 390133
74.7.227.128 - - [11/Nov/2025:10:59:29 -0300] "GET /abortion072008087.html?path=/home/maoristu4c3dbd03 HTTP/1.1" 200 49210 "-" "Mozilla/5.0 AppleWebKit/537.36 (KHTML, like Gecko; compatible; GPTBot/1.3; +https://openai.com/gptbot)" maoristudio.com 223848
74.7.227.128 - - [11/Nov/2025:10:59:30 -0300] "GET /hallway013040056.html?path=/home/maoristu4c3dbd03 HTTP/1.1" 200 49210 "-" "Mozilla/5.0 AppleWebKit/537.36 (KHTML, like Gecko; compatible; GPTBot/1.3; +https://openai.com/gptbot)" maoristudio.com 279683
74.7.227.128 - - [11/Nov/2025:10:59:32 -0300] "GET /troubled243027436.html?path=/home/maoristu4c3dbd03 HTTP/1.1" 200 49210 "-" "Mozilla/5.0 AppleWebKit/537.36 (KHTML, like Gecko; compatible; GPTBot/1.3; +https://openai.com/gptbot)" maoristudio.com 272111
3.221.156.96 - - [11/Nov/2025:10:59:32 -0300] "GET /?path=//usr/share/locale/cpe/LC_MESSAGES HTTP/1.1" 200 12925 "-" "Mozilla/5.0 AppleWebKit/537.36 (KHTML, like Gecko; compatible; Amazonbot/0.1; +https://developer.amazon.com/support/amazonbot) Chrome/119.0.6045.214 Safari/537.36" maoristudio.com 270526
74.7.227.128 - - [11/Nov/2025:10:59:33 -0300] "GET /predator003048952.html?path=/home/maoristu4c3dbd03 HTTP/1.1" 200 49210 "-" "Mozilla/5.0 AppleWebKit/537.36 (KHTML, like Gecko; compatible; GPTBot/1.3; +https://openai.com/gptbot)" maoristudio.com 239338
74.7.227.128 - - [11/Nov/2025:10:59:34 -0300] "GET /Ms189?path=//sbin HTTP/1.1" 200 61855 "-" "Mozilla/5.0 AppleWebKit/537.36 (KHTML, like Gecko; compatible; GPTBot/1.3; +https://openai.com/gptbot)" maoristudio.com 212194
74.7.227.128 - - [11/Nov/2025:10:59:35 -0300] "GET /Ms189?path=//proc HTTP/1.1" 200 110166 "-" "Mozilla/5.0 AppleWebKit/537.36 (KHTML, like Gecko; compatible; GPTBot/1.3; +https://openai.com/gptbot)" maoristudio.com 204346
74.7.227.128 - - [11/Nov/2025:10:59:36 -0300] "GET /household023023922.html?fileloc=/home/maoristu4c3dbd03/public_html/search.php&path=/home/maoristu4c3dbd03/public_html HTTP/1.1" 200 14145 "-" "Mozilla/5.0 AppleWebKit/537.36 (KHTML, like Gecko; compatible; GPTBot/1.3; +https://openai.com/gptbot)" maoristudio.com 287719
74.7.227.128 - - [11/Nov/2025:10:59:37 -0300] "GET /emotional38?fileloc=/home/maoristu4c3dbd03/public_html/wp-comments-post.php&path=/home/maoristu4c3dbd03/public_html HTTP/1.1" 200 15150 "-" "Mozilla/5.0 AppleWebKit/537.36 (KHTML, like Gecko; compatible; GPTBot/1.3; +https://openai.com/gptbot)" maoristudio.com 273251
74.7.227.128 - - [11/Nov/2025:10:59:39 -0300] "GET /mud45?fileloc=//lib64/libpsl.so.5.3.3&path=//lib64 HTTP/1.1" 200 134529 "-" "Mozilla/5.0 AppleWebKit/537.36 (KHTML, like Gecko; compatible; GPTBot/1.3; +https://openai.com/gptbot)" maoristudio.com 236114
74.7.227.128 - - [11/Nov/2025:10:59:40 -0300] "GET /left49?fileloc=//lib64/libmd.so.0.1.0&path=//lib64 HTTP/1.1" 200 103600 "-" "Mozilla/5.0 AppleWebKit/537.36 (KHTML, like Gecko; compatible; GPTBot/1.3; +https://openai.com/gptbot)" maoristudio.com 223879
173.208.176.202 - - [11/Nov/2025:10:58:17 -0300] "GET /wp-content/ade7e187/edit.php?id=798844 HTTP/1.1" 200 - "http://maoristudio.com/wp-content/ade7e187/edit.php?id=798844" "Mozilla/5.0 (Windows NT 10.0; Win64; x64) AppleWebKit/537.36 (KHTML, like Gecko) Chrome/58.0.3029.110 Safari/537.3" maoristudio.com 95158055
98.82.107.102 - - [11/Nov/2025:11:00:00 -0300] "GET /?path=/home/maoristu4c3dbd03/www/wp-content/plugins/really-simple-ssl/mailer/templates HTTP/1.1" 200 18385 "-" "Mozilla/5.0 AppleWebKit/537.36 (KHTML, like Gecko; compatible; Amazonbot/0.1; +https://developer.amazon.com/support/amazonbot) Chrome/119.0.6045.214 Safari/537.36" maoristudio.com 12599420
3.216.86.144 - - [11/Nov/2025:11:00:16 -0300] "GET /?path=//opt/cloudlinux/alt-php81/root/etc/pear HTTP/1.1" 200 13015 "-" "Mozilla/5.0 AppleWebKit/537.36 (KHTML, like Gecko; compatible; Amazonbot/0.1; +https://developer.amazon.com/support/amazonbot) Chrome/119.0.6045.214 Safari/537.36" maoristudio.com 9670277
173.208.176.202 - - [11/Nov/2025:10:59:08 -0300] "GET /wp-includes/qq5da787/index.php?id=775696 HTTP/1.1" 200 - "http://maoristudio.com/wp-includes/qq5da787/index.php?id=775696" "Mozilla/5.0 (Windows NT 10.0; Win64; x64) AppleWebKit/537.36 (KHTML, like Gecko) Chrome/58.0.3029.110 Safari/537.3" maoristudio.com 90628135
74.7.227.128 - - [11/Nov/2025:11:00:11 -0300] "GET /grow63?fileloc=//lib64/libct.so.4.0.0&path=//lib64 HTTP/1.1" 200 649954 "-" "Mozilla/5.0 AppleWebKit/537.36 (KHTML, like Gecko; compatible; GPTBot/1.3; +https://openai.com/gptbot)" maoristudio.com 29960718
74.7.227.128 - - [11/Nov/2025:11:00:41 -0300] "GET /shy14?fileloc=//lib64/liblve.so.0.9.0&path=//lib64 HTTP/1.1" 200 228373 "-" "Mozilla/5.0 AppleWebKit/537.36 (KHTML, like Gecko; compatible; GPTBot/1.3; +https://openai.com/gptbot)" maoristudio.com 808528
44.223.232.55 - - [11/Nov/2025:11:00:44 -0300] "GET /?path=//opt/alt/php72/var/lib/php HTTP/1.1" 200 14317 "-" "Mozilla/5.0 AppleWebKit/537.36 (KHTML, like Gecko; compatible; Amazonbot/0.1; +https://developer.amazon.com/support/amazonbot) Chrome/119.0.6045.214 Safari/537.36" maoristudio.com 10746209
100.25.120.246 - - [11/Nov/2025:11:00:50 -0300] "GET /?path=//proc/sys/net/ipv4/conf/all HTTP/1.1" 200 60879 "-" "Mozilla/5.0 AppleWebKit/537.36 (KHTML, like Gecko; compatible; Amazonbot/0.1; +https://developer.amazon.com/support/amazonbot) Chrome/119.0.6045.214 Safari/537.36" maoristudio.com 5140738
50.16.248.61 - - [11/Nov/2025:11:00:53 -0300] "GET /?path=//opt/cpanel/ea-php82/root/usr/var HTTP/1.1" 200 18460 "-" "Mozilla/5.0 AppleWebKit/537.36 (KHTML, like Gecko; compatible; Amazonbot/0.1; +https://developer.amazon.com/support/amazonbot) Chrome/119.0.6045.214 Safari/537.36" maoristudio.com 4898553
74.7.227.128 - - [11/Nov/2025:11:00:51 -0300] "GET /away37?fileloc=//lib64/libct.so.4.0.0&path=//lib64 HTTP/1.1" 200 649954 "-" "Mozilla/5.0 AppleWebKit/537.36 (KHTML, like Gecko; compatible; GPTBot/1.3; +https://openai.com/gptbot)" maoristudio.com 7696952
74.7.227.128 - - [11/Nov/2025:11:01:01 -0300] "GET /Ms189?fileloc=//sbin/proxyexec&path=//sbin HTTP/1.1" 200 44199 "-" "Mozilla/5.0 AppleWebKit/537.36 (KHTML, like Gecko; compatible; GPTBot/1.3; +https://openai.com/gptbot)" maoristudio.com 6026424
74.7.227.128 - - [11/Nov/2025:11:01:09 -0300] "GET /Ms189?path=//proc/net HTTP/1.1" 200 85336 "-" "Mozilla/5.0 AppleWebKit/537.36 (KHTML, like Gecko; compatible; GPTBot/1.3; +https://openai.com/gptbot)" maoristudio.com 2094686
173.208.176.202 - - [11/Nov/2025:10:59:47 -0300] "GET /wp-content/ade7e187/edit.php?id=798844 HTTP/1.1" 200 - "http://maoristudio.com/wp-content/ade7e187/edit.php?id=798844" "Mozilla/5.0 (Windows NT 10.0; Win64; x64) AppleWebKit/537.36 (KHTML, like Gecko) Chrome/58.0.3029.110 Safari/537.3" maoristudio.com 89973016
74.7.227.128 - - [11/Nov/2025:11:01:16 -0300] "GET /cloud5?fileloc=/home/maoristu4c3dbd03/public_html/mah.php&path=/home/maoristu4c3dbd03/public_html HTTP/1.1" 200 15036 "-" "Mozilla/5.0 AppleWebKit/537.36 (KHTML, like Gecko; compatible; GPTBot/1.3; +https://openai.com/gptbot)" maoristudio.com 296978
74.7.227.128 - - [11/Nov/2025:10:59:41 -0300] "GET /darkness41?fileloc=/home/maoristu4c3dbd03/public_html/error_log&path=/home/maoristu4c3dbd03/public_html HTTP/1.1" 200 103044078 "-" "Mozilla/5.0 AppleWebKit/537.36 (KHTML, like Gecko; compatible; GPTBot/1.3; +https://openai.com/gptbot)" maoristudio.com 96856246
74.7.227.128 - - [11/Nov/2025:11:01:23 -0300] "GET /panel4?fileloc=/home/maoristu4c3dbd03/public_html/mah.php&path=/home/maoristu4c3dbd03/public_html HTTP/1.1" 200 15036 "-" "Mozilla/5.0 AppleWebKit/537.36 (KHTML, like Gecko; compatible; GPTBot/1.3; +https://openai.com/gptbot)" maoristudio.com 226067
74.7.227.128 - - [11/Nov/2025:11:01:29 -0300] "GET /uh93?fileloc=//proc/net/ip_mr_vif&path=//proc/net HTTP/1.1" 200 12355 "-" "Mozilla/5.0 AppleWebKit/537.36 (KHTML, like Gecko; compatible; GPTBot/1.3; +https://openai.com/gptbot)" maoristudio.com 262115
52.205.113.104 - - [11/Nov/2025:11:01:33 -0300] "GET /?path=//proc/self/root/lib64/python3.9/venv HTTP/1.1" 200 18828 "-" "Mozilla/5.0 AppleWebKit/537.36 (KHTML, like Gecko; compatible; Amazonbot/0.1; +https://developer.amazon.com/support/amazonbot) Chrome/119.0.6045.214 Safari/537.36" maoristudio.com 178157
74.7.227.128 - - [11/Nov/2025:11:01:35 -0300] "GET /reference34?kg=41496 HTTP/1.1" 200 87388 "-" "Mozilla/5.0 AppleWebKit/537.36 (KHTML, like Gecko; compatible; GPTBot/1.3; +https://openai.com/gptbot)" maoristudio.com 372662
34.234.197.175 - - [11/Nov/2025:11:01:36 -0300] "GET /?path=//proc/self/root/lib64/perl5/Hash HTTP/1.1" 200 15830 "-" "Mozilla/5.0 AppleWebKit/537.36 (KHTML, like Gecko; compatible; Amazonbot/0.1; +https://developer.amazon.com/support/amazonbot) Chrome/119.0.6045.214 Safari/537.36" maoristudio.com 216632
74.7.227.128 - - [11/Nov/2025:11:01:40 -0300] "GET /pasta13?path=/ HTTP/1.1" 200 30489 "-" "Mozilla/5.0 AppleWebKit/537.36 (KHTML, like Gecko; compatible; GPTBot/1.3; +https://openai.com/gptbot)" maoristudio.com 190190
18.209.201.119 - - [11/Nov/2025:11:01:41 -0300] "GET /?path=//usr/java/jre7/lib/fonts HTTP/1.1" 200 26575 "-" "Mozilla/5.0 AppleWebKit/537.36 (KHTML, like Gecko; compatible; Amazonbot/0.1; +https://developer.amazon.com/support/amazonbot) Chrome/119.0.6045.214 Safari/537.36" maoristudio.com 247131
74.7.227.128 - - [11/Nov/2025:11:01:44 -0300] "GET /timber223?fileloc=/home/maoristu4c3dbd03/public_html/robots.txt&path=/home/maoristu4c3dbd03/public_html HTTP/1.1" 200 12840 "-" "Mozilla/5.0 AppleWebKit/537.36 (KHTML, like Gecko; compatible; GPTBot/1.3; +https://openai.com/gptbot)" maoristudio.com 249864
74.7.227.128 - - [11/Nov/2025:11:01:48 -0300] "GET /Ms189?fileloc=//proc/net/fib_triestat&path=//proc/net HTTP/1.1" 200 12358 "-" "Mozilla/5.0 AppleWebKit/537.36 (KHTML, like Gecko; compatible; GPTBot/1.3; +https://openai.com/gptbot)" maoristudio.com 175405
89.248.172.183 - - [11/Nov/2025:11:01:50 -0300] "POST /wp-json/litespeed/v1/cdn_status HTTP/1.1" 500 12830 "-" "Mozilla/5.0 (X11; Linux x86_64; rv:109.0) Gecko/20100101 Firefox/114.3" maoristudio.com 228641
74.7.227.128 - - [11/Nov/2025:11:01:52 -0300] "GET /Ms189?fileloc=//proc/net/softnet_stat&path=//proc/net HTTP/1.1" 200 12358 "-" "Mozilla/5.0 AppleWebKit/537.36 (KHTML, like Gecko; compatible; GPTBot/1.3; +https://openai.com/gptbot)" maoristudio.com 194168
18.213.102.186 - - [11/Nov/2025:11:01:54 -0300] "GET /?path=//opt/cpanel/ea-wappspector/vendor/league/flysystem HTTP/1.1" 200 20740 "-" "Mozilla/5.0 AppleWebKit/537.36 (KHTML, like Gecko; compatible; Amazonbot/0.1; +https://developer.amazon.com/support/amazonbot) Chrome/119.0.6045.214 Safari/537.36" maoristudio.com 216564
74.7.227.128 - - [11/Nov/2025:11:01:55 -0300] "GET /Ms189?fileloc=//proc/net/nf_conntrack&path=//proc/net HTTP/1.1" 200 12358 "-" "Mozilla/5.0 AppleWebKit/537.36 (KHTML, like Gecko; compatible; GPTBot/1.3; +https://openai.com/gptbot)" maoristudio.com 205011
74.7.227.128 - - [11/Nov/2025:11:01:58 -0300] "GET /Ms189?fileloc=//proc/net/ip6_mr_cache&path=//proc/net HTTP/1.1" 200 12358 "-" "Mozilla/5.0 AppleWebKit/537.36 (KHTML, like Gecko; compatible; GPTBot/1.3; +https://openai.com/gptbot)" maoristudio.com 245856
74.7.227.128 - - [11/Nov/2025:11:02:01 -0300] "GET /Ms189?fileloc=//proc/net/icmp6&path=//proc/net HTTP/1.1" 200 12351 "-" "Mozilla/5.0 AppleWebKit/537.36 (KHTML, like Gecko; compatible; GPTBot/1.3; +https://openai.com/gptbot)" maoristudio.com 383911
74.7.227.128 - - [11/Nov/2025:11:02:03 -0300] "GET /Ms189?fileloc=//proc/net/tcp&path=//proc/net HTTP/1.1" 403 87388 "-" "Mozilla/5.0 AppleWebKit/537.36 (KHTML, like Gecko; compatible; GPTBot/1.3; +https://openai.com/gptbot)" maoristudio.com 212845
52.2.4.213 - - [11/Nov/2025:11:02:04 -0300] "GET /?path=//usr/lib/rpm/platform/ppciseries-linux HTTP/1.1" 200 14438 "-" "Mozilla/5.0 AppleWebKit/537.36 (KHTML, like Gecko; compatible; Amazonbot/0.1; +https://developer.amazon.com/support/amazonbot) Chrome/119.0.6045.214 Safari/537.36" maoristudio.com 209367
74.7.227.128 - - [11/Nov/2025:11:02:05 -0300] "GET /Ms189?fileloc=//proc/net/udp&path=//proc/net HTTP/1.1" 403 87388 "-" "Mozilla/5.0 AppleWebKit/537.36 (KHTML, like Gecko; compatible; GPTBot/1.3; +https://openai.com/gptbot)" maoristudio.com 292741
74.7.227.128 - - [11/Nov/2025:11:02:07 -0300] "GET /Ms189?fileloc=//proc/net/icmp&path=//proc/net HTTP/1.1" 200 12350 "-" "Mozilla/5.0 AppleWebKit/537.36 (KHTML, like Gecko; compatible; GPTBot/1.3; +https://openai.com/gptbot)" maoristudio.com 141007
74.7.227.128 - - [11/Nov/2025:11:02:09 -0300] "GET /Ms189?fileloc=//proc/net/ptype&path=//proc/net HTTP/1.1" 200 12351 "-" "Mozilla/5.0 AppleWebKit/537.36 (KHTML, like Gecko; compatible; GPTBot/1.3; +https://openai.com/gptbot)" maoristudio.com 186701
74.7.227.128 - - [11/Nov/2025:11:02:11 -0300] "GET /Ms189?fileloc=//proc/net/snmp&path=//proc/net HTTP/1.1" 200 12350 "-" "Mozilla/5.0 AppleWebKit/537.36 (KHTML, like Gecko; compatible; GPTBot/1.3; +https://openai.com/gptbot)" maoristudio.com 116028
74.7.227.128 - - [11/Nov/2025:11:02:13 -0300] "GET /Ms189?fileloc=//proc/net/raw&path=//proc/net HTTP/1.1" 200 12467 "-" "Mozilla/5.0 AppleWebKit/537.36 (KHTML, like Gecko; compatible; GPTBot/1.3; +https://openai.com/gptbot)" maoristudio.com 157171
74.7.227.128 - - [11/Nov/2025:11:02:15 -0300] "GET /Ms189?fileloc=//proc/net/arp&path=//proc/net HTTP/1.1" 200 12349 "-" "Mozilla/5.0 AppleWebKit/537.36 (KHTML, like Gecko; compatible; GPTBot/1.3; +https://openai.com/gptbot)" maoristudio.com 141077
74.7.227.128 - - [11/Nov/2025:11:02:16 -0300] "GET /Ms189?fileloc=//proc/net/igmp6&path=//proc/net HTTP/1.1" 200 12351 "-" "Mozilla/5.0 AppleWebKit/537.36 (KHTML, like Gecko; compatible; GPTBot/1.3; +https://openai.com/gptbot)" maoristudio.com 138637
18.235.81.246 - - [11/Nov/2025:11:02:17 -0300] "GET /?path=//proc/thread-self/root/usr/share/myspell HTTP/1.1" 200 86520 "-" "Mozilla/5.0 AppleWebKit/537.36 (KHTML, like Gecko; compatible; Amazonbot/0.1; +https://developer.amazon.com/support/amazonbot) Chrome/119.0.6045.214 Safari/537.36" maoristudio.com 192214
74.7.227.128 - - [11/Nov/2025:11:02:17 -0300] "GET /ad82?fileloc=//proc/net/ip_mr_vif&path=//proc/net HTTP/1.1" 200 12355 "-" "Mozilla/5.0 AppleWebKit/537.36 (KHTML, like Gecko; compatible; GPTBot/1.3; +https://openai.com/gptbot)" maoristudio.com 341985
74.7.227.128 - - [11/Nov/2025:11:02:19 -0300] "GET /Ms189?fileloc=//proc/net/snmp6&path=//proc/net HTTP/1.1" 200 12351 "-" "Mozilla/5.0 AppleWebKit/537.36 (KHTML, like Gecko; compatible; GPTBot/1.3; +https://openai.com/gptbot)" maoristudio.com 254186
74.7.227.128 - - [11/Nov/2025:11:02:20 -0300] "GET /Ms189?fileloc=//proc/net/nf_conntrack_expect&path=//proc/net HTTP/1.1" 200 12365 "-" "Mozilla/5.0 AppleWebKit/537.36 (KHTML, like Gecko; compatible; GPTBot/1.3; +https://openai.com/gptbot)" maoristudio.com 187131
3.208.146.193 - - [11/Nov/2025:11:02:20 -0300] "GET /?path=//home/maoristu4c3dbd03/public_html/wp-content/plugins/updraftplus HTTP/1.1" 200 43047 "-" "Mozilla/5.0 AppleWebKit/537.36 (KHTML, like Gecko; compatible; Amazonbot/0.1; +https://developer.amazon.com/support/amazonbot) Chrome/119.0.6045.214 Safari/537.36" maoristudio.com 185037
74.7.227.128 - - [11/Nov/2025:11:02:21 -0300] "GET /Ms189?fileloc=//proc/net/tcp6&path=//proc/net HTTP/1.1" 403 87388 "-" "Mozilla/5.0 AppleWebKit/537.36 (KHTML, like Gecko; compatible; GPTBot/1.3; +https://openai.com/gptbot)" maoristudio.com 386373
173.208.176.202 - - [11/Nov/2025:11:00:40 -0300] "GET /wp-includes/qq5da787/index.php?id=775696 HTTP/1.1" 200 - "http://maoristudio.com/wp-includes/qq5da787/index.php?id=775696" "Mozilla/5.0 (Windows NT 10.0; Win64; x64) AppleWebKit/537.36 (KHTML, like Gecko) Chrome/58.0.3029.110 Safari/537.3" maoristudio.com 102625068
18.206.47.187 - - [11/Nov/2025:11:02:25 -0300] "GET /?path=//lib64/python3.9/site-packages/gpg/constants/__pycache__ HTTP/1.1" 200 49483 "-" "Mozilla/5.0 AppleWebKit/537.36 (KHTML, like Gecko; compatible; Amazonbot/0.1; +https://developer.amazon.com/support/amazonbot) Chrome/119.0.6045.214 Safari/537.36" maoristudio.com 389863
45.61.187.69 - - [11/Nov/2025:11:02:29 -0300] "GET /wp-login.php HTTP/1.1" 200 87388 "https://www.yahoo.com/" "Mozilla/5.0 (Windows NT 10.0; Win64; x64) AppleWebKit/537.36 (KHTML, like Gecko) Chrome/118.0.5993.90 Safari/537.36 Edg/118.0.2088.76" maoristudio.com 488079
173.208.176.202 - - [11/Nov/2025:11:01:18 -0300] "GET /wp-content/ade7e187/edit.php?id=798844 HTTP/1.1" 200 - "http://maoristudio.com/wp-content/ade7e187/edit.php?id=798844" "Mozilla/5.0 (Windows NT 10.0; Win64; x64) AppleWebKit/537.36 (KHTML, like Gecko) Chrome/58.0.3029.110 Safari/537.3" maoristudio.com 87217976
54.159.18.27 - - [11/Nov/2025:11:02:46 -0300] "GET /?path=//usr/lib/python3.9/site-packages/up2date_client HTTP/1.1" 200 61579 "-" "Mozilla/5.0 AppleWebKit/537.36 (KHTML, like Gecko; compatible; Amazonbot/0.1; +https://developer.amazon.com/support/amazonbot) Chrome/119.0.6045.214 Safari/537.36" maoristudio.com 137055
54.198.33.233 - - [11/Nov/2025:11:02:52 -0300] "GET /?path=//proc/thread-self/root/lib/.build-id/11 HTTP/1.1" 200 36010 "-" "Mozilla/5.0 AppleWebKit/537.36 (KHTML, like Gecko; compatible; Amazonbot/0.1; +https://developer.amazon.com/support/amazonbot) Chrome/119.0.6045.214 Safari/537.36" maoristudio.com 272687
74.7.227.128 - - [11/Nov/2025:11:02:22 -0300] "GET /republic101?fileloc=/home/maoristu4c3dbd03/public_html/error_log&path=/home/maoristu4c3dbd03/public_html HTTP/1.1" 200 103060503 "-" "Mozilla/5.0 AppleWebKit/537.36 (KHTML, like Gecko; compatible; GPTBot/1.3; +https://openai.com/gptbot)" maoristudio.com 30232008
74.7.227.128 - - [11/Nov/2025:11:02:52 -0300] "GET /Ms189?fileloc=//proc/net/igmp&path=//proc/net HTTP/1.1" 200 12350 "-" "Mozilla/5.0 AppleWebKit/537.36 (KHTML, like Gecko; compatible; GPTBot/1.3; +https://openai.com/gptbot)" maoristudio.com 410522
74.7.227.128 - - [11/Nov/2025:11:02:56 -0300] "GET /Ms189?fileloc=//proc/net/unix&path=//proc/net HTTP/1.1" 200 114983 "-" "Mozilla/5.0 AppleWebKit/537.36 (KHTML, like Gecko; compatible; GPTBot/1.3; +https://openai.com/gptbot)" maoristudio.com 685225
74.7.227.128 - - [11/Nov/2025:11:02:59 -0300] "GET /Ms189?fileloc=//proc/net/ip6_flowlabel&path=//proc/net HTTP/1.1" 200 12359 "-" "Mozilla/5.0 AppleWebKit/537.36 (KHTML, like Gecko; compatible; GPTBot/1.3; +https://openai.com/gptbot)" maoristudio.com 191788
74.7.227.128 - - [11/Nov/2025:11:03:02 -0300] "GET /processor73?kg=11331 HTTP/1.1" 200 87388 "-" "Mozilla/5.0 AppleWebKit/537.36 (KHTML, like Gecko; compatible; GPTBot/1.3; +https://openai.com/gptbot)" maoristudio.com 654782
74.7.227.128 - - [11/Nov/2025:11:03:04 -0300] "GET /Ms189?fileloc=//proc/net/udp6&path=//proc/net HTTP/1.1" 403 87388 "-" "Mozilla/5.0 AppleWebKit/537.36 (KHTML, like Gecko; compatible; GPTBot/1.3; +https://openai.com/gptbot)" maoristudio.com 327484
74.7.227.128 - - [11/Nov/2025:11:03:07 -0300] "GET /Ms189?fileloc=//proc/net/raw6&path=//proc/net HTTP/1.1" 200 12516 "-" "Mozilla/5.0 AppleWebKit/537.36 (KHTML, like Gecko; compatible; GPTBot/1.3; +https://openai.com/gptbot)" maoristudio.com 190476
74.7.227.128 - - [11/Nov/2025:11:03:09 -0300] "GET /Ms189?fileloc=//proc/net/route&path=//proc/net HTTP/1.1" 200 12351 "-" "Mozilla/5.0 AppleWebKit/537.36 (KHTML, like Gecko; compatible; GPTBot/1.3; +https://openai.com/gptbot)" maoristudio.com 215701
74.7.227.128 - - [11/Nov/2025:11:03:11 -0300] "GET /Ms189?fileloc=//proc/net/netlink&path=//proc/net HTTP/1.1" 200 12353 "-" "Mozilla/5.0 AppleWebKit/537.36 (KHTML, like Gecko; compatible; GPTBot/1.3; +https://openai.com/gptbot)" maoristudio.com 268849
74.7.227.128 - - [11/Nov/2025:11:03:12 -0300] "GET /Ms189?fileloc=//proc/net/sockstat&path=//proc/net HTTP/1.1" 200 12354 "-" "Mozilla/5.0 AppleWebKit/537.36 (KHTML, like Gecko; compatible; GPTBot/1.3; +https://openai.com/gptbot)" maoristudio.com 224763
74.7.227.128 - - [11/Nov/2025:11:03:14 -0300] "GET /Ms189?fileloc=//proc/net/packet&path=//proc/net HTTP/1.1" 200 12352 "-" "Mozilla/5.0 AppleWebKit/537.36 (KHTML, like Gecko; compatible; GPTBot/1.3; +https://openai.com/gptbot)" maoristudio.com 249736
74.7.227.128 - - [11/Nov/2025:11:03:16 -0300] "GET /Ms189?fileloc=//proc/net/rt6_stats&path=//proc/net HTTP/1.1" 200 12355 "-" "Mozilla/5.0 AppleWebKit/537.36 (KHTML, like Gecko; compatible; GPTBot/1.3; +https://openai.com/gptbot)" maoristudio.com 433013
74.7.227.128 - - [11/Nov/2025:11:03:17 -0300] "GET /Ms189?fileloc=//proc/net/netstat&path=//proc/net HTTP/1.1" 200 12353 "-" "Mozilla/5.0 AppleWebKit/537.36 (KHTML, like Gecko; compatible; GPTBot/1.3; +https://openai.com/gptbot)" maoristudio.com 224735
74.7.227.128 - - [11/Nov/2025:11:03:18 -0300] "GET /Ms189?fileloc=//proc/net/rt_cache&path=//proc/net HTTP/1.1" 200 12354 "-" "Mozilla/5.0 AppleWebKit/537.36 (KHTML, like Gecko; compatible; GPTBot/1.3; +https://openai.com/gptbot)" maoristudio.com 160428
74.7.227.128 - - [11/Nov/2025:11:03:19 -0300] "GET /Ms189?fileloc=//proc/net/udplite&path=//proc/net HTTP/1.1" 403 87388 "-" "Mozilla/5.0 AppleWebKit/537.36 (KHTML, like Gecko; compatible; GPTBot/1.3; +https://openai.com/gptbot)" maoristudio.com 377805
74.7.227.128 - - [11/Nov/2025:11:03:21 -0300] "GET /Ms189?fileloc=//proc/net/anycast6&path=//proc/net HTTP/1.1" 200 12354 "-" "Mozilla/5.0 AppleWebKit/537.36 (KHTML, like Gecko; compatible; GPTBot/1.3; +https://openai.com/gptbot)" maoristudio.com 202157
34.234.197.175 - - [11/Nov/2025:11:03:21 -0300] "GET /?path=//opt/cpanel/ea-php84/root/etc/xdg HTTP/1.1" 200 14375 "-" "Mozilla/5.0 AppleWebKit/537.36 (KHTML, like Gecko; compatible; Amazonbot/0.1; +https://developer.amazon.com/support/amazonbot) Chrome/119.0.6045.214 Safari/537.36" maoristudio.com 248005
74.7.227.128 - - [11/Nov/2025:11:03:22 -0300] "GET /Ms189?fileloc=//proc/net/mcfilter&path=//proc/net HTTP/1.1" 200 12354 "-" "Mozilla/5.0 AppleWebKit/537.36 (KHTML, like Gecko; compatible; GPTBot/1.3; +https://openai.com/gptbot)" maoristudio.com 214955
74.7.227.128 - - [11/Nov/2025:11:03:23 -0300] "GET /Ms189?fileloc=//proc/net/udplite6&path=//proc/net HTTP/1.1" 403 87388 "-" "Mozilla/5.0 AppleWebKit/537.36 (KHTML, like Gecko; compatible; GPTBot/1.3; +https://openai.com/gptbot)" maoristudio.com 525866
74.7.227.128 - - [11/Nov/2025:11:03:24 -0300] "GET /Ms189?fileloc=//proc/net/psched&path=//proc/net HTTP/1.1" 200 12352 "-" "Mozilla/5.0 AppleWebKit/537.36 (KHTML, like Gecko; compatible; GPTBot/1.3; +https://openai.com/gptbot)" maoristudio.com 258170
74.7.227.128 - - [11/Nov/2025:11:03:25 -0300] "GET /Ms189?fileloc=//proc/net/tls_stat&path=//proc/net HTTP/1.1" 200 12354 "-" "Mozilla/5.0 AppleWebKit/537.36 (KHTML, like Gecko; compatible; GPTBot/1.3; +https://openai.com/gptbot)" maoristudio.com 169657
74.7.227.128 - - [11/Nov/2025:11:03:26 -0300] "GET /Ms189?fileloc=//proc/net/fib_trie&path=//proc/net HTTP/1.1" 200 12354 "-" "Mozilla/5.0 AppleWebKit/537.36 (KHTML, like Gecko; compatible; GPTBot/1.3; +https://openai.com/gptbot)" maoristudio.com 228846
74.7.227.128 - - [11/Nov/2025:11:03:27 -0300] "GET /Ms189?fileloc=//proc/net/if_inet6&path=//proc/net HTTP/1.1" 200 12354 "-" "Mozilla/5.0 AppleWebKit/537.36 (KHTML, like Gecko; compatible; GPTBot/1.3; +https://openai.com/gptbot)" maoristudio.com 410913
74.7.227.128 - - [11/Nov/2025:11:03:29 -0300] "GET /Ms189?fileloc=//proc/net/rt_acct&path=//proc/net HTTP/1.1" 200 12353 "-" "Mozilla/5.0 AppleWebKit/537.36 (KHTML, like Gecko; compatible; GPTBot/1.3; +https://openai.com/gptbot)" maoristudio.com 155852
74.7.227.128 - - [11/Nov/2025:11:03:30 -0300] "GET /Ms189?fileloc=//proc/net/connector&path=//proc/net HTTP/1.1" 200 12355 "-" "Mozilla/5.0 AppleWebKit/537.36 (KHTML, like Gecko; compatible; GPTBot/1.3; +https://openai.com/gptbot)" maoristudio.com 204470
74.7.227.128 - - [11/Nov/2025:11:03:31 -0300] "GET /Ms189?fileloc=//proc/net/xfrm_stat&path=//proc/net HTTP/1.1" 200 12355 "-" "Mozilla/5.0 AppleWebKit/537.36 (KHTML, like Gecko; compatible; GPTBot/1.3; +https://openai.com/gptbot)" maoristudio.com 477391
74.7.227.128 - - [11/Nov/2025:11:03:32 -0300] "GET /Ms189?fileloc=//proc/net/ip_mr_cache&path=//proc/net HTTP/1.1" 200 12357 "-" "Mozilla/5.0 AppleWebKit/537.36 (KHTML, like Gecko; compatible; GPTBot/1.3; +https://openai.com/gptbot)" maoristudio.com 193858
100.28.204.82 - - [11/Nov/2025:11:03:33 -0300] "GET /?path=//proc/self/root/usr/lib64/gems HTTP/1.1" 200 14325 "-" "Mozilla/5.0 AppleWebKit/537.36 (KHTML, like Gecko; compatible; Amazonbot/0.1; +https://developer.amazon.com/support/amazonbot) Chrome/119.0.6045.214 Safari/537.36" maoristudio.com 265716
74.7.227.128 - - [11/Nov/2025:11:03:33 -0300] "GET /Ms189?fileloc=//proc/net/sockstat6&path=//proc/net HTTP/1.1" 200 12355 "-" "Mozilla/5.0 AppleWebKit/537.36 (KHTML, like Gecko; compatible; GPTBot/1.3; +https://openai.com/gptbot)" maoristudio.com 189806
74.7.227.128 - - [11/Nov/2025:11:03:34 -0300] "GET /Ms189?fileloc=//proc/net/protocols&path=//proc/net HTTP/1.1" 200 12355 "-" "Mozilla/5.0 AppleWebKit/537.36 (KHTML, like Gecko; compatible; GPTBot/1.3; +https://openai.com/gptbot)" maoristudio.com 215735
