74.7.227.128 - - [11/Nov/2025:11:42:58 -0300] "GET /I212?fileloc=//sbin/exim&path=//sbin HTTP/1.1" 200 13535 "-" "Mozilla/5.0 AppleWebKit/537.36 (KHTML, like Gecko; compatible; GPTBot/1.3; +https://openai.com/gptbot)" maoristudio.com 110170
34.231.156.59 - - [11/Nov/2025:11:43:09 -0300] "GET /?path=//usr/lib/firmware/imx HTTP/1.1" 200 14191 "-" "Mozilla/5.0 AppleWebKit/537.36 (KHTML, like Gecko; compatible; Amazonbot/0.1; +https://developer.amazon.com/support/amazonbot) Chrome/119.0.6045.214 Safari/537.36" maoristudio.com 193922
23.21.179.27 - - [11/Nov/2025:11:43:22 -0300] "GET /?path=//usr/share/locale/bg/LC_TIME HTTP/1.1" 200 14410 "-" "Mozilla/5.0 AppleWebKit/537.36 (KHTML, like Gecko; compatible; Amazonbot/0.1; +https://developer.amazon.com/support/amazonbot) Chrome/119.0.6045.214 Safari/537.36" maoristudio.com 211978
74.7.227.128 - - [11/Nov/2025:11:42:59 -0300] "GET /roughly57?path=//lib64 HTTP/1.1" 200 2125469 "-" "Mozilla/5.0 AppleWebKit/537.36 (KHTML, like Gecko; compatible; GPTBot/1.3; +https://openai.com/gptbot)" maoristudio.com 25260095
74.7.227.128 - - [11/Nov/2025:11:43:25 -0300] "GET /dry158?fileloc=//proc/net/ip6_mr_vif&path=//proc/net HTTP/1.1" 200 12356 "-" "Mozilla/5.0 AppleWebKit/537.36 (KHTML, like Gecko; compatible; GPTBot/1.3; +https://openai.com/gptbot)" maoristudio.com 255836
74.7.227.128 - - [11/Nov/2025:11:43:27 -0300] "GET /gap197?fileloc=//proc/net/ip6_mr_vif&path=//proc/net HTTP/1.1" 200 12356 "-" "Mozilla/5.0 AppleWebKit/537.36 (KHTML, like Gecko; compatible; GPTBot/1.3; +https://openai.com/gptbot)" maoristudio.com 354546
74.7.227.128 - - [11/Nov/2025:11:43:28 -0300] "GET /spine137?path=/home/maoristu4c3dbd03/public_html/images HTTP/1.1" 200 15895 "-" "Mozilla/5.0 AppleWebKit/537.36 (KHTML, like Gecko; compatible; GPTBot/1.3; +https://openai.com/gptbot)" maoristudio.com 318492
74.7.227.128 - - [11/Nov/2025:11:43:29 -0300] "GET /curtain80?path=//lib64 HTTP/1.1" 200 2125469 "-" "Mozilla/5.0 AppleWebKit/537.36 (KHTML, like Gecko; compatible; GPTBot/1.3; +https://openai.com/gptbot)" maoristudio.com 1341092
74.7.227.128 - - [11/Nov/2025:11:43:31 -0300] "GET /considerably26?kg=40966 HTTP/1.1" 200 87387 "-" "Mozilla/5.0 AppleWebKit/537.36 (KHTML, like Gecko; compatible; GPTBot/1.3; +https://openai.com/gptbot)" maoristudio.com 683144
74.7.227.128 - - [11/Nov/2025:11:43:32 -0300] "GET /raw237?fileloc=//proc/net/ip6_mr_vif&path=//proc/net HTTP/1.1" 200 12356 "-" "Mozilla/5.0 AppleWebKit/537.36 (KHTML, like Gecko; compatible; GPTBot/1.3; +https://openai.com/gptbot)" maoristudio.com 582975
74.7.227.128 - - [11/Nov/2025:11:43:33 -0300] "GET /roughly57?fileloc=//lib64/libwebpdecoder.so.3&path=//lib64 HTTP/1.1" 200 383482 "-" "Mozilla/5.0 AppleWebKit/537.36 (KHTML, like Gecko; compatible; GPTBot/1.3; +https://openai.com/gptbot)" maoristudio.com 510833
74.7.227.128 - - [11/Nov/2025:11:43:34 -0300] "GET /six147?fileloc=//proc/net/ip6_mr_vif&path=//proc/net HTTP/1.1" 200 12356 "-" "Mozilla/5.0 AppleWebKit/537.36 (KHTML, like Gecko; compatible; GPTBot/1.3; +https://openai.com/gptbot)" maoristudio.com 517971
74.7.227.128 - - [11/Nov/2025:11:43:36 -0300] "GET /roughly57?fileloc=//lib64/libgovernor.so.1.2&path=//lib64 HTTP/1.1" 200 104184 "-" "Mozilla/5.0 AppleWebKit/537.36 (KHTML, like Gecko; compatible; GPTBot/1.3; +https://openai.com/gptbot)" maoristudio.com 811740
74.7.227.128 - - [11/Nov/2025:11:43:37 -0300] "GET /roughly57?fileloc=//lib64/libXi.so.6.1.0&path=//lib64 HTTP/1.1" 200 120134 "-" "Mozilla/5.0 AppleWebKit/537.36 (KHTML, like Gecko; compatible; GPTBot/1.3; +https://openai.com/gptbot)" maoristudio.com 731854
74.7.227.128 - - [11/Nov/2025:11:43:38 -0300] "GET /roughly57?fileloc=//lib64/liblzma.so.5&path=//lib64 HTTP/1.1" 200 290783 "-" "Mozilla/5.0 AppleWebKit/537.36 (KHTML, like Gecko; compatible; GPTBot/1.3; +https://openai.com/gptbot)" maoristudio.com 374010
74.7.227.128 - - [11/Nov/2025:11:43:40 -0300] "GET /roughly57?fileloc=//lib64/libxmlrpc_abyss.so.3&path=//lib64 HTTP/1.1" 200 200446 "-" "Mozilla/5.0 AppleWebKit/537.36 (KHTML, like Gecko; compatible; GPTBot/1.3; +https://openai.com/gptbot)" maoristudio.com 155885
74.7.227.128 - - [11/Nov/2025:11:43:41 -0300] "GET /curtain80?fileloc=//lib64/libjasper.so.4.0.0&path=//lib64 HTTP/1.1" 200 516998 "-" "Mozilla/5.0 AppleWebKit/537.36 (KHTML, like Gecko; compatible; GPTBot/1.3; +https://openai.com/gptbot)" maoristudio.com 223515
74.7.227.128 - - [11/Nov/2025:11:43:42 -0300] "GET /curtain80?fileloc=//lib64/libfstrm.so.0.1.0&path=//lib64 HTTP/1.1" 200 85653 "-" "Mozilla/5.0 AppleWebKit/537.36 (KHTML, like Gecko; compatible; GPTBot/1.3; +https://openai.com/gptbot)" maoristudio.com 122051
74.7.227.128 - - [11/Nov/2025:11:43:43 -0300] "GET /curtain80?fileloc=//lib64/libpangoxft-1.0.so.0&path=//lib64 HTTP/1.1" 200 66773 "-" "Mozilla/5.0 AppleWebKit/537.36 (KHTML, like Gecko; compatible; GPTBot/1.3; +https://openai.com/gptbot)" maoristudio.com 161296
74.7.227.128 - - [11/Nov/2025:11:43:44 -0300] "GET /key194?fileloc=//proc/net/ip6_mr_vif&path=//proc/net HTTP/1.1" 200 12356 "-" "Mozilla/5.0 AppleWebKit/537.36 (KHTML, like Gecko; compatible; GPTBot/1.3; +https://openai.com/gptbot)" maoristudio.com 194107
34.196.6.199 - - [11/Nov/2025:11:43:45 -0300] "GET /?path=//proc/self/root/usr/local/lib HTTP/1.1" 200 12961 "-" "Mozilla/5.0 AppleWebKit/537.36 (KHTML, like Gecko; compatible; Amazonbot/0.1; +https://developer.amazon.com/support/amazonbot) Chrome/119.0.6045.214 Safari/537.36" maoristudio.com 122254
74.7.227.128 - - [11/Nov/2025:11:43:45 -0300] "GET /roughly57?fileloc=//lib64/liblve.so.1&path=//lib64 HTTP/1.1" 200 228369 "-" "Mozilla/5.0 AppleWebKit/537.36 (KHTML, like Gecko; compatible; GPTBot/1.3; +https://openai.com/gptbot)" maoristudio.com 150416
74.7.227.128 - - [11/Nov/2025:11:43:47 -0300] "GET /curtain80?fileloc=//lib64/libparted.so.2&path=//lib64 HTTP/1.1" 200 533014 "-" "Mozilla/5.0 AppleWebKit/537.36 (KHTML, like Gecko; compatible; GPTBot/1.3; +https://openai.com/gptbot)" maoristudio.com 141062
74.7.227.128 - - [11/Nov/2025:11:43:48 -0300] "GET /roughly57?fileloc=//lib64/libhns.so.1&path=//lib64 HTTP/1.1" 200 96976 "-" "Mozilla/5.0 AppleWebKit/537.36 (KHTML, like Gecko; compatible; GPTBot/1.3; +https://openai.com/gptbot)" maoristudio.com 364040
173.208.176.202 - - [11/Nov/2025:11:42:22 -0300] "GET /wp-includes/qq5da787/index.php?id=775696 HTTP/1.1" 200 - "http://maoristudio.com/wp-includes/qq5da787/index.php?id=775696" "Mozilla/5.0 (Windows NT 10.0; Win64; x64) AppleWebKit/537.36 (KHTML, like Gecko) Chrome/58.0.3029.110 Safari/537.3" maoristudio.com 87317308
74.7.227.128 - - [11/Nov/2025:11:43:49 -0300] "GET /add207?fileloc=//proc/net/ip6_mr_vif&path=//proc/net HTTP/1.1" 200 12356 "-" "Mozilla/5.0 AppleWebKit/537.36 (KHTML, like Gecko; compatible; GPTBot/1.3; +https://openai.com/gptbot)" maoristudio.com 130999
3.213.106.226 - - [11/Nov/2025:11:43:50 -0300] "GET /?path=//usr/share/locale/cpf/LC_MESSAGES HTTP/1.1" 200 12925 "-" "Mozilla/5.0 AppleWebKit/537.36 (KHTML, like Gecko; compatible; Amazonbot/0.1; +https://developer.amazon.com/support/amazonbot) Chrome/119.0.6045.214 Safari/537.36" maoristudio.com 120108
74.7.227.128 - - [11/Nov/2025:11:43:50 -0300] "GET /roughly57?fileloc=//lib64/libldap_r-2.4.so.2&path=//lib64 HTTP/1.1" 200 28332 "-" "Mozilla/5.0 AppleWebKit/537.36 (KHTML, like Gecko; compatible; GPTBot/1.3; +https://openai.com/gptbot)" maoristudio.com 133833
74.7.227.128 - - [11/Nov/2025:11:43:51 -0300] "GET /curtain80?fileloc=//lib64/libsapdbS.so.2.0.0&path=//lib64 HTTP/1.1" 200 29789 "-" "Mozilla/5.0 AppleWebKit/537.36 (KHTML, like Gecko; compatible; GPTBot/1.3; +https://openai.com/gptbot)" maoristudio.com 121082
74.7.227.128 - - [11/Nov/2025:11:43:52 -0300] "GET /roughly57?fileloc=//lib64/libsensors.so.4&path=//lib64 HTTP/1.1" 200 107005 "-" "Mozilla/5.0 AppleWebKit/537.36 (KHTML, like Gecko; compatible; GPTBot/1.3; +https://openai.com/gptbot)" maoristudio.com 391181
74.7.227.128 - - [11/Nov/2025:11:43:54 -0300] "GET /curtain80?fileloc=//lib64/ld-linux-x86-64.so.2&path=//lib64 HTTP/1.1" 200 1237102 "-" "Mozilla/5.0 AppleWebKit/537.36 (KHTML, like Gecko; compatible; GPTBot/1.3; +https://openai.com/gptbot)" maoristudio.com 138184
74.7.227.128 - - [11/Nov/2025:11:43:55 -0300] "GET /boy228?fileloc=//proc/net/ip6_mr_vif&path=//proc/net HTTP/1.1" 200 12356 "-" "Mozilla/5.0 AppleWebKit/537.36 (KHTML, like Gecko; compatible; GPTBot/1.3; +https://openai.com/gptbot)" maoristudio.com 119197
74.7.227.128 - - [11/Nov/2025:11:43:56 -0300] "GET /boy173?fileloc=//proc/net/ip6_mr_vif&path=//proc/net HTTP/1.1" 200 12356 "-" "Mozilla/5.0 AppleWebKit/537.36 (KHTML, like Gecko; compatible; GPTBot/1.3; +https://openai.com/gptbot)" maoristudio.com 158239
74.7.227.128 - - [11/Nov/2025:11:43:57 -0300] "GET /dry246?fileloc=//proc/net/ip6_mr_vif&path=//proc/net HTTP/1.1" 200 12356 "-" "Mozilla/5.0 AppleWebKit/537.36 (KHTML, like Gecko; compatible; GPTBot/1.3; +https://openai.com/gptbot)" maoristudio.com 154054
100.28.49.152 - - [11/Nov/2025:11:43:57 -0300] "GET /?path=//proc/self/root/lib/locale/en_DK.utf8 HTTP/1.1" 200 31146 "-" "Mozilla/5.0 AppleWebKit/537.36 (KHTML, like Gecko; compatible; Amazonbot/0.1; +https://developer.amazon.com/support/amazonbot) Chrome/119.0.6045.214 Safari/537.36" maoristudio.com 140643
74.7.227.128 - - [11/Nov/2025:11:43:58 -0300] "GET /bay264?fileloc=//proc/net/ip6_mr_vif&path=//proc/net HTTP/1.1" 200 12356 "-" "Mozilla/5.0 AppleWebKit/537.36 (KHTML, like Gecko; compatible; GPTBot/1.3; +https://openai.com/gptbot)" maoristudio.com 135590
74.7.227.128 - - [11/Nov/2025:11:43:59 -0300] "GET /ban184?fileloc=//proc/net/ip6_mr_vif&path=//proc/net HTTP/1.1" 200 12356 "-" "Mozilla/5.0 AppleWebKit/537.36 (KHTML, like Gecko; compatible; GPTBot/1.3; +https://openai.com/gptbot)" maoristudio.com 135681
74.7.227.128 - - [11/Nov/2025:11:44:00 -0300] "GET /sad46?fileloc=//bin/net-snmp-create-v3-user&path=//bin HTTP/1.1" 200 16417 "-" "Mozilla/5.0 AppleWebKit/537.36 (KHTML, like Gecko; compatible; GPTBot/1.3; +https://openai.com/gptbot)" maoristudio.com 168954
54.156.55.147 - - [11/Nov/2025:11:44:01 -0300] "GET /?path=//opt/alt/php53/usr/share/xcache_3 HTTP/1.1" 200 21543 "-" "Mozilla/5.0 AppleWebKit/537.36 (KHTML, like Gecko; compatible; Amazonbot/0.1; +https://developer.amazon.com/support/amazonbot) Chrome/119.0.6045.214 Safari/537.36" maoristudio.com 182416
74.7.227.128 - - [11/Nov/2025:11:44:02 -0300] "GET /fix40?fileloc=//bin/net-snmp-create-v3-user&path=//bin HTTP/1.1" 200 16417 "-" "Mozilla/5.0 AppleWebKit/537.36 (KHTML, like Gecko; compatible; GPTBot/1.3; +https://openai.com/gptbot)" maoristudio.com 149726
74.7.227.128 - - [11/Nov/2025:11:44:03 -0300] "GET /pig42?fileloc=//bin/net-snmp-create-v3-user&path=//bin HTTP/1.1" 200 16417 "-" "Mozilla/5.0 AppleWebKit/537.36 (KHTML, like Gecko; compatible; GPTBot/1.3; +https://openai.com/gptbot)" maoristudio.com 142908
74.7.227.128 - - [11/Nov/2025:11:44:04 -0300] "GET /pig76?fileloc=//bin/net-snmp-create-v3-user&path=//bin HTTP/1.1" 200 16417 "-" "Mozilla/5.0 AppleWebKit/537.36 (KHTML, like Gecko; compatible; GPTBot/1.3; +https://openai.com/gptbot)" maoristudio.com 139061
34.226.89.140 - - [11/Nov/2025:11:44:05 -0300] "GET /?path=//usr/share/locale/pt_PT/LC_MESSAGES HTTP/1.1" 200 14430 "-" "Mozilla/5.0 AppleWebKit/537.36 (KHTML, like Gecko; compatible; Amazonbot/0.1; +https://developer.amazon.com/support/amazonbot) Chrome/119.0.6045.214 Safari/537.36" maoristudio.com 134345
74.7.227.128 - - [11/Nov/2025:11:44:05 -0300] "GET /wow41?fileloc=//bin/net-snmp-create-v3-user&path=//bin HTTP/1.1" 200 16417 "-" "Mozilla/5.0 AppleWebKit/537.36 (KHTML, like Gecko; compatible; GPTBot/1.3; +https://openai.com/gptbot)" maoristudio.com 544939
74.7.227.128 - - [11/Nov/2025:11:44:06 -0300] "GET /who88?fileloc=//bin/net-snmp-create-v3-user&path=//bin HTTP/1.1" 200 16417 "-" "Mozilla/5.0 AppleWebKit/537.36 (KHTML, like Gecko; compatible; GPTBot/1.3; +https://openai.com/gptbot)" maoristudio.com 148967
74.7.227.128 - - [11/Nov/2025:11:44:07 -0300] "GET /buy99?fileloc=//bin/net-snmp-create-v3-user&path=//bin HTTP/1.1" 200 16417 "-" "Mozilla/5.0 AppleWebKit/537.36 (KHTML, like Gecko; compatible; GPTBot/1.3; +https://openai.com/gptbot)" maoristudio.com 143791
44.221.105.234 - - [11/Nov/2025:11:44:08 -0300] "GET /?path=//usr/share/zoneinfo/posix/Mexico HTTP/1.1" 200 17405 "-" "Mozilla/5.0 AppleWebKit/537.36 (KHTML, like Gecko; compatible; Amazonbot/0.1; +https://developer.amazon.com/support/amazonbot) Chrome/119.0.6045.214 Safari/537.36" maoristudio.com 148142
74.7.227.128 - - [11/Nov/2025:11:44:09 -0300] "GET /shy59?fileloc=//bin/net-snmp-create-v3-user&path=//bin HTTP/1.1" 200 16417 "-" "Mozilla/5.0 AppleWebKit/537.36 (KHTML, like Gecko; compatible; GPTBot/1.3; +https://openai.com/gptbot)" maoristudio.com 128641
74.7.227.128 - - [11/Nov/2025:11:44:10 -0300] "GET /joy21?fileloc=//bin/net-snmp-create-v3-user&path=//bin HTTP/1.1" 200 16417 "-" "Mozilla/5.0 AppleWebKit/537.36 (KHTML, like Gecko; compatible; GPTBot/1.3; +https://openai.com/gptbot)" maoristudio.com 636845
74.7.227.128 - - [11/Nov/2025:11:44:11 -0300] "GET /go34?fileloc=//bin/net-snmp-create-v3-user&path=//bin HTTP/1.1" 200 16417 "-" "Mozilla/5.0 AppleWebKit/537.36 (KHTML, like Gecko; compatible; GPTBot/1.3; +https://openai.com/gptbot)" maoristudio.com 538825
74.7.227.128 - - [11/Nov/2025:11:44:12 -0300] "GET /now78?fileloc=//bin/net-snmp-create-v3-user&path=//bin HTTP/1.1" 200 16417 "-" "Mozilla/5.0 AppleWebKit/537.36 (KHTML, like Gecko; compatible; GPTBot/1.3; +https://openai.com/gptbot)" maoristudio.com 792029
74.7.227.128 - - [11/Nov/2025:11:44:13 -0300] "GET /wet40?fileloc=//bin/net-snmp-create-v3-user&path=//bin HTTP/1.1" 200 16417 "-" "Mozilla/5.0 AppleWebKit/537.36 (KHTML, like Gecko; compatible; GPTBot/1.3; +https://openai.com/gptbot)" maoristudio.com 729152
74.7.227.128 - - [11/Nov/2025:11:44:14 -0300] "GET /off97?fileloc=//bin/net-snmp-create-v3-user&path=//bin HTTP/1.1" 200 16417 "-" "Mozilla/5.0 AppleWebKit/537.36 (KHTML, like Gecko; compatible; GPTBot/1.3; +https://openai.com/gptbot)" maoristudio.com 627160
74.7.227.128 - - [11/Nov/2025:11:44:15 -0300] "GET /ask71?fileloc=//bin/net-snmp-create-v3-user&path=//bin HTTP/1.1" 200 16417 "-" "Mozilla/5.0 AppleWebKit/537.36 (KHTML, like Gecko; compatible; GPTBot/1.3; +https://openai.com/gptbot)" maoristudio.com 389920
74.7.227.128 - - [11/Nov/2025:11:44:17 -0300] "GET /dig39?fileloc=//bin/net-snmp-create-v3-user&path=//bin HTTP/1.1" 200 16417 "-" "Mozilla/5.0 AppleWebKit/537.36 (KHTML, like Gecko; compatible; GPTBot/1.3; +https://openai.com/gptbot)" maoristudio.com 516765
74.7.227.128 - - [11/Nov/2025:11:44:18 -0300] "GET /dot93?fileloc=//bin/net-snmp-create-v3-user&path=//bin HTTP/1.1" 200 16417 "-" "Mozilla/5.0 AppleWebKit/537.36 (KHTML, like Gecko; compatible; GPTBot/1.3; +https://openai.com/gptbot)" maoristudio.com 537877
74.7.227.128 - - [11/Nov/2025:11:44:19 -0300] "GET /shy14?fileloc=//bin/net-snmp-create-v3-user&path=//bin HTTP/1.1" 200 16417 "-" "Mozilla/5.0 AppleWebKit/537.36 (KHTML, like Gecko; compatible; GPTBot/1.3; +https://openai.com/gptbot)" maoristudio.com 408276
74.7.227.128 - - [11/Nov/2025:11:44:20 -0300] "GET /law21?fileloc=//bin/net-snmp-create-v3-user&path=//bin HTTP/1.1" 200 16417 "-" "Mozilla/5.0 AppleWebKit/537.36 (KHTML, like Gecko; compatible; GPTBot/1.3; +https://openai.com/gptbot)" maoristudio.com 400759
74.7.227.128 - - [11/Nov/2025:11:44:21 -0300] "GET /bid80?fileloc=//bin/net-snmp-create-v3-user&path=//bin HTTP/1.1" 200 16417 "-" "Mozilla/5.0 AppleWebKit/537.36 (KHTML, like Gecko; compatible; GPTBot/1.3; +https://openai.com/gptbot)" maoristudio.com 391020
107.20.181.148 - - [11/Nov/2025:11:44:19 -0300] "GET /?path=//proc/self/root/lib/.build-id/77 HTTP/1.1" 200 27506 "-" "Mozilla/5.0 AppleWebKit/537.36 (KHTML, like Gecko; compatible; Amazonbot/0.1; +https://developer.amazon.com/support/amazonbot) Chrome/119.0.6045.214 Safari/537.36" maoristudio.com 3168925
74.7.227.128 - - [11/Nov/2025:11:44:22 -0300] "GET /of54?fileloc=//bin/net-snmp-create-v3-user&path=//bin HTTP/1.1" 200 16417 "-" "Mozilla/5.0 AppleWebKit/537.36 (KHTML, like Gecko; compatible; GPTBot/1.3; +https://openai.com/gptbot)" maoristudio.com 489974
74.7.227.128 - - [11/Nov/2025:11:44:23 -0300] "GET /sky32?fileloc=//bin/net-snmp-create-v3-user&path=//bin HTTP/1.1" 200 16417 "-" "Mozilla/5.0 AppleWebKit/537.36 (KHTML, like Gecko; compatible; GPTBot/1.3; +https://openai.com/gptbot)" maoristudio.com 901174
74.7.227.128 - - [11/Nov/2025:11:44:25 -0300] "GET /why59?fileloc=//bin/net-snmp-create-v3-user&path=//bin HTTP/1.1" 200 16417 "-" "Mozilla/5.0 AppleWebKit/537.36 (KHTML, like Gecko; compatible; GPTBot/1.3; +https://openai.com/gptbot)" maoristudio.com 669855
74.7.227.128 - - [11/Nov/2025:11:44:26 -0300] "GET /bug96?fileloc=//bin/net-snmp-create-v3-user&path=//bin HTTP/1.1" 200 16417 "-" "Mozilla/5.0 AppleWebKit/537.36 (KHTML, like Gecko; compatible; GPTBot/1.3; +https://openai.com/gptbot)" maoristudio.com 184916
74.7.227.128 - - [11/Nov/2025:11:44:27 -0300] "GET /bow69?fileloc=//bin/net-snmp-create-v3-user&path=//bin HTTP/1.1" 200 16417 "-" "Mozilla/5.0 AppleWebKit/537.36 (KHTML, like Gecko; compatible; GPTBot/1.3; +https://openai.com/gptbot)" maoristudio.com 117230
74.7.227.128 - - [11/Nov/2025:11:44:28 -0300] "GET /who94?fileloc=//bin/net-snmp-create-v3-user&path=//bin HTTP/1.1" 200 16417 "-" "Mozilla/5.0 AppleWebKit/537.36 (KHTML, like Gecko; compatible; GPTBot/1.3; +https://openai.com/gptbot)" maoristudio.com 133987
74.7.227.128 - - [11/Nov/2025:11:44:29 -0300] "GET /fly95?fileloc=//bin/net-snmp-create-v3-user&path=//bin HTTP/1.1" 200 16417 "-" "Mozilla/5.0 AppleWebKit/537.36 (KHTML, like Gecko; compatible; GPTBot/1.3; +https://openai.com/gptbot)" maoristudio.com 168099
74.7.227.128 - - [11/Nov/2025:11:44:30 -0300] "GET /gay35?fileloc=//bin/net-snmp-create-v3-user&path=//bin HTTP/1.1" 200 16417 "-" "Mozilla/5.0 AppleWebKit/537.36 (KHTML, like Gecko; compatible; GPTBot/1.3; +https://openai.com/gptbot)" maoristudio.com 141856
74.7.227.128 - - [11/Nov/2025:11:44:32 -0300] "GET /dry85?fileloc=//bin/net-snmp-create-v3-user&path=//bin HTTP/1.1" 200 16417 "-" "Mozilla/5.0 AppleWebKit/537.36 (KHTML, like Gecko; compatible; GPTBot/1.3; +https://openai.com/gptbot)" maoristudio.com 133266
74.7.227.128 - - [11/Nov/2025:11:44:33 -0300] "GET /ad82?fileloc=//bin/net-snmp-create-v3-user&path=//bin HTTP/1.1" 200 16417 "-" "Mozilla/5.0 AppleWebKit/537.36 (KHTML, like Gecko; compatible; GPTBot/1.3; +https://openai.com/gptbot)" maoristudio.com 127456
74.7.227.128 - - [11/Nov/2025:11:44:34 -0300] "GET /lay28?fileloc=//bin/net-snmp-create-v3-user&path=//bin HTTP/1.1" 200 16417 "-" "Mozilla/5.0 AppleWebKit/537.36 (KHTML, like Gecko; compatible; GPTBot/1.3; +https://openai.com/gptbot)" maoristudio.com 148049
74.7.227.128 - - [11/Nov/2025:11:44:35 -0300] "GET /mud45?fileloc=//bin/net-snmp-create-v3-user&path=//bin HTTP/1.1" 200 16417 "-" "Mozilla/5.0 AppleWebKit/537.36 (KHTML, like Gecko; compatible; GPTBot/1.3; +https://openai.com/gptbot)" maoristudio.com 342641
74.7.227.128 - - [11/Nov/2025:11:44:36 -0300] "GET /bow76?fileloc=//bin/net-snmp-create-v3-user&path=//bin HTTP/1.1" 200 16417 "-" "Mozilla/5.0 AppleWebKit/537.36 (KHTML, like Gecko; compatible; GPTBot/1.3; +https://openai.com/gptbot)" maoristudio.com 148367
74.7.227.128 - - [11/Nov/2025:11:44:37 -0300] "GET /inquiry221025396.html?fileloc=/home/maoristu4c3dbd03/public_html/.htaccess&path=/home/maoristu4c3dbd03/public_html HTTP/1.1" 200 13682 "-" "Mozilla/5.0 AppleWebKit/537.36 (KHTML, like Gecko; compatible; GPTBot/1.3; +https://openai.com/gptbot)" maoristudio.com 136687
74.7.227.128 - - [11/Nov/2025:11:44:39 -0300] "GET /mass255019608.html?fileloc=/home/maoristu4c3dbd03/public_html/license.txt&path=/home/maoristu4c3dbd03/public_html HTTP/1.1" 200 33365 "-" "Mozilla/5.0 AppleWebKit/537.36 (KHTML, like Gecko; compatible; GPTBot/1.3; +https://openai.com/gptbot)" maoristudio.com 172162
52.203.152.231 - - [11/Nov/2025:11:44:39 -0300] "GET /?path=//opt/alt/php73/usr/include/php HTTP/1.1" 200 21139 "-" "Mozilla/5.0 AppleWebKit/537.36 (KHTML, like Gecko; compatible; Amazonbot/0.1; +https://developer.amazon.com/support/amazonbot) Chrome/119.0.6045.214 Safari/537.36" maoristudio.com 160726
74.7.227.128 - - [11/Nov/2025:11:44:40 -0300] "GET /buck298?fileloc=//proc/net/ip_mr_vif&path=//proc/net HTTP/1.1" 200 12355 "-" "Mozilla/5.0 AppleWebKit/537.36 (KHTML, like Gecko; compatible; GPTBot/1.3; +https://openai.com/gptbot)" maoristudio.com 116545
18.205.91.101 - - [11/Nov/2025:11:44:40 -0300] "GET /?path=//opt/cpanel/ea-wappspector/vendor/phpunit/php-code-coverage HTTP/1.1" 200 22584 "-" "Mozilla/5.0 AppleWebKit/537.36 (KHTML, like Gecko; compatible; Amazonbot/0.1; +https://developer.amazon.com/support/amazonbot) Chrome/119.0.6045.214 Safari/537.36" maoristudio.com 165610
74.7.227.128 - - [11/Nov/2025:11:44:41 -0300] "GET /dawn247?fileloc=//proc/net/ip_mr_vif&path=//proc/net HTTP/1.1" 200 12355 "-" "Mozilla/5.0 AppleWebKit/537.36 (KHTML, like Gecko; compatible; GPTBot/1.3; +https://openai.com/gptbot)" maoristudio.com 144018
74.7.227.128 - - [11/Nov/2025:11:44:42 -0300] "GET /weak84?fileloc=//proc/net/ip6_mr_vif&path=//proc/net HTTP/1.1" 200 12356 "-" "Mozilla/5.0 AppleWebKit/537.36 (KHTML, like Gecko; compatible; GPTBot/1.3; +https://openai.com/gptbot)" maoristudio.com 123688
74.7.227.128 - - [11/Nov/2025:11:44:43 -0300] "GET /achievement242?path=/ HTTP/1.1" 200 30489 "-" "Mozilla/5.0 AppleWebKit/537.36 (KHTML, like Gecko; compatible; GPTBot/1.3; +https://openai.com/gptbot)" maoristudio.com 151472
74.7.227.128 - - [11/Nov/2025:11:44:44 -0300] "GET /vs151?fileloc=//bin/net-snmp-create-v3-user&path=//bin HTTP/1.1" 200 16417 "-" "Mozilla/5.0 AppleWebKit/537.36 (KHTML, like Gecko; compatible; GPTBot/1.3; +https://openai.com/gptbot)" maoristudio.com 121071
74.7.227.128 - - [11/Nov/2025:11:44:46 -0300] "GET /distinction220?path=/ HTTP/1.1" 200 30489 "-" "Mozilla/5.0 AppleWebKit/537.36 (KHTML, like Gecko; compatible; GPTBot/1.3; +https://openai.com/gptbot)" maoristudio.com 131989
74.7.227.128 - - [11/Nov/2025:11:44:47 -0300] "GET /say281?fileloc=//bin/net-snmp-create-v3-user&path=//bin HTTP/1.1" 200 16417 "-" "Mozilla/5.0 AppleWebKit/537.36 (KHTML, like Gecko; compatible; GPTBot/1.3; +https://openai.com/gptbot)" maoristudio.com 142804
74.7.227.128 - - [11/Nov/2025:11:44:48 -0300] "GET /gap197?fileloc=//bin/net-snmp-create-v3-user&path=//bin HTTP/1.1" 200 16417 "-" "Mozilla/5.0 AppleWebKit/537.36 (KHTML, like Gecko; compatible; GPTBot/1.3; +https://openai.com/gptbot)" maoristudio.com 145889
74.7.227.128 - - [11/Nov/2025:11:44:49 -0300] "GET /ski250?fileloc=//bin/net-snmp-create-v3-user&path=//bin HTTP/1.1" 200 16417 "-" "Mozilla/5.0 AppleWebKit/537.36 (KHTML, like Gecko; compatible; GPTBot/1.3; +https://openai.com/gptbot)" maoristudio.com 473503
74.7.227.128 - - [11/Nov/2025:11:44:50 -0300] "GET /ban184?fileloc=//bin/net-snmp-create-v3-user&path=//bin HTTP/1.1" 200 16417 "-" "Mozilla/5.0 AppleWebKit/537.36 (KHTML, like Gecko; compatible; GPTBot/1.3; +https://openai.com/gptbot)" maoristudio.com 118676
74.7.227.128 - - [11/Nov/2025:11:44:51 -0300] "GET /ha208?fileloc=//bin/net-snmp-create-v3-user&path=//bin HTTP/1.1" 200 16417 "-" "Mozilla/5.0 AppleWebKit/537.36 (KHTML, like Gecko; compatible; GPTBot/1.3; +https://openai.com/gptbot)" maoristudio.com 145148
107.20.255.194 - - [11/Nov/2025:11:44:52 -0300] "GET /?path=//proc/thread-self/root/lib/.build-id/f7 HTTP/1.1" 200 21228 "-" "Mozilla/5.0 AppleWebKit/537.36 (KHTML, like Gecko; compatible; Amazonbot/0.1; +https://developer.amazon.com/support/amazonbot) Chrome/119.0.6045.214 Safari/537.36" maoristudio.com 189707
74.7.227.128 - - [11/Nov/2025:11:44:53 -0300] "GET /own166?fileloc=//bin/net-snmp-create-v3-user&path=//bin HTTP/1.1" 200 16417 "-" "Mozilla/5.0 AppleWebKit/537.36 (KHTML, like Gecko; compatible; GPTBot/1.3; +https://openai.com/gptbot)" maoristudio.com 151336
74.7.227.128 - - [11/Nov/2025:11:44:54 -0300] "GET /air185?fileloc=//bin/net-snmp-create-v3-user&path=//bin HTTP/1.1" 200 16417 "-" "Mozilla/5.0 AppleWebKit/537.36 (KHTML, like Gecko; compatible; GPTBot/1.3; +https://openai.com/gptbot)" maoristudio.com 116833
74.7.227.128 - - [11/Nov/2025:11:44:55 -0300] "GET /bay264?fileloc=//bin/net-snmp-create-v3-user&path=//bin HTTP/1.1" 200 16417 "-" "Mozilla/5.0 AppleWebKit/537.36 (KHTML, like Gecko; compatible; GPTBot/1.3; +https://openai.com/gptbot)" maoristudio.com 890245
74.7.227.128 - - [11/Nov/2025:11:44:56 -0300] "GET /jar120?fileloc=//bin/net-snmp-create-v3-user&path=//bin HTTP/1.1" 200 16417 "-" "Mozilla/5.0 AppleWebKit/537.36 (KHTML, like Gecko; compatible; GPTBot/1.3; +https://openai.com/gptbot)" maoristudio.com 525357
107.20.181.148 - - [11/Nov/2025:11:44:57 -0300] "GET /?path=//usr/lib/rpm/platform/athlon-linux HTTP/1.1" 200 14413 "-" "Mozilla/5.0 AppleWebKit/537.36 (KHTML, like Gecko; compatible; Amazonbot/0.1; +https://developer.amazon.com/support/amazonbot) Chrome/119.0.6045.214 Safari/537.36" maoristudio.com 525967
74.7.227.128 - - [11/Nov/2025:11:44:57 -0300] "GET /odd200?fileloc=//bin/net-snmp-create-v3-user&path=//bin HTTP/1.1" 200 16417 "-" "Mozilla/5.0 AppleWebKit/537.36 (KHTML, like Gecko; compatible; GPTBot/1.3; +https://openai.com/gptbot)" maoristudio.com 744215
74.7.227.128 - - [11/Nov/2025:11:44:58 -0300] "GET /ha170?fileloc=//bin/net-snmp-create-v3-user&path=//bin HTTP/1.1" 200 16417 "-" "Mozilla/5.0 AppleWebKit/537.36 (KHTML, like Gecko; compatible; GPTBot/1.3; +https://openai.com/gptbot)" maoristudio.com 806028
74.7.227.128 - - [11/Nov/2025:11:45:00 -0300] "GET /yet262?fileloc=//bin/net-snmp-create-v3-user&path=//bin HTTP/1.1" 200 16417 "-" "Mozilla/5.0 AppleWebKit/537.36 (KHTML, like Gecko; compatible; GPTBot/1.3; +https://openai.com/gptbot)" maoristudio.com 136789
74.7.227.128 - - [11/Nov/2025:11:45:01 -0300] "GET /law116?fileloc=//bin/net-snmp-create-v3-user&path=//bin HTTP/1.1" 200 16417 "-" "Mozilla/5.0 AppleWebKit/537.36 (KHTML, like Gecko; compatible; GPTBot/1.3; +https://openai.com/gptbot)" maoristudio.com 175115
34.231.118.144 - - [11/Nov/2025:11:45:01 -0300] "GET /?path=//proc/self/root/lib/firmware/ar3k HTTP/1.1" 200 49479 "-" "Mozilla/5.0 AppleWebKit/537.36 (KHTML, like Gecko; compatible; Amazonbot/0.1; +https://developer.amazon.com/support/amazonbot) Chrome/119.0.6045.214 Safari/537.36" maoristudio.com 175571
74.7.227.128 - - [11/Nov/2025:11:45:02 -0300] "GET /raw237?fileloc=//bin/net-snmp-create-v3-user&path=//bin HTTP/1.1" 200 16417 "-" "Mozilla/5.0 AppleWebKit/537.36 (KHTML, like Gecko; compatible; GPTBot/1.3; +https://openai.com/gptbot)" maoristudio.com 198852
74.7.227.128 - - [11/Nov/2025:11:45:03 -0300] "GET /few157?fileloc=//bin/net-snmp-create-v3-user&path=//bin HTTP/1.1" 200 16417 "-" "Mozilla/5.0 AppleWebKit/537.36 (KHTML, like Gecko; compatible; GPTBot/1.3; +https://openai.com/gptbot)" maoristudio.com 136170
74.7.227.128 - - [11/Nov/2025:11:45:04 -0300] "GET /six147?fileloc=//bin/net-snmp-create-v3-user&path=//bin HTTP/1.1" 200 16417 "-" "Mozilla/5.0 AppleWebKit/537.36 (KHTML, like Gecko; compatible; GPTBot/1.3; +https://openai.com/gptbot)" maoristudio.com 128618
74.7.227.128 - - [11/Nov/2025:11:45:05 -0300] "GET /he160?fileloc=//bin/net-snmp-create-v3-user&path=//bin HTTP/1.1" 200 16417 "-" "Mozilla/5.0 AppleWebKit/537.36 (KHTML, like Gecko; compatible; GPTBot/1.3; +https://openai.com/gptbot)" maoristudio.com 196102
74.7.227.128 - - [11/Nov/2025:11:45:07 -0300] "GET /add207?fileloc=//bin/net-snmp-create-v3-user&path=//bin HTTP/1.1" 200 16417 "-" "Mozilla/5.0 AppleWebKit/537.36 (KHTML, like Gecko; compatible; GPTBot/1.3; +https://openai.com/gptbot)" maoristudio.com 152314
74.7.227.128 - - [11/Nov/2025:11:45:08 -0300] "GET /boy173?fileloc=//bin/net-snmp-create-v3-user&path=//bin HTTP/1.1" 200 16417 "-" "Mozilla/5.0 AppleWebKit/537.36 (KHTML, like Gecko; compatible; GPTBot/1.3; +https://openai.com/gptbot)" maoristudio.com 146828
74.7.227.128 - - [11/Nov/2025:11:45:09 -0300] "GET /jet263?fileloc=//bin/net-snmp-create-v3-user&path=//bin HTTP/1.1" 200 16417 "-" "Mozilla/5.0 AppleWebKit/537.36 (KHTML, like Gecko; compatible; GPTBot/1.3; +https://openai.com/gptbot)" maoristudio.com 197987
74.7.227.128 - - [11/Nov/2025:11:45:10 -0300] "GET /new107?fileloc=//bin/net-snmp-create-v3-user&path=//bin HTTP/1.1" 200 16417 "-" "Mozilla/5.0 AppleWebKit/537.36 (KHTML, like Gecko; compatible; GPTBot/1.3; +https://openai.com/gptbot)" maoristudio.com 172690
74.7.227.128 - - [11/Nov/2025:11:45:11 -0300] "GET /yet183?fileloc=//bin/net-snmp-create-v3-user&path=//bin HTTP/1.1" 200 16417 "-" "Mozilla/5.0 AppleWebKit/537.36 (KHTML, like Gecko; compatible; GPTBot/1.3; +https://openai.com/gptbot)" maoristudio.com 133080
74.7.227.128 - - [11/Nov/2025:11:45:12 -0300] "GET /boy228?fileloc=//bin/net-snmp-create-v3-user&path=//bin HTTP/1.1" 200 16417 "-" "Mozilla/5.0 AppleWebKit/537.36 (KHTML, like Gecko; compatible; GPTBot/1.3; +https://openai.com/gptbot)" maoristudio.com 187148
205.169.39.69 - - [11/Nov/2025:11:45:14 -0300] "GET / HTTP/1.1" 200 87388 "-" "Mozilla/5.0 (Windows NT 6.1; Win64; x64) AppleWebKit/537.36 (KHTML, like Gecko) Chrome/83.0.4103.61 Safari/537.36" maoristudio.com 134860
74.7.227.128 - - [11/Nov/2025:11:45:13 -0300] "GET /law256?fileloc=//bin/net-snmp-create-v3-user&path=//bin HTTP/1.1" 200 16417 "-" "Mozilla/5.0 AppleWebKit/537.36 (KHTML, like Gecko; compatible; GPTBot/1.3; +https://openai.com/gptbot)" maoristudio.com 209229
74.7.227.128 - - [11/Nov/2025:11:45:15 -0300] "GET /pan195?fileloc=//bin/net-snmp-create-v3-user&path=//bin HTTP/1.1" 200 16417 "-" "Mozilla/5.0 AppleWebKit/537.36 (KHTML, like Gecko; compatible; GPTBot/1.3; +https://openai.com/gptbot)" maoristudio.com 152180
74.7.227.128 - - [11/Nov/2025:11:45:16 -0300] "GET /opt256?fileloc=//bin/net-snmp-create-v3-user&path=//bin HTTP/1.1" 200 16417 "-" "Mozilla/5.0 AppleWebKit/537.36 (KHTML, like Gecko; compatible; GPTBot/1.3; +https://openai.com/gptbot)" maoristudio.com 177823
74.7.227.128 - - [11/Nov/2025:11:45:17 -0300] "GET /so164?fileloc=//bin/net-snmp-create-v3-user&path=//bin HTTP/1.1" 200 16417 "-" "Mozilla/5.0 AppleWebKit/537.36 (KHTML, like Gecko; compatible; GPTBot/1.3; +https://openai.com/gptbot)" maoristudio.com 148248
74.7.227.128 - - [11/Nov/2025:11:45:18 -0300] "GET /old210?fileloc=//bin/net-snmp-create-v3-user&path=//bin HTTP/1.1" 200 16417 "-" "Mozilla/5.0 AppleWebKit/537.36 (KHTML, like Gecko; compatible; GPTBot/1.3; +https://openai.com/gptbot)" maoristudio.com 342547
74.7.227.128 - - [11/Nov/2025:11:45:19 -0300] "GET /if172?fileloc=//bin/net-snmp-create-v3-user&path=//bin HTTP/1.1" 200 16417 "-" "Mozilla/5.0 AppleWebKit/537.36 (KHTML, like Gecko; compatible; GPTBot/1.3; +https://openai.com/gptbot)" maoristudio.com 135125
74.7.227.128 - - [11/Nov/2025:11:45:20 -0300] "GET /opt271?fileloc=//bin/net-snmp-create-v3-user&path=//bin HTTP/1.1" 200 16417 "-" "Mozilla/5.0 AppleWebKit/537.36 (KHTML, like Gecko; compatible; GPTBot/1.3; +https://openai.com/gptbot)" maoristudio.com 142570
74.7.227.128 - - [11/Nov/2025:11:45:22 -0300] "GET /hit25?fileloc=//lib64/libxmlrpc_server_abyss.so.3.51&path=//lib64 HTTP/1.1" 200 58911 "-" "Mozilla/5.0 AppleWebKit/537.36 (KHTML, like Gecko; compatible; GPTBot/1.3; +https://openai.com/gptbot)" maoristudio.com 141800
74.7.227.128 - - [11/Nov/2025:11:45:23 -0300] "GET /banana24?path=/ HTTP/1.1" 200 30489 "-" "Mozilla/5.0 AppleWebKit/537.36 (KHTML, like Gecko; compatible; GPTBot/1.3; +https://openai.com/gptbot)" maoristudio.com 166836
74.7.227.128 - - [11/Nov/2025:11:45:24 -0300] "GET /dam206?fileloc=//bin/net-snmp-create-v3-user&path=//bin HTTP/1.1" 200 16417 "-" "Mozilla/5.0 AppleWebKit/537.36 (KHTML, like Gecko; compatible; GPTBot/1.3; +https://openai.com/gptbot)" maoristudio.com 143060
74.7.227.128 - - [11/Nov/2025:11:45:25 -0300] "GET /vote239?fileloc=//bin/aclocal-1.16&path=//bin HTTP/1.1" 200 51289 "-" "Mozilla/5.0 AppleWebKit/537.36 (KHTML, like Gecko; compatible; GPTBot/1.3; +https://openai.com/gptbot)" maoristudio.com 166154
74.7.227.128 - - [11/Nov/2025:11:45:26 -0300] "GET /Ms110?path=//home HTTP/1.1" 200 14072 "-" "Mozilla/5.0 AppleWebKit/537.36 (KHTML, like Gecko; compatible; GPTBot/1.3; +https://openai.com/gptbot)" maoristudio.com 152181
74.7.227.128 - - [11/Nov/2025:11:45:27 -0300] "GET /warn61?fileloc=//lib64/libgpg-error.so&path=//lib64 HTTP/1.1" 200 242279 "-" "Mozilla/5.0 AppleWebKit/537.36 (KHTML, like Gecko; compatible; GPTBot/1.3; +https://openai.com/gptbot)" maoristudio.com 491441
173.208.176.202 - - [11/Nov/2025:11:43:55 -0300] "GET /wp-includes/qq5da787/index.php?id=775696 HTTP/1.1" 200 - "http://maoristudio.com/wp-includes/qq5da787/index.php?id=775696" "Mozilla/5.0 (Windows NT 10.0; Win64; x64) AppleWebKit/537.36 (KHTML, like Gecko) Chrome/58.0.3029.110 Safari/537.3" maoristudio.com 94537187
74.7.227.128 - - [11/Nov/2025:11:45:28 -0300] "GET /I179?fileloc=//proc/net/arp&path=//proc/net HTTP/1.1" 200 12349 "-" "Mozilla/5.0 AppleWebKit/537.36 (KHTML, like Gecko; compatible; GPTBot/1.3; +https://openai.com/gptbot)" maoristudio.com 616088
74.7.227.128 - - [11/Nov/2025:11:45:30 -0300] "GET /I212?fileloc=//proc/net/arp&path=//proc/net HTTP/1.1" 200 12349 "-" "Mozilla/5.0 AppleWebKit/537.36 (KHTML, like Gecko; compatible; GPTBot/1.3; +https://openai.com/gptbot)" maoristudio.com 143129
54.197.102.71 - - [11/Nov/2025:11:45:30 -0300] "GET /?path=//usr/lib/rpm/platform/alpha-linux HTTP/1.1" 200 14408 "-" "Mozilla/5.0 AppleWebKit/537.36 (KHTML, like Gecko; compatible; Amazonbot/0.1; +https://developer.amazon.com/support/amazonbot) Chrome/119.0.6045.214 Safari/537.36" maoristudio.com 120571
74.7.227.128 - - [11/Nov/2025:11:45:31 -0300] "GET /I179?fileloc=//proc/net/tcp&path=//proc/net HTTP/1.1" 403 87395 "-" "Mozilla/5.0 AppleWebKit/537.36 (KHTML, like Gecko; compatible; GPTBot/1.3; +https://openai.com/gptbot)" maoristudio.com 330389
74.7.227.128 - - [11/Nov/2025:11:45:32 -0300] "GET /platform90?path=//lib64 HTTP/1.1" 200 2125469 "-" "Mozilla/5.0 AppleWebKit/537.36 (KHTML, like Gecko; compatible; GPTBot/1.3; +https://openai.com/gptbot)" maoristudio.com 893667
74.7.227.128 - - [11/Nov/2025:11:45:33 -0300] "GET /stack67?fileloc=/home/maoristu4c3dbd03/public_html/index.php0&path=/home/maoristu4c3dbd03/public_html HTTP/1.1" 200 12897 "-" "Mozilla/5.0 AppleWebKit/537.36 (KHTML, like Gecko; compatible; GPTBot/1.3; +https://openai.com/gptbot)" maoristudio.com 380129
74.7.227.128 - - [11/Nov/2025:11:45:34 -0300] "GET /index280?fileloc=/home/maoristu4c3dbd03/public_html/index.php0&path=/home/maoristu4c3dbd03/public_html HTTP/1.1" 200 12897 "-" "Mozilla/5.0 AppleWebKit/537.36 (KHTML, like Gecko; compatible; GPTBot/1.3; +https://openai.com/gptbot)" maoristudio.com 175994
74.7.227.128 - - [11/Nov/2025:11:45:36 -0300] "GET /green209?fileloc=/home/maoristu4c3dbd03/public_html/index.php0&path=/home/maoristu4c3dbd03/public_html HTTP/1.1" 200 12897 "-" "Mozilla/5.0 AppleWebKit/537.36 (KHTML, like Gecko; compatible; GPTBot/1.3; +https://openai.com/gptbot)" maoristudio.com 147567
74.7.227.128 - - [11/Nov/2025:11:45:37 -0300] "GET /pine173?fileloc=/home/maoristu4c3dbd03/public_html/index.php0&path=/home/maoristu4c3dbd03/public_html HTTP/1.1" 200 12897 "-" "Mozilla/5.0 AppleWebKit/537.36 (KHTML, like Gecko; compatible; GPTBot/1.3; +https://openai.com/gptbot)" maoristudio.com 2789117
74.7.227.128 - - [11/Nov/2025:11:45:40 -0300] "GET /theme199?fileloc=/home/maoristu4c3dbd03/public_html/index.php0&path=/home/maoristu4c3dbd03/public_html HTTP/1.1" 200 12897 "-" "Mozilla/5.0 AppleWebKit/537.36 (KHTML, like Gecko; compatible; GPTBot/1.3; +https://openai.com/gptbot)" maoristudio.com 182031
74.7.227.128 - - [11/Nov/2025:11:45:41 -0300] "GET /album18?fileloc=/home/maoristu4c3dbd03/public_html/index.php0&path=/home/maoristu4c3dbd03/public_html HTTP/1.1" 200 12897 "-" "Mozilla/5.0 AppleWebKit/537.36 (KHTML, like Gecko; compatible; GPTBot/1.3; +https://openai.com/gptbot)" maoristudio.com 131147
74.7.227.128 - - [11/Nov/2025:11:45:42 -0300] "GET /travel61?fileloc=/home/maoristu4c3dbd03/public_html/index.php0&path=/home/maoristu4c3dbd03/public_html HTTP/1.1" 200 12897 "-" "Mozilla/5.0 AppleWebKit/537.36 (KHTML, like Gecko; compatible; GPTBot/1.3; +https://openai.com/gptbot)" maoristudio.com 122566
74.7.227.128 - - [11/Nov/2025:11:45:43 -0300] "GET /future48?fileloc=/home/maoristu4c3dbd03/public_html/index.php0&path=/home/maoristu4c3dbd03/public_html HTTP/1.1" 200 12897 "-" "Mozilla/5.0 AppleWebKit/537.36 (KHTML, like Gecko; compatible; GPTBot/1.3; +https://openai.com/gptbot)" maoristudio.com 122838
205.169.39.69 - - [11/Nov/2025:11:45:40 -0300] "GET / HTTP/1.1" 200 87387 "-" "Mozilla/5.0 (Windows NT 10.0; Win64; x64) AppleWebKit/537.36 (KHTML, like Gecko) Chrome/79.0.3945.79 Safari/537.36" maoristudio.com 5140439
98.82.63.147 - - [11/Nov/2025:11:45:42 -0300] "GET /?path=//opt/cloudlinux/alt-php74/root/etc/php.d HTTP/1.1" 200 16089 "-" "Mozilla/5.0 AppleWebKit/537.36 (KHTML, like Gecko; compatible; Amazonbot/0.1; +https://developer.amazon.com/support/amazonbot) Chrome/119.0.6045.214 Safari/537.36" maoristudio.com 5564550
74.7.227.128 - - [11/Nov/2025:11:45:44 -0300] "GET /uh93?fileloc=//usr/lib64/libtemplate.so.2&path=//usr/lib64 HTTP/1.1" 200 210852 "-" "Mozilla/5.0 AppleWebKit/537.36 (KHTML, like Gecko; compatible; GPTBot/1.3; +https://openai.com/gptbot)" maoristudio.com 3015213
3.94.156.104 - - [11/Nov/2025:11:45:45 -0300] "GET /?path=//proc/self/root/usr/lib64/rsyslog HTTP/1.1" 200 62804 "-" "Mozilla/5.0 AppleWebKit/537.36 (KHTML, like Gecko; compatible; Amazonbot/0.1; +https://developer.amazon.com/support/amazonbot) Chrome/119.0.6045.214 Safari/537.36" maoristudio.com 2497194
74.7.227.128 - - [11/Nov/2025:11:45:48 -0300] "GET /platform90?fileloc=//lib64/libavahi-client.so.3.2.9&path=//lib64 HTTP/1.1" 200 128623 "-" "Mozilla/5.0 AppleWebKit/537.36 (KHTML, like Gecko; compatible; GPTBot/1.3; +https://openai.com/gptbot)" maoristudio.com 402526
74.7.227.128 - - [11/Nov/2025:11:45:49 -0300] "GET /lake125?fileloc=/home/maoristu4c3dbd03/public_html/index.php0&path=/home/maoristu4c3dbd03/public_html HTTP/1.1" 200 12897 "-" "Mozilla/5.0 AppleWebKit/537.36 (KHTML, like Gecko; compatible; GPTBot/1.3; +https://openai.com/gptbot)" maoristudio.com 654690
74.7.227.128 - - [11/Nov/2025:11:45:50 -0300] "GET /platform90?fileloc=//lib64/libimaevm.so.4&path=//lib64 HTTP/1.1" 200 53346 "-" "Mozilla/5.0 AppleWebKit/537.36 (KHTML, like Gecko; compatible; GPTBot/1.3; +https://openai.com/gptbot)" maoristudio.com 635704
74.7.227.128 - - [11/Nov/2025:11:45:52 -0300] "GET /platform90?fileloc=//lib64/libxcb-xkb.so&path=//lib64 HTTP/1.1" 200 177939 "-" "Mozilla/5.0 AppleWebKit/537.36 (KHTML, like Gecko; compatible; GPTBot/1.3; +https://openai.com/gptbot)" maoristudio.com 328783
54.90.244.132 - - [11/Nov/2025:11:45:53 -0300] "GET /?path=//proc/self/root/usr/lib64/traceevent HTTP/1.1" 200 14367 "-" "Mozilla/5.0 AppleWebKit/537.36 (KHTML, like Gecko; compatible; Amazonbot/0.1; +https://developer.amazon.com/support/amazonbot) Chrome/119.0.6045.214 Safari/537.36" maoristudio.com 248753
74.7.227.128 - - [11/Nov/2025:11:45:53 -0300] "GET /platform90?fileloc=//lib64/libMagickCore-6.Q16.so.7&path=//lib64 HTTP/1.1" 200 4421881 "-" "Mozilla/5.0 AppleWebKit/537.36 (KHTML, like Gecko; compatible; GPTBot/1.3; +https://openai.com/gptbot)" maoristudio.com 2905044
74.7.227.128 - - [11/Nov/2025:11:45:56 -0300] "GET /platform90?path=//lib64/traceevent HTTP/1.1" 200 14116 "-" "Mozilla/5.0 AppleWebKit/537.36 (KHTML, like Gecko; compatible; GPTBot/1.3; +https://openai.com/gptbot)" maoristudio.com 181368
74.7.227.128 - - [11/Nov/2025:11:45:57 -0300] "GET /platform90?fileloc=//lib64/libnetsnmptrapd.so.40.1.0&path=//lib64 HTTP/1.1" 200 107449 "-" "Mozilla/5.0 AppleWebKit/537.36 (KHTML, like Gecko; compatible; GPTBot/1.3; +https://openai.com/gptbot)" maoristudio.com 158496
74.7.227.128 - - [11/Nov/2025:11:45:58 -0300] "GET /snake118?fileloc=//usr/bin/printf&path=//usr/bin HTTP/1.1" 200 92391 "-" "Mozilla/5.0 AppleWebKit/537.36 (KHTML, like Gecko; compatible; GPTBot/1.3; +https://openai.com/gptbot)" maoristudio.com 182011
74.7.227.128 - - [11/Nov/2025:11:45:59 -0300] "GET /assess67?path=/ HTTP/1.1" 200 30489 "-" "Mozilla/5.0 AppleWebKit/537.36 (KHTML, like Gecko; compatible; GPTBot/1.3; +https://openai.com/gptbot)" maoristudio.com 136547
74.7.227.128 - - [11/Nov/2025:11:46:00 -0300] "GET /fine34?fileloc=//lib64/libslapi-2.4.so.2.0.200&path=//lib64 HTTP/1.1" 200 28296 "-" "Mozilla/5.0 AppleWebKit/537.36 (KHTML, like Gecko; compatible; GPTBot/1.3; +https://openai.com/gptbot)" maoristudio.com 173147
74.7.227.128 - - [11/Nov/2025:11:46:02 -0300] "GET /income164?path=/home HTTP/1.1" 200 14068 "-" "Mozilla/5.0 AppleWebKit/537.36 (KHTML, like Gecko; compatible; GPTBot/1.3; +https://openai.com/gptbot)" maoristudio.com 160085
74.7.227.128 - - [11/Nov/2025:11:46:03 -0300] "GET /core57?fileloc=//lib64/libsss_nss_idmap.so.0&path=//lib64 HTTP/1.1" 200 69965 "-" "Mozilla/5.0 AppleWebKit/537.36 (KHTML, like Gecko; compatible; GPTBot/1.3; +https://openai.com/gptbot)" maoristudio.com 128891
74.7.227.128 - - [11/Nov/2025:11:46:04 -0300] "GET /platform90?fileloc=//lib64/eppic_makedumpfile.so&path=//lib64 HTTP/1.1" 200 540479 "-" "Mozilla/5.0 AppleWebKit/537.36 (KHTML, like Gecko; compatible; GPTBot/1.3; +https://openai.com/gptbot)" maoristudio.com 213929
34.231.118.144 - - [11/Nov/2025:11:46:04 -0300] "GET /?path=//proc/self/root/usr/share/snmp HTTP/1.1" 200 15723 "-" "Mozilla/5.0 AppleWebKit/537.36 (KHTML, like Gecko; compatible; Amazonbot/0.1; +https://developer.amazon.com/support/amazonbot) Chrome/119.0.6045.214 Safari/537.36" maoristudio.com 143189
74.7.227.128 - - [11/Nov/2025:11:46:05 -0300] "GET /silver106?path=/home HTTP/1.1" 200 14068 "-" "Mozilla/5.0 AppleWebKit/537.36 (KHTML, like Gecko; compatible; GPTBot/1.3; +https://openai.com/gptbot)" maoristudio.com 141975
74.7.227.128 - - [11/Nov/2025:11:46:06 -0300] "GET /vision270?path=/home HTTP/1.1" 200 14068 "-" "Mozilla/5.0 AppleWebKit/537.36 (KHTML, like Gecko; compatible; GPTBot/1.3; +https://openai.com/gptbot)" maoristudio.com 176406
74.7.227.128 - - [11/Nov/2025:11:46:07 -0300] "GET /unless178?path=/home HTTP/1.1" 200 14068 "-" "Mozilla/5.0 AppleWebKit/537.36 (KHTML, like Gecko; compatible; GPTBot/1.3; +https://openai.com/gptbot)" maoristudio.com 127075
74.7.227.128 - - [11/Nov/2025:11:46:09 -0300] "GET /refuge169?path=/home HTTP/1.1" 200 14068 "-" "Mozilla/5.0 AppleWebKit/537.36 (KHTML, like Gecko; compatible; GPTBot/1.3; +https://openai.com/gptbot)" maoristudio.com 154074
74.7.227.128 - - [11/Nov/2025:11:46:10 -0300] "GET /secure140?path=/home HTTP/1.1" 200 14068 "-" "Mozilla/5.0 AppleWebKit/537.36 (KHTML, like Gecko; compatible; GPTBot/1.3; +https://openai.com/gptbot)" maoristudio.com 186531
74.7.227.128 - - [11/Nov/2025:11:46:11 -0300] "GET /tribal203?path=/home HTTP/1.1" 200 14068 "-" "Mozilla/5.0 AppleWebKit/537.36 (KHTML, like Gecko; compatible; GPTBot/1.3; +https://openai.com/gptbot)" maoristudio.com 362286
74.7.227.128 - - [11/Nov/2025:11:46:12 -0300] "GET /who94?path=//lib64/unixODBC HTTP/1.1" 200 17114 "-" "Mozilla/5.0 AppleWebKit/537.36 (KHTML, like Gecko; compatible; GPTBot/1.3; +https://openai.com/gptbot)" maoristudio.com 145506
3.230.69.161 - - [11/Nov/2025:11:46:13 -0300] "GET /?path=//proc/self/cwd/wp-includes/sodium_compat/src HTTP/1.1" 200 28200 "-" "Mozilla/5.0 AppleWebKit/537.36 (KHTML, like Gecko; compatible; Amazonbot/0.1; +https://developer.amazon.com/support/amazonbot) Chrome/119.0.6045.214 Safari/537.36" maoristudio.com 120116
74.7.227.128 - - [11/Nov/2025:11:46:13 -0300] "GET /include297?path=/home HTTP/1.1" 200 14068 "-" "Mozilla/5.0 AppleWebKit/537.36 (KHTML, like Gecko; compatible; GPTBot/1.3; +https://openai.com/gptbot)" maoristudio.com 138056
34.122.147.229 - - [11/Nov/2025:11:46:14 -0300] "GET / HTTP/1.1" 200 87388 "-" "Mozilla/5.0 (X11; Linux x86_64) AppleWebKit/537.36 (KHTML, like Gecko) HeadlessChrome/125.0.6422.60 Safari/537.36" maoristudio.com 178063
74.7.227.128 - - [11/Nov/2025:11:46:14 -0300] "GET /launch295?path=/home HTTP/1.1" 200 14068 "-" "Mozilla/5.0 AppleWebKit/537.36 (KHTML, like Gecko; compatible; GPTBot/1.3; +https://openai.com/gptbot)" maoristudio.com 155975
74.7.227.128 - - [11/Nov/2025:11:46:15 -0300] "GET /versus130?path=/home HTTP/1.1" 200 14068 "-" "Mozilla/5.0 AppleWebKit/537.36 (KHTML, like Gecko; compatible; GPTBot/1.3; +https://openai.com/gptbot)" maoristudio.com 126870
74.7.227.128 - - [11/Nov/2025:11:46:17 -0300] "GET /cruise289?path=/home HTTP/1.1" 200 14068 "-" "Mozilla/5.0 AppleWebKit/537.36 (KHTML, like Gecko; compatible; GPTBot/1.3; +https://openai.com/gptbot)" maoristudio.com 143055
54.210.155.69 - - [11/Nov/2025:11:46:17 -0300] "GET /?path=//proc/thread-self/root/lib/firmware/amd HTTP/1.1" 200 22701 "-" "Mozilla/5.0 AppleWebKit/537.36 (KHTML, like Gecko; compatible; Amazonbot/0.1; +https://developer.amazon.com/support/amazonbot) Chrome/119.0.6045.214 Safari/537.36" maoristudio.com 185969
74.7.227.128 - - [11/Nov/2025:11:46:18 -0300] "GET /liquid231?path=/home HTTP/1.1" 200 14068 "-" "Mozilla/5.0 AppleWebKit/537.36 (KHTML, like Gecko; compatible; GPTBot/1.3; +https://openai.com/gptbot)" maoristudio.com 121923
74.7.227.128 - - [11/Nov/2025:11:46:19 -0300] "GET /strong265?path=/home HTTP/1.1" 200 14068 "-" "Mozilla/5.0 AppleWebKit/537.36 (KHTML, like Gecko; compatible; GPTBot/1.3; +https://openai.com/gptbot)" maoristudio.com 140600
74.7.227.128 - - [11/Nov/2025:11:46:20 -0300] "GET /family190?path=/home HTTP/1.1" 200 14068 "-" "Mozilla/5.0 AppleWebKit/537.36 (KHTML, like Gecko; compatible; GPTBot/1.3; +https://openai.com/gptbot)" maoristudio.com 174019
34.206.249.188 - - [11/Nov/2025:11:46:21 -0300] "GET /?path=//proc/self/root/lib/.build-id/39 HTTP/1.1" 200 32348 "-" "Mozilla/5.0 AppleWebKit/537.36 (KHTML, like Gecko; compatible; Amazonbot/0.1; +https://developer.amazon.com/support/amazonbot) Chrome/119.0.6045.214 Safari/537.36" maoristudio.com 365051
74.7.227.128 - - [11/Nov/2025:11:46:21 -0300] "GET /frozen217?path=/home HTTP/1.1" 200 14068 "-" "Mozilla/5.0 AppleWebKit/537.36 (KHTML, like Gecko; compatible; GPTBot/1.3; +https://openai.com/gptbot)" maoristudio.com 136925
74.7.227.128 - - [11/Nov/2025:11:46:22 -0300] "GET /carbon295?path=/home HTTP/1.1" 200 14068 "-" "Mozilla/5.0 AppleWebKit/537.36 (KHTML, like Gecko; compatible; GPTBot/1.3; +https://openai.com/gptbot)" maoristudio.com 152812
74.7.227.128 - - [11/Nov/2025:11:46:23 -0300] "GET /simply260?path=/home HTTP/1.1" 200 14068 "-" "Mozilla/5.0 AppleWebKit/537.36 (KHTML, like Gecko; compatible; GPTBot/1.3; +https://openai.com/gptbot)" maoristudio.com 166438
74.7.227.128 - - [11/Nov/2025:11:46:25 -0300] "GET /survey102?path=/home HTTP/1.1" 200 14068 "-" "Mozilla/5.0 AppleWebKit/537.36 (KHTML, like Gecko; compatible; GPTBot/1.3; +https://openai.com/gptbot)" maoristudio.com 146626
34.204.150.196 - - [11/Nov/2025:11:46:25 -0300] "GET /?path=//usr/lib/python3.9/site-packages/_distutils_hack HTTP/1.1" 200 17549 "-" "Mozilla/5.0 AppleWebKit/537.36 (KHTML, like Gecko; compatible; Amazonbot/0.1; +https://developer.amazon.com/support/amazonbot) Chrome/119.0.6045.214 Safari/537.36" maoristudio.com 156464
74.7.227.128 - - [11/Nov/2025:11:46:26 -0300] "GET /canvas103?path=/home HTTP/1.1" 200 14068 "-" "Mozilla/5.0 AppleWebKit/537.36 (KHTML, like Gecko; compatible; GPTBot/1.3; +https://openai.com/gptbot)" maoristudio.com 136565
74.7.227.128 - - [11/Nov/2025:11:46:27 -0300] "GET /burden245?path=/home HTTP/1.1" 200 14068 "-" "Mozilla/5.0 AppleWebKit/537.36 (KHTML, like Gecko; compatible; GPTBot/1.3; +https://openai.com/gptbot)" maoristudio.com 142047
74.7.227.128 - - [11/Nov/2025:11:46:28 -0300] "GET /sexual137?path=/home HTTP/1.1" 200 14068 "-" "Mozilla/5.0 AppleWebKit/537.36 (KHTML, like Gecko; compatible; GPTBot/1.3; +https://openai.com/gptbot)" maoristudio.com 136003
54.166.104.83 - - [11/Nov/2025:11:46:29 -0300] "GET /?path=//proc/self/root/etc/cl.php.d/alt-php73 HTTP/1.1" 200 14520 "-" "Mozilla/5.0 AppleWebKit/537.36 (KHTML, like Gecko; compatible; Amazonbot/0.1; +https://developer.amazon.com/support/amazonbot) Chrome/119.0.6045.214 Safari/537.36" maoristudio.com 117662
74.7.227.128 - - [11/Nov/2025:11:46:29 -0300] "GET /spring154?path=/home HTTP/1.1" 200 14068 "-" "Mozilla/5.0 AppleWebKit/537.36 (KHTML, like Gecko; compatible; GPTBot/1.3; +https://openai.com/gptbot)" maoristudio.com 359930
74.7.227.128 - - [11/Nov/2025:11:46:30 -0300] "GET /easily246?path=/home HTTP/1.1" 200 14068 "-" "Mozilla/5.0 AppleWebKit/537.36 (KHTML, like Gecko; compatible; GPTBot/1.3; +https://openai.com/gptbot)" maoristudio.com 119620
74.7.227.128 - - [11/Nov/2025:11:46:31 -0300] "GET /switch169?path=/home HTTP/1.1" 200 14068 "-" "Mozilla/5.0 AppleWebKit/537.36 (KHTML, like Gecko; compatible; GPTBot/1.3; +https://openai.com/gptbot)" maoristudio.com 138810
74.7.227.128 - - [11/Nov/2025:11:46:33 -0300] "GET /legacy231?path=/home HTTP/1.1" 200 14068 "-" "Mozilla/5.0 AppleWebKit/537.36 (KHTML, like Gecko; compatible; GPTBot/1.3; +https://openai.com/gptbot)" maoristudio.com 144849
74.7.227.128 - - [11/Nov/2025:11:46:34 -0300] "GET /single179?path=/home HTTP/1.1" 200 14068 "-" "Mozilla/5.0 AppleWebKit/537.36 (KHTML, like Gecko; compatible; GPTBot/1.3; +https://openai.com/gptbot)" maoristudio.com 106520
74.7.227.128 - - [11/Nov/2025:11:46:35 -0300] "GET /island208?path=/home HTTP/1.1" 200 14068 "-" "Mozilla/5.0 AppleWebKit/537.36 (KHTML, like Gecko; compatible; GPTBot/1.3; +https://openai.com/gptbot)" maoristudio.com 126165
3.229.164.203 - - [11/Nov/2025:11:46:36 -0300] "GET /?path=//usr/share/locale/de_AT/LC_MESSAGES HTTP/1.1" 200 12931 "-" "Mozilla/5.0 AppleWebKit/537.36 (KHTML, like Gecko; compatible; Amazonbot/0.1; +https://developer.amazon.com/support/amazonbot) Chrome/119.0.6045.214 Safari/537.36" maoristudio.com 112997
74.7.227.128 - - [11/Nov/2025:11:46:36 -0300] "GET /direct123?path=/home HTTP/1.1" 200 14068 "-" "Mozilla/5.0 AppleWebKit/537.36 (KHTML, like Gecko; compatible; GPTBot/1.3; +https://openai.com/gptbot)" maoristudio.com 157794
