147.135.252.138 - - [11/Nov/2025:10:24:32 -0300] "GET /?fileloc=//lib/modules/5.14.0-503.11.1.el9_5.x86_64/kernel/sound/soc/sof/intel/snd-sof-acpi-intel-byt.ko.xz&path=//lib/modules/5.14.0-503.11.1.el9_5.x86_64/kernel/sound/soc/sof/intel HTTP/1.1" 200 51825 "-" "Mozilla/5.0 (compatible; MJ12bot/v1.4.8; http://mj12bot.com/)" maoristudio.com 233176
54.80.73.122 - - [11/Nov/2025:10:24:32 -0300] "GET /?path=//proc/self/root/usr/include/netrom HTTP/1.1" 200 14475 "-" "Mozilla/5.0 AppleWebKit/537.36 (KHTML, like Gecko; compatible; Amazonbot/0.1; +https://developer.amazon.com/support/amazonbot) Chrome/119.0.6045.214 Safari/537.36" maoristudio.com 233895
74.7.227.128 - - [11/Nov/2025:10:24:32 -0300] "GET /avoid17?fileloc=//proc/net/udplite&path=//proc/net HTTP/1.1" 403 87388 "-" "Mozilla/5.0 AppleWebKit/537.36 (KHTML, like Gecko; compatible; GPTBot/1.3; +https://openai.com/gptbot)" maoristudio.com 450535
74.7.227.128 - - [11/Nov/2025:10:24:34 -0300] "GET /avoid17?fileloc=//proc/net/netstat&path=//proc/net HTTP/1.1" 200 12353 "-" "Mozilla/5.0 AppleWebKit/537.36 (KHTML, like Gecko; compatible; GPTBot/1.3; +https://openai.com/gptbot)" maoristudio.com 202106
147.135.252.138 - - [11/Nov/2025:10:24:34 -0300] "GET /?fileloc=//lib/modules/5.14.0-503.11.1.el9_5.x86_64/kernel/sound/soc/sof/intel/snd-sof-intel-atom.ko.xz&path=//lib/modules/5.14.0-503.11.1.el9_5.x86_64/kernel/sound/soc/sof/intel HTTP/1.1" 200 51689 "-" "Mozilla/5.0 (compatible; MJ12bot/v1.4.8; http://mj12bot.com/)" maoristudio.com 233620
74.7.227.128 - - [11/Nov/2025:10:24:35 -0300] "GET /avoid17?fileloc=//proc/net/xfrm_stat&path=//proc/net HTTP/1.1" 200 12355 "-" "Mozilla/5.0 AppleWebKit/537.36 (KHTML, like Gecko; compatible; GPTBot/1.3; +https://openai.com/gptbot)" maoristudio.com 205265
50.19.102.70 - - [11/Nov/2025:10:24:36 -0300] "GET /?path=//usr/share/locale/ms_MY/LC_MESSAGES HTTP/1.1" 200 12931 "-" "Mozilla/5.0 AppleWebKit/537.36 (KHTML, like Gecko; compatible; Amazonbot/0.1; +https://developer.amazon.com/support/amazonbot) Chrome/119.0.6045.214 Safari/537.36" maoristudio.com 308749
74.7.227.128 - - [11/Nov/2025:10:24:36 -0300] "GET /avoid17?fileloc=//proc/net/ip_mr_vif&path=//proc/net HTTP/1.1" 200 12355 "-" "Mozilla/5.0 AppleWebKit/537.36 (KHTML, like Gecko; compatible; GPTBot/1.3; +https://openai.com/gptbot)" maoristudio.com 297908
74.7.227.128 - - [11/Nov/2025:10:24:37 -0300] "GET /avoid17?fileloc=//proc/net/raw6&path=//proc/net HTTP/1.1" 200 12516 "-" "Mozilla/5.0 AppleWebKit/537.36 (KHTML, like Gecko; compatible; GPTBot/1.3; +https://openai.com/gptbot)" maoristudio.com 435623
74.7.227.128 - - [11/Nov/2025:10:24:38 -0300] "GET /avoid17?fileloc=//proc/net/udp6&path=//proc/net HTTP/1.1" 403 87388 "-" "Mozilla/5.0 AppleWebKit/537.36 (KHTML, like Gecko; compatible; GPTBot/1.3; +https://openai.com/gptbot)" maoristudio.com 368011
147.135.252.138 - - [11/Nov/2025:10:24:37 -0300] "GET /?fileloc=//lib/modules/5.14.0-503.11.1.el9_5.x86_64/kernel/sound/soc/sof/intel/snd-sof-intel-hda-common.ko.xz&path=//lib/modules/5.14.0-503.11.1.el9_5.x86_64/kernel/sound/soc/sof/intel HTTP/1.1" 200 190274 "-" "Mozilla/5.0 (compatible; MJ12bot/v1.4.8; http://mj12bot.com/)" maoristudio.com 1644371
74.7.227.128 - - [11/Nov/2025:10:24:39 -0300] "GET /avoid17?fileloc=//proc/net/icmp6&path=//proc/net HTTP/1.1" 200 12351 "-" "Mozilla/5.0 AppleWebKit/537.36 (KHTML, like Gecko; compatible; GPTBot/1.3; +https://openai.com/gptbot)" maoristudio.com 233066
74.7.227.128 - - [11/Nov/2025:10:24:40 -0300] "GET /avoid17?fileloc=//proc/net/tcp6&path=//proc/net HTTP/1.1" 403 87388 "-" "Mozilla/5.0 AppleWebKit/537.36 (KHTML, like Gecko; compatible; GPTBot/1.3; +https://openai.com/gptbot)" maoristudio.com 378631
74.7.227.128 - - [11/Nov/2025:10:24:42 -0300] "GET /avoid17?fileloc=//proc/net/snmp6&path=//proc/net HTTP/1.1" 200 12351 "-" "Mozilla/5.0 AppleWebKit/537.36 (KHTML, like Gecko; compatible; GPTBot/1.3; +https://openai.com/gptbot)" maoristudio.com 272029
147.135.252.138 - - [11/Nov/2025:10:24:43 -0300] "GET /?fileloc=//lib/modules/5.14.0-503.11.1.el9_5.x86_64/kernel/sound/soc/sof/intel/snd-sof-intel-hda-mlink.ko.xz&path=//lib/modules/5.14.0-503.11.1.el9_5.x86_64/kernel/sound/soc/sof/intel HTTP/1.1" 200 32852 "-" "Mozilla/5.0 (compatible; MJ12bot/v1.4.8; http://mj12bot.com/)" maoristudio.com 167446
74.7.227.128 - - [11/Nov/2025:10:24:43 -0300] "GET /avoid17?fileloc=//proc/net/igmp6&path=//proc/net HTTP/1.1" 200 12351 "-" "Mozilla/5.0 AppleWebKit/537.36 (KHTML, like Gecko; compatible; GPTBot/1.3; +https://openai.com/gptbot)" maoristudio.com 200147
52.203.68.145 - - [11/Nov/2025:10:24:44 -0300] "GET /?path=//proc/self/root/etc/cl.php.d/alt-php72 HTTP/1.1" 200 14520 "-" "Mozilla/5.0 AppleWebKit/537.36 (KHTML, like Gecko; compatible; Amazonbot/0.1; +https://developer.amazon.com/support/amazonbot) Chrome/119.0.6045.214 Safari/537.36" maoristudio.com 262667
74.7.227.128 - - [11/Nov/2025:10:24:44 -0300] "GET /avoid17?fileloc=//proc/net/icmp&path=//proc/net HTTP/1.1" 200 12350 "-" "Mozilla/5.0 AppleWebKit/537.36 (KHTML, like Gecko; compatible; GPTBot/1.3; +https://openai.com/gptbot)" maoristudio.com 290558
74.7.227.128 - - [11/Nov/2025:10:24:45 -0300] "GET /avoid17?fileloc=//proc/net/snmp&path=//proc/net HTTP/1.1" 200 12350 "-" "Mozilla/5.0 AppleWebKit/537.36 (KHTML, like Gecko; compatible; GPTBot/1.3; +https://openai.com/gptbot)" maoristudio.com 223763
147.135.252.138 - - [11/Nov/2025:10:24:46 -0300] "GET /?fileloc=//lib/modules/5.14.0-503.11.1.el9_5.x86_64/kernel/sound/soc/sof/intel/snd-sof-intel-hda.ko.xz&path=//lib/modules/5.14.0-503.11.1.el9_5.x86_64/kernel/sound/soc/sof/intel HTTP/1.1" 200 58914 "-" "Mozilla/5.0 (compatible; MJ12bot/v1.4.8; http://mj12bot.com/)" maoristudio.com 192030
74.7.227.128 - - [11/Nov/2025:10:24:46 -0300] "GET /avoid17?fileloc=//proc/net/igmp&path=//proc/net HTTP/1.1" 200 12350 "-" "Mozilla/5.0 AppleWebKit/537.36 (KHTML, like Gecko; compatible; GPTBot/1.3; +https://openai.com/gptbot)" maoristudio.com 213696
74.7.227.128 - - [11/Nov/2025:10:24:47 -0300] "GET /avoid17?fileloc=//proc/net/unix&path=//proc/net HTTP/1.1" 200 113270 "-" "Mozilla/5.0 AppleWebKit/537.36 (KHTML, like Gecko; compatible; GPTBot/1.3; +https://openai.com/gptbot)" maoristudio.com 1077216
74.7.227.128 - - [11/Nov/2025:10:24:49 -0300] "GET /avoid17?fileloc=//proc/net/if_inet6&path=//proc/net HTTP/1.1" 200 12354 "-" "Mozilla/5.0 AppleWebKit/537.36 (KHTML, like Gecko; compatible; GPTBot/1.3; +https://openai.com/gptbot)" maoristudio.com 238790
147.135.252.138 - - [11/Nov/2025:10:24:49 -0300] "GET /?fileloc=//lib/modules/5.14.0-503.11.1.el9_5.x86_64/kernel/sound/soc/sof/intel/snd-sof-pci-intel-apl.ko.xz&path=//lib/modules/5.14.0-503.11.1.el9_5.x86_64/kernel/sound/soc/sof/intel HTTP/1.1" 200 45407 "-" "Mozilla/5.0 (compatible; MJ12bot/v1.4.8; http://mj12bot.com/)" maoristudio.com 232607
74.7.227.128 - - [11/Nov/2025:10:24:50 -0300] "GET /avoid17?fileloc=//proc/net/ptype&path=//proc/net HTTP/1.1" 200 12351 "-" "Mozilla/5.0 AppleWebKit/537.36 (KHTML, like Gecko; compatible; GPTBot/1.3; +https://openai.com/gptbot)" maoristudio.com 220696
74.7.227.128 - - [11/Nov/2025:10:24:51 -0300] "GET /avoid17?fileloc=//proc/net/udplite6&path=//proc/net HTTP/1.1" 403 87388 "-" "Mozilla/5.0 AppleWebKit/537.36 (KHTML, like Gecko; compatible; GPTBot/1.3; +https://openai.com/gptbot)" maoristudio.com 462880
147.135.252.138 - - [11/Nov/2025:10:24:52 -0300] "GET /?fileloc=//lib/modules/5.14.0-503.11.1.el9_5.x86_64/kernel/sound/soc/sof/intel/snd-sof-pci-intel-cnl.ko.xz&path=//lib/modules/5.14.0-503.11.1.el9_5.x86_64/kernel/sound/soc/sof/intel HTTP/1.1" 200 45658 "-" "Mozilla/5.0 (compatible; MJ12bot/v1.4.8; http://mj12bot.com/)" maoristudio.com 573048
74.7.227.128 - - [11/Nov/2025:10:24:53 -0300] "GET /avoid17?fileloc=//proc/net/rt6_stats&path=//proc/net HTTP/1.1" 200 12355 "-" "Mozilla/5.0 AppleWebKit/537.36 (KHTML, like Gecko; compatible; GPTBot/1.3; +https://openai.com/gptbot)" maoristudio.com 208404
74.7.227.128 - - [11/Nov/2025:10:24:54 -0300] "GET /avoid17?fileloc=//proc/net/route&path=//proc/net HTTP/1.1" 200 12351 "-" "Mozilla/5.0 AppleWebKit/537.36 (KHTML, like Gecko; compatible; GPTBot/1.3; +https://openai.com/gptbot)" maoristudio.com 189717
74.7.227.128 - - [11/Nov/2025:10:24:55 -0300] "GET /along64?fileloc=//bin/mesg&path=//bin HTTP/1.1" 200 31957 "-" "Mozilla/5.0 AppleWebKit/537.36 (KHTML, like Gecko; compatible; GPTBot/1.3; +https://openai.com/gptbot)" maoristudio.com 186061
147.135.252.138 - - [11/Nov/2025:10:24:55 -0300] "GET /?fileloc=//lib/modules/5.14.0-503.11.1.el9_5.x86_64/kernel/sound/soc/sof/intel/snd-sof-pci-intel-icl.ko.xz&path=//lib/modules/5.14.0-503.11.1.el9_5.x86_64/kernel/sound/soc/sof/intel HTTP/1.1" 200 45984 "-" "Mozilla/5.0 (compatible; MJ12bot/v1.4.8; http://mj12bot.com/)" maoristudio.com 211509
74.7.227.128 - - [11/Nov/2025:10:24:56 -0300] "GET /avoid17?fileloc=//proc/net/dev_mcast&path=//proc/net HTTP/1.1" 200 12355 "-" "Mozilla/5.0 AppleWebKit/537.36 (KHTML, like Gecko; compatible; GPTBot/1.3; +https://openai.com/gptbot)" maoristudio.com 230963
74.7.227.128 - - [11/Nov/2025:10:24:57 -0300] "GET /aside73?path=/ HTTP/1.1" 200 30489 "-" "Mozilla/5.0 AppleWebKit/537.36 (KHTML, like Gecko; compatible; GPTBot/1.3; +https://openai.com/gptbot)" maoristudio.com 201887
147.135.252.138 - - [11/Nov/2025:10:24:58 -0300] "GET /?fileloc=//lib/modules/5.14.0-503.11.1.el9_5.x86_64/kernel/sound/soc/sof/intel/snd-sof-pci-intel-lnl.ko.xz&path=//lib/modules/5.14.0-503.11.1.el9_5.x86_64/kernel/sound/soc/sof/intel HTTP/1.1" 200 45391 "-" "Mozilla/5.0 (compatible; MJ12bot/v1.4.8; http://mj12bot.com/)" maoristudio.com 201255
74.7.227.128 - - [11/Nov/2025:10:24:58 -0300] "GET /album18?path=/ HTTP/1.1" 200 30489 "-" "Mozilla/5.0 AppleWebKit/537.36 (KHTML, like Gecko; compatible; GPTBot/1.3; +https://openai.com/gptbot)" maoristudio.com 191679
74.7.227.128 - - [11/Nov/2025:10:24:59 -0300] "GET /royal10?path=/ HTTP/1.1" 200 30489 "-" "Mozilla/5.0 AppleWebKit/537.36 (KHTML, like Gecko; compatible; GPTBot/1.3; +https://openai.com/gptbot)" maoristudio.com 200698
147.135.252.138 - - [11/Nov/2025:10:25:00 -0300] "GET /?fileloc=//lib/modules/5.14.0-503.11.1.el9_5.x86_64/kernel/sound/soc/sof/intel/snd-sof-pci-intel-mtl.ko.xz&path=//lib/modules/5.14.0-503.11.1.el9_5.x86_64/kernel/sound/soc/sof/intel HTTP/1.1" 200 45688 "-" "Mozilla/5.0 (compatible; MJ12bot/v1.4.8; http://mj12bot.com/)" maoristudio.com 220506
74.7.227.128 - - [11/Nov/2025:10:25:00 -0300] "GET /cliff36?path=/ HTTP/1.1" 200 30489 "-" "Mozilla/5.0 AppleWebKit/537.36 (KHTML, like Gecko; compatible; GPTBot/1.3; +https://openai.com/gptbot)" maoristudio.com 211160
74.7.227.128 - - [11/Nov/2025:10:25:02 -0300] "GET /logic82?path=/ HTTP/1.1" 200 30489 "-" "Mozilla/5.0 AppleWebKit/537.36 (KHTML, like Gecko; compatible; GPTBot/1.3; +https://openai.com/gptbot)" maoristudio.com 205223
147.135.252.138 - - [11/Nov/2025:10:25:03 -0300] "GET /?fileloc=//lib/modules/5.14.0-503.11.1.el9_5.x86_64/kernel/sound/soc/sof/intel/snd-sof-pci-intel-tgl.ko.xz&path=//lib/modules/5.14.0-503.11.1.el9_5.x86_64/kernel/sound/soc/sof/intel HTTP/1.1" 200 46592 "-" "Mozilla/5.0 (compatible; MJ12bot/v1.4.8; http://mj12bot.com/)" maoristudio.com 207524
74.7.227.128 - - [11/Nov/2025:10:25:03 -0300] "GET /risky76?path=/ HTTP/1.1" 200 30489 "-" "Mozilla/5.0 AppleWebKit/537.36 (KHTML, like Gecko; compatible; GPTBot/1.3; +https://openai.com/gptbot)" maoristudio.com 265973
74.7.227.128 - - [11/Nov/2025:10:25:04 -0300] "GET /break92?path=/ HTTP/1.1" 200 30489 "-" "Mozilla/5.0 AppleWebKit/537.36 (KHTML, like Gecko; compatible; GPTBot/1.3; +https://openai.com/gptbot)" maoristudio.com 253568
74.7.227.128 - - [11/Nov/2025:10:25:05 -0300] "GET /enjoy20?path=/ HTTP/1.1" 200 30489 "-" "Mozilla/5.0 AppleWebKit/537.36 (KHTML, like Gecko; compatible; GPTBot/1.3; +https://openai.com/gptbot)" maoristudio.com 183630
147.135.252.138 - - [11/Nov/2025:10:25:05 -0300] "GET /?fileloc=//lib/modules/5.14.0-503.11.1.el9_5.x86_64/kernel/sound/soc/sof/intel/snd-sof-pci-intel-tng.ko.xz&path=//lib/modules/5.14.0-503.11.1.el9_5.x86_64/kernel/sound/soc/sof/intel HTTP/1.1" 200 49178 "-" "Mozilla/5.0 (compatible; MJ12bot/v1.4.8; http://mj12bot.com/)" maoristudio.com 209602
74.7.227.128 - - [11/Nov/2025:10:25:06 -0300] "GET /irony15?path=/ HTTP/1.1" 200 30489 "-" "Mozilla/5.0 AppleWebKit/537.36 (KHTML, like Gecko; compatible; GPTBot/1.3; +https://openai.com/gptbot)" maoristudio.com 173015
74.7.227.128 - - [11/Nov/2025:10:25:07 -0300] "GET /buyer84?path=/ HTTP/1.1" 200 30489 "-" "Mozilla/5.0 AppleWebKit/537.36 (KHTML, like Gecko; compatible; GPTBot/1.3; +https://openai.com/gptbot)" maoristudio.com 195386
147.135.252.138 - - [11/Nov/2025:10:25:08 -0300] "GET /?fileloc=//lib/modules/5.14.0-503.11.1.el9_5.x86_64/kernel/sound/soc/sof/xtensa/snd-sof-xtensa-dsp.ko.xz&path=//lib/modules/5.14.0-503.11.1.el9_5.x86_64/kernel/sound/soc/sof/xtensa HTTP/1.1" 200 44387 "-" "Mozilla/5.0 (compatible; MJ12bot/v1.4.8; http://mj12bot.com/)" maoristudio.com 226403
52.54.15.103 - - [11/Nov/2025:10:25:08 -0300] "GET /?path=//proc/thread-self/root/usr/lib64/c%20%20-plesk-13.2.0 HTTP/1.1" 200 13029 "-" "Mozilla/5.0 AppleWebKit/537.36 (KHTML, like Gecko; compatible; Amazonbot/0.1; +https://developer.amazon.com/support/amazonbot) Chrome/119.0.6045.214 Safari/537.36" maoristudio.com 250044
74.7.227.128 - - [11/Nov/2025:10:25:08 -0300] "GET /judge45?path=/ HTTP/1.1" 200 30489 "-" "Mozilla/5.0 AppleWebKit/537.36 (KHTML, like Gecko; compatible; GPTBot/1.3; +https://openai.com/gptbot)" maoristudio.com 269177
74.7.227.128 - - [11/Nov/2025:10:25:09 -0300] "GET /given71?path=/ HTTP/1.1" 200 30489 "-" "Mozilla/5.0 AppleWebKit/537.36 (KHTML, like Gecko; compatible; GPTBot/1.3; +https://openai.com/gptbot)" maoristudio.com 233290
147.135.252.138 - - [11/Nov/2025:10:25:10 -0300] "GET /?fileloc=//lib/modules/5.14.0-570.52.1.el9_6.x86_64/kernel/arch/x86/events/amd/power.ko.xz&path=//lib/modules/5.14.0-570.52.1.el9_6.x86_64/kernel/arch/x86/events/amd HTTP/1.1" 200 22090 "-" "Mozilla/5.0 (compatible; MJ12bot/v1.4.8; http://mj12bot.com/)" maoristudio.com 275377
74.7.227.128 - - [11/Nov/2025:10:25:11 -0300] "GET /works78?path=/ HTTP/1.1" 200 30489 "-" "Mozilla/5.0 AppleWebKit/537.36 (KHTML, like Gecko; compatible; GPTBot/1.3; +https://openai.com/gptbot)" maoristudio.com 253718
147.135.252.138 - - [11/Nov/2025:10:25:12 -0300] "GET /?fileloc=//lib/modules/5.14.0-570.52.1.el9_6.x86_64/kernel/arch/x86/events/intel/intel-cstate.ko.xz&path=//lib/modules/5.14.0-570.52.1.el9_6.x86_64/kernel/arch/x86/events/intel HTTP/1.1" 200 24256 "-" "Mozilla/5.0 (compatible; MJ12bot/v1.4.8; http://mj12bot.com/)" maoristudio.com 219422
147.135.252.138 - - [11/Nov/2025:10:25:14 -0300] "GET /?fileloc=//lib/modules/5.14.0-570.52.1.el9_6.x86_64/kernel/arch/x86/events/intel/intel-uncore.ko.xz&path=//lib/modules/5.14.0-570.52.1.el9_6.x86_64/kernel/arch/x86/events/intel HTTP/1.1" 200 133195 "-" "Mozilla/5.0 (compatible; MJ12bot/v1.4.8; http://mj12bot.com/)" maoristudio.com 183361
147.135.252.138 - - [11/Nov/2025:10:25:18 -0300] "GET /?fileloc=//lib/modules/5.14.0-570.52.1.el9_6.x86_64/kernel/drivers/bus/mhi/host/mhi.ko.xz&path=//lib/modules/5.14.0-570.52.1.el9_6.x86_64/kernel/drivers/bus/mhi/host HTTP/1.1" 200 107332 "-" "Mozilla/5.0 (compatible; MJ12bot/v1.4.8; http://mj12bot.com/)" maoristudio.com 170858
147.135.252.138 - - [11/Nov/2025:10:25:21 -0300] "GET /?fileloc=//lib/modules/5.14.0-570.52.1.el9_6.x86_64/kernel/drivers/bus/mhi/host/mhi_pci_generic.ko.xz&path=//lib/modules/5.14.0-570.52.1.el9_6.x86_64/kernel/drivers/bus/mhi/host HTTP/1.1" 200 35025 "-" "Mozilla/5.0 (compatible; MJ12bot/v1.4.8; http://mj12bot.com/)" maoristudio.com 395185
147.135.252.138 - - [11/Nov/2025:10:25:24 -0300] "GET /?fileloc=//lib/modules/5.14.0-570.52.1.el9_6.x86_64/kernel/drivers/crypto/cavium/nitrox/n5pf.ko.xz&path=//lib/modules/5.14.0-570.52.1.el9_6.x86_64/kernel/drivers/crypto/cavium/nitrox HTTP/1.1" 200 71734 "-" "Mozilla/5.0 (compatible; MJ12bot/v1.4.8; http://mj12bot.com/)" maoristudio.com 463002
147.135.252.138 - - [11/Nov/2025:10:25:28 -0300] "GET /?fileloc=//lib/modules/5.14.0-570.52.1.el9_6.x86_64/kernel/drivers/crypto/intel/iaa/iaa_crypto.ko.xz&path=//lib/modules/5.14.0-570.52.1.el9_6.x86_64/kernel/drivers/crypto/intel/iaa HTTP/1.1" 200 62721 "-" "Mozilla/5.0 (compatible; MJ12bot/v1.4.8; http://mj12bot.com/)" maoristudio.com 247657
74.7.227.128 - - [11/Nov/2025:10:25:12 -0300] "GET /cliff36?path=//lib64 HTTP/1.1" 200 2125469 "-" "Mozilla/5.0 AppleWebKit/537.36 (KHTML, like Gecko; compatible; GPTBot/1.3; +https://openai.com/gptbot)" maoristudio.com 19546946
147.135.252.138 - - [11/Nov/2025:10:25:32 -0300] "GET /?fileloc=//lib/modules/5.14.0-570.52.1.el9_6.x86_64/kernel/drivers/gpu/drm/ast/ast.ko.xz&path=//lib/modules/5.14.0-570.52.1.el9_6.x86_64/kernel/drivers/gpu/drm/ast HTTP/1.1" 200 98078 "-" "Mozilla/5.0 (compatible; MJ12bot/v1.4.8; http://mj12bot.com/)" maoristudio.com 305434
3.89.170.186 - - [11/Nov/2025:10:25:32 -0300] "GET /?path=//proc/self/root/lib/.build-id/29 HTTP/1.1" 200 32350 "-" "Mozilla/5.0 AppleWebKit/537.36 (KHTML, like Gecko; compatible; Amazonbot/0.1; +https://developer.amazon.com/support/amazonbot) Chrome/119.0.6045.214 Safari/537.36" maoristudio.com 166050
74.7.227.128 - - [11/Nov/2025:10:25:32 -0300] "GET /model13?path=/ HTTP/1.1" 200 30489 "-" "Mozilla/5.0 AppleWebKit/537.36 (KHTML, like Gecko; compatible; GPTBot/1.3; +https://openai.com/gptbot)" maoristudio.com 264174
74.7.227.128 - - [11/Nov/2025:10:25:33 -0300] "GET /given21?path=/ HTTP/1.1" 200 30489 "-" "Mozilla/5.0 AppleWebKit/537.36 (KHTML, like Gecko; compatible; GPTBot/1.3; +https://openai.com/gptbot)" maoristudio.com 225687
74.7.227.128 - - [11/Nov/2025:10:25:34 -0300] "GET /being51?path=/ HTTP/1.1" 200 30489 "-" "Mozilla/5.0 AppleWebKit/537.36 (KHTML, like Gecko; compatible; GPTBot/1.3; +https://openai.com/gptbot)" maoristudio.com 221771
74.7.227.128 - - [11/Nov/2025:10:25:35 -0300] "GET /blind81?path=/ HTTP/1.1" 200 30489 "-" "Mozilla/5.0 AppleWebKit/537.36 (KHTML, like Gecko; compatible; GPTBot/1.3; +https://openai.com/gptbot)" maoristudio.com 249673
74.7.227.128 - - [11/Nov/2025:10:25:37 -0300] "GET /virus92?path=/ HTTP/1.1" 200 30489 "-" "Mozilla/5.0 AppleWebKit/537.36 (KHTML, like Gecko; compatible; GPTBot/1.3; +https://openai.com/gptbot)" maoristudio.com 220979
173.208.176.202 - - [11/Nov/2025:10:24:09 -0300] "GET /wp-includes/qq5da787/index.php?id=775696 HTTP/1.1" 200 - "http://maoristudio.com/wp-includes/qq5da787/index.php?id=775696" "Mozilla/5.0 (Windows NT 10.0; Win64; x64) AppleWebKit/537.36 (KHTML, like Gecko) Chrome/58.0.3029.110 Safari/537.3" maoristudio.com 88570381
74.7.227.128 - - [11/Nov/2025:10:25:38 -0300] "GET /fluid39?path=/ HTTP/1.1" 200 30489 "-" "Mozilla/5.0 AppleWebKit/537.36 (KHTML, like Gecko; compatible; GPTBot/1.3; +https://openai.com/gptbot)" maoristudio.com 133099
147.135.252.138 - - [11/Nov/2025:10:25:35 -0300] "GET /?fileloc=//lib/modules/5.14.0-570.52.1.el9_6.x86_64/kernel/drivers/gpu/drm/display/drm_display_helper.ko.xz&path=//lib/modules/5.14.0-570.52.1.el9_6.x86_64/kernel/drivers/gpu/drm/display HTTP/1.1" 200 217527 "-" "Mozilla/5.0 (compatible; MJ12bot/v1.4.8; http://mj12bot.com/)" maoristudio.com 2618947
74.7.227.128 - - [11/Nov/2025:10:25:39 -0300] "GET /sound87?path=/ HTTP/1.1" 200 30489 "-" "Mozilla/5.0 AppleWebKit/537.36 (KHTML, like Gecko; compatible; GPTBot/1.3; +https://openai.com/gptbot)" maoristudio.com 134955
208.110.64.178 - - [11/Nov/2025:10:25:39 -0300] "GET /wp-content/ade7e187/edit.php HTTP/1.1" 200 6 "http://maoristudio.com/wp-content/ade7e187/edit.php" "Mozilla/5.0 (Windows NT 10.0; Win64; x64) AppleWebKit/537.36 (KHTML, like Gecko) Chrome/58.0.3029.110 Safari/537.3" maoristudio.com 529478
173.208.176.202 - - [11/Nov/2025:10:24:12 -0300] "GET /wp-content/ade7e187/edit.php?id=798844 HTTP/1.1" 200 - "http://maoristudio.com/wp-content/ade7e187/edit.php?id=798844" "Mozilla/5.0 (Windows NT 10.0; Win64; x64) AppleWebKit/537.36 (KHTML, like Gecko) Chrome/58.0.3029.110 Safari/537.3" maoristudio.com 87487864
74.7.227.128 - - [11/Nov/2025:10:25:40 -0300] "GET /cliff36?fileloc=//lib64/libhwy_test.so.1.2.0&path=//lib64 HTTP/1.1" 200 30215 "-" "Mozilla/5.0 AppleWebKit/537.36 (KHTML, like Gecko; compatible; GPTBot/1.3; +https://openai.com/gptbot)" maoristudio.com 126926
74.7.227.128 - - [11/Nov/2025:10:25:41 -0300] "GET /owner26?path=/ HTTP/1.1" 200 30489 "-" "Mozilla/5.0 AppleWebKit/537.36 (KHTML, like Gecko; compatible; GPTBot/1.3; +https://openai.com/gptbot)" maoristudio.com 141031
147.135.252.138 - - [11/Nov/2025:10:25:42 -0300] "GET /?fileloc=//lib/modules/5.14.0-570.52.1.el9_6.x86_64/kernel/drivers/gpu/drm/gud/gud.ko.xz&path=//lib/modules/5.14.0-570.52.1.el9_6.x86_64/kernel/drivers/gpu/drm/gud HTTP/1.1" 200 67070 "-" "Mozilla/5.0 (compatible; MJ12bot/v1.4.8; http://mj12bot.com/)" maoristudio.com 198525
74.7.227.128 - - [11/Nov/2025:10:25:42 -0300] "GET /cliff36?fileloc=//lib64/libxcb-xinput.so.0&path=//lib64 HTTP/1.1" 200 212689 "-" "Mozilla/5.0 AppleWebKit/537.36 (KHTML, like Gecko; compatible; GPTBot/1.3; +https://openai.com/gptbot)" maoristudio.com 1568917
52.45.194.165 - - [11/Nov/2025:10:25:44 -0300] "GET /?path=//proc/thread-self/root/lib/.build-id/cc HTTP/1.1" 200 24524 "-" "Mozilla/5.0 AppleWebKit/537.36 (KHTML, like Gecko; compatible; Amazonbot/0.1; +https://developer.amazon.com/support/amazonbot) Chrome/119.0.6045.214 Safari/537.36" maoristudio.com 172419
147.135.252.138 - - [11/Nov/2025:10:25:45 -0300] "GET /?fileloc=//lib/modules/5.14.0-570.52.1.el9_6.x86_64/kernel/drivers/gpu/drm/hyperv/hyperv_drm.ko.xz&path=//lib/modules/5.14.0-570.52.1.el9_6.x86_64/kernel/drivers/gpu/drm/hyperv HTTP/1.1" 200 53450 "-" "Mozilla/5.0 (compatible; MJ12bot/v1.4.8; http://mj12bot.com/)" maoristudio.com 120452
74.7.227.128 - - [11/Nov/2025:10:25:45 -0300] "GET /bonus92?path=/ HTTP/1.1" 200 30489 "-" "Mozilla/5.0 AppleWebKit/537.36 (KHTML, like Gecko; compatible; GPTBot/1.3; +https://openai.com/gptbot)" maoristudio.com 214953
147.135.252.138 - - [11/Nov/2025:10:25:47 -0300] "GET /?fileloc=//lib/modules/5.14.0-570.52.1.el9_6.x86_64/kernel/drivers/gpu/drm/i2c/ch7006.ko.xz&path=//lib/modules/5.14.0-570.52.1.el9_6.x86_64/kernel/drivers/gpu/drm/i2c HTTP/1.1" 200 46434 "-" "Mozilla/5.0 (compatible; MJ12bot/v1.4.8; http://mj12bot.com/)" maoristudio.com 224207
74.7.227.128 - - [11/Nov/2025:10:25:47 -0300] "GET /cliff36?fileloc=//lib64/libtemplate.so.2&path=//lib64 HTTP/1.1" 200 210814 "-" "Mozilla/5.0 AppleWebKit/537.36 (KHTML, like Gecko; compatible; GPTBot/1.3; +https://openai.com/gptbot)" maoristudio.com 1259850
147.135.252.138 - - [11/Nov/2025:10:25:50 -0300] "GET /?fileloc=//lib/modules/5.14.0-570.52.1.el9_6.x86_64/kernel/drivers/gpu/drm/i2c/sil164.ko.xz&path=//lib/modules/5.14.0-570.52.1.el9_6.x86_64/kernel/drivers/gpu/drm/i2c HTTP/1.1" 200 37716 "-" "Mozilla/5.0 (compatible; MJ12bot/v1.4.8; http://mj12bot.com/)" maoristudio.com 211366
74.7.227.128 - - [11/Nov/2025:10:25:49 -0300] "GET /cliff36?fileloc=//lib64/libGeoIP.so.1&path=//lib64 HTTP/1.1" 200 388410 "-" "Mozilla/5.0 AppleWebKit/537.36 (KHTML, like Gecko; compatible; GPTBot/1.3; +https://openai.com/gptbot)" maoristudio.com 3465945
74.7.227.128 - - [11/Nov/2025:10:25:54 -0300] "GET /cliff36?fileloc=//lib64/libpamc.so&path=//lib64 HTTP/1.1" 200 43002 "-" "Mozilla/5.0 AppleWebKit/537.36 (KHTML, like Gecko; compatible; GPTBot/1.3; +https://openai.com/gptbot)" maoristudio.com 176944
50.16.248.61 - - [11/Nov/2025:10:26:04 -0300] "GET /?path=//opt/cpanel/ea-php82/root/lib64/php HTTP/1.1" 200 15760 "-" "Mozilla/5.0 AppleWebKit/537.36 (KHTML, like Gecko; compatible; Amazonbot/0.1; +https://developer.amazon.com/support/amazonbot) Chrome/119.0.6045.214 Safari/537.36" maoristudio.com 270039
147.135.252.138 - - [11/Nov/2025:10:25:52 -0300] "GET /?fileloc=//lib/modules/5.14.0-570.52.1.el9_6.x86_64/kernel/drivers/gpu/drm/i915/i915.ko.xz&path=//lib/modules/5.14.0-570.52.1.el9_6.x86_64/kernel/drivers/gpu/drm/i915 HTTP/1.1" 200 2804489 "-" "Mozilla/5.0 (compatible; MJ12bot/v1.4.8; http://mj12bot.com/)" maoristudio.com 22117054
74.7.227.128 - - [11/Nov/2025:10:25:55 -0300] "GET /cliff36?fileloc=//lib64/libslang.so.2&path=//lib64 HTTP/1.1" 200 1910423 "-" "Mozilla/5.0 AppleWebKit/537.36 (KHTML, like Gecko; compatible; GPTBot/1.3; +https://openai.com/gptbot)" maoristudio.com 20462479
34.194.226.74 - - [11/Nov/2025:10:26:16 -0300] "GET /?path=//usr/share/cmake/Help/generator HTTP/1.1" 200 12920 "-" "Mozilla/5.0 AppleWebKit/537.36 (KHTML, like Gecko; compatible; Amazonbot/0.1; +https://developer.amazon.com/support/amazonbot) Chrome/119.0.6045.214 Safari/537.36" maoristudio.com 199416
147.135.252.138 - - [11/Nov/2025:10:26:16 -0300] "GET /?fileloc=//lib/modules/5.14.0-570.52.1.el9_6.x86_64/kernel/drivers/gpu/drm/mgag200/mgag200.ko.xz&path=//lib/modules/5.14.0-570.52.1.el9_6.x86_64/kernel/drivers/gpu/drm/mgag200 HTTP/1.1" 200 78822 "-" "Mozilla/5.0 (compatible; MJ12bot/v1.4.8; http://mj12bot.com/)" maoristudio.com 264837
74.7.227.128 - - [11/Nov/2025:10:26:16 -0300] "GET /globe10?path=/ HTTP/1.1" 200 30489 "-" "Mozilla/5.0 AppleWebKit/537.36 (KHTML, like Gecko; compatible; GPTBot/1.3; +https://openai.com/gptbot)" maoristudio.com 249094
74.7.227.128 - - [11/Nov/2025:10:26:18 -0300] "GET /brick72?path=/ HTTP/1.1" 200 30489 "-" "Mozilla/5.0 AppleWebKit/537.36 (KHTML, like Gecko; compatible; GPTBot/1.3; +https://openai.com/gptbot)" maoristudio.com 232937
74.7.227.128 - - [11/Nov/2025:10:26:19 -0300] "GET /fiber41?path=/ HTTP/1.1" 200 30489 "-" "Mozilla/5.0 AppleWebKit/537.36 (KHTML, like Gecko; compatible; GPTBot/1.3; +https://openai.com/gptbot)" maoristudio.com 275717
74.7.227.128 - - [11/Nov/2025:10:26:20 -0300] "GET /fix40?path=//tmp HTTP/1.1" 200 12727 "-" "Mozilla/5.0 AppleWebKit/537.36 (KHTML, like Gecko; compatible; GPTBot/1.3; +https://openai.com/gptbot)" maoristudio.com 246990
147.135.252.138 - - [11/Nov/2025:10:26:19 -0300] "GET /?fileloc=//lib/modules/5.14.0-570.52.1.el9_6.x86_64/kernel/drivers/gpu/drm/nouveau/nouveau.ko.xz&path=//lib/modules/5.14.0-570.52.1.el9_6.x86_64/kernel/drivers/gpu/drm/nouveau HTTP/1.1" 200 1774464 "-" "Mozilla/5.0 (compatible; MJ12bot/v1.4.8; http://mj12bot.com/)" maoristudio.com 1311360
74.7.227.128 - - [11/Nov/2025:10:26:21 -0300] "GET /wet40?path=//etc HTTP/1.1" 200 105890 "-" "Mozilla/5.0 AppleWebKit/537.36 (KHTML, like Gecko; compatible; GPTBot/1.3; +https://openai.com/gptbot)" maoristudio.com 269527
147.135.252.138 - - [11/Nov/2025:10:26:22 -0300] "GET /?fileloc=//lib/modules/5.14.0-570.52.1.el9_6.x86_64/kernel/drivers/gpu/drm/qxl/qxl.ko.xz&path=//lib/modules/5.14.0-570.52.1.el9_6.x86_64/kernel/drivers/gpu/drm/qxl HTTP/1.1" 200 111715 "-" "Mozilla/5.0 (compatible; MJ12bot/v1.4.8; http://mj12bot.com/)" maoristudio.com 406667
74.7.227.128 - - [11/Nov/2025:10:26:24 -0300] "GET /its15?path=//tmp HTTP/1.1" 200 12727 "-" "Mozilla/5.0 AppleWebKit/537.36 (KHTML, like Gecko; compatible; GPTBot/1.3; +https://openai.com/gptbot)" maoristudio.com 232889
74.7.227.128 - - [11/Nov/2025:10:26:25 -0300] "GET /bonus92?path=//root HTTP/1.1" 200 12729 "-" "Mozilla/5.0 AppleWebKit/537.36 (KHTML, like Gecko; compatible; GPTBot/1.3; +https://openai.com/gptbot)" maoristudio.com 241125
74.7.227.128 - - [11/Nov/2025:10:26:26 -0300] "GET /gun55?path=//lib HTTP/1.1" 200 61010 "-" "Mozilla/5.0 AppleWebKit/537.36 (KHTML, like Gecko; compatible; GPTBot/1.3; +https://openai.com/gptbot)" maoristudio.com 230119
147.135.252.138 - - [11/Nov/2025:10:26:25 -0300] "GET /?fileloc=//lib/modules/5.14.0-570.52.1.el9_6.x86_64/kernel/drivers/gpu/drm/radeon/radeon.ko.xz&path=//lib/modules/5.14.0-570.52.1.el9_6.x86_64/kernel/drivers/gpu/drm/radeon HTTP/1.1" 200 1278314 "-" "Mozilla/5.0 (compatible; MJ12bot/v1.4.8; http://mj12bot.com/)" maoristudio.com 1335236
74.7.227.128 - - [11/Nov/2025:10:26:27 -0300] "GET /it53?path=//sbin HTTP/1.1" 200 61855 "-" "Mozilla/5.0 AppleWebKit/537.36 (KHTML, like Gecko; compatible; GPTBot/1.3; +https://openai.com/gptbot)" maoristudio.com 287381
74.7.227.128 - - [11/Nov/2025:10:26:29 -0300] "GET /fix40?path=//lib HTTP/1.1" 200 61010 "-" "Mozilla/5.0 AppleWebKit/537.36 (KHTML, like Gecko; compatible; GPTBot/1.3; +https://openai.com/gptbot)" maoristudio.com 362497
147.135.252.138 - - [11/Nov/2025:10:26:29 -0300] "GET /?fileloc=//lib/modules/5.14.0-570.52.1.el9_6.x86_64/kernel/drivers/gpu/drm/scheduler/gpu-sched.ko.xz&path=//lib/modules/5.14.0-570.52.1.el9_6.x86_64/kernel/drivers/gpu/drm/scheduler HTTP/1.1" 200 57647 "-" "Mozilla/5.0 (compatible; MJ12bot/v1.4.8; http://mj12bot.com/)" maoristudio.com 402325
74.7.227.128 - - [11/Nov/2025:10:26:30 -0300] "GET /law21?path=//var HTTP/1.1" 200 29459 "-" "Mozilla/5.0 AppleWebKit/537.36 (KHTML, like Gecko; compatible; GPTBot/1.3; +https://openai.com/gptbot)" maoristudio.com 189175
74.7.227.128 - - [11/Nov/2025:10:26:31 -0300] "GET /joy21?path=//var HTTP/1.1" 200 29459 "-" "Mozilla/5.0 AppleWebKit/537.36 (KHTML, like Gecko; compatible; GPTBot/1.3; +https://openai.com/gptbot)" maoristudio.com 222929
147.135.252.138 - - [11/Nov/2025:10:26:31 -0300] "GET /?fileloc=//lib/modules/5.14.0-570.52.1.el9_6.x86_64/kernel/drivers/gpu/drm/tiny/bochs.ko.xz&path=//lib/modules/5.14.0-570.52.1.el9_6.x86_64/kernel/drivers/gpu/drm/tiny HTTP/1.1" 200 48391 "-" "Mozilla/5.0 (compatible; MJ12bot/v1.4.8; http://mj12bot.com/)" maoristudio.com 224138
74.7.227.128 - - [11/Nov/2025:10:26:32 -0300] "GET /too83?path=//lib HTTP/1.1" 200 61010 "-" "Mozilla/5.0 AppleWebKit/537.36 (KHTML, like Gecko; compatible; GPTBot/1.3; +https://openai.com/gptbot)" maoristudio.com 278324
74.7.227.128 - - [11/Nov/2025:10:26:34 -0300] "GET /cue86?path=//etc HTTP/1.1" 200 105890 "-" "Mozilla/5.0 AppleWebKit/537.36 (KHTML, like Gecko; compatible; GPTBot/1.3; +https://openai.com/gptbot)" maoristudio.com 190860
147.135.252.138 - - [11/Nov/2025:10:26:34 -0300] "GET /?fileloc=//lib/modules/5.14.0-570.52.1.el9_6.x86_64/kernel/drivers/gpu/drm/tiny/cirrus.ko.xz&path=//lib/modules/5.14.0-570.52.1.el9_6.x86_64/kernel/drivers/gpu/drm/tiny HTTP/1.1" 200 45234 "-" "Mozilla/5.0 (compatible; MJ12bot/v1.4.8; http://mj12bot.com/)" maoristudio.com 248564
204.12.208.18 - - [11/Nov/2025:10:26:34 -0300] "GET /wp-includes/qq5da787/index.php HTTP/1.1" 200 6 "http://maoristudio.com/wp-includes/qq5da787/index.php" "Mozilla/4.0 (compatible; MSIE 8.0; Windows NT 5.1; Trident/4.0; .NET CLR 2.0.50727; .NET CLR 3.0.04506.30; .NET CLR 3.0.04506.648)" maoristudio.com 368639
74.7.227.128 - - [11/Nov/2025:10:26:35 -0300] "GET /bat78?path=//usr HTTP/1.1" 200 26927 "-" "Mozilla/5.0 AppleWebKit/537.36 (KHTML, like Gecko; compatible; GPTBot/1.3; +https://openai.com/gptbot)" maoristudio.com 210713
74.7.227.128 - - [11/Nov/2025:10:26:36 -0300] "GET /pen81?path=//usr HTTP/1.1" 200 26927 "-" "Mozilla/5.0 AppleWebKit/537.36 (KHTML, like Gecko; compatible; GPTBot/1.3; +https://openai.com/gptbot)" maoristudio.com 535502
147.135.252.138 - - [11/Nov/2025:10:26:36 -0300] "GET /?fileloc=//lib/modules/5.14.0-570.52.1.el9_6.x86_64/kernel/drivers/gpu/drm/tiny/gm12u320.ko.xz&path=//lib/modules/5.14.0-570.52.1.el9_6.x86_64/kernel/drivers/gpu/drm/tiny HTTP/1.1" 200 46894 "-" "Mozilla/5.0 (compatible; MJ12bot/v1.4.8; http://mj12bot.com/)" maoristudio.com 692247
74.7.227.128 - - [11/Nov/2025:10:26:37 -0300] "GET /she10?path=//tmp HTTP/1.1" 200 12727 "-" "Mozilla/5.0 AppleWebKit/537.36 (KHTML, like Gecko; compatible; GPTBot/1.3; +https://openai.com/gptbot)" maoristudio.com 269669
74.7.227.128 - - [11/Nov/2025:10:26:39 -0300] "GET /gun55?path=//lib/environment.d HTTP/1.1" 200 14259 "-" "Mozilla/5.0 AppleWebKit/537.36 (KHTML, like Gecko; compatible; GPTBot/1.3; +https://openai.com/gptbot)" maoristudio.com 218159
147.135.252.138 - - [11/Nov/2025:10:26:39 -0300] "GET /?fileloc=//lib/modules/5.14.0-570.52.1.el9_6.x86_64/kernel/drivers/gpu/drm/ttm/ttm.ko.xz&path=//lib/modules/5.14.0-570.52.1.el9_6.x86_64/kernel/drivers/gpu/drm/ttm HTTP/1.1" 200 92164 "-" "Mozilla/5.0 (compatible; MJ12bot/v1.4.8; http://mj12bot.com/)" maoristudio.com 260780
74.7.227.128 - - [11/Nov/2025:10:26:40 -0300] "GET /her57?path=//usr HTTP/1.1" 200 26927 "-" "Mozilla/5.0 AppleWebKit/537.36 (KHTML, like Gecko; compatible; GPTBot/1.3; +https://openai.com/gptbot)" maoristudio.com 381107
44.220.2.97 - - [11/Nov/2025:10:26:40 -0300] "GET /?path=//usr/share/locale/pt_BR/LC_MESSAGES HTTP/1.1" 200 150945 "-" "Mozilla/5.0 AppleWebKit/537.36 (KHTML, like Gecko; compatible; Amazonbot/0.1; +https://developer.amazon.com/support/amazonbot) Chrome/119.0.6045.214 Safari/537.36" maoristudio.com 338733
74.7.227.128 - - [11/Nov/2025:10:26:41 -0300] "GET /man85?path=//lib HTTP/1.1" 200 61010 "-" "Mozilla/5.0 AppleWebKit/537.36 (KHTML, like Gecko; compatible; GPTBot/1.3; +https://openai.com/gptbot)" maoristudio.com 202161
74.7.227.128 - - [11/Nov/2025:10:26:42 -0300] "GET /per95?path=//etc HTTP/1.1" 200 105890 "-" "Mozilla/5.0 AppleWebKit/537.36 (KHTML, like Gecko; compatible; GPTBot/1.3; +https://openai.com/gptbot)" maoristudio.com 267408
147.135.252.138 - - [11/Nov/2025:10:26:42 -0300] "GET /?fileloc=//lib/modules/5.14.0-570.52.1.el9_6.x86_64/kernel/drivers/gpu/drm/udl/udl.ko.xz&path=//lib/modules/5.14.0-570.52.1.el9_6.x86_64/kernel/drivers/gpu/drm/udl HTTP/1.1" 200 55839 "-" "Mozilla/5.0 (compatible; MJ12bot/v1.4.8; http://mj12bot.com/)" maoristudio.com 259185
74.7.227.128 - - [11/Nov/2025:10:26:43 -0300] "GET /shy14?path=//tmp HTTP/1.1" 200 12727 "-" "Mozilla/5.0 AppleWebKit/537.36 (KHTML, like Gecko; compatible; GPTBot/1.3; +https://openai.com/gptbot)" maoristudio.com 196899
74.7.227.128 - - [11/Nov/2025:10:26:44 -0300] "GET /far51?path=//opt HTTP/1.1" 200 33687 "-" "Mozilla/5.0 AppleWebKit/537.36 (KHTML, like Gecko; compatible; GPTBot/1.3; +https://openai.com/gptbot)" maoristudio.com 211860
147.135.252.138 - - [11/Nov/2025:10:26:45 -0300] "GET /?fileloc=//lib/modules/5.14.0-570.52.1.el9_6.x86_64/kernel/drivers/gpu/drm/virtio/virtio-gpu.ko.xz&path=//lib/modules/5.14.0-570.52.1.el9_6.x86_64/kernel/drivers/gpu/drm/virtio HTTP/1.1" 200 109868 "-" "Mozilla/5.0 (compatible; MJ12bot/v1.4.8; http://mj12bot.com/)" maoristudio.com 253437
18.210.58.238 - - [11/Nov/2025:10:26:48 -0300] "GET /?path=//proc/self/root/lib/.build-id/97 HTTP/1.1" 200 25890 "-" "Mozilla/5.0 AppleWebKit/537.36 (KHTML, like Gecko; compatible; Amazonbot/0.1; +https://developer.amazon.com/support/amazonbot) Chrome/119.0.6045.214 Safari/537.36" maoristudio.com 197524
147.135.252.138 - - [11/Nov/2025:10:26:49 -0300] "GET /?fileloc=//lib/modules/5.14.0-570.52.1.el9_6.x86_64/kernel/drivers/gpu/drm/vkms/vkms.ko.xz&path=//lib/modules/5.14.0-570.52.1.el9_6.x86_64/kernel/drivers/gpu/drm/vkms HTTP/1.1" 200 62800 "-" "Mozilla/5.0 (compatible; MJ12bot/v1.4.8; http://mj12bot.com/)" maoristudio.com 177890
74.7.227.128 - - [11/Nov/2025:10:26:46 -0300] "GET /law21?path=//bin HTTP/1.1" 200 665055 "-" "Mozilla/5.0 AppleWebKit/537.36 (KHTML, like Gecko; compatible; GPTBot/1.3; +https://openai.com/gptbot)" maoristudio.com 5355982
74.7.227.128 - - [11/Nov/2025:10:26:53 -0300] "GET /so20?path=//proc HTTP/1.1" 200 108867 "-" "Mozilla/5.0 AppleWebKit/537.36 (KHTML, like Gecko; compatible; GPTBot/1.3; +https://openai.com/gptbot)" maoristudio.com 221797
147.135.252.138 - - [11/Nov/2025:10:26:52 -0300] "GET /?fileloc=//lib/modules/5.14.0-570.52.1.el9_6.x86_64/kernel/drivers/gpu/drm/vmwgfx/vmwgfx.ko.xz&path=//lib/modules/5.14.0-570.52.1.el9_6.x86_64/kernel/drivers/gpu/drm/vmwgfx HTTP/1.1" 200 366317 "-" "Mozilla/5.0 (compatible; MJ12bot/v1.4.8; http://mj12bot.com/)" maoristudio.com 3501260
44.193.115.232 - - [11/Nov/2025:10:26:56 -0300] "GET /?path=//proc/thread-self/root/lib/.build-id/1b HTTP/1.1" 200 32730 "-" "Mozilla/5.0 AppleWebKit/537.36 (KHTML, like Gecko; compatible; Amazonbot/0.1; +https://developer.amazon.com/support/amazonbot) Chrome/119.0.6045.214 Safari/537.36" maoristudio.com 221512
34.227.156.153 - - [11/Nov/2025:10:27:00 -0300] "GET /?path=//proc/self/root/opt/alt/aom HTTP/1.1" 200 15669 "-" "Mozilla/5.0 AppleWebKit/537.36 (KHTML, like Gecko; compatible; Amazonbot/0.1; +https://developer.amazon.com/support/amazonbot) Chrome/119.0.6045.214 Safari/537.36" maoristudio.com 175064
74.7.227.128 - - [11/Nov/2025:10:26:55 -0300] "GET /pig42?path=//bin HTTP/1.1" 200 665055 "-" "Mozilla/5.0 AppleWebKit/537.36 (KHTML, like Gecko; compatible; GPTBot/1.3; +https://openai.com/gptbot)" maoristudio.com 6947607
74.7.227.128 - - [11/Nov/2025:10:27:04 -0300] "GET /mud45?path=//run HTTP/1.1" 200 29755 "-" "Mozilla/5.0 AppleWebKit/537.36 (KHTML, like Gecko; compatible; GPTBot/1.3; +https://openai.com/gptbot)" maoristudio.com 222828
74.7.227.128 - - [11/Nov/2025:10:27:05 -0300] "GET /sky32?path=//opt HTTP/1.1" 200 33687 "-" "Mozilla/5.0 AppleWebKit/537.36 (KHTML, like Gecko; compatible; GPTBot/1.3; +https://openai.com/gptbot)" maoristudio.com 251785
74.7.227.128 - - [11/Nov/2025:10:27:06 -0300] "GET /man85?path=//lib/fontconfig HTTP/1.1" 200 14096 "-" "Mozilla/5.0 AppleWebKit/537.36 (KHTML, like Gecko; compatible; GPTBot/1.3; +https://openai.com/gptbot)" maoristudio.com 289791
74.7.227.128 - - [11/Nov/2025:10:27:07 -0300] "GET /air55?path=//usr HTTP/1.1" 200 26927 "-" "Mozilla/5.0 AppleWebKit/537.36 (KHTML, like Gecko; compatible; GPTBot/1.3; +https://openai.com/gptbot)" maoristudio.com 449864
173.208.176.202 - - [11/Nov/2025:10:25:40 -0300] "GET /wp-includes/qq5da787/index.php?id=775696 HTTP/1.1" 200 - "http://maoristudio.com/wp-includes/qq5da787/index.php?id=775696" "Mozilla/5.0 (Windows NT 10.0; Win64; x64) AppleWebKit/537.36 (KHTML, like Gecko) Chrome/58.0.3029.110 Safari/537.3" maoristudio.com 87881758
74.7.227.128 - - [11/Nov/2025:10:27:08 -0300] "GET /ear42?path=//tmp HTTP/1.1" 200 12727 "-" "Mozilla/5.0 AppleWebKit/537.36 (KHTML, like Gecko; compatible; GPTBot/1.3; +https://openai.com/gptbot)" maoristudio.com 180890
74.7.227.128 - - [11/Nov/2025:10:27:09 -0300] "GET /huh77?path=//lib HTTP/1.1" 200 61010 "-" "Mozilla/5.0 AppleWebKit/537.36 (KHTML, like Gecko; compatible; GPTBot/1.3; +https://openai.com/gptbot)" maoristudio.com 137742
147.135.252.138 - - [11/Nov/2025:10:26:59 -0300] "GET /?fileloc=//lib/modules/5.14.0-570.52.1.el9_6.x86_64/kernel/drivers/gpu/drm/xe/xe.ko.xz&path=//lib/modules/5.14.0-570.52.1.el9_6.x86_64/kernel/drivers/gpu/drm/xe HTTP/1.1" 200 1963775 "-" "Mozilla/5.0 (compatible; MJ12bot/v1.4.8; http://mj12bot.com/)" maoristudio.com 11671466
74.7.227.128 - - [11/Nov/2025:10:27:11 -0300] "GET /pig42?fileloc=//bin/xsubpp&path=//bin HTTP/1.1" 200 17799 "-" "Mozilla/5.0 AppleWebKit/537.36 (KHTML, like Gecko; compatible; GPTBot/1.3; +https://openai.com/gptbot)" maoristudio.com 131605
173.208.176.202 - - [11/Nov/2025:10:25:43 -0300] "GET /wp-content/ade7e187/edit.php?id=798844 HTTP/1.1" 200 - "http://maoristudio.com/wp-content/ade7e187/edit.php?id=798844" "Mozilla/5.0 (Windows NT 10.0; Win64; x64) AppleWebKit/537.36 (KHTML, like Gecko) Chrome/58.0.3029.110 Safari/537.3" maoristudio.com 88081421
74.7.227.128 - - [11/Nov/2025:10:27:12 -0300] "GET /law21?fileloc=//bin/tclsh&path=//bin HTTP/1.1" 200 29949 "-" "Mozilla/5.0 AppleWebKit/537.36 (KHTML, like Gecko; compatible; GPTBot/1.3; +https://openai.com/gptbot)" maoristudio.com 118089
147.135.252.138 - - [11/Nov/2025:10:27:12 -0300] "GET /?fileloc=//lib/modules/5.14.0-570.52.1.el9_6.x86_64/kernel/drivers/i2c/algos/i2c-algo-bit.ko.xz&path=//lib/modules/5.14.0-570.52.1.el9_6.x86_64/kernel/drivers/i2c/algos HTTP/1.1" 200 25640 "-" "Mozilla/5.0 (compatible; MJ12bot/v1.4.8; http://mj12bot.com/)" maoristudio.com 344444
74.7.227.128 - - [11/Nov/2025:10:27:13 -0300] "GET /pig42?fileloc=//bin/grotty&path=//bin HTTP/1.1" 200 200031 "-" "Mozilla/5.0 AppleWebKit/537.36 (KHTML, like Gecko; compatible; GPTBot/1.3; +https://openai.com/gptbot)" maoristudio.com 1090510
147.135.252.138 - - [11/Nov/2025:10:27:15 -0300] "GET /?fileloc=//lib/modules/5.14.0-570.52.1.el9_6.x86_64/kernel/drivers/i2c/algos/i2c-algo-pca.ko.xz&path=//lib/modules/5.14.0-570.52.1.el9_6.x86_64/kernel/drivers/i2c/algos HTTP/1.1" 200 26127 "-" "Mozilla/5.0 (compatible; MJ12bot/v1.4.8; http://mj12bot.com/)" maoristudio.com 133512
74.7.227.128 - - [11/Nov/2025:10:27:16 -0300] "GET /so20?fileloc=//proc/mounts&path=//proc HTTP/1.1" 200 30705 "-" "Mozilla/5.0 AppleWebKit/537.36 (KHTML, like Gecko; compatible; GPTBot/1.3; +https://openai.com/gptbot)" maoristudio.com 108403
23.21.228.180 - - [11/Nov/2025:10:27:16 -0300] "GET /?path=//opt/cpanel/ea-wappspector/vendor/php-di/invoker HTTP/1.1" 200 19145 "-" "Mozilla/5.0 AppleWebKit/537.36 (KHTML, like Gecko; compatible; Amazonbot/0.1; +https://developer.amazon.com/support/amazonbot) Chrome/119.0.6045.214 Safari/537.36" maoristudio.com 145107
147.135.252.138 - - [11/Nov/2025:10:27:17 -0300] "GET /?fileloc=//lib/modules/5.14.0-570.52.1.el9_6.x86_64/kernel/drivers/i2c/busses/i2c-amd756-s4882.ko.xz&path=//lib/modules/5.14.0-570.52.1.el9_6.x86_64/kernel/drivers/i2c/busses HTTP/1.1" 200 21197 "-" "Mozilla/5.0 (compatible; MJ12bot/v1.4.8; http://mj12bot.com/)" maoristudio.com 139047
74.7.227.128 - - [11/Nov/2025:10:27:17 -0300] "GET /sky32?path=//opt/pdde HTTP/1.1" 200 14197 "-" "Mozilla/5.0 AppleWebKit/537.36 (KHTML, like Gecko; compatible; GPTBot/1.3; +https://openai.com/gptbot)" maoristudio.com 397046
74.7.227.128 - - [11/Nov/2025:10:27:18 -0300] "GET /so20?path=//proc/net HTTP/1.1" 200 85336 "-" "Mozilla/5.0 AppleWebKit/537.36 (KHTML, like Gecko; compatible; GPTBot/1.3; +https://openai.com/gptbot)" maoristudio.com 122938
147.135.252.138 - - [11/Nov/2025:10:27:19 -0300] "GET /?fileloc=//lib/modules/5.14.0-570.52.1.el9_6.x86_64/kernel/drivers/i2c/busses/i2c-amd756.ko.xz&path=//lib/modules/5.14.0-570.52.1.el9_6.x86_64/kernel/drivers/i2c/busses HTTP/1.1" 200 23835 "-" "Mozilla/5.0 (compatible; MJ12bot/v1.4.8; http://mj12bot.com/)" maoristudio.com 136252
74.7.227.128 - - [11/Nov/2025:10:27:19 -0300] "GET /set89?path=//run HTTP/1.1" 200 29755 "-" "Mozilla/5.0 AppleWebKit/537.36 (KHTML, like Gecko; compatible; GPTBot/1.3; +https://openai.com/gptbot)" maoristudio.com 138911
74.7.227.128 - - [11/Nov/2025:10:27:20 -0300] "GET /cup84?path=//tmp HTTP/1.1" 200 12727 "-" "Mozilla/5.0 AppleWebKit/537.36 (KHTML, like Gecko; compatible; GPTBot/1.3; +https://openai.com/gptbot)" maoristudio.com 188852
147.135.252.138 - - [11/Nov/2025:10:27:21 -0300] "GET /?fileloc=//lib/modules/5.14.0-570.52.1.el9_6.x86_64/kernel/drivers/i2c/busses/i2c-amd8111.ko.xz&path=//lib/modules/5.14.0-570.52.1.el9_6.x86_64/kernel/drivers/i2c/busses HTTP/1.1" 200 21859 "-" "Mozilla/5.0 (compatible; MJ12bot/v1.4.8; http://mj12bot.com/)" maoristudio.com 267921
147.135.252.138 - - [11/Nov/2025:10:27:23 -0300] "GET /?fileloc=//lib/modules/5.14.0-570.52.1.el9_6.x86_64/kernel/drivers/i2c/busses/i2c-designware-core.ko.xz&path=//lib/modules/5.14.0-570.52.1.el9_6.x86_64/kernel/drivers/i2c/busses HTTP/1.1" 200 37874 "-" "Mozilla/5.0 (compatible; MJ12bot/v1.4.8; http://mj12bot.com/)" maoristudio.com 270882
44.218.170.184 - - [11/Nov/2025:10:27:24 -0300] "GET /?path=//usr/share/locale/ca/LC_TIME HTTP/1.1" 200 14409 "-" "Mozilla/5.0 AppleWebKit/537.36 (KHTML, like Gecko; compatible; Amazonbot/0.1; +https://developer.amazon.com/support/amazonbot) Chrome/119.0.6045.214 Safari/537.36" maoristudio.com 177043
147.135.252.138 - - [11/Nov/2025:10:27:26 -0300] "GET /?fileloc=//lib/modules/5.14.0-570.52.1.el9_6.x86_64/kernel/drivers/i2c/busses/i2c-designware-platform.ko.xz&path=//lib/modules/5.14.0-570.52.1.el9_6.x86_64/kernel/drivers/i2c/busses HTTP/1.1" 200 23587 "-" "Mozilla/5.0 (compatible; MJ12bot/v1.4.8; http://mj12bot.com/)" maoristudio.com 292814
147.135.252.138 - - [11/Nov/2025:10:27:28 -0300] "GET /?fileloc=//lib/modules/5.14.0-570.52.1.el9_6.x86_64/kernel/drivers/i2c/busses/i2c-diolan-u2c.ko.xz&path=//lib/modules/5.14.0-570.52.1.el9_6.x86_64/kernel/drivers/i2c/busses HTTP/1.1" 200 22674 "-" "Mozilla/5.0 (compatible; MJ12bot/v1.4.8; http://mj12bot.com/)" maoristudio.com 279344
74.7.227.128 - - [11/Nov/2025:10:27:22 -0300] "GET /man85?path=//bin HTTP/1.1" 200 665055 "-" "Mozilla/5.0 AppleWebKit/537.36 (KHTML, like Gecko; compatible; GPTBot/1.3; +https://openai.com/gptbot)" maoristudio.com 6936178
74.7.227.128 - - [11/Nov/2025:10:27:30 -0300] "GET /dot93?path=//etc HTTP/1.1" 200 105890 "-" "Mozilla/5.0 AppleWebKit/537.36 (KHTML, like Gecko; compatible; GPTBot/1.3; +https://openai.com/gptbot)" maoristudio.com 221673
147.135.252.138 - - [11/Nov/2025:10:27:30 -0300] "GET /?fileloc=//lib/modules/5.14.0-570.52.1.el9_6.x86_64/kernel/drivers/i2c/busses/i2c-i801.ko.xz&path=//lib/modules/5.14.0-570.52.1.el9_6.x86_64/kernel/drivers/i2c/busses HTTP/1.1" 200 39318 "-" "Mozilla/5.0 (compatible; MJ12bot/v1.4.8; http://mj12bot.com/)" maoristudio.com 218885
74.7.227.128 - - [11/Nov/2025:10:27:32 -0300] "GET /law21?fileloc=//bin/ul&path=//bin HTTP/1.1" 200 43674 "-" "Mozilla/5.0 AppleWebKit/537.36 (KHTML, like Gecko; compatible; GPTBot/1.3; +https://openai.com/gptbot)" maoristudio.com 258940
54.83.23.103 - - [11/Nov/2025:10:27:32 -0300] "GET /?path=//proc/thread-self/cwd/wp-includes/css/dist HTTP/1.1" 200 37412 "-" "Mozilla/5.0 AppleWebKit/537.36 (KHTML, like Gecko; compatible; Amazonbot/0.1; +https://developer.amazon.com/support/amazonbot) Chrome/119.0.6045.214 Safari/537.36" maoristudio.com 247741
147.135.252.138 - - [11/Nov/2025:10:27:33 -0300] "GET /?fileloc=//lib/modules/5.14.0-570.52.1.el9_6.x86_64/kernel/drivers/i2c/busses/i2c-isch.ko.xz&path=//lib/modules/5.14.0-570.52.1.el9_6.x86_64/kernel/drivers/i2c/busses HTTP/1.1" 200 22955 "-" "Mozilla/5.0 (compatible; MJ12bot/v1.4.8; http://mj12bot.com/)" maoristudio.com 322133
74.7.227.128 - - [11/Nov/2025:10:27:33 -0300] "GET /ask71?path=//var HTTP/1.1" 200 29459 "-" "Mozilla/5.0 AppleWebKit/537.36 (KHTML, like Gecko; compatible; GPTBot/1.3; +https://openai.com/gptbot)" maoristudio.com 225026
74.7.227.128 - - [11/Nov/2025:10:27:34 -0300] "GET /bow76?path=//tmp HTTP/1.1" 200 12727 "-" "Mozilla/5.0 AppleWebKit/537.36 (KHTML, like Gecko; compatible; GPTBot/1.3; +https://openai.com/gptbot)" maoristudio.com 240838
147.135.252.138 - - [11/Nov/2025:10:27:35 -0300] "GET /?fileloc=//lib/modules/5.14.0-570.52.1.el9_6.x86_64/kernel/drivers/i2c/busses/i2c-ismt.ko.xz&path=//lib/modules/5.14.0-570.52.1.el9_6.x86_64/kernel/drivers/i2c/busses HTTP/1.1" 200 32465 "-" "Mozilla/5.0 (compatible; MJ12bot/v1.4.8; http://mj12bot.com/)" maoristudio.com 205430
74.7.227.128 - - [11/Nov/2025:10:27:35 -0300] "GET /wow41?path=//etc HTTP/1.1" 200 105890 "-" "Mozilla/5.0 AppleWebKit/537.36 (KHTML, like Gecko; compatible; GPTBot/1.3; +https://openai.com/gptbot)" maoristudio.com 438885
147.135.252.138 - - [11/Nov/2025:10:27:37 -0300] "GET /?fileloc=//lib/modules/5.14.0-570.52.1.el9_6.x86_64/kernel/drivers/i2c/busses/i2c-mlxcpld.ko.xz&path=//lib/modules/5.14.0-570.52.1.el9_6.x86_64/kernel/drivers/i2c/busses HTTP/1.1" 200 23791 "-" "Mozilla/5.0 (compatible; MJ12bot/v1.4.8; http://mj12bot.com/)" maoristudio.com 205732
74.7.227.128 - - [11/Nov/2025:10:27:37 -0300] "GET /so20?fileloc=//proc/net/dev_mcast&path=//proc/net HTTP/1.1" 200 12355 "-" "Mozilla/5.0 AppleWebKit/537.36 (KHTML, like Gecko; compatible; GPTBot/1.3; +https://openai.com/gptbot)" maoristudio.com 367043
74.7.227.128 - - [11/Nov/2025:10:27:38 -0300] "GET /man85?fileloc=//bin/sdiff&path=//bin HTTP/1.1" 200 74030 "-" "Mozilla/5.0 AppleWebKit/537.36 (KHTML, like Gecko; compatible; GPTBot/1.3; +https://openai.com/gptbot)" maoristudio.com 251405
147.135.252.138 - - [11/Nov/2025:10:27:39 -0300] "GET /?fileloc=//lib/modules/5.14.0-570.52.1.el9_6.x86_64/kernel/drivers/i2c/busses/i2c-nforce2-s4985.ko.xz&path=//lib/modules/5.14.0-570.52.1.el9_6.x86_64/kernel/drivers/i2c/busses HTTP/1.1" 200 21212 "-" "Mozilla/5.0 (compatible; MJ12bot/v1.4.8; http://mj12bot.com/)" maoristudio.com 172145
74.7.227.128 - - [11/Nov/2025:10:27:39 -0300] "GET /so20?fileloc=//proc/net/protocols&path=//proc/net HTTP/1.1" 200 12355 "-" "Mozilla/5.0 AppleWebKit/537.36 (KHTML, like Gecko; compatible; GPTBot/1.3; +https://openai.com/gptbot)" maoristudio.com 195662
74.7.227.128 - - [11/Nov/2025:10:27:40 -0300] "GET /so20?fileloc=//proc/net/connector&path=//proc/net HTTP/1.1" 200 12355 "-" "Mozilla/5.0 AppleWebKit/537.36 (KHTML, like Gecko; compatible; GPTBot/1.3; +https://openai.com/gptbot)" maoristudio.com 200357
147.135.252.138 - - [11/Nov/2025:10:27:41 -0300] "GET /?fileloc=//lib/modules/5.14.0-570.52.1.el9_6.x86_64/kernel/drivers/i2c/busses/i2c-nforce2.ko.xz&path=//lib/modules/5.14.0-570.52.1.el9_6.x86_64/kernel/drivers/i2c/busses HTTP/1.1" 200 23531 "-" "Mozilla/5.0 (compatible; MJ12bot/v1.4.8; http://mj12bot.com/)" maoristudio.com 188868
74.7.227.128 - - [11/Nov/2025:10:27:41 -0300] "GET /so20?fileloc=//proc/net/xfrm_stat&path=//proc/net HTTP/1.1" 200 12355 "-" "Mozilla/5.0 AppleWebKit/537.36 (KHTML, like Gecko; compatible; GPTBot/1.3; +https://openai.com/gptbot)" maoristudio.com 196899
74.7.227.128 - - [11/Nov/2025:10:27:43 -0300] "GET /so20?fileloc=//proc/net/netstat&path=//proc/net HTTP/1.1" 200 12353 "-" "Mozilla/5.0 AppleWebKit/537.36 (KHTML, like Gecko; compatible; GPTBot/1.3; +https://openai.com/gptbot)" maoristudio.com 165866
147.135.252.138 - - [11/Nov/2025:10:27:43 -0300] "GET /?fileloc=//lib/modules/5.14.0-570.52.1.el9_6.x86_64/kernel/drivers/i2c/busses/i2c-parport.ko.xz&path=//lib/modules/5.14.0-570.52.1.el9_6.x86_64/kernel/drivers/i2c/busses HTTP/1.1" 200 27595 "-" "Mozilla/5.0 (compatible; MJ12bot/v1.4.8; http://mj12bot.com/)" maoristudio.com 299564
74.7.227.128 - - [11/Nov/2025:10:27:44 -0300] "GET /fat16?path=//etc HTTP/1.1" 200 105890 "-" "Mozilla/5.0 AppleWebKit/537.36 (KHTML, like Gecko; compatible; GPTBot/1.3; +https://openai.com/gptbot)" maoristudio.com 280974
74.7.227.128 - - [11/Nov/2025:10:27:45 -0300] "GET /so20?fileloc=//proc/net/nf_conntrack_expect&path=//proc/net HTTP/1.1" 200 12365 "-" "Mozilla/5.0 AppleWebKit/537.36 (KHTML, like Gecko; compatible; GPTBot/1.3; +https://openai.com/gptbot)" maoristudio.com 248543
