208.110.64.178 - - [11/Nov/2025:10:32:26 -0300] "GET /wp-content/ade7e187/edit.php HTTP/1.1" 200 6 "http://maoristudio.com/wp-content/ade7e187/edit.php" "Mozilla/5.0 (Windows NT 10.0; Win64; x64) AppleWebKit/537.36 (KHTML, like Gecko) Chrome/58.0.3029.110 Safari/537.3" maoristudio.com 426874
74.7.227.128 - - [11/Nov/2025:10:32:27 -0300] "GET /wow41?fileloc=//bin/make&path=//bin HTTP/1.1" 200 406211 "-" "Mozilla/5.0 AppleWebKit/537.36 (KHTML, like Gecko; compatible; GPTBot/1.3; +https://openai.com/gptbot)" maoristudio.com 3819643
74.7.227.128 - - [11/Nov/2025:10:32:32 -0300] "GET /shy59?path=//tmp HTTP/1.1" 200 12727 "-" "Mozilla/5.0 AppleWebKit/537.36 (KHTML, like Gecko; compatible; GPTBot/1.3; +https://openai.com/gptbot)" maoristudio.com 208730
74.7.227.128 - - [11/Nov/2025:10:32:33 -0300] "GET /why59?path=//tmp HTTP/1.1" 200 12727 "-" "Mozilla/5.0 AppleWebKit/537.36 (KHTML, like Gecko; compatible; GPTBot/1.3; +https://openai.com/gptbot)" maoristudio.com 233670
74.7.227.128 - - [11/Nov/2025:10:32:34 -0300] "GET /set89?path=//lib HTTP/1.1" 200 61010 "-" "Mozilla/5.0 AppleWebKit/537.36 (KHTML, like Gecko; compatible; GPTBot/1.3; +https://openai.com/gptbot)" maoristudio.com 220699
74.7.227.128 - - [11/Nov/2025:10:32:35 -0300] "GET /man62?path=//lib HTTP/1.1" 200 61010 "-" "Mozilla/5.0 AppleWebKit/537.36 (KHTML, like Gecko; compatible; GPTBot/1.3; +https://openai.com/gptbot)" maoristudio.com 208898
74.7.227.128 - - [11/Nov/2025:10:32:36 -0300] "GET /man62?path=//etc HTTP/1.1" 200 105890 "-" "Mozilla/5.0 AppleWebKit/537.36 (KHTML, like Gecko; compatible; GPTBot/1.3; +https://openai.com/gptbot)" maoristudio.com 239201
74.7.227.128 - - [11/Nov/2025:10:32:38 -0300] "GET /ass29?path=//var HTTP/1.1" 200 29459 "-" "Mozilla/5.0 AppleWebKit/537.36 (KHTML, like Gecko; compatible; GPTBot/1.3; +https://openai.com/gptbot)" maoristudio.com 193014
74.7.227.128 - - [11/Nov/2025:10:32:39 -0300] "GET /uh73?path=//root HTTP/1.1" 200 12729 "-" "Mozilla/5.0 AppleWebKit/537.36 (KHTML, like Gecko; compatible; GPTBot/1.3; +https://openai.com/gptbot)" maoristudio.com 159258
74.7.227.128 - - [11/Nov/2025:10:32:40 -0300] "GET /it53?path=//proc HTTP/1.1" 200 102372 "-" "Mozilla/5.0 AppleWebKit/537.36 (KHTML, like Gecko; compatible; GPTBot/1.3; +https://openai.com/gptbot)" maoristudio.com 207506
3.208.146.193 - - [11/Nov/2025:10:32:40 -0300] "GET /?path=//proc/thread-self/root/opt/alt/dav1d HTTP/1.1" 200 15769 "-" "Mozilla/5.0 AppleWebKit/537.36 (KHTML, like Gecko; compatible; Amazonbot/0.1; +https://developer.amazon.com/support/amazonbot) Chrome/119.0.6045.214 Safari/537.36" maoristudio.com 220586
74.7.227.128 - - [11/Nov/2025:10:32:42 -0300] "GET /her57?path=//var HTTP/1.1" 200 29459 "-" "Mozilla/5.0 AppleWebKit/537.36 (KHTML, like Gecko; compatible; GPTBot/1.3; +https://openai.com/gptbot)" maoristudio.com 247301
74.7.227.128 - - [11/Nov/2025:10:32:43 -0300] "GET /bow76?path=//opt HTTP/1.1" 200 33687 "-" "Mozilla/5.0 AppleWebKit/537.36 (KHTML, like Gecko; compatible; GPTBot/1.3; +https://openai.com/gptbot)" maoristudio.com 252813
74.7.227.128 - - [11/Nov/2025:10:32:44 -0300] "GET /its15?path=//usr HTTP/1.1" 200 26927 "-" "Mozilla/5.0 AppleWebKit/537.36 (KHTML, like Gecko; compatible; GPTBot/1.3; +https://openai.com/gptbot)" maoristudio.com 266285
74.7.227.128 - - [11/Nov/2025:10:32:45 -0300] "GET /per95?path=//lib HTTP/1.1" 200 61010 "-" "Mozilla/5.0 AppleWebKit/537.36 (KHTML, like Gecko; compatible; GPTBot/1.3; +https://openai.com/gptbot)" maoristudio.com 249821
107.22.208.39 - - [11/Nov/2025:10:32:46 -0300] "GET /?path=//proc/self/root/usr/share/imunify360 HTTP/1.1" 200 14379 "-" "Mozilla/5.0 AppleWebKit/537.36 (KHTML, like Gecko; compatible; Amazonbot/0.1; +https://developer.amazon.com/support/amazonbot) Chrome/119.0.6045.214 Safari/537.36" maoristudio.com 239196
74.7.227.128 - - [11/Nov/2025:10:32:46 -0300] "GET /who94?path=//opt/ai-bolit HTTP/1.1" 200 42021 "-" "Mozilla/5.0 AppleWebKit/537.36 (KHTML, like Gecko; compatible; GPTBot/1.3; +https://openai.com/gptbot)" maoristudio.com 222607
74.7.227.128 - - [11/Nov/2025:10:32:48 -0300] "GET /lay28?path=//lib HTTP/1.1" 200 61010 "-" "Mozilla/5.0 AppleWebKit/537.36 (KHTML, like Gecko; compatible; GPTBot/1.3; +https://openai.com/gptbot)" maoristudio.com 201560
74.7.227.128 - - [11/Nov/2025:10:32:49 -0300] "GET /eat64?path=//var HTTP/1.1" 200 29459 "-" "Mozilla/5.0 AppleWebKit/537.36 (KHTML, like Gecko; compatible; GPTBot/1.3; +https://openai.com/gptbot)" maoristudio.com 254973
74.7.227.128 - - [11/Nov/2025:10:32:50 -0300] "GET /shy59?path=//opt HTTP/1.1" 200 33687 "-" "Mozilla/5.0 AppleWebKit/537.36 (KHTML, like Gecko; compatible; GPTBot/1.3; +https://openai.com/gptbot)" maoristudio.com 330726
74.7.227.128 - - [11/Nov/2025:10:32:51 -0300] "GET /it53?path=//proc/net HTTP/1.1" 200 85336 "-" "Mozilla/5.0 AppleWebKit/537.36 (KHTML, like Gecko; compatible; GPTBot/1.3; +https://openai.com/gptbot)" maoristudio.com 371084
74.7.227.128 - - [11/Nov/2025:10:32:53 -0300] "GET /man62?path=//etc/openldap HTTP/1.1" 200 15508 "-" "Mozilla/5.0 AppleWebKit/537.36 (KHTML, like Gecko; compatible; GPTBot/1.3; +https://openai.com/gptbot)" maoristudio.com 212864
74.7.227.128 - - [11/Nov/2025:10:32:54 -0300] "GET /law21?path=//opt HTTP/1.1" 200 33687 "-" "Mozilla/5.0 AppleWebKit/537.36 (KHTML, like Gecko; compatible; GPTBot/1.3; +https://openai.com/gptbot)" maoristudio.com 243888
74.7.227.128 - - [11/Nov/2025:10:32:55 -0300] "GET /cup84?path=//etc HTTP/1.1" 200 105890 "-" "Mozilla/5.0 AppleWebKit/537.36 (KHTML, like Gecko; compatible; GPTBot/1.3; +https://openai.com/gptbot)" maoristudio.com 202699
52.3.104.214 - - [11/Nov/2025:10:33:16 -0300] "GET /?path=//proc/thread-self/root/lib/.build-id/2a HTTP/1.1" 200 19586 "-" "Mozilla/5.0 AppleWebKit/537.36 (KHTML, like Gecko; compatible; Amazonbot/0.1; +https://developer.amazon.com/support/amazonbot) Chrome/119.0.6045.214 Safari/537.36" maoristudio.com 196820
74.7.227.128 - - [11/Nov/2025:10:32:57 -0300] "GET /its15?path=//usr/lib64 HTTP/1.1" 200 2148971 "-" "Mozilla/5.0 AppleWebKit/537.36 (KHTML, like Gecko; compatible; GPTBot/1.3; +https://openai.com/gptbot)" maoristudio.com 24877806
74.7.227.128 - - [11/Nov/2025:10:33:22 -0300] "GET /gun55?path=//var HTTP/1.1" 200 29459 "-" "Mozilla/5.0 AppleWebKit/537.36 (KHTML, like Gecko; compatible; GPTBot/1.3; +https://openai.com/gptbot)" maoristudio.com 163919
74.7.227.128 - - [11/Nov/2025:10:33:24 -0300] "GET /who88?path=//etc HTTP/1.1" 200 105890 "-" "Mozilla/5.0 AppleWebKit/537.36 (KHTML, like Gecko; compatible; GPTBot/1.3; +https://openai.com/gptbot)" maoristudio.com 162661
173.208.176.202 - - [11/Nov/2025:10:31:56 -0300] "GET /wp-content/ade7e187/edit.php?id=798844 HTTP/1.1" 200 - "http://maoristudio.com/wp-content/ade7e187/edit.php?id=798844" "Mozilla/5.0 (Windows NT 10.0; Win64; x64) AppleWebKit/537.36 (KHTML, like Gecko) Chrome/58.0.3029.110 Safari/537.3" maoristudio.com 87789852
74.7.227.128 - - [11/Nov/2025:10:33:25 -0300] "GET /ad82?path=//sbin HTTP/1.1" 200 61855 "-" "Mozilla/5.0 AppleWebKit/537.36 (KHTML, like Gecko; compatible; GPTBot/1.3; +https://openai.com/gptbot)" maoristudio.com 119434
74.7.227.128 - - [11/Nov/2025:10:33:26 -0300] "GET /dig39?path=//lib HTTP/1.1" 200 61010 "-" "Mozilla/5.0 AppleWebKit/537.36 (KHTML, like Gecko; compatible; GPTBot/1.3; +https://openai.com/gptbot)" maoristudio.com 182521
74.7.227.128 - - [11/Nov/2025:10:33:27 -0300] "GET /fat11?path=//usr HTTP/1.1" 200 26927 "-" "Mozilla/5.0 AppleWebKit/537.36 (KHTML, like Gecko; compatible; GPTBot/1.3; +https://openai.com/gptbot)" maoristudio.com 126825
74.7.227.128 - - [11/Nov/2025:10:33:29 -0300] "GET /it53?fileloc=//proc/net/route&path=//proc/net HTTP/1.1" 200 12351 "-" "Mozilla/5.0 AppleWebKit/537.36 (KHTML, like Gecko; compatible; GPTBot/1.3; +https://openai.com/gptbot)" maoristudio.com 131551
74.7.227.128 - - [11/Nov/2025:10:33:30 -0300] "GET /it53?fileloc=//proc/net/nf_conntrack_expect&path=//proc/net HTTP/1.1" 200 12365 "-" "Mozilla/5.0 AppleWebKit/537.36 (KHTML, like Gecko; compatible; GPTBot/1.3; +https://openai.com/gptbot)" maoristudio.com 109953
74.7.227.128 - - [11/Nov/2025:10:33:31 -0300] "GET /it53?fileloc=//proc/net/ip6_mr_cache&path=//proc/net HTTP/1.1" 200 12358 "-" "Mozilla/5.0 AppleWebKit/537.36 (KHTML, like Gecko; compatible; GPTBot/1.3; +https://openai.com/gptbot)" maoristudio.com 175843
74.7.227.128 - - [11/Nov/2025:10:33:32 -0300] "GET /its15?fileloc=//usr/lib64/libwayland-server.so.0&path=//usr/lib64 HTTP/1.1" 200 131164 "-" "Mozilla/5.0 AppleWebKit/537.36 (KHTML, like Gecko; compatible; GPTBot/1.3; +https://openai.com/gptbot)" maoristudio.com 125271
44.217.255.167 - - [11/Nov/2025:10:33:33 -0300] "GET /?path=//usr/lib/dracut/modules.d/01systemd-repart HTTP/1.1" 200 14505 "-" "Mozilla/5.0 AppleWebKit/537.36 (KHTML, like Gecko; compatible; Amazonbot/0.1; +https://developer.amazon.com/support/amazonbot) Chrome/119.0.6045.214 Safari/537.36" maoristudio.com 111569
74.7.227.128 - - [11/Nov/2025:10:33:33 -0300] "GET /pig42?path=//lib HTTP/1.1" 200 61010 "-" "Mozilla/5.0 AppleWebKit/537.36 (KHTML, like Gecko; compatible; GPTBot/1.3; +https://openai.com/gptbot)" maoristudio.com 128457
173.208.176.202 - - [11/Nov/2025:10:31:59 -0300] "GET /wp-includes/qq5da787/index.php?id=775696 HTTP/1.1" 200 - "http://maoristudio.com/wp-includes/qq5da787/index.php?id=775696" "Mozilla/5.0 (Windows NT 10.0; Win64; x64) AppleWebKit/537.36 (KHTML, like Gecko) Chrome/58.0.3029.110 Safari/537.3" maoristudio.com 102843555
74.7.227.128 - - [11/Nov/2025:10:33:34 -0300] "GET /its15?fileloc=//usr/lib64/libzstd.so.1.5.5&path=//usr/lib64 HTTP/1.1" 200 1244391 "-" "Mozilla/5.0 AppleWebKit/537.36 (KHTML, like Gecko; compatible; GPTBot/1.3; +https://openai.com/gptbot)" maoristudio.com 13160398
34.225.24.180 - - [11/Nov/2025:10:33:48 -0300] "GET /?path=//proc/self/root/lib/firmware/ixp4xx HTTP/1.1" 200 19016 "-" "Mozilla/5.0 AppleWebKit/537.36 (KHTML, like Gecko; compatible; Amazonbot/0.1; +https://developer.amazon.com/support/amazonbot) Chrome/119.0.6045.214 Safari/537.36" maoristudio.com 198715
100.28.133.214 - - [11/Nov/2025:10:33:52 -0300] "GET /?path=//usr/share/locale/zh_Hant/LC_MESSAGES HTTP/1.1" 200 15995 "-" "Mozilla/5.0 AppleWebKit/537.36 (KHTML, like Gecko; compatible; Amazonbot/0.1; +https://developer.amazon.com/support/amazonbot) Chrome/119.0.6045.214 Safari/537.36" maoristudio.com 141254
74.7.227.128 - - [11/Nov/2025:10:33:50 -0300] "GET /its15?fileloc=//usr/lib64/libmcrypt.so.4.4.8&path=//usr/lib64 HTTP/1.1" 200 305476 "-" "Mozilla/5.0 AppleWebKit/537.36 (KHTML, like Gecko; compatible; GPTBot/1.3; +https://openai.com/gptbot)" maoristudio.com 3233608
74.7.227.128 - - [11/Nov/2025:10:33:56 -0300] "GET /it53?fileloc=//proc/net/ip6_flowlabel&path=//proc/net HTTP/1.1" 200 12359 "-" "Mozilla/5.0 AppleWebKit/537.36 (KHTML, like Gecko; compatible; GPTBot/1.3; +https://openai.com/gptbot)" maoristudio.com 358427
74.7.227.128 - - [11/Nov/2025:10:33:57 -0300] "GET /its15?fileloc=//usr/lib64/libpam.so.0&path=//usr/lib64 HTTP/1.1" 200 111439 "-" "Mozilla/5.0 AppleWebKit/537.36 (KHTML, like Gecko; compatible; GPTBot/1.3; +https://openai.com/gptbot)" maoristudio.com 151732
52.202.52.82 - - [11/Nov/2025:10:33:58 -0300] "GET /?path=//proc/self/root/lib64/llvm/plugins HTTP/1.1" 200 14521 "-" "Mozilla/5.0 AppleWebKit/537.36 (KHTML, like Gecko; compatible; Amazonbot/0.1; +https://developer.amazon.com/support/amazonbot) Chrome/119.0.6045.214 Safari/537.36" maoristudio.com 323496
74.7.227.128 - - [11/Nov/2025:10:33:59 -0300] "GET /its15?fileloc=//usr/lib64/libgcc_s.so.1&path=//usr/lib64 HTTP/1.1" 200 184753 "-" "Mozilla/5.0 AppleWebKit/537.36 (KHTML, like Gecko; compatible; GPTBot/1.3; +https://openai.com/gptbot)" maoristudio.com 1077937
74.7.227.128 - - [11/Nov/2025:10:34:04 -0300] "GET /it53?fileloc=//proc/net/protocols&path=//proc/net HTTP/1.1" 200 12355 "-" "Mozilla/5.0 AppleWebKit/537.36 (KHTML, like Gecko; compatible; GPTBot/1.3; +https://openai.com/gptbot)" maoristudio.com 126807
74.7.227.128 - - [11/Nov/2025:10:34:05 -0300] "GET /it53?fileloc=//proc/net/connector&path=//proc/net HTTP/1.1" 200 12355 "-" "Mozilla/5.0 AppleWebKit/537.36 (KHTML, like Gecko; compatible; GPTBot/1.3; +https://openai.com/gptbot)" maoristudio.com 140680
74.7.227.128 - - [11/Nov/2025:10:34:06 -0300] "GET /its15?fileloc=//usr/lib64/libcdt.so.5&path=//usr/lib64 HTTP/1.1" 200 60070 "-" "Mozilla/5.0 AppleWebKit/537.36 (KHTML, like Gecko; compatible; GPTBot/1.3; +https://openai.com/gptbot)" maoristudio.com 127053
74.7.227.128 - - [11/Nov/2025:10:34:07 -0300] "GET /it53?fileloc=//proc/net/packet&path=//proc/net HTTP/1.1" 200 12352 "-" "Mozilla/5.0 AppleWebKit/537.36 (KHTML, like Gecko; compatible; GPTBot/1.3; +https://openai.com/gptbot)" maoristudio.com 195669
74.7.227.128 - - [11/Nov/2025:10:34:08 -0300] "GET /it53?fileloc=//proc/net/ipv6_route&path=//proc/net HTTP/1.1" 200 12356 "-" "Mozilla/5.0 AppleWebKit/537.36 (KHTML, like Gecko; compatible; GPTBot/1.3; +https://openai.com/gptbot)" maoristudio.com 361491
18.204.152.114 - - [11/Nov/2025:10:34:09 -0300] "GET /?path=//proc/thread-self/root/lib/.build-id/c7 HTTP/1.1" 200 37656 "-" "Mozilla/5.0 AppleWebKit/537.36 (KHTML, like Gecko; compatible; Amazonbot/0.1; +https://developer.amazon.com/support/amazonbot) Chrome/119.0.6045.214 Safari/537.36" maoristudio.com 206250
74.7.227.128 - - [11/Nov/2025:10:34:10 -0300] "GET /it53?fileloc=//proc/net/mcfilter6&path=//proc/net HTTP/1.1" 200 12355 "-" "Mozilla/5.0 AppleWebKit/537.36 (KHTML, like Gecko; compatible; GPTBot/1.3; +https://openai.com/gptbot)" maoristudio.com 162843
74.7.227.128 - - [11/Nov/2025:10:34:11 -0300] "GET /it53?fileloc=//proc/net/sockstat6&path=//proc/net HTTP/1.1" 200 12355 "-" "Mozilla/5.0 AppleWebKit/537.36 (KHTML, like Gecko; compatible; GPTBot/1.3; +https://openai.com/gptbot)" maoristudio.com 131712
74.7.227.128 - - [11/Nov/2025:10:34:12 -0300] "GET /it53?fileloc=//proc/net/rt6_stats&path=//proc/net HTTP/1.1" 200 12355 "-" "Mozilla/5.0 AppleWebKit/537.36 (KHTML, like Gecko; compatible; GPTBot/1.3; +https://openai.com/gptbot)" maoristudio.com 381008
74.7.227.128 - - [11/Nov/2025:10:34:13 -0300] "GET /it53?fileloc=//proc/net/udplite&path=//proc/net HTTP/1.1" 403 87388 "-" "Mozilla/5.0 AppleWebKit/537.36 (KHTML, like Gecko; compatible; GPTBot/1.3; +https://openai.com/gptbot)" maoristudio.com 175375
74.7.227.128 - - [11/Nov/2025:10:34:14 -0300] "GET /it53?fileloc=//proc/net/psched&path=//proc/net HTTP/1.1" 200 12352 "-" "Mozilla/5.0 AppleWebKit/537.36 (KHTML, like Gecko; compatible; GPTBot/1.3; +https://openai.com/gptbot)" maoristudio.com 141701
74.7.227.128 - - [11/Nov/2025:10:34:15 -0300] "GET /it53?fileloc=//proc/net/mcfilter&path=//proc/net HTTP/1.1" 200 12354 "-" "Mozilla/5.0 AppleWebKit/537.36 (KHTML, like Gecko; compatible; GPTBot/1.3; +https://openai.com/gptbot)" maoristudio.com 333782
74.7.227.128 - - [11/Nov/2025:10:34:17 -0300] "GET /pig42?path=//lib/environment.d HTTP/1.1" 200 14259 "-" "Mozilla/5.0 AppleWebKit/537.36 (KHTML, like Gecko; compatible; GPTBot/1.3; +https://openai.com/gptbot)" maoristudio.com 178639
52.7.13.143 - - [11/Nov/2025:10:34:17 -0300] "GET /?path=//proc/thread-self/root/lib/locale/en_ZW HTTP/1.1" 200 31276 "-" "Mozilla/5.0 AppleWebKit/537.36 (KHTML, like Gecko; compatible; Amazonbot/0.1; +https://developer.amazon.com/support/amazonbot) Chrome/119.0.6045.214 Safari/537.36" maoristudio.com 140388
74.7.227.128 - - [11/Nov/2025:10:34:18 -0300] "GET /it53?fileloc=//proc/net/sockstat&path=//proc/net HTTP/1.1" 200 12354 "-" "Mozilla/5.0 AppleWebKit/537.36 (KHTML, like Gecko; compatible; GPTBot/1.3; +https://openai.com/gptbot)" maoristudio.com 164600
74.7.227.128 - - [11/Nov/2025:10:34:19 -0300] "GET /it53?fileloc=//proc/net/softnet_stat&path=//proc/net HTTP/1.1" 200 12358 "-" "Mozilla/5.0 AppleWebKit/537.36 (KHTML, like Gecko; compatible; GPTBot/1.3; +https://openai.com/gptbot)" maoristudio.com 325860
74.7.227.128 - - [11/Nov/2025:10:34:20 -0300] "GET /it53?fileloc=//proc/net/udplite6&path=//proc/net HTTP/1.1" 403 87395 "-" "Mozilla/5.0 AppleWebKit/537.36 (KHTML, like Gecko; compatible; GPTBot/1.3; +https://openai.com/gptbot)" maoristudio.com 416909
74.7.227.128 - - [11/Nov/2025:10:34:21 -0300] "GET /it53?fileloc=//proc/net/fib_triestat&path=//proc/net HTTP/1.1" 200 12358 "-" "Mozilla/5.0 AppleWebKit/537.36 (KHTML, like Gecko; compatible; GPTBot/1.3; +https://openai.com/gptbot)" maoristudio.com 162037
74.7.227.128 - - [11/Nov/2025:10:34:23 -0300] "GET /it53?fileloc=//proc/net/nf_conntrack&path=//proc/net HTTP/1.1" 200 12358 "-" "Mozilla/5.0 AppleWebKit/537.36 (KHTML, like Gecko; compatible; GPTBot/1.3; +https://openai.com/gptbot)" maoristudio.com 159027
74.7.227.128 - - [11/Nov/2025:10:34:24 -0300] "GET /it53?fileloc=//proc/net/icmp&path=//proc/net HTTP/1.1" 200 12350 "-" "Mozilla/5.0 AppleWebKit/537.36 (KHTML, like Gecko; compatible; GPTBot/1.3; +https://openai.com/gptbot)" maoristudio.com 149371
37.19.223.243 - - [11/Nov/2025:10:34:24 -0300] "GET / HTTP/1.0" 200 87388 "http://maoristudio.com/" "Mozilla/5.0 (Windows NT 10.0; Win64; x64) AppleWebKit/537.36 (KHTML, like Gecko) Chrome/131.0.0.0 Safari/537.36 Avast/131.0.0.0" maoristudio.com 647201
74.7.227.128 - - [11/Nov/2025:10:34:25 -0300] "GET /it53?fileloc=//proc/net/ptype&path=//proc/net HTTP/1.1" 200 12351 "-" "Mozilla/5.0 AppleWebKit/537.36 (KHTML, like Gecko; compatible; GPTBot/1.3; +https://openai.com/gptbot)" maoristudio.com 130735
74.7.227.128 - - [11/Nov/2025:10:34:26 -0300] "GET /it53?fileloc=//proc/net/tcp6&path=//proc/net HTTP/1.1" 403 87388 "-" "Mozilla/5.0 AppleWebKit/537.36 (KHTML, like Gecko; compatible; GPTBot/1.3; +https://openai.com/gptbot)" maoristudio.com 257993
74.7.227.128 - - [11/Nov/2025:10:34:27 -0300] "GET /it53?fileloc=//proc/net/rt_cache&path=//proc/net HTTP/1.1" 200 12354 "-" "Mozilla/5.0 AppleWebKit/537.36 (KHTML, like Gecko; compatible; GPTBot/1.3; +https://openai.com/gptbot)" maoristudio.com 158497
74.7.227.128 - - [11/Nov/2025:10:34:28 -0300] "GET /it53?fileloc=//proc/net/unix&path=//proc/net HTTP/1.1" 200 115933 "-" "Mozilla/5.0 AppleWebKit/537.36 (KHTML, like Gecko; compatible; GPTBot/1.3; +https://openai.com/gptbot)" maoristudio.com 246888
74.7.227.128 - - [11/Nov/2025:10:34:30 -0300] "GET /it53?fileloc=//proc/net/tls_stat&path=//proc/net HTTP/1.1" 200 12354 "-" "Mozilla/5.0 AppleWebKit/537.36 (KHTML, like Gecko; compatible; GPTBot/1.3; +https://openai.com/gptbot)" maoristudio.com 201023
74.7.227.128 - - [11/Nov/2025:10:34:31 -0300] "GET /it53?fileloc=//proc/net/snmp&path=//proc/net HTTP/1.1" 200 12350 "-" "Mozilla/5.0 AppleWebKit/537.36 (KHTML, like Gecko; compatible; GPTBot/1.3; +https://openai.com/gptbot)" maoristudio.com 368888
74.7.227.128 - - [11/Nov/2025:10:34:32 -0300] "GET /it53?fileloc=//proc/net/igmp&path=//proc/net HTTP/1.1" 200 12350 "-" "Mozilla/5.0 AppleWebKit/537.36 (KHTML, like Gecko; compatible; GPTBot/1.3; +https://openai.com/gptbot)" maoristudio.com 154752
74.7.227.128 - - [11/Nov/2025:10:34:33 -0300] "GET /it53?fileloc=//proc/net/raw6&path=//proc/net HTTP/1.1" 200 12516 "-" "Mozilla/5.0 AppleWebKit/537.36 (KHTML, like Gecko; compatible; GPTBot/1.3; +https://openai.com/gptbot)" maoristudio.com 124973
74.7.227.128 - - [11/Nov/2025:10:34:34 -0300] "GET /it53?fileloc=//proc/net/icmp6&path=//proc/net HTTP/1.1" 200 12351 "-" "Mozilla/5.0 AppleWebKit/537.36 (KHTML, like Gecko; compatible; GPTBot/1.3; +https://openai.com/gptbot)" maoristudio.com 121604
74.7.227.128 - - [11/Nov/2025:10:34:35 -0300] "GET /it53?fileloc=//proc/net/udp6&path=//proc/net HTTP/1.1" 403 87395 "-" "Mozilla/5.0 AppleWebKit/537.36 (KHTML, like Gecko; compatible; GPTBot/1.3; +https://openai.com/gptbot)" maoristudio.com 167015
74.7.227.128 - - [11/Nov/2025:10:34:37 -0300] "GET /it53?fileloc=//proc/net/igmp6&path=//proc/net HTTP/1.1" 200 12351 "-" "Mozilla/5.0 AppleWebKit/537.36 (KHTML, like Gecko; compatible; GPTBot/1.3; +https://openai.com/gptbot)" maoristudio.com 144353
74.7.227.128 - - [11/Nov/2025:10:34:38 -0300] "GET /it53?fileloc=//proc/net/snmp6&path=//proc/net HTTP/1.1" 200 12351 "-" "Mozilla/5.0 AppleWebKit/537.36 (KHTML, like Gecko; compatible; GPTBot/1.3; +https://openai.com/gptbot)" maoristudio.com 171116
74.7.227.128 - - [11/Nov/2025:10:34:39 -0300] "GET /it53?fileloc=//proc/net/xfrm_stat&path=//proc/net HTTP/1.1" 200 12355 "-" "Mozilla/5.0 AppleWebKit/537.36 (KHTML, like Gecko; compatible; GPTBot/1.3; +https://openai.com/gptbot)" maoristudio.com 145977
74.7.227.128 - - [11/Nov/2025:10:34:40 -0300] "GET /it53?fileloc=//proc/net/dev_mcast&path=//proc/net HTTP/1.1" 200 12355 "-" "Mozilla/5.0 AppleWebKit/537.36 (KHTML, like Gecko; compatible; GPTBot/1.3; +https://openai.com/gptbot)" maoristudio.com 138467
74.7.227.128 - - [11/Nov/2025:10:34:41 -0300] "GET /it53?fileloc=//proc/net/ip_mr_cache&path=//proc/net HTTP/1.1" 200 12357 "-" "Mozilla/5.0 AppleWebKit/537.36 (KHTML, like Gecko; compatible; GPTBot/1.3; +https://openai.com/gptbot)" maoristudio.com 168123
74.7.227.128 - - [11/Nov/2025:10:34:42 -0300] "GET /its15?fileloc=//usr/lib64/libxcb-composite.so&path=//usr/lib64 HTTP/1.1" 200 30982 "-" "Mozilla/5.0 AppleWebKit/537.36 (KHTML, like Gecko; compatible; GPTBot/1.3; +https://openai.com/gptbot)" maoristudio.com 148497
74.7.227.128 - - [11/Nov/2025:10:34:44 -0300] "GET /its15?fileloc=//usr/lib64/libkcapi.so.1&path=//usr/lib64 HTTP/1.1" 200 110621 "-" "Mozilla/5.0 AppleWebKit/537.36 (KHTML, like Gecko; compatible; GPTBot/1.3; +https://openai.com/gptbot)" maoristudio.com 732833
74.7.227.128 - - [11/Nov/2025:10:34:45 -0300] "GET /it53?fileloc=//proc/net/netlink&path=//proc/net HTTP/1.1" 200 12353 "-" "Mozilla/5.0 AppleWebKit/537.36 (KHTML, like Gecko; compatible; GPTBot/1.3; +https://openai.com/gptbot)" maoristudio.com 203438
74.7.227.128 - - [11/Nov/2025:10:34:46 -0300] "GET /it53?fileloc=//proc/net/if_inet6&path=//proc/net HTTP/1.1" 200 12354 "-" "Mozilla/5.0 AppleWebKit/537.36 (KHTML, like Gecko; compatible; GPTBot/1.3; +https://openai.com/gptbot)" maoristudio.com 140996
74.7.227.128 - - [11/Nov/2025:10:34:47 -0300] "GET /it53?fileloc=//proc/net/netstat&path=//proc/net HTTP/1.1" 200 12353 "-" "Mozilla/5.0 AppleWebKit/537.36 (KHTML, like Gecko; compatible; GPTBot/1.3; +https://openai.com/gptbot)" maoristudio.com 181334
74.7.227.128 - - [11/Nov/2025:10:34:48 -0300] "GET /it53?fileloc=//proc/net/anycast6&path=//proc/net HTTP/1.1" 200 12354 "-" "Mozilla/5.0 AppleWebKit/537.36 (KHTML, like Gecko; compatible; GPTBot/1.3; +https://openai.com/gptbot)" maoristudio.com 131387
74.7.227.128 - - [11/Nov/2025:10:34:50 -0300] "GET /it53?fileloc=//proc/net/fib_trie&path=//proc/net HTTP/1.1" 200 12354 "-" "Mozilla/5.0 AppleWebKit/537.36 (KHTML, like Gecko; compatible; GPTBot/1.3; +https://openai.com/gptbot)" maoristudio.com 124456
74.7.227.128 - - [11/Nov/2025:10:34:51 -0300] "GET /its15?path=//usr/lib64/sw HTTP/1.1" 200 21545 "-" "Mozilla/5.0 AppleWebKit/537.36 (KHTML, like Gecko; compatible; GPTBot/1.3; +https://openai.com/gptbot)" maoristudio.com 126393
74.7.227.128 - - [11/Nov/2025:10:34:52 -0300] "GET /it53?fileloc=//proc/net/rt_acct&path=//proc/net HTTP/1.1" 200 12353 "-" "Mozilla/5.0 AppleWebKit/537.36 (KHTML, like Gecko; compatible; GPTBot/1.3; +https://openai.com/gptbot)" maoristudio.com 320888
74.7.227.128 - - [11/Nov/2025:10:34:53 -0300] "GET /it53?path=//proc/net/rpc HTTP/1.1" 200 12803 "-" "Mozilla/5.0 AppleWebKit/537.36 (KHTML, like Gecko; compatible; GPTBot/1.3; +https://openai.com/gptbot)" maoristudio.com 246927
74.7.227.128 - - [11/Nov/2025:10:34:54 -0300] "GET /it53?fileloc=//proc/net/ip6_mr_vif&path=//proc/net HTTP/1.1" 200 12356 "-" "Mozilla/5.0 AppleWebKit/537.36 (KHTML, like Gecko; compatible; GPTBot/1.3; +https://openai.com/gptbot)" maoristudio.com 150331
74.7.227.128 - - [11/Nov/2025:10:34:55 -0300] "GET /she10?path=//etc HTTP/1.1" 200 105890 "-" "Mozilla/5.0 AppleWebKit/537.36 (KHTML, like Gecko; compatible; GPTBot/1.3; +https://openai.com/gptbot)" maoristudio.com 850996
74.7.227.128 - - [11/Nov/2025:10:34:57 -0300] "GET /eat64?path=//usr HTTP/1.1" 200 26927 "-" "Mozilla/5.0 AppleWebKit/537.36 (KHTML, like Gecko; compatible; GPTBot/1.3; +https://openai.com/gptbot)" maoristudio.com 135278
74.7.227.128 - - [11/Nov/2025:10:34:58 -0300] "GET /shy14?path=//usr HTTP/1.1" 200 26927 "-" "Mozilla/5.0 AppleWebKit/537.36 (KHTML, like Gecko; compatible; GPTBot/1.3; +https://openai.com/gptbot)" maoristudio.com 173958
52.5.242.243 - - [11/Nov/2025:10:34:58 -0300] "GET /?path=//proc/thread-self/root/proc/sys/vm HTTP/1.1" 200 91433 "-" "Mozilla/5.0 AppleWebKit/537.36 (KHTML, like Gecko; compatible; Amazonbot/0.1; +https://developer.amazon.com/support/amazonbot) Chrome/119.0.6045.214 Safari/537.36" maoristudio.com 150476
74.7.227.128 - - [11/Nov/2025:10:34:59 -0300] "GET /it53?fileloc=//proc/net/ip_mr_vif&path=//proc/net HTTP/1.1" 200 12355 "-" "Mozilla/5.0 AppleWebKit/537.36 (KHTML, like Gecko; compatible; GPTBot/1.3; +https://openai.com/gptbot)" maoristudio.com 197706
34.194.226.74 - - [11/Nov/2025:10:35:00 -0300] "GET /?path=//proc/self/root/usr/lib64/libibverbs HTTP/1.1" 200 39431 "-" "Mozilla/5.0 AppleWebKit/537.36 (KHTML, like Gecko; compatible; Amazonbot/0.1; +https://developer.amazon.com/support/amazonbot) Chrome/119.0.6045.214 Safari/537.36" maoristudio.com 228483
74.7.227.128 - - [11/Nov/2025:10:35:00 -0300] "GET /gun55?path=//run HTTP/1.1" 200 29755 "-" "Mozilla/5.0 AppleWebKit/537.36 (KHTML, like Gecko; compatible; GPTBot/1.3; +https://openai.com/gptbot)" maoristudio.com 131751
74.7.227.128 - - [11/Nov/2025:10:35:01 -0300] "GET /its15?path=//run HTTP/1.1" 200 29755 "-" "Mozilla/5.0 AppleWebKit/537.36 (KHTML, like Gecko; compatible; GPTBot/1.3; +https://openai.com/gptbot)" maoristudio.com 234582
74.7.227.128 - - [11/Nov/2025:10:35:03 -0300] "GET /use95?path=//tmp HTTP/1.1" 200 12727 "-" "Mozilla/5.0 AppleWebKit/537.36 (KHTML, like Gecko; compatible; GPTBot/1.3; +https://openai.com/gptbot)" maoristudio.com 129692
74.7.227.128 - - [11/Nov/2025:10:35:04 -0300] "GET /off97?path=//opt HTTP/1.1" 200 33687 "-" "Mozilla/5.0 AppleWebKit/537.36 (KHTML, like Gecko; compatible; GPTBot/1.3; +https://openai.com/gptbot)" maoristudio.com 128047
74.7.227.128 - - [11/Nov/2025:10:35:05 -0300] "GET /top59?path=//etc HTTP/1.1" 200 105890 "-" "Mozilla/5.0 AppleWebKit/537.36 (KHTML, like Gecko; compatible; GPTBot/1.3; +https://openai.com/gptbot)" maoristudio.com 637491
74.7.227.128 - - [11/Nov/2025:10:35:06 -0300] "GET /why59?path=//usr HTTP/1.1" 200 26927 "-" "Mozilla/5.0 AppleWebKit/537.36 (KHTML, like Gecko; compatible; GPTBot/1.3; +https://openai.com/gptbot)" maoristudio.com 113933
74.7.227.128 - - [11/Nov/2025:10:35:07 -0300] "GET /use95?path=//run HTTP/1.1" 200 29755 "-" "Mozilla/5.0 AppleWebKit/537.36 (KHTML, like Gecko; compatible; GPTBot/1.3; +https://openai.com/gptbot)" maoristudio.com 170903
74.7.227.128 - - [11/Nov/2025:10:35:08 -0300] "GET /far51?path=//run HTTP/1.1" 200 29755 "-" "Mozilla/5.0 AppleWebKit/537.36 (KHTML, like Gecko; compatible; GPTBot/1.3; +https://openai.com/gptbot)" maoristudio.com 166880
74.7.227.128 - - [11/Nov/2025:10:35:10 -0300] "GET /shy59?path=//lib HTTP/1.1" 200 61010 "-" "Mozilla/5.0 AppleWebKit/537.36 (KHTML, like Gecko; compatible; GPTBot/1.3; +https://openai.com/gptbot)" maoristudio.com 146469
173.208.176.202 - - [11/Nov/2025:10:33:43 -0300] "GET /wp-includes/qq5da787/index.php?id=775696 HTTP/1.1" 200 - "http://maoristudio.com/wp-includes/qq5da787/index.php?id=775696" "Mozilla/5.0 (Windows NT 10.0; Win64; x64) AppleWebKit/537.36 (KHTML, like Gecko) Chrome/58.0.3029.110 Safari/537.3" maoristudio.com 87533890
74.7.227.128 - - [11/Nov/2025:10:35:11 -0300] "GET /gay35?path=//opt HTTP/1.1" 200 33687 "-" "Mozilla/5.0 AppleWebKit/537.36 (KHTML, like Gecko; compatible; GPTBot/1.3; +https://openai.com/gptbot)" maoristudio.com 106160
74.7.227.128 - - [11/Nov/2025:10:35:12 -0300] "GET /why59?path=//lib HTTP/1.1" 200 61010 "-" "Mozilla/5.0 AppleWebKit/537.36 (KHTML, like Gecko; compatible; GPTBot/1.3; +https://openai.com/gptbot)" maoristudio.com 111395
74.7.227.128 - - [11/Nov/2025:10:35:13 -0300] "GET /hit25?path=//bin HTTP/1.1" 200 665055 "-" "Mozilla/5.0 AppleWebKit/537.36 (KHTML, like Gecko; compatible; GPTBot/1.3; +https://openai.com/gptbot)" maoristudio.com 9487460
107.20.181.148 - - [11/Nov/2025:10:35:24 -0300] "GET /?path=//proc/self/root/lib/tuned/aws HTTP/1.1" 200 14451 "-" "Mozilla/5.0 AppleWebKit/537.36 (KHTML, like Gecko; compatible; Amazonbot/0.1; +https://developer.amazon.com/support/amazonbot) Chrome/119.0.6045.214 Safari/537.36" maoristudio.com 176866
74.7.227.128 - - [11/Nov/2025:10:35:24 -0300] "GET /shy59?path=//etc HTTP/1.1" 200 105890 "-" "Mozilla/5.0 AppleWebKit/537.36 (KHTML, like Gecko; compatible; GPTBot/1.3; +https://openai.com/gptbot)" maoristudio.com 943161
74.7.227.128 - - [11/Nov/2025:10:35:26 -0300] "GET /bug96?path=//bin HTTP/1.1" 200 665055 "-" "Mozilla/5.0 AppleWebKit/537.36 (KHTML, like Gecko; compatible; GPTBot/1.3; +https://openai.com/gptbot)" maoristudio.com 6571461
74.7.227.128 - - [11/Nov/2025:10:35:34 -0300] "GET /who94?path=//etc HTTP/1.1" 200 105890 "-" "Mozilla/5.0 AppleWebKit/537.36 (KHTML, like Gecko; compatible; GPTBot/1.3; +https://openai.com/gptbot)" maoristudio.com 631530
74.7.227.128 - - [11/Nov/2025:10:35:35 -0300] "GET /top59?fileloc=//etc/environment&path=//etc HTTP/1.1" 200 12315 "-" "Mozilla/5.0 AppleWebKit/537.36 (KHTML, like Gecko; compatible; GPTBot/1.3; +https://openai.com/gptbot)" maoristudio.com 206836
74.7.227.128 - - [11/Nov/2025:10:35:36 -0300] "GET /use95?path=//run/systemd HTTP/1.1" 200 14089 "-" "Mozilla/5.0 AppleWebKit/537.36 (KHTML, like Gecko; compatible; GPTBot/1.3; +https://openai.com/gptbot)" maoristudio.com 148371
74.7.227.128 - - [11/Nov/2025:10:35:37 -0300] "GET /why59?path=//etc HTTP/1.1" 200 105890 "-" "Mozilla/5.0 AppleWebKit/537.36 (KHTML, like Gecko; compatible; GPTBot/1.3; +https://openai.com/gptbot)" maoristudio.com 804933
74.7.227.128 - - [11/Nov/2025:10:35:39 -0300] "GET /art43?path=//run HTTP/1.1" 200 29755 "-" "Mozilla/5.0 AppleWebKit/537.36 (KHTML, like Gecko; compatible; GPTBot/1.3; +https://openai.com/gptbot)" maoristudio.com 198163
74.7.227.128 - - [11/Nov/2025:10:35:40 -0300] "GET /why59?path=//lib/python3.9 HTTP/1.1" 200 14123 "-" "Mozilla/5.0 AppleWebKit/537.36 (KHTML, like Gecko; compatible; GPTBot/1.3; +https://openai.com/gptbot)" maoristudio.com 130184
74.7.227.128 - - [11/Nov/2025:10:35:41 -0300] "GET /hit25?fileloc=//bin/cat&path=//bin HTTP/1.1" 200 62691 "-" "Mozilla/5.0 AppleWebKit/537.36 (KHTML, like Gecko; compatible; GPTBot/1.3; +https://openai.com/gptbot)" maoristudio.com 247946
74.7.227.128 - - [11/Nov/2025:10:35:42 -0300] "GET /bid80?path=//tmp HTTP/1.1" 200 12727 "-" "Mozilla/5.0 AppleWebKit/537.36 (KHTML, like Gecko; compatible; GPTBot/1.3; +https://openai.com/gptbot)" maoristudio.com 176058
74.7.227.128 - - [11/Nov/2025:10:35:44 -0300] "GET /bug96?fileloc=//bin/perlml&path=//bin HTTP/1.1" 200 27500 "-" "Mozilla/5.0 AppleWebKit/537.36 (KHTML, like Gecko; compatible; GPTBot/1.3; +https://openai.com/gptbot)" maoristudio.com 194860
74.7.227.128 - - [11/Nov/2025:10:35:45 -0300] "GET /hit25?fileloc=//bin/fc-match&path=//bin HTTP/1.1" 200 31222 "-" "Mozilla/5.0 AppleWebKit/537.36 (KHTML, like Gecko; compatible; GPTBot/1.3; +https://openai.com/gptbot)" maoristudio.com 148008
74.7.227.128 - - [11/Nov/2025:10:35:46 -0300] "GET /hit25?fileloc=//bin/c++filt&path=//bin HTTP/1.1" 200 12311 "-" "Mozilla/5.0 AppleWebKit/537.36 (KHTML, like Gecko; compatible; GPTBot/1.3; +https://openai.com/gptbot)" maoristudio.com 194205
74.7.227.128 - - [11/Nov/2025:10:35:47 -0300] "GET /hit25?fileloc=//bin/pkill&path=//bin HTTP/1.1" 200 55188 "-" "Mozilla/5.0 AppleWebKit/537.36 (KHTML, like Gecko; compatible; GPTBot/1.3; +https://openai.com/gptbot)" maoristudio.com 132226
74.7.227.128 - - [11/Nov/2025:10:35:48 -0300] "GET /why59?path=//etc/cpanel HTTP/1.1" 200 12767 "-" "Mozilla/5.0 AppleWebKit/537.36 (KHTML, like Gecko; compatible; GPTBot/1.3; +https://openai.com/gptbot)" maoristudio.com 381763
74.7.227.128 - - [11/Nov/2025:10:35:49 -0300] "GET /ass29?path=//etc HTTP/1.1" 200 105890 "-" "Mozilla/5.0 AppleWebKit/537.36 (KHTML, like Gecko; compatible; GPTBot/1.3; +https://openai.com/gptbot)" maoristudio.com 657242
52.205.113.104 - - [11/Nov/2025:10:35:50 -0300] "GET /?path=//proc/self/root/lib/firmware/sxg HTTP/1.1" 200 16084 "-" "Mozilla/5.0 AppleWebKit/537.36 (KHTML, like Gecko; compatible; Amazonbot/0.1; +https://developer.amazon.com/support/amazonbot) Chrome/119.0.6045.214 Safari/537.36" maoristudio.com 131019
74.7.227.128 - - [11/Nov/2025:10:35:51 -0300] "GET /dry85?path=//run HTTP/1.1" 200 29755 "-" "Mozilla/5.0 AppleWebKit/537.36 (KHTML, like Gecko; compatible; GPTBot/1.3; +https://openai.com/gptbot)" maoristudio.com 182956
74.7.227.128 - - [11/Nov/2025:10:35:52 -0300] "GET /bug96?fileloc=//bin/x86_64-redhat-linux-g++&path=//bin HTTP/1.1" 200 12327 "-" "Mozilla/5.0 AppleWebKit/537.36 (KHTML, like Gecko; compatible; GPTBot/1.3; +https://openai.com/gptbot)" maoristudio.com 174123
74.7.227.128 - - [11/Nov/2025:10:35:53 -0300] "GET /bug96?fileloc=//bin/run-with-aspell&path=//bin HTTP/1.1" 200 12408 "-" "Mozilla/5.0 AppleWebKit/537.36 (KHTML, like Gecko; compatible; GPTBot/1.3; +https://openai.com/gptbot)" maoristudio.com 218756
74.7.227.128 - - [11/Nov/2025:10:35:54 -0300] "GET /air55?path=//run HTTP/1.1" 200 29755 "-" "Mozilla/5.0 AppleWebKit/537.36 (KHTML, like Gecko; compatible; GPTBot/1.3; +https://openai.com/gptbot)" maoristudio.com 209887
74.7.227.128 - - [11/Nov/2025:10:35:55 -0300] "GET /its15?path=//etc HTTP/1.1" 200 105890 "-" "Mozilla/5.0 AppleWebKit/537.36 (KHTML, like Gecko; compatible; GPTBot/1.3; +https://openai.com/gptbot)" maoristudio.com 791910
74.7.227.128 - - [11/Nov/2025:10:35:57 -0300] "GET /cup94?path=//var HTTP/1.1" 200 29459 "-" "Mozilla/5.0 AppleWebKit/537.36 (KHTML, like Gecko; compatible; GPTBot/1.3; +https://openai.com/gptbot)" maoristudio.com 175051
74.7.227.128 - - [11/Nov/2025:10:35:58 -0300] "GET /map69?path=//run HTTP/1.1" 200 29755 "-" "Mozilla/5.0 AppleWebKit/537.36 (KHTML, like Gecko; compatible; GPTBot/1.3; +https://openai.com/gptbot)" maoristudio.com 123895
74.7.227.128 - - [11/Nov/2025:10:35:59 -0300] "GET /fat16?path=//var HTTP/1.1" 200 29459 "-" "Mozilla/5.0 AppleWebKit/537.36 (KHTML, like Gecko; compatible; GPTBot/1.3; +https://openai.com/gptbot)" maoristudio.com 140530
74.7.227.128 - - [11/Nov/2025:10:36:00 -0300] "GET /air55?path=//etc HTTP/1.1" 200 105890 "-" "Mozilla/5.0 AppleWebKit/537.36 (KHTML, like Gecko; compatible; GPTBot/1.3; +https://openai.com/gptbot)" maoristudio.com 605730
74.7.227.128 - - [11/Nov/2025:10:36:01 -0300] "GET /sad46?path=//lib HTTP/1.1" 200 61010 "-" "Mozilla/5.0 AppleWebKit/537.36 (KHTML, like Gecko; compatible; GPTBot/1.3; +https://openai.com/gptbot)" maoristudio.com 128672
74.7.227.128 - - [11/Nov/2025:10:36:02 -0300] "GET /who88?path=//var HTTP/1.1" 200 29459 "-" "Mozilla/5.0 AppleWebKit/537.36 (KHTML, like Gecko; compatible; GPTBot/1.3; +https://openai.com/gptbot)" maoristudio.com 156977
74.7.227.128 - - [11/Nov/2025:10:36:04 -0300] "GET /off97?path=//var HTTP/1.1" 200 29459 "-" "Mozilla/5.0 AppleWebKit/537.36 (KHTML, like Gecko; compatible; GPTBot/1.3; +https://openai.com/gptbot)" maoristudio.com 125995
74.7.227.128 - - [11/Nov/2025:10:36:05 -0300] "GET /ear42?path=//etc HTTP/1.1" 200 105890 "-" "Mozilla/5.0 AppleWebKit/537.36 (KHTML, like Gecko; compatible; GPTBot/1.3; +https://openai.com/gptbot)" maoristudio.com 887733
74.7.227.128 - - [11/Nov/2025:10:36:07 -0300] "GET /bit12?path=//lib HTTP/1.1" 200 61010 "-" "Mozilla/5.0 AppleWebKit/537.36 (KHTML, like Gecko; compatible; GPTBot/1.3; +https://openai.com/gptbot)" maoristudio.com 131455
74.7.227.128 - - [11/Nov/2025:10:36:08 -0300] "GET /sky32?path=//var HTTP/1.1" 200 29459 "-" "Mozilla/5.0 AppleWebKit/537.36 (KHTML, like Gecko; compatible; GPTBot/1.3; +https://openai.com/gptbot)" maoristudio.com 131085
74.7.227.128 - - [11/Nov/2025:10:36:09 -0300] "GET /it53?path=//root HTTP/1.1" 200 12729 "-" "Mozilla/5.0 AppleWebKit/537.36 (KHTML, like Gecko; compatible; GPTBot/1.3; +https://openai.com/gptbot)" maoristudio.com 179200
74.7.227.128 - - [11/Nov/2025:10:36:11 -0300] "GET /ear42?path=//run HTTP/1.1" 200 29755 "-" "Mozilla/5.0 AppleWebKit/537.36 (KHTML, like Gecko; compatible; GPTBot/1.3; +https://openai.com/gptbot)" maoristudio.com 188215
74.7.227.128 - - [11/Nov/2025:10:36:12 -0300] "GET /fat11?path=//lib HTTP/1.1" 200 61010 "-" "Mozilla/5.0 AppleWebKit/537.36 (KHTML, like Gecko; compatible; GPTBot/1.3; +https://openai.com/gptbot)" maoristudio.com 353960
74.7.227.128 - - [11/Nov/2025:10:36:13 -0300] "GET /sad46?path=//lib/grub HTTP/1.1" 200 12763 "-" "Mozilla/5.0 AppleWebKit/537.36 (KHTML, like Gecko; compatible; GPTBot/1.3; +https://openai.com/gptbot)" maoristudio.com 133364
74.7.227.128 - - [11/Nov/2025:10:36:14 -0300] "GET /uh93?path=//proc HTTP/1.1" 200 101073 "-" "Mozilla/5.0 AppleWebKit/537.36 (KHTML, like Gecko; compatible; GPTBot/1.3; +https://openai.com/gptbot)" maoristudio.com 871793
74.7.227.128 - - [11/Nov/2025:10:36:17 -0300] "GET /bug96?path=//usr HTTP/1.1" 200 26927 "-" "Mozilla/5.0 AppleWebKit/537.36 (KHTML, like Gecko; compatible; GPTBot/1.3; +https://openai.com/gptbot)" maoristudio.com 401853
74.7.227.128 - - [11/Nov/2025:10:36:18 -0300] "GET /fix40?path=//var HTTP/1.1" 200 29459 "-" "Mozilla/5.0 AppleWebKit/537.36 (KHTML, like Gecko; compatible; GPTBot/1.3; +https://openai.com/gptbot)" maoristudio.com 155299
74.7.227.128 - - [11/Nov/2025:10:36:19 -0300] "GET /cup94?path=//tmp HTTP/1.1" 200 12727 "-" "Mozilla/5.0 AppleWebKit/537.36 (KHTML, like Gecko; compatible; GPTBot/1.3; +https://openai.com/gptbot)" maoristudio.com 182819
74.7.227.128 - - [11/Nov/2025:10:36:20 -0300] "GET /use95?path=//var HTTP/1.1" 200 29459 "-" "Mozilla/5.0 AppleWebKit/537.36 (KHTML, like Gecko; compatible; GPTBot/1.3; +https://openai.com/gptbot)" maoristudio.com 136067
74.7.227.128 - - [11/Nov/2025:10:36:21 -0300] "GET /top59?path=//run HTTP/1.1" 200 29755 "-" "Mozilla/5.0 AppleWebKit/537.36 (KHTML, like Gecko; compatible; GPTBot/1.3; +https://openai.com/gptbot)" maoristudio.com 131985
74.7.227.128 - - [11/Nov/2025:10:36:22 -0300] "GET /bit12?path=//lib/gcc HTTP/1.1" 200 14117 "-" "Mozilla/5.0 AppleWebKit/537.36 (KHTML, like Gecko; compatible; GPTBot/1.3; +https://openai.com/gptbot)" maoristudio.com 124960
74.7.227.128 - - [11/Nov/2025:10:36:24 -0300] "GET /map69?path=//var HTTP/1.1" 200 29459 "-" "Mozilla/5.0 AppleWebKit/537.36 (KHTML, like Gecko; compatible; GPTBot/1.3; +https://openai.com/gptbot)" maoristudio.com 360090
74.7.227.128 - - [11/Nov/2025:10:36:25 -0300] "GET /wow41?path=//run HTTP/1.1" 200 29755 "-" "Mozilla/5.0 AppleWebKit/537.36 (KHTML, like Gecko; compatible; GPTBot/1.3; +https://openai.com/gptbot)" maoristudio.com 156107
74.7.227.128 - - [11/Nov/2025:10:36:26 -0300] "GET /uh93?path=//proc/net HTTP/1.1" 200 85336 "-" "Mozilla/5.0 AppleWebKit/537.36 (KHTML, like Gecko; compatible; GPTBot/1.3; +https://openai.com/gptbot)" maoristudio.com 634277
74.7.227.128 - - [11/Nov/2025:10:36:27 -0300] "GET /far51?path=//lib HTTP/1.1" 200 61010 "-" "Mozilla/5.0 AppleWebKit/537.36 (KHTML, like Gecko; compatible; GPTBot/1.3; +https://openai.com/gptbot)" maoristudio.com 136933
74.7.227.128 - - [11/Nov/2025:10:36:28 -0300] "GET /pig76?path=//opt HTTP/1.1" 200 33687 "-" "Mozilla/5.0 AppleWebKit/537.36 (KHTML, like Gecko; compatible; GPTBot/1.3; +https://openai.com/gptbot)" maoristudio.com 107845
74.7.227.128 - - [11/Nov/2025:10:36:29 -0300] "GET /shy14?path=//opt HTTP/1.1" 200 33687 "-" "Mozilla/5.0 AppleWebKit/537.36 (KHTML, like Gecko; compatible; GPTBot/1.3; +https://openai.com/gptbot)" maoristudio.com 129082
107.20.181.148 - - [11/Nov/2025:10:36:30 -0300] "GET /?path=//opt/cpanel/ea-php84/root/var/spool HTTP/1.1" 200 15738 "-" "Mozilla/5.0 AppleWebKit/537.36 (KHTML, like Gecko; compatible; Amazonbot/0.1; +https://developer.amazon.com/support/amazonbot) Chrome/119.0.6045.214 Safari/537.36" maoristudio.com 211009
74.7.227.128 - - [11/Nov/2025:10:36:30 -0300] "GET /cup94?path=//opt HTTP/1.1" 200 33687 "-" "Mozilla/5.0 AppleWebKit/537.36 (KHTML, like Gecko; compatible; GPTBot/1.3; +https://openai.com/gptbot)" maoristudio.com 160151
54.84.93.8 - - [11/Nov/2025:10:36:37 -0300] "GET /?path=//opt/alt/php55/var/www/html HTTP/1.1" 200 12949 "-" "Mozilla/5.0 AppleWebKit/537.36 (KHTML, like Gecko; compatible; Amazonbot/0.1; +https://developer.amazon.com/support/amazonbot) Chrome/119.0.6045.214 Safari/537.36" maoristudio.com 390100
74.7.227.128 - - [11/Nov/2025:10:36:32 -0300] "GET /ask71?path=//bin HTTP/1.1" 200 665055 "-" "Mozilla/5.0 AppleWebKit/537.36 (KHTML, like Gecko; compatible; GPTBot/1.3; +https://openai.com/gptbot)" maoristudio.com 6969353
173.208.176.202 - - [11/Nov/2025:10:35:13 -0300] "GET /wp-includes/qq5da787/index.php?id=775696 HTTP/1.1" 200 - "http://maoristudio.com/wp-includes/qq5da787/index.php?id=775696" "Mozilla/5.0 (Windows NT 10.0; Win64; x64) AppleWebKit/537.36 (KHTML, like Gecko) Chrome/58.0.3029.110 Safari/537.3" maoristudio.com 86986993
74.7.227.128 - - [11/Nov/2025:10:36:40 -0300] "GET /hit25?path=//etc HTTP/1.1" 200 105890 "-" "Mozilla/5.0 AppleWebKit/537.36 (KHTML, like Gecko; compatible; GPTBot/1.3; +https://openai.com/gptbot)" maoristudio.com 650794
52.203.68.145 - - [11/Nov/2025:10:36:40 -0300] "GET /?path=//opt/cloudlinux/alt-php52/root/etc/php.d.all HTTP/1.1" 200 179052 "-" "Mozilla/5.0 AppleWebKit/537.36 (KHTML, like Gecko; compatible; Amazonbot/0.1; +https://developer.amazon.com/support/amazonbot) Chrome/119.0.6045.214 Safari/537.36" maoristudio.com 238853
74.7.227.128 - - [11/Nov/2025:10:36:41 -0300] "GET /far51?path=//tmp HTTP/1.1" 200 12727 "-" "Mozilla/5.0 AppleWebKit/537.36 (KHTML, like Gecko; compatible; GPTBot/1.3; +https://openai.com/gptbot)" maoristudio.com 120694
74.7.227.128 - - [11/Nov/2025:10:36:42 -0300] "GET /pig42?path=//run HTTP/1.1" 200 29755 "-" "Mozilla/5.0 AppleWebKit/537.36 (KHTML, like Gecko; compatible; GPTBot/1.3; +https://openai.com/gptbot)" maoristudio.com 157946
74.7.227.128 - - [11/Nov/2025:10:36:43 -0300] "GET /uh93?fileloc=//proc/net/nf_conntrack_expect&path=//proc/net HTTP/1.1" 200 12365 "-" "Mozilla/5.0 AppleWebKit/537.36 (KHTML, like Gecko; compatible; GPTBot/1.3; +https://openai.com/gptbot)" maoristudio.com 122297
74.7.227.128 - - [11/Nov/2025:10:36:44 -0300] "GET /uh93?fileloc=//proc/net/connector&path=//proc/net HTTP/1.1" 200 12355 "-" "Mozilla/5.0 AppleWebKit/537.36 (KHTML, like Gecko; compatible; GPTBot/1.3; +https://openai.com/gptbot)" maoristudio.com 126112
74.7.227.128 - - [11/Nov/2025:10:36:46 -0300] "GET /uh93?fileloc=//proc/net/ip6_flowlabel&path=//proc/net HTTP/1.1" 200 12359 "-" "Mozilla/5.0 AppleWebKit/537.36 (KHTML, like Gecko; compatible; GPTBot/1.3; +https://openai.com/gptbot)" maoristudio.com 144644
74.7.227.128 - - [11/Nov/2025:10:36:47 -0300] "GET /set89?path=//usr HTTP/1.1" 200 26927 "-" "Mozilla/5.0 AppleWebKit/537.36 (KHTML, like Gecko; compatible; GPTBot/1.3; +https://openai.com/gptbot)" maoristudio.com 136960
74.7.227.128 - - [11/Nov/2025:10:36:48 -0300] "GET /uh93?fileloc=//proc/net/packet&path=//proc/net HTTP/1.1" 200 12352 "-" "Mozilla/5.0 AppleWebKit/537.36 (KHTML, like Gecko; compatible; GPTBot/1.3; +https://openai.com/gptbot)" maoristudio.com 123982
74.7.227.128 - - [11/Nov/2025:10:36:49 -0300] "GET /ask71?fileloc=//bin/c++&path=//bin HTTP/1.1" 200 12307 "-" "Mozilla/5.0 AppleWebKit/537.36 (KHTML, like Gecko; compatible; GPTBot/1.3; +https://openai.com/gptbot)" maoristudio.com 188090
74.7.227.128 - - [11/Nov/2025:10:36:50 -0300] "GET /hit25?path=//etc/cl.selector.conf.d HTTP/1.1" 200 24546 "-" "Mozilla/5.0 AppleWebKit/537.36 (KHTML, like Gecko; compatible; GPTBot/1.3; +https://openai.com/gptbot)" maoristudio.com 118001
74.7.227.128 - - [11/Nov/2025:10:36:52 -0300] "GET /uh93?fileloc=//proc/net/nf_conntrack&path=//proc/net HTTP/1.1" 200 12358 "-" "Mozilla/5.0 AppleWebKit/537.36 (KHTML, like Gecko; compatible; GPTBot/1.3; +https://openai.com/gptbot)" maoristudio.com 141971
74.7.227.128 - - [11/Nov/2025:10:36:53 -0300] "GET /uh93?fileloc=//proc/net/fib_triestat&path=//proc/net HTTP/1.1" 200 12358 "-" "Mozilla/5.0 AppleWebKit/537.36 (KHTML, like Gecko; compatible; GPTBot/1.3; +https://openai.com/gptbot)" maoristudio.com 206855
74.7.227.128 - - [11/Nov/2025:10:36:54 -0300] "GET /uh93?fileloc=//proc/net/softnet_stat&path=//proc/net HTTP/1.1" 200 12358 "-" "Mozilla/5.0 AppleWebKit/537.36 (KHTML, like Gecko; compatible; GPTBot/1.3; +https://openai.com/gptbot)" maoristudio.com 129625
74.7.227.128 - - [11/Nov/2025:10:36:55 -0300] "GET /uh93?fileloc=//proc/net/ptype&path=//proc/net HTTP/1.1" 200 12351 "-" "Mozilla/5.0 AppleWebKit/537.36 (KHTML, like Gecko; compatible; GPTBot/1.3; +https://openai.com/gptbot)" maoristudio.com 145501
74.7.227.128 - - [11/Nov/2025:10:36:56 -0300] "GET /uh93?fileloc=//proc/net/psched&path=//proc/net HTTP/1.1" 200 12352 "-" "Mozilla/5.0 AppleWebKit/537.36 (KHTML, like Gecko; compatible; GPTBot/1.3; +https://openai.com/gptbot)" maoristudio.com 134862
74.7.227.128 - - [11/Nov/2025:10:36:57 -0300] "GET /uh93?fileloc=//proc/net/icmp&path=//proc/net HTTP/1.1" 200 12350 "-" "Mozilla/5.0 AppleWebKit/537.36 (KHTML, like Gecko; compatible; GPTBot/1.3; +https://openai.com/gptbot)" maoristudio.com 174860
74.7.227.128 - - [11/Nov/2025:10:36:58 -0300] "GET /uh93?fileloc=//proc/net/tcp6&path=//proc/net HTTP/1.1" 403 87388 "-" "Mozilla/5.0 AppleWebKit/537.36 (KHTML, like Gecko; compatible; GPTBot/1.3; +https://openai.com/gptbot)" maoristudio.com 363934
74.7.227.128 - - [11/Nov/2025:10:37:00 -0300] "GET /pig42?path=//run/console HTTP/1.1" 200 12769 "-" "Mozilla/5.0 AppleWebKit/537.36 (KHTML, like Gecko; compatible; GPTBot/1.3; +https://openai.com/gptbot)" maoristudio.com 115463
74.7.227.128 - - [11/Nov/2025:10:37:01 -0300] "GET /uh93?fileloc=//proc/net/route&path=//proc/net HTTP/1.1" 200 12351 "-" "Mozilla/5.0 AppleWebKit/537.36 (KHTML, like Gecko; compatible; GPTBot/1.3; +https://openai.com/gptbot)" maoristudio.com 362096
74.7.227.128 - - [11/Nov/2025:10:37:02 -0300] "GET /uh93?fileloc=//proc/net/raw6&path=//proc/net HTTP/1.1" 200 12516 "-" "Mozilla/5.0 AppleWebKit/537.36 (KHTML, like Gecko; compatible; GPTBot/1.3; +https://openai.com/gptbot)" maoristudio.com 143829
74.7.227.128 - - [11/Nov/2025:10:37:03 -0300] "GET /uh93?fileloc=//proc/net/udp6&path=//proc/net HTTP/1.1" 403 87388 "-" "Mozilla/5.0 AppleWebKit/537.36 (KHTML, like Gecko; compatible; GPTBot/1.3; +https://openai.com/gptbot)" maoristudio.com 366108
74.7.227.128 - - [11/Nov/2025:10:37:04 -0300] "GET /uh93?fileloc=//proc/net/unix&path=//proc/net HTTP/1.1" 200 114301 "-" "Mozilla/5.0 AppleWebKit/537.36 (KHTML, like Gecko; compatible; GPTBot/1.3; +https://openai.com/gptbot)" maoristudio.com 255796
74.7.227.128 - - [11/Nov/2025:10:37:05 -0300] "GET /uh93?fileloc=//proc/net/igmp&path=//proc/net HTTP/1.1" 200 12350 "-" "Mozilla/5.0 AppleWebKit/537.36 (KHTML, like Gecko; compatible; GPTBot/1.3; +https://openai.com/gptbot)" maoristudio.com 127826
74.7.227.128 - - [11/Nov/2025:10:37:07 -0300] "GET /uh93?fileloc=//proc/net/snmp&path=//proc/net HTTP/1.1" 200 12350 "-" "Mozilla/5.0 AppleWebKit/537.36 (KHTML, like Gecko; compatible; GPTBot/1.3; +https://openai.com/gptbot)" maoristudio.com 341939
74.7.227.128 - - [11/Nov/2025:10:37:08 -0300] "GET /uh93?fileloc=//proc/net/snmp6&path=//proc/net HTTP/1.1" 200 12351 "-" "Mozilla/5.0 AppleWebKit/537.36 (KHTML, like Gecko; compatible; GPTBot/1.3; +https://openai.com/gptbot)" maoristudio.com 129696
74.7.227.128 - - [11/Nov/2025:10:37:09 -0300] "GET /uh93?fileloc=//proc/net/icmp6&path=//proc/net HTTP/1.1" 200 12351 "-" "Mozilla/5.0 AppleWebKit/537.36 (KHTML, like Gecko; compatible; GPTBot/1.3; +https://openai.com/gptbot)" maoristudio.com 127821
74.7.227.128 - - [11/Nov/2025:10:37:10 -0300] "GET /uh93?fileloc=//proc/net/igmp6&path=//proc/net HTTP/1.1" 200 12351 "-" "Mozilla/5.0 AppleWebKit/537.36 (KHTML, like Gecko; compatible; GPTBot/1.3; +https://openai.com/gptbot)" maoristudio.com 120486
74.7.227.128 - - [11/Nov/2025:10:37:11 -0300] "GET /uh93?fileloc=//proc/net/dev_mcast&path=//proc/net HTTP/1.1" 200 12355 "-" "Mozilla/5.0 AppleWebKit/537.36 (KHTML, like Gecko; compatible; GPTBot/1.3; +https://openai.com/gptbot)" maoristudio.com 115274
74.7.227.128 - - [11/Nov/2025:10:37:12 -0300] "GET /uh93?fileloc=//proc/net/xfrm_stat&path=//proc/net HTTP/1.1" 200 12355 "-" "Mozilla/5.0 AppleWebKit/537.36 (KHTML, like Gecko; compatible; GPTBot/1.3; +https://openai.com/gptbot)" maoristudio.com 161858
98.83.72.38 - - [11/Nov/2025:10:37:13 -0300] "GET /?path=//proc/self/root/usr/include/sysprof-4 HTTP/1.1" 200 33306 "-" "Mozilla/5.0 AppleWebKit/537.36 (KHTML, like Gecko; compatible; Amazonbot/0.1; +https://developer.amazon.com/support/amazonbot) Chrome/119.0.6045.214 Safari/537.36" maoristudio.com 145578
74.7.227.128 - - [11/Nov/2025:10:37:14 -0300] "GET /uh93?fileloc=//proc/net/anycast6&path=//proc/net HTTP/1.1" 200 12354 "-" "Mozilla/5.0 AppleWebKit/537.36 (KHTML, like Gecko; compatible; GPTBot/1.3; +https://openai.com/gptbot)" maoristudio.com 163200
74.7.227.128 - - [11/Nov/2025:10:37:15 -0300] "GET /uh93?fileloc=//proc/net/sockstat6&path=//proc/net HTTP/1.1" 200 12355 "-" "Mozilla/5.0 AppleWebKit/537.36 (KHTML, like Gecko; compatible; GPTBot/1.3; +https://openai.com/gptbot)" maoristudio.com 124315
74.7.227.128 - - [11/Nov/2025:10:37:16 -0300] "GET /uh93?fileloc=//proc/net/udplite6&path=//proc/net HTTP/1.1" 403 87388 "-" "Mozilla/5.0 AppleWebKit/537.36 (KHTML, like Gecko; compatible; GPTBot/1.3; +https://openai.com/gptbot)" maoristudio.com 130009
52.204.37.237 - - [11/Nov/2025:10:37:17 -0300] "GET /?path=//opt/cloudlinux/alt-php73/root/var/lib HTTP/1.1" 200 15781 "-" "Mozilla/5.0 AppleWebKit/537.36 (KHTML, like Gecko; compatible; Amazonbot/0.1; +https://developer.amazon.com/support/amazonbot) Chrome/119.0.6045.214 Safari/537.36" maoristudio.com 144458
