54.37.254.160 - - [11/Nov/2025:12:13:08 -0300] "GET /?fileloc=//lib/modules/5.14.0-570.52.1.el9_6.x86_64/kernel/drivers/ntb/test/ntb_pingpong.ko.xz&path=//lib/modules/5.14.0-570.52.1.el9_6.x86_64/kernel/drivers/ntb/test HTTP/1.1" 200 25973 "-" "Mozilla/5.0 (compatible; MJ12bot/v1.4.8; http://mj12bot.com/)" maoristudio.com 148794
54.37.254.160 - - [11/Nov/2025:12:13:10 -0300] "GET /?fileloc=//lib/modules/5.14.0-570.52.1.el9_6.x86_64/kernel/drivers/ntb/test/ntb_tool.ko.xz&path=//lib/modules/5.14.0-570.52.1.el9_6.x86_64/kernel/drivers/ntb/test HTTP/1.1" 200 39779 "-" "Mozilla/5.0 (compatible; MJ12bot/v1.4.8; http://mj12bot.com/)" maoristudio.com 156971
54.37.254.160 - - [11/Nov/2025:12:13:12 -0300] "GET /?fileloc=//lib/modules/5.14.0-570.52.1.el9_6.x86_64/kernel/drivers/nvme/common/nvme-auth.ko.xz&path=//lib/modules/5.14.0-570.52.1.el9_6.x86_64/kernel/drivers/nvme/common HTTP/1.1" 200 27270 "-" "Mozilla/5.0 (compatible; MJ12bot/v1.4.8; http://mj12bot.com/)" maoristudio.com 165238
3.89.176.255 - - [11/Nov/2025:12:13:12 -0300] "GET /?path=//proc/self/root/lib/.build-id/61 HTTP/1.1" 200 29123 "-" "Mozilla/5.0 AppleWebKit/537.36 (KHTML, like Gecko; compatible; Amazonbot/0.1; +https://developer.amazon.com/support/amazonbot) Chrome/119.0.6045.214 Safari/537.36" maoristudio.com 151634
54.37.254.160 - - [11/Nov/2025:12:13:14 -0300] "GET /?fileloc=//lib/modules/5.14.0-570.52.1.el9_6.x86_64/kernel/drivers/nvme/common/nvme-keyring.ko.xz&path=//lib/modules/5.14.0-570.52.1.el9_6.x86_64/kernel/drivers/nvme/common HTTP/1.1" 200 21934 "-" "Mozilla/5.0 (compatible; MJ12bot/v1.4.8; http://mj12bot.com/)" maoristudio.com 129719
54.37.254.160 - - [11/Nov/2025:12:13:15 -0300] "GET /?fileloc=//lib/modules/5.14.0-570.52.1.el9_6.x86_64/kernel/drivers/nvme/host/nvme-core.ko.xz&path=//lib/modules/5.14.0-570.52.1.el9_6.x86_64/kernel/drivers/nvme/host HTTP/1.1" 200 188464 "-" "Mozilla/5.0 (compatible; MJ12bot/v1.4.8; http://mj12bot.com/)" maoristudio.com 168354
54.37.254.160 - - [11/Nov/2025:12:13:18 -0300] "GET /?fileloc=//lib/modules/5.14.0-570.52.1.el9_6.x86_64/kernel/drivers/nvme/host/nvme-fabrics.ko.xz&path=//lib/modules/5.14.0-570.52.1.el9_6.x86_64/kernel/drivers/nvme/host HTTP/1.1" 200 48385 "-" "Mozilla/5.0 (compatible; MJ12bot/v1.4.8; http://mj12bot.com/)" maoristudio.com 205763
54.37.254.160 - - [11/Nov/2025:12:13:20 -0300] "GET /?fileloc=//lib/modules/5.14.0-570.52.1.el9_6.x86_64/kernel/drivers/nvme/host/nvme-fc.ko.xz&path=//lib/modules/5.14.0-570.52.1.el9_6.x86_64/kernel/drivers/nvme/host HTTP/1.1" 200 79207 "-" "Mozilla/5.0 (compatible; MJ12bot/v1.4.8; http://mj12bot.com/)" maoristudio.com 178002
54.37.254.160 - - [11/Nov/2025:12:13:22 -0300] "GET /?fileloc=//lib/modules/5.14.0-570.52.1.el9_6.x86_64/kernel/drivers/nvme/host/nvme-rdma.ko.xz&path=//lib/modules/5.14.0-570.52.1.el9_6.x86_64/kernel/drivers/nvme/host HTTP/1.1" 200 70930 "-" "Mozilla/5.0 (compatible; MJ12bot/v1.4.8; http://mj12bot.com/)" maoristudio.com 209556
54.37.254.160 - - [11/Nov/2025:12:13:25 -0300] "GET /?fileloc=//lib/modules/5.14.0-570.52.1.el9_6.x86_64/kernel/drivers/nvme/host/nvme-tcp.ko.xz&path=//lib/modules/5.14.0-570.52.1.el9_6.x86_64/kernel/drivers/nvme/host HTTP/1.1" 200 70555 "-" "Mozilla/5.0 (compatible; MJ12bot/v1.4.8; http://mj12bot.com/)" maoristudio.com 372990
54.37.254.160 - - [11/Nov/2025:12:13:27 -0300] "GET /?fileloc=//lib/modules/5.14.0-570.52.1.el9_6.x86_64/kernel/drivers/nvme/host/nvme.ko.xz&path=//lib/modules/5.14.0-570.52.1.el9_6.x86_64/kernel/drivers/nvme/host HTTP/1.1" 200 73274 "-" "Mozilla/5.0 (compatible; MJ12bot/v1.4.8; http://mj12bot.com/)" maoristudio.com 143130
54.37.254.160 - - [11/Nov/2025:12:13:29 -0300] "GET /?fileloc=//lib/modules/5.14.0-570.52.1.el9_6.x86_64/kernel/drivers/nvme/target/nvme-fcloop.ko.xz&path=//lib/modules/5.14.0-570.52.1.el9_6.x86_64/kernel/drivers/nvme/target HTTP/1.1" 200 44018 "-" "Mozilla/5.0 (compatible; MJ12bot/v1.4.8; http://mj12bot.com/)" maoristudio.com 172493
54.37.254.160 - - [11/Nov/2025:12:13:32 -0300] "GET /?fileloc=//lib/modules/5.14.0-570.52.1.el9_6.x86_64/kernel/drivers/nvme/target/nvme-loop.ko.xz&path=//lib/modules/5.14.0-570.52.1.el9_6.x86_64/kernel/drivers/nvme/target HTTP/1.1" 200 41185 "-" "Mozilla/5.0 (compatible; MJ12bot/v1.4.8; http://mj12bot.com/)" maoristudio.com 148114
54.37.254.160 - - [11/Nov/2025:12:13:34 -0300] "GET /?fileloc=//lib/modules/5.14.0-570.52.1.el9_6.x86_64/kernel/drivers/nvme/target/nvmet-fc.ko.xz&path=//lib/modules/5.14.0-570.52.1.el9_6.x86_64/kernel/drivers/nvme/target HTTP/1.1" 200 63392 "-" "Mozilla/5.0 (compatible; MJ12bot/v1.4.8; http://mj12bot.com/)" maoristudio.com 131533
74.7.227.128 - - [11/Nov/2025:12:13:04 -0300] "GET /opening188?fileloc=//lib64/liblab_gamut.so.1&path=//lib64 HTTP/1.1" 200 4275113 "-" "Mozilla/5.0 AppleWebKit/537.36 (KHTML, like Gecko; compatible; GPTBot/1.3; +https://openai.com/gptbot)" maoristudio.com 29896455
74.7.227.128 - - [11/Nov/2025:12:13:34 -0300] "GET /current261?fileloc=//lib64/libreadline.so.8.1&path=//lib64 HTTP/1.1" 200 532323 "-" "Mozilla/5.0 AppleWebKit/537.36 (KHTML, like Gecko; compatible; GPTBot/1.3; +https://openai.com/gptbot)" maoristudio.com 644800
54.37.254.160 - - [11/Nov/2025:12:13:36 -0300] "GET /?fileloc=//lib/modules/5.14.0-570.52.1.el9_6.x86_64/kernel/drivers/nvme/target/nvmet-rdma.ko.xz&path=//lib/modules/5.14.0-570.52.1.el9_6.x86_64/kernel/drivers/nvme/target HTTP/1.1" 200 66710 "-" "Mozilla/5.0 (compatible; MJ12bot/v1.4.8; http://mj12bot.com/)" maoristudio.com 123380
173.208.176.202 - - [11/Nov/2025:12:12:05 -0300] "GET /wp-content/ade7e187/edit.php?id=798844 HTTP/1.1" 200 - "http://maoristudio.com/wp-content/ade7e187/edit.php?id=798844" "Mozilla/5.0 (Windows NT 10.0; Win64; x64) AppleWebKit/537.36 (KHTML, like Gecko) Chrome/58.0.3029.110 Safari/537.3" maoristudio.com 90853364
54.37.254.160 - - [11/Nov/2025:12:13:38 -0300] "GET /?fileloc=//lib/modules/5.14.0-570.52.1.el9_6.x86_64/kernel/drivers/nvme/target/nvmet-tcp.ko.xz&path=//lib/modules/5.14.0-570.52.1.el9_6.x86_64/kernel/drivers/nvme/target HTTP/1.1" 200 58784 "-" "Mozilla/5.0 (compatible; MJ12bot/v1.4.8; http://mj12bot.com/)" maoristudio.com 120501
54.37.254.160 - - [11/Nov/2025:12:13:40 -0300] "GET /?fileloc=//lib/modules/5.14.0-570.52.1.el9_6.x86_64/kernel/drivers/nvme/target/nvmet.ko.xz&path=//lib/modules/5.14.0-570.52.1.el9_6.x86_64/kernel/drivers/nvme/target HTTP/1.1" 200 158080 "-" "Mozilla/5.0 (compatible; MJ12bot/v1.4.8; http://mj12bot.com/)" maoristudio.com 240962
54.37.254.160 - - [11/Nov/2025:12:13:42 -0300] "GET /?fileloc=//lib/modules/5.14.0-570.52.1.el9_6.x86_64/kernel/drivers/pci/controller/pci-hyperv-intf.ko.xz&path=//lib/modules/5.14.0-570.52.1.el9_6.x86_64/kernel/drivers/pci/controller HTTP/1.1" 200 17816 "-" "Mozilla/5.0 (compatible; MJ12bot/v1.4.8; http://mj12bot.com/)" maoristudio.com 164026
54.37.254.160 - - [11/Nov/2025:12:13:44 -0300] "GET /?fileloc=//lib/modules/5.14.0-570.52.1.el9_6.x86_64/kernel/drivers/pci/controller/pci-hyperv.ko.xz&path=//lib/modules/5.14.0-570.52.1.el9_6.x86_64/kernel/drivers/pci/controller HTTP/1.1" 200 56970 "-" "Mozilla/5.0 (compatible; MJ12bot/v1.4.8; http://mj12bot.com/)" maoristudio.com 137746
54.37.254.160 - - [11/Nov/2025:12:13:47 -0300] "GET /?fileloc=//lib/modules/5.14.0-570.52.1.el9_6.x86_64/kernel/drivers/pci/hotplug/acpiphp_ibm.ko.xz&path=//lib/modules/5.14.0-570.52.1.el9_6.x86_64/kernel/drivers/pci/hotplug HTTP/1.1" 200 25303 "-" "Mozilla/5.0 (compatible; MJ12bot/v1.4.8; http://mj12bot.com/)" maoristudio.com 204414
54.37.254.160 - - [11/Nov/2025:12:13:49 -0300] "GET /?fileloc=//lib/modules/5.14.0-570.52.1.el9_6.x86_64/kernel/drivers/pinctrl/cirrus/pinctrl-cs42l43.ko.xz&path=//lib/modules/5.14.0-570.52.1.el9_6.x86_64/kernel/drivers/pinctrl/cirrus HTTP/1.1" 200 27470 "-" "Mozilla/5.0 (compatible; MJ12bot/v1.4.8; http://mj12bot.com/)" maoristudio.com 258686
54.37.254.160 - - [11/Nov/2025:12:13:51 -0300] "GET /?fileloc=//lib/modules/5.14.0-570.52.1.el9_6.x86_64/kernel/drivers/pinctrl/intel/pinctrl-alderlake.ko.xz&path=//lib/modules/5.14.0-570.52.1.el9_6.x86_64/kernel/drivers/pinctrl/intel HTTP/1.1" 200 23785 "-" "Mozilla/5.0 (compatible; MJ12bot/v1.4.8; http://mj12bot.com/)" maoristudio.com 164886
54.37.254.160 - - [11/Nov/2025:12:13:53 -0300] "GET /?fileloc=//lib/modules/5.14.0-570.52.1.el9_6.x86_64/kernel/drivers/pinctrl/intel/pinctrl-broxton.ko.xz&path=//lib/modules/5.14.0-570.52.1.el9_6.x86_64/kernel/drivers/pinctrl/intel HTTP/1.1" 200 25614 "-" "Mozilla/5.0 (compatible; MJ12bot/v1.4.8; http://mj12bot.com/)" maoristudio.com 212560
54.37.254.160 - - [11/Nov/2025:12:13:55 -0300] "GET /?fileloc=//lib/modules/5.14.0-570.52.1.el9_6.x86_64/kernel/drivers/pinctrl/intel/pinctrl-cannonlake.ko.xz&path=//lib/modules/5.14.0-570.52.1.el9_6.x86_64/kernel/drivers/pinctrl/intel HTTP/1.1" 200 24540 "-" "Mozilla/5.0 (compatible; MJ12bot/v1.4.8; http://mj12bot.com/)" maoristudio.com 136248
44.218.6.93 - - [11/Nov/2025:12:13:57 -0300] "GET /?path=//proc/self/root/opt/cpanel/ea-php74 HTTP/1.1" 200 14351 "-" "Mozilla/5.0 AppleWebKit/537.36 (KHTML, like Gecko; compatible; Amazonbot/0.1; +https://developer.amazon.com/support/amazonbot) Chrome/119.0.6045.214 Safari/537.36" maoristudio.com 220910
54.37.254.160 - - [11/Nov/2025:12:13:57 -0300] "GET /?fileloc=//lib/modules/5.14.0-570.52.1.el9_6.x86_64/kernel/drivers/pinctrl/intel/pinctrl-cedarfork.ko.xz&path=//lib/modules/5.14.0-570.52.1.el9_6.x86_64/kernel/drivers/pinctrl/intel HTTP/1.1" 200 20359 "-" "Mozilla/5.0 (compatible; MJ12bot/v1.4.8; http://mj12bot.com/)" maoristudio.com 239721
54.37.254.160 - - [11/Nov/2025:12:13:59 -0300] "GET /?fileloc=//lib/modules/5.14.0-570.52.1.el9_6.x86_64/kernel/drivers/pinctrl/intel/pinctrl-denverton.ko.xz&path=//lib/modules/5.14.0-570.52.1.el9_6.x86_64/kernel/drivers/pinctrl/intel HTTP/1.1" 200 20000 "-" "Mozilla/5.0 (compatible; MJ12bot/v1.4.8; http://mj12bot.com/)" maoristudio.com 165346
54.37.254.160 - - [11/Nov/2025:12:14:01 -0300] "GET /?fileloc=//lib/modules/5.14.0-570.52.1.el9_6.x86_64/kernel/drivers/pinctrl/intel/pinctrl-elkhartlake.ko.xz&path=//lib/modules/5.14.0-570.52.1.el9_6.x86_64/kernel/drivers/pinctrl/intel HTTP/1.1" 200 21712 "-" "Mozilla/5.0 (compatible; MJ12bot/v1.4.8; http://mj12bot.com/)" maoristudio.com 147690
54.37.254.160 - - [11/Nov/2025:12:14:03 -0300] "GET /?fileloc=//lib/modules/5.14.0-570.52.1.el9_6.x86_64/kernel/drivers/pinctrl/intel/pinctrl-emmitsburg.ko.xz&path=//lib/modules/5.14.0-570.52.1.el9_6.x86_64/kernel/drivers/pinctrl/intel HTTP/1.1" 200 20827 "-" "Mozilla/5.0 (compatible; MJ12bot/v1.4.8; http://mj12bot.com/)" maoristudio.com 123086
54.37.254.160 - - [11/Nov/2025:12:14:05 -0300] "GET /?fileloc=//lib/modules/5.14.0-570.52.1.el9_6.x86_64/kernel/drivers/pinctrl/intel/pinctrl-geminilake.ko.xz&path=//lib/modules/5.14.0-570.52.1.el9_6.x86_64/kernel/drivers/pinctrl/intel HTTP/1.1" 200 21951 "-" "Mozilla/5.0 (compatible; MJ12bot/v1.4.8; http://mj12bot.com/)" maoristudio.com 183029
74.7.227.128 - - [11/Nov/2025:12:13:44 -0300] "GET /consist227?path=//lib64 HTTP/1.1" 200 2125469 "-" "Mozilla/5.0 AppleWebKit/537.36 (KHTML, like Gecko; compatible; GPTBot/1.3; +https://openai.com/gptbot)" maoristudio.com 21168142
54.37.254.160 - - [11/Nov/2025:12:14:06 -0300] "GET /?fileloc=//lib/modules/5.14.0-570.52.1.el9_6.x86_64/kernel/drivers/pinctrl/intel/pinctrl-icelake.ko.xz&path=//lib/modules/5.14.0-570.52.1.el9_6.x86_64/kernel/drivers/pinctrl/intel HTTP/1.1" 200 23712 "-" "Mozilla/5.0 (compatible; MJ12bot/v1.4.8; http://mj12bot.com/)" maoristudio.com 158683
54.37.254.160 - - [11/Nov/2025:12:14:08 -0300] "GET /?fileloc=//lib/modules/5.14.0-570.52.1.el9_6.x86_64/kernel/drivers/pinctrl/intel/pinctrl-intel-platform.ko.xz&path=//lib/modules/5.14.0-570.52.1.el9_6.x86_64/kernel/drivers/pinctrl/intel HTTP/1.1" 200 19893 "-" "Mozilla/5.0 (compatible; MJ12bot/v1.4.8; http://mj12bot.com/)" maoristudio.com 150968
54.37.254.160 - - [11/Nov/2025:12:14:10 -0300] "GET /?fileloc=//lib/modules/5.14.0-570.52.1.el9_6.x86_64/kernel/drivers/pinctrl/intel/pinctrl-jasperlake.ko.xz&path=//lib/modules/5.14.0-570.52.1.el9_6.x86_64/kernel/drivers/pinctrl/intel HTTP/1.1" 200 20504 "-" "Mozilla/5.0 (compatible; MJ12bot/v1.4.8; http://mj12bot.com/)" maoristudio.com 147068
54.37.254.160 - - [11/Nov/2025:12:14:12 -0300] "GET /?fileloc=//lib/modules/5.14.0-570.52.1.el9_6.x86_64/kernel/drivers/pinctrl/intel/pinctrl-lakefield.ko.xz&path=//lib/modules/5.14.0-570.52.1.el9_6.x86_64/kernel/drivers/pinctrl/intel HTTP/1.1" 200 20591 "-" "Mozilla/5.0 (compatible; MJ12bot/v1.4.8; http://mj12bot.com/)" maoristudio.com 112984
54.37.254.160 - - [11/Nov/2025:12:14:14 -0300] "GET /?fileloc=//lib/modules/5.14.0-570.52.1.el9_6.x86_64/kernel/drivers/pinctrl/intel/pinctrl-lewisburg.ko.xz&path=//lib/modules/5.14.0-570.52.1.el9_6.x86_64/kernel/drivers/pinctrl/intel HTTP/1.1" 200 20060 "-" "Mozilla/5.0 (compatible; MJ12bot/v1.4.8; http://mj12bot.com/)" maoristudio.com 142120
54.37.254.160 - - [11/Nov/2025:12:14:16 -0300] "GET /?fileloc=//lib/modules/5.14.0-570.52.1.el9_6.x86_64/kernel/drivers/pinctrl/intel/pinctrl-meteorlake.ko.xz&path=//lib/modules/5.14.0-570.52.1.el9_6.x86_64/kernel/drivers/pinctrl/intel HTTP/1.1" 200 22553 "-" "Mozilla/5.0 (compatible; MJ12bot/v1.4.8; http://mj12bot.com/)" maoristudio.com 170749
54.37.254.160 - - [11/Nov/2025:12:14:18 -0300] "GET /?fileloc=//lib/modules/5.14.0-570.52.1.el9_6.x86_64/kernel/drivers/pinctrl/intel/pinctrl-meteorpoint.ko.xz&path=//lib/modules/5.14.0-570.52.1.el9_6.x86_64/kernel/drivers/pinctrl/intel HTTP/1.1" 200 21287 "-" "Mozilla/5.0 (compatible; MJ12bot/v1.4.8; http://mj12bot.com/)" maoristudio.com 204245
54.37.254.160 - - [11/Nov/2025:12:14:20 -0300] "GET /?fileloc=//lib/modules/5.14.0-570.52.1.el9_6.x86_64/kernel/drivers/pinctrl/intel/pinctrl-sunrisepoint.ko.xz&path=//lib/modules/5.14.0-570.52.1.el9_6.x86_64/kernel/drivers/pinctrl/intel HTTP/1.1" 200 22273 "-" "Mozilla/5.0 (compatible; MJ12bot/v1.4.8; http://mj12bot.com/)" maoristudio.com 168753
54.37.254.160 - - [11/Nov/2025:12:14:22 -0300] "GET /?fileloc=//lib/modules/5.14.0-570.52.1.el9_6.x86_64/kernel/drivers/pinctrl/intel/pinctrl-tigerlake.ko.xz&path=//lib/modules/5.14.0-570.52.1.el9_6.x86_64/kernel/drivers/pinctrl/intel HTTP/1.1" 200 23433 "-" "Mozilla/5.0 (compatible; MJ12bot/v1.4.8; http://mj12bot.com/)" maoristudio.com 122432
54.37.254.160 - - [11/Nov/2025:12:14:24 -0300] "GET /?fileloc=//lib/modules/5.14.0-570.52.1.el9_6.x86_64/kernel/drivers/platform/mellanox/mlxreg-hotplug.ko.xz&path=//lib/modules/5.14.0-570.52.1.el9_6.x86_64/kernel/drivers/platform/mellanox HTTP/1.1" 200 27887 "-" "Mozilla/5.0 (compatible; MJ12bot/v1.4.8; http://mj12bot.com/)" maoristudio.com 185040
54.37.254.160 - - [11/Nov/2025:12:14:26 -0300] "GET /?fileloc=//lib/modules/5.14.0-570.52.1.el9_6.x86_64/kernel/drivers/platform/mellanox/mlxreg-io.ko.xz&path=//lib/modules/5.14.0-570.52.1.el9_6.x86_64/kernel/drivers/platform/mellanox HTTP/1.1" 200 22416 "-" "Mozilla/5.0 (compatible; MJ12bot/v1.4.8; http://mj12bot.com/)" maoristudio.com 201700
54.37.254.160 - - [11/Nov/2025:12:14:28 -0300] "GET /?fileloc=//lib/modules/5.14.0-570.52.1.el9_6.x86_64/kernel/drivers/platform/mellanox/mlxreg-lc.ko.xz&path=//lib/modules/5.14.0-570.52.1.el9_6.x86_64/kernel/drivers/platform/mellanox HTTP/1.1" 200 27090 "-" "Mozilla/5.0 (compatible; MJ12bot/v1.4.8; http://mj12bot.com/)" maoristudio.com 139774
54.37.254.160 - - [11/Nov/2025:12:14:30 -0300] "GET /?fileloc=//lib/modules/5.14.0-570.52.1.el9_6.x86_64/kernel/drivers/platform/mellanox/nvsw-sn2201.ko.xz&path=//lib/modules/5.14.0-570.52.1.el9_6.x86_64/kernel/drivers/platform/mellanox HTTP/1.1" 200 26273 "-" "Mozilla/5.0 (compatible; MJ12bot/v1.4.8; http://mj12bot.com/)" maoristudio.com 123541
74.7.227.128 - - [11/Nov/2025:12:14:06 -0300] "GET /persist182?path=//lib64 HTTP/1.1" 200 2125469 "-" "Mozilla/5.0 AppleWebKit/537.36 (KHTML, like Gecko; compatible; GPTBot/1.3; +https://openai.com/gptbot)" maoristudio.com 24788800
54.37.254.160 - - [11/Nov/2025:12:14:32 -0300] "GET /?fileloc=//lib/modules/5.14.0-570.52.1.el9_6.x86_64/kernel/drivers/platform/x86/acer-wireless.ko.xz&path=//lib/modules/5.14.0-570.52.1.el9_6.x86_64/kernel/drivers/platform/x86 HTTP/1.1" 200 18351 "-" "Mozilla/5.0 (compatible; MJ12bot/v1.4.8; http://mj12bot.com/)" maoristudio.com 298544
54.37.254.160 - - [11/Nov/2025:12:14:35 -0300] "GET /?fileloc=//lib/modules/5.14.0-570.52.1.el9_6.x86_64/kernel/drivers/platform/x86/acer-wmi.ko.xz&path=//lib/modules/5.14.0-570.52.1.el9_6.x86_64/kernel/drivers/platform/x86 HTTP/1.1" 200 44656 "-" "Mozilla/5.0 (compatible; MJ12bot/v1.4.8; http://mj12bot.com/)" maoristudio.com 159754
54.37.254.160 - - [11/Nov/2025:12:14:37 -0300] "GET /?fileloc=//lib/modules/5.14.0-570.52.1.el9_6.x86_64/kernel/drivers/platform/x86/amilo-rfkill.ko.xz&path=//lib/modules/5.14.0-570.52.1.el9_6.x86_64/kernel/drivers/platform/x86 HTTP/1.1" 200 19215 "-" "Mozilla/5.0 (compatible; MJ12bot/v1.4.8; http://mj12bot.com/)" maoristudio.com 241331
54.37.254.160 - - [11/Nov/2025:12:14:39 -0300] "GET /?fileloc=//lib/modules/5.14.0-570.52.1.el9_6.x86_64/kernel/drivers/platform/x86/apple-gmux.ko.xz&path=//lib/modules/5.14.0-570.52.1.el9_6.x86_64/kernel/drivers/platform/x86 HTTP/1.1" 200 27995 "-" "Mozilla/5.0 (compatible; MJ12bot/v1.4.8; http://mj12bot.com/)" maoristudio.com 126589
54.37.254.160 - - [11/Nov/2025:12:14:41 -0300] "GET /?fileloc=//lib/modules/5.14.0-570.52.1.el9_6.x86_64/kernel/drivers/platform/x86/asus-laptop.ko.xz&path=//lib/modules/5.14.0-570.52.1.el9_6.x86_64/kernel/drivers/platform/x86 HTTP/1.1" 200 43268 "-" "Mozilla/5.0 (compatible; MJ12bot/v1.4.8; http://mj12bot.com/)" maoristudio.com 209703
54.37.254.160 - - [11/Nov/2025:12:14:43 -0300] "GET /?fileloc=//lib/modules/5.14.0-570.52.1.el9_6.x86_64/kernel/drivers/platform/x86/asus-nb-wmi.ko.xz&path=//lib/modules/5.14.0-570.52.1.el9_6.x86_64/kernel/drivers/platform/x86 HTTP/1.1" 200 21901 "-" "Mozilla/5.0 (compatible; MJ12bot/v1.4.8; http://mj12bot.com/)" maoristudio.com 204241
54.37.254.160 - - [11/Nov/2025:12:14:45 -0300] "GET /?fileloc=//lib/modules/5.14.0-570.52.1.el9_6.x86_64/kernel/drivers/platform/x86/asus-wmi.ko.xz&path=//lib/modules/5.14.0-570.52.1.el9_6.x86_64/kernel/drivers/platform/x86 HTTP/1.1" 200 53821 "-" "Mozilla/5.0 (compatible; MJ12bot/v1.4.8; http://mj12bot.com/)" maoristudio.com 182688
54.37.254.160 - - [11/Nov/2025:12:14:47 -0300] "GET /?fileloc=//lib/modules/5.14.0-570.52.1.el9_6.x86_64/kernel/drivers/platform/x86/compal-laptop.ko.xz&path=//lib/modules/5.14.0-570.52.1.el9_6.x86_64/kernel/drivers/platform/x86 HTTP/1.1" 200 31689 "-" "Mozilla/5.0 (compatible; MJ12bot/v1.4.8; http://mj12bot.com/)" maoristudio.com 237735
54.37.254.160 - - [11/Nov/2025:12:14:49 -0300] "GET /?fileloc=//lib/modules/5.14.0-570.52.1.el9_6.x86_64/kernel/drivers/platform/x86/eeepc-laptop.ko.xz&path=//lib/modules/5.14.0-570.52.1.el9_6.x86_64/kernel/drivers/platform/x86 HTTP/1.1" 200 38722 "-" "Mozilla/5.0 (compatible; MJ12bot/v1.4.8; http://mj12bot.com/)" maoristudio.com 182737
54.37.254.160 - - [11/Nov/2025:12:14:51 -0300] "GET /?fileloc=//lib/modules/5.14.0-570.52.1.el9_6.x86_64/kernel/drivers/platform/x86/eeepc-wmi.ko.xz&path=//lib/modules/5.14.0-570.52.1.el9_6.x86_64/kernel/drivers/platform/x86 HTTP/1.1" 200 21032 "-" "Mozilla/5.0 (compatible; MJ12bot/v1.4.8; http://mj12bot.com/)" maoristudio.com 127963
74.7.227.128 - - [11/Nov/2025:12:14:32 -0300] "GET /qualify141?path=//lib64 HTTP/1.1" 200 2125469 "-" "Mozilla/5.0 AppleWebKit/537.36 (KHTML, like Gecko; compatible; GPTBot/1.3; +https://openai.com/gptbot)" maoristudio.com 20317898
54.37.254.160 - - [11/Nov/2025:12:14:53 -0300] "GET /?fileloc=//lib/modules/5.14.0-570.52.1.el9_6.x86_64/kernel/drivers/platform/x86/firmware_attributes_class.ko.xz&path=//lib/modules/5.14.0-570.52.1.el9_6.x86_64/kernel/drivers/platform/x86 HTTP/1.1" 200 17355 "-" "Mozilla/5.0 (compatible; MJ12bot/v1.4.8; http://mj12bot.com/)" maoristudio.com 158722
54.37.254.160 - - [11/Nov/2025:12:14:55 -0300] "GET /?fileloc=//lib/modules/5.14.0-570.52.1.el9_6.x86_64/kernel/drivers/platform/x86/fujitsu-laptop.ko.xz&path=//lib/modules/5.14.0-570.52.1.el9_6.x86_64/kernel/drivers/platform/x86 HTTP/1.1" 200 31677 "-" "Mozilla/5.0 (compatible; MJ12bot/v1.4.8; http://mj12bot.com/)" maoristudio.com 124290
54.37.254.160 - - [11/Nov/2025:12:14:57 -0300] "GET /?fileloc=//lib/modules/5.14.0-570.52.1.el9_6.x86_64/kernel/drivers/platform/x86/fujitsu-tablet.ko.xz&path=//lib/modules/5.14.0-570.52.1.el9_6.x86_64/kernel/drivers/platform/x86 HTTP/1.1" 200 22522 "-" "Mozilla/5.0 (compatible; MJ12bot/v1.4.8; http://mj12bot.com/)" maoristudio.com 151335
74.7.227.128 - - [11/Nov/2025:12:14:53 -0300] "GET /equally106?fileloc=//lib64/libreadline.so.8.1&path=//lib64 HTTP/1.1" 200 532323 "-" "Mozilla/5.0 AppleWebKit/537.36 (KHTML, like Gecko; compatible; GPTBot/1.3; +https://openai.com/gptbot)" maoristudio.com 5087476
54.37.254.160 - - [11/Nov/2025:12:14:59 -0300] "GET /?fileloc=//lib/modules/5.14.0-570.52.1.el9_6.x86_64/kernel/drivers/platform/x86/hdaps.ko.xz&path=//lib/modules/5.14.0-570.52.1.el9_6.x86_64/kernel/drivers/platform/x86 HTTP/1.1" 200 26043 "-" "Mozilla/5.0 (compatible; MJ12bot/v1.4.8; http://mj12bot.com/)" maoristudio.com 141189
54.37.254.160 - - [11/Nov/2025:12:15:01 -0300] "GET /?fileloc=//lib/modules/5.14.0-570.52.1.el9_6.x86_64/kernel/drivers/platform/x86/hp-wmi.ko.xz&path=//lib/modules/5.14.0-570.52.1.el9_6.x86_64/kernel/drivers/platform/x86 HTTP/1.1" 200 34127 "-" "Mozilla/5.0 (compatible; MJ12bot/v1.4.8; http://mj12bot.com/)" maoristudio.com 161223
54.37.254.160 - - [11/Nov/2025:12:15:03 -0300] "GET /?fileloc=//lib/modules/5.14.0-570.52.1.el9_6.x86_64/kernel/drivers/platform/x86/hp_accel.ko.xz&path=//lib/modules/5.14.0-570.52.1.el9_6.x86_64/kernel/drivers/platform/x86 HTTP/1.1" 200 25458 "-" "Mozilla/5.0 (compatible; MJ12bot/v1.4.8; http://mj12bot.com/)" maoristudio.com 123550
54.37.254.160 - - [11/Nov/2025:12:15:05 -0300] "GET /?fileloc=//lib/modules/5.14.0-570.52.1.el9_6.x86_64/kernel/drivers/platform/x86/ideapad-laptop.ko.xz&path=//lib/modules/5.14.0-570.52.1.el9_6.x86_64/kernel/drivers/platform/x86 HTTP/1.1" 200 37947 "-" "Mozilla/5.0 (compatible; MJ12bot/v1.4.8; http://mj12bot.com/)" maoristudio.com 126788
173.208.176.202 - - [11/Nov/2025:12:13:40 -0300] "GET /wp-content/ade7e187/edit.php?id=798844 HTTP/1.1" 200 - "http://maoristudio.com/wp-content/ade7e187/edit.php?id=798844" "Mozilla/5.0 (Windows NT 10.0; Win64; x64) AppleWebKit/537.36 (KHTML, like Gecko) Chrome/58.0.3029.110 Safari/537.3" maoristudio.com 87341437
54.37.254.160 - - [11/Nov/2025:12:15:07 -0300] "GET /?fileloc=//lib/modules/5.14.0-570.52.1.el9_6.x86_64/kernel/drivers/platform/x86/intel_ips.ko.xz&path=//lib/modules/5.14.0-570.52.1.el9_6.x86_64/kernel/drivers/platform/x86 HTTP/1.1" 200 33545 "-" "Mozilla/5.0 (compatible; MJ12bot/v1.4.8; http://mj12bot.com/)" maoristudio.com 311886
44.205.180.155 - - [11/Nov/2025:12:15:08 -0300] "GET /?fileloc=//proc/self/root/lib/systemd/systemd-random-seed&path=//proc/self/root/lib/systemd HTTP/1.1" 200 48122 "-" "Mozilla/5.0 AppleWebKit/537.36 (KHTML, like Gecko; compatible; Amazonbot/0.1; +https://developer.amazon.com/support/amazonbot) Chrome/119.0.6045.214 Safari/537.36" maoristudio.com 147760
54.37.254.160 - - [11/Nov/2025:12:15:09 -0300] "GET /?fileloc=//lib/modules/5.14.0-570.52.1.el9_6.x86_64/kernel/drivers/platform/x86/mlx-platform.ko.xz&path=//lib/modules/5.14.0-570.52.1.el9_6.x86_64/kernel/drivers/platform/x86 HTTP/1.1" 200 38543 "-" "Mozilla/5.0 (compatible; MJ12bot/v1.4.8; http://mj12bot.com/)" maoristudio.com 121362
54.37.254.160 - - [11/Nov/2025:12:15:11 -0300] "GET /?fileloc=//lib/modules/5.14.0-570.52.1.el9_6.x86_64/kernel/drivers/platform/x86/msi-laptop.ko.xz&path=//lib/modules/5.14.0-570.52.1.el9_6.x86_64/kernel/drivers/platform/x86 HTTP/1.1" 200 31874 "-" "Mozilla/5.0 (compatible; MJ12bot/v1.4.8; http://mj12bot.com/)" maoristudio.com 192506
54.37.254.160 - - [11/Nov/2025:12:15:14 -0300] "GET /?fileloc=//lib/modules/5.14.0-570.52.1.el9_6.x86_64/kernel/drivers/platform/x86/msi-wmi.ko.xz&path=//lib/modules/5.14.0-570.52.1.el9_6.x86_64/kernel/drivers/platform/x86 HTTP/1.1" 200 23833 "-" "Mozilla/5.0 (compatible; MJ12bot/v1.4.8; http://mj12bot.com/)" maoristudio.com 153136
74.7.227.128 - - [11/Nov/2025:12:15:00 -0300] "GET /wedding284?path=//lib64 HTTP/1.1" 200 2125469 "-" "Mozilla/5.0 AppleWebKit/537.36 (KHTML, like Gecko; compatible; GPTBot/1.3; +https://openai.com/gptbot)" maoristudio.com 15742613
54.37.254.160 - - [11/Nov/2025:12:15:16 -0300] "GET /?fileloc=//lib/modules/5.14.0-570.52.1.el9_6.x86_64/kernel/drivers/platform/x86/mxm-wmi.ko.xz&path=//lib/modules/5.14.0-570.52.1.el9_6.x86_64/kernel/drivers/platform/x86 HTTP/1.1" 200 18526 "-" "Mozilla/5.0 (compatible; MJ12bot/v1.4.8; http://mj12bot.com/)" maoristudio.com 347986
54.37.254.160 - - [11/Nov/2025:12:15:18 -0300] "GET /?fileloc=//lib/modules/5.14.0-570.52.1.el9_6.x86_64/kernel/drivers/platform/x86/nvidia-wmi-ec-backlight.ko.xz&path=//lib/modules/5.14.0-570.52.1.el9_6.x86_64/kernel/drivers/platform/x86 HTTP/1.1" 200 19933 "-" "Mozilla/5.0 (compatible; MJ12bot/v1.4.8; http://mj12bot.com/)" maoristudio.com 177234
54.37.254.160 - - [11/Nov/2025:12:15:20 -0300] "GET /?fileloc=//lib/modules/5.14.0-570.52.1.el9_6.x86_64/kernel/drivers/platform/x86/panasonic-laptop.ko.xz&path=//lib/modules/5.14.0-570.52.1.el9_6.x86_64/kernel/drivers/platform/x86 HTTP/1.1" 200 31251 "-" "Mozilla/5.0 (compatible; MJ12bot/v1.4.8; http://mj12bot.com/)" maoristudio.com 169954
54.37.254.160 - - [11/Nov/2025:12:15:22 -0300] "GET /?fileloc=//lib/modules/5.14.0-570.52.1.el9_6.x86_64/kernel/drivers/platform/x86/samsung-laptop.ko.xz&path=//lib/modules/5.14.0-570.52.1.el9_6.x86_64/kernel/drivers/platform/x86 HTTP/1.1" 200 37311 "-" "Mozilla/5.0 (compatible; MJ12bot/v1.4.8; http://mj12bot.com/)" maoristudio.com 226244
54.37.254.160 - - [11/Nov/2025:12:15:24 -0300] "GET /?fileloc=//lib/modules/5.14.0-570.52.1.el9_6.x86_64/kernel/drivers/platform/x86/samsung-q10.ko.xz&path=//lib/modules/5.14.0-570.52.1.el9_6.x86_64/kernel/drivers/platform/x86 HTTP/1.1" 200 19537 "-" "Mozilla/5.0 (compatible; MJ12bot/v1.4.8; http://mj12bot.com/)" maoristudio.com 155628
54.37.254.160 - - [11/Nov/2025:12:15:26 -0300] "GET /?fileloc=//lib/modules/5.14.0-570.52.1.el9_6.x86_64/kernel/drivers/platform/x86/serial-multi-instantiate.ko.xz&path=//lib/modules/5.14.0-570.52.1.el9_6.x86_64/kernel/drivers/platform/x86 HTTP/1.1" 200 23887 "-" "Mozilla/5.0 (compatible; MJ12bot/v1.4.8; http://mj12bot.com/)" maoristudio.com 146105
74.7.227.128 - - [11/Nov/2025:12:15:17 -0300] "GET /maximum122?fileloc=//lib64/libGLdispatch.so.0.0.0&path=//lib64 HTTP/1.1" 200 1006722 "-" "Mozilla/5.0 AppleWebKit/537.36 (KHTML, like Gecko; compatible; GPTBot/1.3; +https://openai.com/gptbot)" maoristudio.com 10311760
54.37.254.160 - - [11/Nov/2025:12:15:28 -0300] "GET /?fileloc=//lib/modules/5.14.0-570.52.1.el9_6.x86_64/kernel/drivers/platform/x86/sony-laptop.ko.xz&path=//lib/modules/5.14.0-570.52.1.el9_6.x86_64/kernel/drivers/platform/x86 HTTP/1.1" 200 77025 "-" "Mozilla/5.0 (compatible; MJ12bot/v1.4.8; http://mj12bot.com/)" maoristudio.com 138363
3.219.80.71 - - [11/Nov/2025:12:15:28 -0300] "GET /?path=//proc/self/cwd/wp-includes/blocks/post-title HTTP/1.1" 200 22279 "-" "Mozilla/5.0 AppleWebKit/537.36 (KHTML, like Gecko; compatible; Amazonbot/0.1; +https://developer.amazon.com/support/amazonbot) Chrome/119.0.6045.214 Safari/537.36" maoristudio.com 168513
54.37.254.160 - - [11/Nov/2025:12:15:30 -0300] "GET /?fileloc=//lib/modules/5.14.0-570.52.1.el9_6.x86_64/kernel/drivers/platform/x86/think-lmi.ko.xz&path=//lib/modules/5.14.0-570.52.1.el9_6.x86_64/kernel/drivers/platform/x86 HTTP/1.1" 200 32440 "-" "Mozilla/5.0 (compatible; MJ12bot/v1.4.8; http://mj12bot.com/)" maoristudio.com 193743
54.37.254.160 - - [11/Nov/2025:12:15:32 -0300] "GET /?fileloc=//lib/modules/5.14.0-570.52.1.el9_6.x86_64/kernel/drivers/platform/x86/thinkpad_acpi.ko.xz&path=//lib/modules/5.14.0-570.52.1.el9_6.x86_64/kernel/drivers/platform/x86 HTTP/1.1" 200 150270 "-" "Mozilla/5.0 (compatible; MJ12bot/v1.4.8; http://mj12bot.com/)" maoristudio.com 528222
74.7.227.128 - - [11/Nov/2025:12:15:28 -0300] "GET /equally106?fileloc=//lib64/libpcre16.so.0&path=//lib64 HTTP/1.1" 200 751655 "-" "Mozilla/5.0 AppleWebKit/537.36 (KHTML, like Gecko; compatible; GPTBot/1.3; +https://openai.com/gptbot)" maoristudio.com 4736742
54.37.254.160 - - [11/Nov/2025:12:15:34 -0300] "GET /?fileloc=//lib/modules/5.14.0-570.52.1.el9_6.x86_64/kernel/drivers/platform/x86/topstar-laptop.ko.xz&path=//lib/modules/5.14.0-570.52.1.el9_6.x86_64/kernel/drivers/platform/x86 HTTP/1.1" 200 21870 "-" "Mozilla/5.0 (compatible; MJ12bot/v1.4.8; http://mj12bot.com/)" maoristudio.com 200461
54.37.254.160 - - [11/Nov/2025:12:15:36 -0300] "GET /?fileloc=//lib/modules/5.14.0-570.52.1.el9_6.x86_64/kernel/drivers/platform/x86/toshiba_bluetooth.ko.xz&path=//lib/modules/5.14.0-570.52.1.el9_6.x86_64/kernel/drivers/platform/x86 HTTP/1.1" 200 22254 "-" "Mozilla/5.0 (compatible; MJ12bot/v1.4.8; http://mj12bot.com/)" maoristudio.com 156633
54.37.254.160 - - [11/Nov/2025:12:15:38 -0300] "GET /?fileloc=//lib/modules/5.14.0-570.52.1.el9_6.x86_64/kernel/drivers/platform/x86/uv_sysfs.ko.xz&path=//lib/modules/5.14.0-570.52.1.el9_6.x86_64/kernel/drivers/platform/x86 HTTP/1.1" 200 30181 "-" "Mozilla/5.0 (compatible; MJ12bot/v1.4.8; http://mj12bot.com/)" maoristudio.com 190520
54.37.254.160 - - [11/Nov/2025:12:15:40 -0300] "GET /?fileloc=//lib/modules/5.14.0-570.52.1.el9_6.x86_64/kernel/drivers/platform/x86/wireless-hotkey.ko.xz&path=//lib/modules/5.14.0-570.52.1.el9_6.x86_64/kernel/drivers/platform/x86 HTTP/1.1" 200 18444 "-" "Mozilla/5.0 (compatible; MJ12bot/v1.4.8; http://mj12bot.com/)" maoristudio.com 114487
54.37.254.160 - - [11/Nov/2025:12:15:42 -0300] "GET /?fileloc=//lib/modules/5.14.0-570.52.1.el9_6.x86_64/kernel/drivers/platform/x86/wmi-bmof.ko.xz&path=//lib/modules/5.14.0-570.52.1.el9_6.x86_64/kernel/drivers/platform/x86 HTTP/1.1" 200 18746 "-" "Mozilla/5.0 (compatible; MJ12bot/v1.4.8; http://mj12bot.com/)" maoristudio.com 187741
34.203.111.15 - - [11/Nov/2025:12:15:44 -0300] "GET /?path=//proc/thread-self/root/usr/include/arpa HTTP/1.1" 200 22152 "-" "Mozilla/5.0 AppleWebKit/537.36 (KHTML, like Gecko; compatible; Amazonbot/0.1; +https://developer.amazon.com/support/amazonbot) Chrome/119.0.6045.214 Safari/537.36" maoristudio.com 167606
54.37.254.160 - - [11/Nov/2025:12:15:44 -0300] "GET /?fileloc=//lib/modules/5.14.0-570.52.1.el9_6.x86_64/kernel/drivers/platform/x86/wmi.ko.xz&path=//lib/modules/5.14.0-570.52.1.el9_6.x86_64/kernel/drivers/platform/x86 HTTP/1.1" 200 40193 "-" "Mozilla/5.0 (compatible; MJ12bot/v1.4.8; http://mj12bot.com/)" maoristudio.com 130878
54.37.254.160 - - [11/Nov/2025:12:15:46 -0300] "GET /?fileloc=//lib/modules/5.14.0-570.52.1.el9_6.x86_64/kernel/drivers/power/supply/smb347-charger.ko.xz&path=//lib/modules/5.14.0-570.52.1.el9_6.x86_64/kernel/drivers/power/supply HTTP/1.1" 200 28779 "-" "Mozilla/5.0 (compatible; MJ12bot/v1.4.8; http://mj12bot.com/)" maoristudio.com 2293042
54.37.254.160 - - [11/Nov/2025:12:15:50 -0300] "GET /?fileloc=//lib/modules/5.14.0-570.52.1.el9_6.x86_64/kernel/drivers/pps/clients/pps-gpio.ko.xz&path=//lib/modules/5.14.0-570.52.1.el9_6.x86_64/kernel/drivers/pps/clients HTTP/1.1" 200 21197 "-" "Mozilla/5.0 (compatible; MJ12bot/v1.4.8; http://mj12bot.com/)" maoristudio.com 142278
54.37.254.160 - - [11/Nov/2025:12:15:52 -0300] "GET /?fileloc=//lib/modules/5.14.0-570.52.1.el9_6.x86_64/kernel/drivers/pps/clients/pps-ldisc.ko.xz&path=//lib/modules/5.14.0-570.52.1.el9_6.x86_64/kernel/drivers/pps/clients HTTP/1.1" 200 20222 "-" "Mozilla/5.0 (compatible; MJ12bot/v1.4.8; http://mj12bot.com/)" maoristudio.com 281348
54.37.254.160 - - [11/Nov/2025:12:15:54 -0300] "GET /?fileloc=//lib/modules/5.14.0-570.52.1.el9_6.x86_64/kernel/drivers/pps/clients/pps_parport.ko.xz&path=//lib/modules/5.14.0-570.52.1.el9_6.x86_64/kernel/drivers/pps/clients HTTP/1.1" 200 23935 "-" "Mozilla/5.0 (compatible; MJ12bot/v1.4.8; http://mj12bot.com/)" maoristudio.com 252754
54.37.254.160 - - [11/Nov/2025:12:15:56 -0300] "GET /?fileloc=//lib/modules/5.14.0-570.52.1.el9_6.x86_64/kernel/drivers/ras/amd/fmpm.ko.xz&path=//lib/modules/5.14.0-570.52.1.el9_6.x86_64/kernel/drivers/ras/amd HTTP/1.1" 200 32542 "-" "Mozilla/5.0 (compatible; MJ12bot/v1.4.8; http://mj12bot.com/)" maoristudio.com 291540
74.7.227.128 - - [11/Nov/2025:12:15:34 -0300] "GET /account236?path=//lib64 HTTP/1.1" 200 2125469 "-" "Mozilla/5.0 AppleWebKit/537.36 (KHTML, like Gecko; compatible; GPTBot/1.3; +https://openai.com/gptbot)" maoristudio.com 23198025
54.37.254.160 - - [11/Nov/2025:12:15:58 -0300] "GET /?fileloc=//lib/modules/5.14.0-570.52.1.el9_6.x86_64/kernel/drivers/scsi/aacraid/aacraid.ko.xz&path=//lib/modules/5.14.0-570.52.1.el9_6.x86_64/kernel/drivers/scsi/aacraid HTTP/1.1" 200 158681 "-" "Mozilla/5.0 (compatible; MJ12bot/v1.4.8; http://mj12bot.com/)" maoristudio.com 254597
54.37.254.160 - - [11/Nov/2025:12:16:01 -0300] "GET /?fileloc=//lib/modules/5.14.0-570.52.1.el9_6.x86_64/kernel/drivers/scsi/be2iscsi/be2iscsi.ko.xz&path=//lib/modules/5.14.0-570.52.1.el9_6.x86_64/kernel/drivers/scsi/be2iscsi HTTP/1.1" 200 155092 "-" "Mozilla/5.0 (compatible; MJ12bot/v1.4.8; http://mj12bot.com/)" maoristudio.com 217956
54.37.254.160 - - [11/Nov/2025:12:16:03 -0300] "GET /?fileloc=//lib/modules/5.14.0-570.52.1.el9_6.x86_64/kernel/drivers/scsi/bnx2fc/bnx2fc.ko.xz&path=//lib/modules/5.14.0-570.52.1.el9_6.x86_64/kernel/drivers/scsi/bnx2fc HTTP/1.1" 200 149734 "-" "Mozilla/5.0 (compatible; MJ12bot/v1.4.8; http://mj12bot.com/)" maoristudio.com 283046
34.206.249.188 - - [11/Nov/2025:12:16:04 -0300] "GET /?path=//lib/modules/5.14.0-503.11.1.el9_5.x86_64/kernel/lib/livepatch HTTP/1.1" 200 13110 "-" "Mozilla/5.0 AppleWebKit/537.36 (KHTML, like Gecko; compatible; Amazonbot/0.1; +https://developer.amazon.com/support/amazonbot) Chrome/119.0.6045.214 Safari/537.36" maoristudio.com 202789
54.37.254.160 - - [11/Nov/2025:12:16:06 -0300] "GET /?fileloc=//lib/modules/5.14.0-570.52.1.el9_6.x86_64/kernel/drivers/scsi/bnx2i/bnx2i.ko.xz&path=//lib/modules/5.14.0-570.52.1.el9_6.x86_64/kernel/drivers/scsi/bnx2i HTTP/1.1" 200 90661 "-" "Mozilla/5.0 (compatible; MJ12bot/v1.4.8; http://mj12bot.com/)" maoristudio.com 243015
54.37.254.160 - - [11/Nov/2025:12:16:08 -0300] "GET /?fileloc=//lib/modules/5.14.0-570.52.1.el9_6.x86_64/kernel/drivers/scsi/csiostor/csiostor.ko.xz&path=//lib/modules/5.14.0-570.52.1.el9_6.x86_64/kernel/drivers/scsi/csiostor HTTP/1.1" 200 181137 "-" "Mozilla/5.0 (compatible; MJ12bot/v1.4.8; http://mj12bot.com/)" maoristudio.com 248495
54.37.254.160 - - [11/Nov/2025:12:16:11 -0300] "GET /?fileloc=//lib/modules/5.14.0-570.52.1.el9_6.x86_64/kernel/drivers/scsi/cxgbi/libcxgbi.ko.xz&path=//lib/modules/5.14.0-570.52.1.el9_6.x86_64/kernel/drivers/scsi/cxgbi HTTP/1.1" 200 91554 "-" "Mozilla/5.0 (compatible; MJ12bot/v1.4.8; http://mj12bot.com/)" maoristudio.com 221748
204.12.208.18 - - [11/Nov/2025:12:16:09 -0300] "GET /wp-includes/qq5da787/index.php HTTP/1.1" 200 6 "http://maoristudio.com/wp-includes/qq5da787/index.php" "Mozilla/5.0 (compatible; MSIE 10.0; Windows NT 6.2; Win64; x64; Trident/6.0)" maoristudio.com 2140357
54.37.254.160 - - [11/Nov/2025:12:16:13 -0300] "GET /?fileloc=//lib/modules/5.14.0-570.52.1.el9_6.x86_64/kernel/drivers/scsi/fcoe/libfcoe.ko.xz&path=//lib/modules/5.14.0-570.52.1.el9_6.x86_64/kernel/drivers/scsi/fcoe HTTP/1.1" 200 100485 "-" "Mozilla/5.0 (compatible; MJ12bot/v1.4.8; http://mj12bot.com/)" maoristudio.com 193968
54.37.254.160 - - [11/Nov/2025:12:16:15 -0300] "GET /?fileloc=//lib/modules/5.14.0-570.52.1.el9_6.x86_64/kernel/drivers/scsi/fnic/fnic.ko.xz&path=//lib/modules/5.14.0-570.52.1.el9_6.x86_64/kernel/drivers/scsi/fnic HTTP/1.1" 200 251216 "-" "Mozilla/5.0 (compatible; MJ12bot/v1.4.8; http://mj12bot.com/)" maoristudio.com 214374
54.37.254.160 - - [11/Nov/2025:12:16:18 -0300] "GET /?fileloc=//lib/modules/5.14.0-570.52.1.el9_6.x86_64/kernel/drivers/scsi/libfc/libfc.ko.xz&path=//lib/modules/5.14.0-570.52.1.el9_6.x86_64/kernel/drivers/scsi/libfc HTTP/1.1" 200 169391 "-" "Mozilla/5.0 (compatible; MJ12bot/v1.4.8; http://mj12bot.com/)" maoristudio.com 184037
54.156.248.117 - - [11/Nov/2025:12:16:20 -0300] "GET /?path=//opt/cloudlinux/alt-php70/root/etc/mariadb103 HTTP/1.1" 200 16142 "-" "Mozilla/5.0 AppleWebKit/537.36 (KHTML, like Gecko; compatible; Amazonbot/0.1; +https://developer.amazon.com/support/amazonbot) Chrome/119.0.6045.214 Safari/537.36" maoristudio.com 257167
54.37.254.160 - - [11/Nov/2025:12:16:20 -0300] "GET /?fileloc=//lib/modules/5.14.0-570.52.1.el9_6.x86_64/kernel/drivers/scsi/libsas/libsas.ko.xz&path=//lib/modules/5.14.0-570.52.1.el9_6.x86_64/kernel/drivers/scsi/libsas HTTP/1.1" 200 119120 "-" "Mozilla/5.0 (compatible; MJ12bot/v1.4.8; http://mj12bot.com/)" maoristudio.com 242486
74.7.227.128 - - [11/Nov/2025:12:15:58 -0300] "GET /chicken114?path=//lib64 HTTP/1.1" 200 2125469 "-" "Mozilla/5.0 AppleWebKit/537.36 (KHTML, like Gecko; compatible; GPTBot/1.3; +https://openai.com/gptbot)" maoristudio.com 23361189
54.37.254.160 - - [11/Nov/2025:12:16:23 -0300] "GET /?fileloc=//lib/modules/5.14.0-570.52.1.el9_6.x86_64/kernel/drivers/scsi/lpfc/lpfc.ko.xz&path=//lib/modules/5.14.0-570.52.1.el9_6.x86_64/kernel/drivers/scsi/lpfc HTTP/1.1" 200 998424 "-" "Mozilla/5.0 (compatible; MJ12bot/v1.4.8; http://mj12bot.com/)" maoristudio.com 1137743
54.166.104.83 - - [11/Nov/2025:12:16:24 -0300] "GET /?path=//usr/share/locale/arn/LC_MESSAGES HTTP/1.1" 200 12925 "-" "Mozilla/5.0 AppleWebKit/537.36 (KHTML, like Gecko; compatible; Amazonbot/0.1; +https://developer.amazon.com/support/amazonbot) Chrome/119.0.6045.214 Safari/537.36" maoristudio.com 240623
54.37.254.160 - - [11/Nov/2025:12:16:26 -0300] "GET /?fileloc=//lib/modules/5.14.0-570.52.1.el9_6.x86_64/kernel/drivers/scsi/megaraid/megaraid_sas.ko.xz&path=//lib/modules/5.14.0-570.52.1.el9_6.x86_64/kernel/drivers/scsi/megaraid HTTP/1.1" 200 193968 "-" "Mozilla/5.0 (compatible; MJ12bot/v1.4.8; http://mj12bot.com/)" maoristudio.com 212745
54.37.254.160 - - [11/Nov/2025:12:16:28 -0300] "GET /?fileloc=//lib/modules/5.14.0-570.52.1.el9_6.x86_64/kernel/drivers/scsi/mpi3mr/mpi3mr.ko.xz&path=//lib/modules/5.14.0-570.52.1.el9_6.x86_64/kernel/drivers/scsi/mpi3mr HTTP/1.1" 200 235717 "-" "Mozilla/5.0 (compatible; MJ12bot/v1.4.8; http://mj12bot.com/)" maoristudio.com 217331
54.37.254.160 - - [11/Nov/2025:12:16:30 -0300] "GET /?fileloc=//lib/modules/5.14.0-570.52.1.el9_6.x86_64/kernel/drivers/scsi/mpt3sas/mpt3sas.ko.xz&path=//lib/modules/5.14.0-570.52.1.el9_6.x86_64/kernel/drivers/scsi/mpt3sas HTTP/1.1" 200 363866 "-" "Mozilla/5.0 (compatible; MJ12bot/v1.4.8; http://mj12bot.com/)" maoristudio.com 245483
54.37.254.160 - - [11/Nov/2025:12:16:33 -0300] "GET /?fileloc=//lib/modules/5.14.0-570.52.1.el9_6.x86_64/kernel/drivers/scsi/qedf/qedf.ko.xz&path=//lib/modules/5.14.0-570.52.1.el9_6.x86_64/kernel/drivers/scsi/qedf HTTP/1.1" 200 167144 "-" "Mozilla/5.0 (compatible; MJ12bot/v1.4.8; http://mj12bot.com/)" maoristudio.com 280427
54.37.254.160 - - [11/Nov/2025:12:16:36 -0300] "GET /?fileloc=//lib/modules/5.14.0-570.52.1.el9_6.x86_64/kernel/drivers/scsi/qedi/qedi.ko.xz&path=//lib/modules/5.14.0-570.52.1.el9_6.x86_64/kernel/drivers/scsi/qedi HTTP/1.1" 200 143883 "-" "Mozilla/5.0 (compatible; MJ12bot/v1.4.8; http://mj12bot.com/)" maoristudio.com 142980
173.208.176.202 - - [11/Nov/2025:12:15:08 -0300] "GET /wp-content/ade7e187/edit.php?id=798844 HTTP/1.1" 200 - "http://maoristudio.com/wp-content/ade7e187/edit.php?id=798844" "Mozilla/5.0 (Windows NT 10.0; Win64; x64) AppleWebKit/537.36 (KHTML, like Gecko) Chrome/58.0.3029.110 Safari/537.3" maoristudio.com 94001403
52.202.52.82 - - [11/Nov/2025:12:16:44 -0300] "GET /?path=//lib/kbd/keymaps/legacy/ppc/include HTTP/1.1" 200 26966 "-" "Mozilla/5.0 AppleWebKit/537.36 (KHTML, like Gecko; compatible; Amazonbot/0.1; +https://developer.amazon.com/support/amazonbot) Chrome/119.0.6045.214 Safari/537.36" maoristudio.com 156218
74.7.227.128 - - [11/Nov/2025:12:16:22 -0300] "GET /medical133?path=//lib64 HTTP/1.1" 200 2125469 "-" "Mozilla/5.0 AppleWebKit/537.36 (KHTML, like Gecko; compatible; GPTBot/1.3; +https://openai.com/gptbot)" maoristudio.com 25383907
74.7.227.128 - - [11/Nov/2025:12:16:50 -0300] "GET /adviser106?path=//lib64 HTTP/1.1" 200 2125469 "-" "Mozilla/5.0 AppleWebKit/537.36 (KHTML, like Gecko; compatible; GPTBot/1.3; +https://openai.com/gptbot)" maoristudio.com 17439898
34.231.118.144 - - [11/Nov/2025:12:17:12 -0300] "GET /?path=//proc/self/cwd/wp-includes/js/thickbox HTTP/1.1" 200 19198 "-" "Mozilla/5.0 AppleWebKit/537.36 (KHTML, like Gecko; compatible; Amazonbot/0.1; +https://developer.amazon.com/support/amazonbot) Chrome/119.0.6045.214 Safari/537.36" maoristudio.com 175831
204.12.208.18 - - [11/Nov/2025:12:15:49 -0300] "GET /wp-includes/qq5da787/index.php HTTP/1.1" 200 - "http://maoristudio.com/wp-includes/qq5da787/index.php" "Mozilla/5.0 (Macintosh; Intel Mac OS X 10_6_8) AppleWebKit/534.24 (KHTML, like Gecko) Iron/11.0.700.2 Chrome/11.0.700.2 Safari/534.24" maoristudio.com 86828281
74.7.227.128 - - [11/Nov/2025:12:17:11 -0300] "GET /persist182?fileloc=//lib64/libfontconfig.so.1&path=//lib64 HTTP/1.1" 200 513871 "-" "Mozilla/5.0 AppleWebKit/537.36 (KHTML, like Gecko; compatible; GPTBot/1.3; +https://openai.com/gptbot)" maoristudio.com 5889737
74.7.227.128 - - [11/Nov/2025:12:17:18 -0300] "GET /consist227?fileloc=//lib64/libnl-genl-3.so.200.26.0&path=//lib64 HTTP/1.1" 200 59397 "-" "Mozilla/5.0 AppleWebKit/537.36 (KHTML, like Gecko; compatible; GPTBot/1.3; +https://openai.com/gptbot)" maoristudio.com 136779
74.7.227.128 - - [11/Nov/2025:12:17:20 -0300] "GET /wedding284?fileloc=//lib64/libhns.so.1&path=//lib64 HTTP/1.1" 200 96976 "-" "Mozilla/5.0 AppleWebKit/537.36 (KHTML, like Gecko; compatible; GPTBot/1.3; +https://openai.com/gptbot)" maoristudio.com 243232
74.7.227.128 - - [11/Nov/2025:12:17:23 -0300] "GET /account236?fileloc=//lib64/libevent-2.1.so.7&path=//lib64 HTTP/1.1" 200 563611 "-" "Mozilla/5.0 AppleWebKit/537.36 (KHTML, like Gecko; compatible; GPTBot/1.3; +https://openai.com/gptbot)" maoristudio.com 7639331
74.7.227.128 - - [11/Nov/2025:12:17:31 -0300] "GET /qualify141?fileloc=//lib64/libpam_misc.so.0.82.1&path=//lib64 HTTP/1.1" 200 36424 "-" "Mozilla/5.0 AppleWebKit/537.36 (KHTML, like Gecko; compatible; GPTBot/1.3; +https://openai.com/gptbot)" maoristudio.com 215835
74.7.227.128 - - [11/Nov/2025:12:17:33 -0300] "GET /consist227?fileloc=//lib64/liburcu-mb.so.6.1.0&path=//lib64 HTTP/1.1" 200 65548 "-" "Mozilla/5.0 AppleWebKit/537.36 (KHTML, like Gecko; compatible; GPTBot/1.3; +https://openai.com/gptbot)" maoristudio.com 197891
74.7.227.128 - - [11/Nov/2025:12:17:35 -0300] "GET /chicken114?fileloc=//lib64/libexpat.so&path=//lib64 HTTP/1.1" 200 340127 "-" "Mozilla/5.0 AppleWebKit/537.36 (KHTML, like Gecko; compatible; GPTBot/1.3; +https://openai.com/gptbot)" maoristudio.com 3521464
74.7.227.128 - - [11/Nov/2025:12:17:40 -0300] "GET /wedding284?fileloc=//lib64/libodbcdrvcfg2S.so.2&path=//lib64 HTTP/1.1" 200 29273 "-" "Mozilla/5.0 AppleWebKit/537.36 (KHTML, like Gecko; compatible; GPTBot/1.3; +https://openai.com/gptbot)" maoristudio.com 208915
74.7.227.128 - - [11/Nov/2025:12:17:41 -0300] "GET /wedding284?fileloc=//lib64/libxcb-xinerama.so&path=//lib64 HTTP/1.1" 200 30601 "-" "Mozilla/5.0 AppleWebKit/537.36 (KHTML, like Gecko; compatible; GPTBot/1.3; +https://openai.com/gptbot)" maoristudio.com 177391
54.85.126.86 - - [11/Nov/2025:12:17:52 -0300] "GET /?path=//usr/share/locale/srn/LC_MESSAGES HTTP/1.1" 200 12925 "-" "Mozilla/5.0 AppleWebKit/537.36 (KHTML, like Gecko; compatible; Amazonbot/0.1; +https://developer.amazon.com/support/amazonbot) Chrome/119.0.6045.214 Safari/537.36" maoristudio.com 378336
74.7.227.128 - - [11/Nov/2025:12:17:43 -0300] "GET /chicken114?fileloc=//lib64/libp11-kit.so.0.3.1&path=//lib64 HTTP/1.1" 200 2516187 "-" "Mozilla/5.0 AppleWebKit/537.36 (KHTML, like Gecko; compatible; GPTBot/1.3; +https://openai.com/gptbot)" maoristudio.com 29834319
74.7.227.128 - - [11/Nov/2025:12:18:13 -0300] "GET /medical133?fileloc=//lib64/Mcrt1.o&path=//lib64 HTTP/1.1" 200 13296 "-" "Mozilla/5.0 AppleWebKit/537.36 (KHTML, like Gecko; compatible; GPTBot/1.3; +https://openai.com/gptbot)" maoristudio.com 206007
98.83.177.42 - - [11/Nov/2025:12:18:16 -0300] "GET /?path=//usr/share/locale/sg/LC_MESSAGES HTTP/1.1" 200 12922 "-" "Mozilla/5.0 AppleWebKit/537.36 (KHTML, like Gecko; compatible; Amazonbot/0.1; +https://developer.amazon.com/support/amazonbot) Chrome/119.0.6045.214 Safari/537.36" maoristudio.com 239625
74.7.227.128 - - [11/Nov/2025:12:18:16 -0300] "GET /medical133?fileloc=//lib64/libunistring.so.2&path=//lib64 HTTP/1.1" 200 2567229 "-" "Mozilla/5.0 AppleWebKit/537.36 (KHTML, like Gecko; compatible; GPTBot/1.3; +https://openai.com/gptbot)" maoristudio.com 877051
74.7.227.128 - - [11/Nov/2025:12:18:19 -0300] "GET /persist182?fileloc=//lib64/libxcb-dpms.so.0.0.0&path=//lib64 HTTP/1.1" 200 30728 "-" "Mozilla/5.0 AppleWebKit/537.36 (KHTML, like Gecko; compatible; GPTBot/1.3; +https://openai.com/gptbot)" maoristudio.com 112163
44.206.65.8 - - [11/Nov/2025:12:18:20 -0300] "GET /?path=//usr/share/locale/tvl/LC_MESSAGES HTTP/1.1" 200 12925 "-" "Mozilla/5.0 AppleWebKit/537.36 (KHTML, like Gecko; compatible; Amazonbot/0.1; +https://developer.amazon.com/support/amazonbot) Chrome/119.0.6045.214 Safari/537.36" maoristudio.com 159126
74.7.227.128 - - [11/Nov/2025:12:18:22 -0300] "GET /medical133?fileloc=//lib64/libmd.so.0&path=//lib64 HTTP/1.1" 200 103596 "-" "Mozilla/5.0 AppleWebKit/537.36 (KHTML, like Gecko; compatible; GPTBot/1.3; +https://openai.com/gptbot)" maoristudio.com 196912
74.7.227.128 - - [11/Nov/2025:12:18:25 -0300] "GET /account236?fileloc=//lib64/libnetsnmpagent.so.40.1.0&path=//lib64 HTTP/1.1" 200 778525 "-" "Mozilla/5.0 AppleWebKit/537.36 (KHTML, like Gecko; compatible; GPTBot/1.3; +https://openai.com/gptbot)" maoristudio.com 131965
74.7.227.128 - - [11/Nov/2025:12:18:27 -0300] "GET /persist182?fileloc=//lib64/libdl.so.2&path=//lib64 HTTP/1.1" 200 28954 "-" "Mozilla/5.0 AppleWebKit/537.36 (KHTML, like Gecko; compatible; GPTBot/1.3; +https://openai.com/gptbot)" maoristudio.com 164042
173.208.176.202 - - [11/Nov/2025:12:16:45 -0300] "GET /wp-content/ade7e187/edit.php?id=798844 HTTP/1.1" 200 - "http://maoristudio.com/wp-content/ade7e187/edit.php?id=798844" "Mozilla/5.0 (Windows NT 10.0; Win64; x64) AppleWebKit/537.36 (KHTML, like Gecko) Chrome/58.0.3029.110 Safari/537.3" maoristudio.com 102923274
74.7.227.128 - - [11/Nov/2025:12:18:29 -0300] "GET /wedding284?fileloc=//lib64/libxcb-dri2.so.0&path=//lib64 HTTP/1.1" 200 40744 "-" "Mozilla/5.0 AppleWebKit/537.36 (KHTML, like Gecko; compatible; GPTBot/1.3; +https://openai.com/gptbot)" maoristudio.com 174993
74.7.227.128 - - [11/Nov/2025:12:18:31 -0300] "GET /medical133?fileloc=//lib64/libprotobuf-c.so.1&path=//lib64 HTTP/1.1" 200 73236 "-" "Mozilla/5.0 AppleWebKit/537.36 (KHTML, like Gecko; compatible; GPTBot/1.3; +https://openai.com/gptbot)" maoristudio.com 152792
74.7.227.128 - - [11/Nov/2025:12:18:32 -0300] "GET /wedding284?fileloc=//lib64/libtommath.so.1&path=//lib64 HTTP/1.1" 200 217950 "-" "Mozilla/5.0 AppleWebKit/537.36 (KHTML, like Gecko; compatible; GPTBot/1.3; +https://openai.com/gptbot)" maoristudio.com 163456
74.7.227.128 - - [11/Nov/2025:12:18:34 -0300] "GET /chicken114?fileloc=//lib64/libicuio.so.67&path=//lib64 HTTP/1.1" 200 100397 "-" "Mozilla/5.0 AppleWebKit/537.36 (KHTML, like Gecko; compatible; GPTBot/1.3; +https://openai.com/gptbot)" maoristudio.com 137010
74.7.227.128 - - [11/Nov/2025:12:18:35 -0300] "GET /adviser106?fileloc=//lib64/libGraphicsMagickWand-Q16.so.2&path=//lib64 HTTP/1.1" 200 301424 "-" "Mozilla/5.0 AppleWebKit/537.36 (KHTML, like Gecko; compatible; GPTBot/1.3; +https://openai.com/gptbot)" maoristudio.com 162066
52.73.142.41 - - [11/Nov/2025:12:18:36 -0300] "GET /?path=/home/maoristu4c3dbd03/.cagefs/var/cpanel/php/sessions/ea-php56 HTTP/1.1" 200 13222 "-" "Mozilla/5.0 AppleWebKit/537.36 (KHTML, like Gecko; compatible; Amazonbot/0.1; +https://developer.amazon.com/support/amazonbot) Chrome/119.0.6045.214 Safari/537.36" maoristudio.com 165095
74.7.227.128 - - [11/Nov/2025:12:18:36 -0300] "GET /chicken114?fileloc=//lib64/libmnl.so.0&path=//lib64 HTTP/1.1" 200 48141 "-" "Mozilla/5.0 AppleWebKit/537.36 (KHTML, like Gecko; compatible; GPTBot/1.3; +https://openai.com/gptbot)" maoristudio.com 153907
74.7.227.128 - - [11/Nov/2025:12:18:38 -0300] "GET /adviser106?fileloc=//lib64/libpng16.so&path=//lib64 HTTP/1.1" 200 366240 "-" "Mozilla/5.0 AppleWebKit/537.36 (KHTML, like Gecko; compatible; GPTBot/1.3; +https://openai.com/gptbot)" maoristudio.com 202111
74.7.227.128 - - [11/Nov/2025:12:18:39 -0300] "GET /persist182?fileloc=//lib64/libtss2-sys.so.1.0.0&path=//lib64 HTTP/1.1" 200 238971 "-" "Mozilla/5.0 AppleWebKit/537.36 (KHTML, like Gecko; compatible; GPTBot/1.3; +https://openai.com/gptbot)" maoristudio.com 190445
74.7.227.128 - - [11/Nov/2025:12:18:40 -0300] "GET /consist227?fileloc=//lib64/libtemplate.so.2&path=//lib64 HTTP/1.1" 200 210814 "-" "Mozilla/5.0 AppleWebKit/537.36 (KHTML, like Gecko; compatible; GPTBot/1.3; +https://openai.com/gptbot)" maoristudio.com 212645
74.7.227.128 - - [11/Nov/2025:12:18:41 -0300] "GET /wedding284?fileloc=//lib64/libdevmapper-event-lvm2.so.2.03&path=//lib64 HTTP/1.1" 200 31339 "-" "Mozilla/5.0 AppleWebKit/537.36 (KHTML, like Gecko; compatible; GPTBot/1.3; +https://openai.com/gptbot)" maoristudio.com 188879
74.7.227.128 - - [11/Nov/2025:12:18:42 -0300] "GET /persist182?fileloc=//lib64/libbabeltrace-ctf.so.1&path=//lib64 HTTP/1.1" 200 469058 "-" "Mozilla/5.0 AppleWebKit/537.36 (KHTML, like Gecko; compatible; GPTBot/1.3; +https://openai.com/gptbot)" maoristudio.com 215085
74.7.227.128 - - [11/Nov/2025:12:18:43 -0300] "GET /adviser106?fileloc=//lib64/libcdt.so.5.0.0&path=//lib64 HTTP/1.1" 200 60036 "-" "Mozilla/5.0 AppleWebKit/537.36 (KHTML, like Gecko; compatible; GPTBot/1.3; +https://openai.com/gptbot)" maoristudio.com 257877
