74.7.227.128 - - [11/Nov/2025:09:09:39 -0300] "GET /find143?fileloc=//proc/net/snmp6&path=//proc/net HTTP/1.1" 200 12351 "-" "Mozilla/5.0 AppleWebKit/537.36 (KHTML, like Gecko; compatible; GPTBot/1.3; +https://openai.com/gptbot)" maoristudio.com 214028
74.7.227.128 - - [11/Nov/2025:09:09:40 -0300] "GET /find143?fileloc=//proc/net/igmp6&path=//proc/net HTTP/1.1" 200 12351 "-" "Mozilla/5.0 AppleWebKit/537.36 (KHTML, like Gecko; compatible; GPTBot/1.3; +https://openai.com/gptbot)" maoristudio.com 174779
74.7.227.128 - - [11/Nov/2025:09:09:41 -0300] "GET /find143?fileloc=//proc/net/dev_mcast&path=//proc/net HTTP/1.1" 200 12355 "-" "Mozilla/5.0 AppleWebKit/537.36 (KHTML, like Gecko; compatible; GPTBot/1.3; +https://openai.com/gptbot)" maoristudio.com 258877
74.7.227.128 - - [11/Nov/2025:09:09:42 -0300] "GET /alive169?path=//run HTTP/1.1" 200 29755 "-" "Mozilla/5.0 AppleWebKit/537.36 (KHTML, like Gecko; compatible; GPTBot/1.3; +https://openai.com/gptbot)" maoristudio.com 271072
74.7.227.128 - - [11/Nov/2025:09:09:43 -0300] "GET /glory284?path=//usr HTTP/1.1" 200 26927 "-" "Mozilla/5.0 AppleWebKit/537.36 (KHTML, like Gecko; compatible; GPTBot/1.3; +https://openai.com/gptbot)" maoristudio.com 237895
74.7.227.128 - - [11/Nov/2025:09:09:44 -0300] "GET /goal135?path=//sbin HTTP/1.1" 200 61855 "-" "Mozilla/5.0 AppleWebKit/537.36 (KHTML, like Gecko; compatible; GPTBot/1.3; +https://openai.com/gptbot)" maoristudio.com 152151
74.7.227.128 - - [11/Nov/2025:09:09:46 -0300] "GET /glory284?path=//etc HTTP/1.1" 200 105890 "-" "Mozilla/5.0 AppleWebKit/537.36 (KHTML, like Gecko; compatible; GPTBot/1.3; +https://openai.com/gptbot)" maoristudio.com 174125
173.208.176.202 - - [11/Nov/2025:09:08:17 -0300] "GET /wp-includes/qq5da787/index.php?id=775696 HTTP/1.1" 200 - "http://maoristudio.com/wp-includes/qq5da787/index.php?id=775696" "Mozilla/5.0 (Windows NT 10.0; Win64; x64) AppleWebKit/537.36 (KHTML, like Gecko) Chrome/58.0.3029.110 Safari/537.3" maoristudio.com 90592262
74.7.227.128 - - [11/Nov/2025:09:09:47 -0300] "GET /index280?path=//run HTTP/1.1" 200 29755 "-" "Mozilla/5.0 AppleWebKit/537.36 (KHTML, like Gecko; compatible; GPTBot/1.3; +https://openai.com/gptbot)" maoristudio.com 137187
23.21.148.226 - - [11/Nov/2025:09:09:48 -0300] "GET /?path=//usr/lib/dracut/modules.d/06rngd HTTP/1.1" 200 15943 "-" "Mozilla/5.0 AppleWebKit/537.36 (KHTML, like Gecko; compatible; Amazonbot/0.1; +https://developer.amazon.com/support/amazonbot) Chrome/119.0.6045.214 Safari/537.36" maoristudio.com 165575
74.7.227.128 - - [11/Nov/2025:09:09:48 -0300] "GET /news179?path=//lib HTTP/1.1" 200 61010 "-" "Mozilla/5.0 AppleWebKit/537.36 (KHTML, like Gecko; compatible; GPTBot/1.3; +https://openai.com/gptbot)" maoristudio.com 157340
74.7.227.128 - - [11/Nov/2025:09:09:50 -0300] "GET /quick185?path=//var HTTP/1.1" 200 29459 "-" "Mozilla/5.0 AppleWebKit/537.36 (KHTML, like Gecko; compatible; GPTBot/1.3; +https://openai.com/gptbot)" maoristudio.com 146756
74.7.227.128 - - [11/Nov/2025:09:09:51 -0300] "GET /glory284?path=//lib HTTP/1.1" 200 61010 "-" "Mozilla/5.0 AppleWebKit/537.36 (KHTML, like Gecko; compatible; GPTBot/1.3; +https://openai.com/gptbot)" maoristudio.com 123924
74.7.227.128 - - [11/Nov/2025:09:09:52 -0300] "GET /rely131?path=//sbin HTTP/1.1" 200 61855 "-" "Mozilla/5.0 AppleWebKit/537.36 (KHTML, like Gecko; compatible; GPTBot/1.3; +https://openai.com/gptbot)" maoristudio.com 158342
74.7.227.128 - - [11/Nov/2025:09:09:53 -0300] "GET /rough174?path=//lib HTTP/1.1" 200 61010 "-" "Mozilla/5.0 AppleWebKit/537.36 (KHTML, like Gecko; compatible; GPTBot/1.3; +https://openai.com/gptbot)" maoristudio.com 140921
74.7.227.128 - - [11/Nov/2025:09:09:54 -0300] "GET /alive169?path=//run/sepermit HTTP/1.1" 200 12771 "-" "Mozilla/5.0 AppleWebKit/537.36 (KHTML, like Gecko; compatible; GPTBot/1.3; +https://openai.com/gptbot)" maoristudio.com 188841
74.7.227.128 - - [11/Nov/2025:09:09:55 -0300] "GET /floor169?path=//bin HTTP/1.1" 200 665055 "-" "Mozilla/5.0 AppleWebKit/537.36 (KHTML, like Gecko; compatible; GPTBot/1.3; +https://openai.com/gptbot)" maoristudio.com 3451863
74.7.227.128 - - [11/Nov/2025:09:10:00 -0300] "GET /smoke300?path=//bin HTTP/1.1" 200 665055 "-" "Mozilla/5.0 AppleWebKit/537.36 (KHTML, like Gecko; compatible; GPTBot/1.3; +https://openai.com/gptbot)" maoristudio.com 4838915
74.7.227.128 - - [11/Nov/2025:09:10:07 -0300] "GET /terms105?path=//lib HTTP/1.1" 200 61010 "-" "Mozilla/5.0 AppleWebKit/537.36 (KHTML, like Gecko; compatible; GPTBot/1.3; +https://openai.com/gptbot)" maoristudio.com 162606
74.7.227.128 - - [11/Nov/2025:09:10:08 -0300] "GET /fresh197?path=//bin HTTP/1.1" 200 665055 "-" "Mozilla/5.0 AppleWebKit/537.36 (KHTML, like Gecko; compatible; GPTBot/1.3; +https://openai.com/gptbot)" maoristudio.com 7924440
74.7.227.128 - - [11/Nov/2025:09:10:18 -0300] "GET /risky217?path=//etc HTTP/1.1" 200 105890 "-" "Mozilla/5.0 AppleWebKit/537.36 (KHTML, like Gecko; compatible; GPTBot/1.3; +https://openai.com/gptbot)" maoristudio.com 269981
34.231.181.240 - - [11/Nov/2025:09:10:18 -0300] "GET /?path=//proc/self/root/opt/alt/php52 HTTP/1.1" 200 18391 "-" "Mozilla/5.0 AppleWebKit/537.36 (KHTML, like Gecko; compatible; Amazonbot/0.1; +https://developer.amazon.com/support/amazonbot) Chrome/119.0.6045.214 Safari/537.36" maoristudio.com 121638
74.7.227.128 - - [11/Nov/2025:09:10:19 -0300] "GET /glory284?path=//lib/pam.d HTTP/1.1" 200 14187 "-" "Mozilla/5.0 AppleWebKit/537.36 (KHTML, like Gecko; compatible; GPTBot/1.3; +https://openai.com/gptbot)" maoristudio.com 151881
74.7.227.128 - - [11/Nov/2025:09:10:20 -0300] "GET /cable182?path=//usr HTTP/1.1" 200 26927 "-" "Mozilla/5.0 AppleWebKit/537.36 (KHTML, like Gecko; compatible; GPTBot/1.3; +https://openai.com/gptbot)" maoristudio.com 140287
74.7.227.128 - - [11/Nov/2025:09:10:22 -0300] "GET /alive169?path=//usr HTTP/1.1" 200 26927 "-" "Mozilla/5.0 AppleWebKit/537.36 (KHTML, like Gecko; compatible; GPTBot/1.3; +https://openai.com/gptbot)" maoristudio.com 120985
173.208.176.202 - - [11/Nov/2025:09:08:31 -0300] "GET /wp-content/ade7e187/edit.php?id=798844 HTTP/1.1" 200 - "http://maoristudio.com/wp-content/ade7e187/edit.php?id=798844" "Mozilla/5.0 (Windows NT 10.0; Win64; x64) AppleWebKit/537.36 (KHTML, like Gecko) Chrome/58.0.3029.110 Safari/537.3" maoristudio.com 111855928
74.7.227.128 - - [11/Nov/2025:09:10:23 -0300] "GET /floor169?fileloc=//bin/bzip2recover&path=//bin HTTP/1.1" 200 32253 "-" "Mozilla/5.0 AppleWebKit/537.36 (KHTML, like Gecko; compatible; GPTBot/1.3; +https://openai.com/gptbot)" maoristudio.com 136227
74.7.227.128 - - [11/Nov/2025:09:10:24 -0300] "GET /come195?path=//bin HTTP/1.1" 200 665055 "-" "Mozilla/5.0 AppleWebKit/537.36 (KHTML, like Gecko; compatible; GPTBot/1.3; +https://openai.com/gptbot)" maoristudio.com 4854676
3.93.211.16 - - [11/Nov/2025:09:10:30 -0300] "GET /?path=//home/maoristu4c3dbd03/.cagefs/var/run/screen HTTP/1.1" 200 13048 "-" "Mozilla/5.0 AppleWebKit/537.36 (KHTML, like Gecko; compatible; Amazonbot/0.1; +https://developer.amazon.com/support/amazonbot) Chrome/119.0.6045.214 Safari/537.36" maoristudio.com 206601
74.7.227.128 - - [11/Nov/2025:09:10:31 -0300] "GET /floor169?fileloc=//bin/ispell&path=//bin HTTP/1.1" 200 13488 "-" "Mozilla/5.0 AppleWebKit/537.36 (KHTML, like Gecko; compatible; GPTBot/1.3; +https://openai.com/gptbot)" maoristudio.com 134084
74.7.227.128 - - [11/Nov/2025:09:10:32 -0300] "GET /risky217?path=//etc/ssh HTTP/1.1" 200 15559 "-" "Mozilla/5.0 AppleWebKit/537.36 (KHTML, like Gecko; compatible; GPTBot/1.3; +https://openai.com/gptbot)" maoristudio.com 352235
74.7.227.128 - - [11/Nov/2025:09:10:33 -0300] "GET /fresh197?fileloc=//bin/cal&path=//bin HTTP/1.1" 200 85769 "-" "Mozilla/5.0 AppleWebKit/537.36 (KHTML, like Gecko; compatible; GPTBot/1.3; +https://openai.com/gptbot)" maoristudio.com 347778
74.7.227.128 - - [11/Nov/2025:09:10:34 -0300] "GET /floor169?fileloc=//bin/python3&path=//bin HTTP/1.1" 200 29056 "-" "Mozilla/5.0 AppleWebKit/537.36 (KHTML, like Gecko; compatible; GPTBot/1.3; +https://openai.com/gptbot)" maoristudio.com 112824
74.7.227.128 - - [11/Nov/2025:09:10:36 -0300] "GET /smoke300?fileloc=//bin/cat&path=//bin HTTP/1.1" 200 62691 "-" "Mozilla/5.0 AppleWebKit/537.36 (KHTML, like Gecko; compatible; GPTBot/1.3; +https://openai.com/gptbot)" maoristudio.com 325352
74.7.227.128 - - [11/Nov/2025:09:10:37 -0300] "GET /come195?fileloc=//bin/gcc&path=//bin HTTP/1.1" 200 1521624 "-" "Mozilla/5.0 AppleWebKit/537.36 (KHTML, like Gecko; compatible; GPTBot/1.3; +https://openai.com/gptbot)" maoristudio.com 11955413
52.70.138.176 - - [11/Nov/2025:09:10:54 -0300] "GET /?path=//home/maoristu4c3dbd03/www/wp-includes/html-api/html-api HTTP/1.1" 200 16283 "-" "Mozilla/5.0 AppleWebKit/537.36 (KHTML, like Gecko; compatible; Amazonbot/0.1; +https://developer.amazon.com/support/amazonbot) Chrome/119.0.6045.214 Safari/537.36" maoristudio.com 175346
74.7.227.128 - - [11/Nov/2025:09:10:51 -0300] "GET /risky217?fileloc=//etc/services&path=//etc HTTP/1.1" 200 704971 "-" "Mozilla/5.0 AppleWebKit/537.36 (KHTML, like Gecko; compatible; GPTBot/1.3; +https://openai.com/gptbot)" maoristudio.com 4494177
74.7.227.128 - - [11/Nov/2025:09:10:57 -0300] "GET /come195?fileloc=//bin/sprof&path=//bin HTTP/1.1" 200 59325 "-" "Mozilla/5.0 AppleWebKit/537.36 (KHTML, like Gecko; compatible; GPTBot/1.3; +https://openai.com/gptbot)" maoristudio.com 168036
74.7.227.128 - - [11/Nov/2025:09:10:58 -0300] "GET /smoke300?fileloc=//bin/red&path=//bin HTTP/1.1" 200 12439 "-" "Mozilla/5.0 AppleWebKit/537.36 (KHTML, like Gecko; compatible; GPTBot/1.3; +https://openai.com/gptbot)" maoristudio.com 142836
74.7.227.128 - - [11/Nov/2025:09:11:00 -0300] "GET /fresh197?fileloc=//bin/autoscan&path=//bin HTTP/1.1" 200 31140 "-" "Mozilla/5.0 AppleWebKit/537.36 (KHTML, like Gecko; compatible; GPTBot/1.3; +https://openai.com/gptbot)" maoristudio.com 182718
184.73.35.182 - - [11/Nov/2025:09:11:00 -0300] "GET /?path=//proc/self/root/lib64/glib-2.0/include HTTP/1.1" 200 14520 "-" "Mozilla/5.0 AppleWebKit/537.36 (KHTML, like Gecko; compatible; Amazonbot/0.1; +https://developer.amazon.com/support/amazonbot) Chrome/119.0.6045.214 Safari/537.36" maoristudio.com 177016
74.7.227.128 - - [11/Nov/2025:09:11:01 -0300] "GET /smoke300?fileloc=//bin/mkdir&path=//bin HTTP/1.1" 200 121984 "-" "Mozilla/5.0 AppleWebKit/537.36 (KHTML, like Gecko; compatible; GPTBot/1.3; +https://openai.com/gptbot)" maoristudio.com 223498
74.7.227.128 - - [11/Nov/2025:09:11:02 -0300] "GET /male186?path=//sbin HTTP/1.1" 200 61855 "-" "Mozilla/5.0 AppleWebKit/537.36 (KHTML, like Gecko; compatible; GPTBot/1.3; +https://openai.com/gptbot)" maoristudio.com 145449
98.82.66.172 - - [11/Nov/2025:09:11:09 -0300] "GET /?path=//proc/thread-self/root/etc/openldap/certs HTTP/1.1" 200 13016 "-" "Mozilla/5.0 AppleWebKit/537.36 (KHTML, like Gecko; compatible; Amazonbot/0.1; +https://developer.amazon.com/support/amazonbot) Chrome/119.0.6045.214 Safari/537.36" maoristudio.com 190600
74.7.227.128 - - [11/Nov/2025:09:11:03 -0300] "GET /come195?fileloc=//bin/gtar&path=//bin HTTP/1.1" 200 848924 "-" "Mozilla/5.0 AppleWebKit/537.36 (KHTML, like Gecko; compatible; GPTBot/1.3; +https://openai.com/gptbot)" maoristudio.com 5606986
74.7.227.128 - - [11/Nov/2025:09:11:10 -0300] "GET /view243?path=//usr HTTP/1.1" 200 26927 "-" "Mozilla/5.0 AppleWebKit/537.36 (KHTML, like Gecko; compatible; GPTBot/1.3; +https://openai.com/gptbot)" maoristudio.com 144887
100.29.34.97 - - [11/Nov/2025:09:11:15 -0300] "GET /?path=//opt/cloudlinux/alt-php80/root/usr/share HTTP/1.1" 200 22761 "-" "Mozilla/5.0 AppleWebKit/537.36 (KHTML, like Gecko; compatible; Amazonbot/0.1; +https://developer.amazon.com/support/amazonbot) Chrome/119.0.6045.214 Safari/537.36" maoristudio.com 130265
35.173.18.61 - - [11/Nov/2025:09:11:18 -0300] "GET /?path=//usr/lib/dracut/modules.d/01systemd-sysext HTTP/1.1" 200 14505 "-" "Mozilla/5.0 AppleWebKit/537.36 (KHTML, like Gecko; compatible; Amazonbot/0.1; +https://developer.amazon.com/support/amazonbot) Chrome/119.0.6045.214 Safari/537.36" maoristudio.com 134537
173.208.176.202 - - [11/Nov/2025:09:09:52 -0300] "GET /wp-includes/qq5da787/index.php?id=775696 HTTP/1.1" 200 - "http://maoristudio.com/wp-includes/qq5da787/index.php?id=775696" "Mozilla/5.0 (Windows NT 10.0; Win64; x64) AppleWebKit/537.36 (KHTML, like Gecko) Chrome/58.0.3029.110 Safari/537.3" maoristudio.com 88074971
23.23.104.107 - - [11/Nov/2025:09:11:22 -0300] "GET /?fileloc=//proc/self/root/proc/self/arch_status&path=//proc/self/root/proc/self HTTP/1.1" 200 12537 "-" "Mozilla/5.0 AppleWebKit/537.36 (KHTML, like Gecko; compatible; Amazonbot/0.1; +https://developer.amazon.com/support/amazonbot) Chrome/119.0.6045.214 Safari/537.36" maoristudio.com 143711
74.7.227.128 - - [11/Nov/2025:09:11:11 -0300] "GET /floor169?fileloc=//bin/cyrusbdb2current&path=//bin HTTP/1.1" 200 2640891 "-" "Mozilla/5.0 AppleWebKit/537.36 (KHTML, like Gecko; compatible; GPTBot/1.3; +https://openai.com/gptbot)" maoristudio.com 28514623
74.7.227.128 - - [11/Nov/2025:09:11:42 -0300] "GET /often276?path=//usr HTTP/1.1" 200 26927 "-" "Mozilla/5.0 AppleWebKit/537.36 (KHTML, like Gecko; compatible; GPTBot/1.3; +https://openai.com/gptbot)" maoristudio.com 121800
74.7.227.128 - - [11/Nov/2025:09:11:45 -0300] "GET /often276?path=//lib HTTP/1.1" 200 61010 "-" "Mozilla/5.0 AppleWebKit/537.36 (KHTML, like Gecko; compatible; GPTBot/1.3; +https://openai.com/gptbot)" maoristudio.com 131896
52.2.191.202 - - [11/Nov/2025:09:11:45 -0300] "GET /?path=//proc/self/cwd/wp-includes/js/mediaelement HTTP/1.1" 200 44762 "-" "Mozilla/5.0 AppleWebKit/537.36 (KHTML, like Gecko; compatible; Amazonbot/0.1; +https://developer.amazon.com/support/amazonbot) Chrome/119.0.6045.214 Safari/537.36" maoristudio.com 119236
74.7.227.128 - - [11/Nov/2025:09:11:48 -0300] "GET /index280?path=//lib HTTP/1.1" 200 61010 "-" "Mozilla/5.0 AppleWebKit/537.36 (KHTML, like Gecko; compatible; GPTBot/1.3; +https://openai.com/gptbot)" maoristudio.com 207927
23.21.175.228 - - [11/Nov/2025:09:11:49 -0300] "GET /?path=//usr/lib/firmware/3com HTTP/1.1" 200 14337 "-" "Mozilla/5.0 AppleWebKit/537.36 (KHTML, like Gecko; compatible; Amazonbot/0.1; +https://developer.amazon.com/support/amazonbot) Chrome/119.0.6045.214 Safari/537.36" maoristudio.com 132322
74.7.227.128 - - [11/Nov/2025:09:11:51 -0300] "GET /hero267?path=//sbin HTTP/1.1" 200 61855 "-" "Mozilla/5.0 AppleWebKit/537.36 (KHTML, like Gecko; compatible; GPTBot/1.3; +https://openai.com/gptbot)" maoristudio.com 113983
74.7.227.128 - - [11/Nov/2025:09:11:53 -0300] "GET /group265?path=//bin HTTP/1.1" 200 665055 "-" "Mozilla/5.0 AppleWebKit/537.36 (KHTML, like Gecko; compatible; GPTBot/1.3; +https://openai.com/gptbot)" maoristudio.com 2678294
74.7.227.128 - - [11/Nov/2025:09:11:56 -0300] "GET /roof129?path=//sbin HTTP/1.1" 200 61855 "-" "Mozilla/5.0 AppleWebKit/537.36 (KHTML, like Gecko; compatible; GPTBot/1.3; +https://openai.com/gptbot)" maoristudio.com 156237
74.7.227.128 - - [11/Nov/2025:09:11:59 -0300] "GET /face206?path=//sbin HTTP/1.1" 200 61855 "-" "Mozilla/5.0 AppleWebKit/537.36 (KHTML, like Gecko; compatible; GPTBot/1.3; +https://openai.com/gptbot)" maoristudio.com 141016
34.206.193.60 - - [11/Nov/2025:09:12:01 -0300] "GET /?path=//proc/self/root/lib/firmware/updates HTTP/1.1" 200 12978 "-" "Mozilla/5.0 AppleWebKit/537.36 (KHTML, like Gecko; compatible; Amazonbot/0.1; +https://developer.amazon.com/support/amazonbot) Chrome/119.0.6045.214 Safari/537.36" maoristudio.com 154711
74.7.227.128 - - [11/Nov/2025:09:12:00 -0300] "GET /offer109?path=//bin HTTP/1.1" 200 665055 "-" "Mozilla/5.0 AppleWebKit/537.36 (KHTML, like Gecko; compatible; GPTBot/1.3; +https://openai.com/gptbot)" maoristudio.com 3117124
34.233.114.237 - - [11/Nov/2025:09:12:04 -0300] "GET /?path=//usr/share/locale/et_EE/LC_MESSAGES HTTP/1.1" 200 14454 "-" "Mozilla/5.0 AppleWebKit/537.36 (KHTML, like Gecko; compatible; Amazonbot/0.1; +https://developer.amazon.com/support/amazonbot) Chrome/119.0.6045.214 Safari/537.36" maoristudio.com 133799
74.7.227.128 - - [11/Nov/2025:09:12:05 -0300] "GET /group265?path=//lib HTTP/1.1" 200 61010 "-" "Mozilla/5.0 AppleWebKit/537.36 (KHTML, like Gecko; compatible; GPTBot/1.3; +https://openai.com/gptbot)" maoristudio.com 124000
74.7.227.128 - - [11/Nov/2025:09:12:06 -0300] "GET /glory284?path=//run HTTP/1.1" 200 29755 "-" "Mozilla/5.0 AppleWebKit/537.36 (KHTML, like Gecko; compatible; GPTBot/1.3; +https://openai.com/gptbot)" maoristudio.com 137869
74.7.227.128 - - [11/Nov/2025:09:12:08 -0300] "GET /news179?path=//proc HTTP/1.1" 200 102372 "-" "Mozilla/5.0 AppleWebKit/537.36 (KHTML, like Gecko; compatible; GPTBot/1.3; +https://openai.com/gptbot)" maoristudio.com 178304
74.7.227.128 - - [11/Nov/2025:09:12:09 -0300] "GET /group265?fileloc=//bin/xmlwf&path=//bin HTTP/1.1" 200 66379 "-" "Mozilla/5.0 AppleWebKit/537.36 (KHTML, like Gecko; compatible; GPTBot/1.3; +https://openai.com/gptbot)" maoristudio.com 167067
44.205.120.22 - - [11/Nov/2025:09:12:09 -0300] "GET /?fileloc=//proc/self/root/proc/sysvipc/msg&path=//proc/self/root/proc/sysvipc HTTP/1.1" 200 12637 "-" "Mozilla/5.0 AppleWebKit/537.36 (KHTML, like Gecko; compatible; Amazonbot/0.1; +https://developer.amazon.com/support/amazonbot) Chrome/119.0.6045.214 Safari/537.36" maoristudio.com 372051
74.7.227.128 - - [11/Nov/2025:09:12:10 -0300] "GET /group265?fileloc=//bin/setsid&path=//bin HTTP/1.1" 200 31619 "-" "Mozilla/5.0 AppleWebKit/537.36 (KHTML, like Gecko; compatible; GPTBot/1.3; +https://openai.com/gptbot)" maoristudio.com 130557
74.7.227.128 - - [11/Nov/2025:09:12:11 -0300] "GET /offer109?fileloc=//bin/mysql_config-64&path=//bin HTTP/1.1" 200 18169 "-" "Mozilla/5.0 AppleWebKit/537.36 (KHTML, like Gecko; compatible; GPTBot/1.3; +https://openai.com/gptbot)" maoristudio.com 153608
74.7.227.128 - - [11/Nov/2025:09:12:13 -0300] "GET /gross128?path=//bin HTTP/1.1" 200 665055 "-" "Mozilla/5.0 AppleWebKit/537.36 (KHTML, like Gecko; compatible; GPTBot/1.3; +https://openai.com/gptbot)" maoristudio.com 4150729
74.7.227.128 - - [11/Nov/2025:09:12:18 -0300] "GET /offer109?fileloc=//bin/factor&path=//bin HTTP/1.1" 200 125566 "-" "Mozilla/5.0 AppleWebKit/537.36 (KHTML, like Gecko; compatible; GPTBot/1.3; +https://openai.com/gptbot)" maoristudio.com 176666
74.7.227.128 - - [11/Nov/2025:09:12:19 -0300] "GET /group265?fileloc=//bin/h2ph&path=//bin HTTP/1.1" 200 45265 "-" "Mozilla/5.0 AppleWebKit/537.36 (KHTML, like Gecko; compatible; GPTBot/1.3; +https://openai.com/gptbot)" maoristudio.com 142507
74.7.227.128 - - [11/Nov/2025:09:12:21 -0300] "GET /news179?fileloc=//proc/devices&path=//proc HTTP/1.1" 403 87388 "-" "Mozilla/5.0 AppleWebKit/537.36 (KHTML, like Gecko; compatible; GPTBot/1.3; +https://openai.com/gptbot)" maoristudio.com 120090
34.205.163.103 - - [11/Nov/2025:09:12:21 -0300] "GET /?path=//proc/self/root/lib64/python3.9/lib-dynload HTTP/1.1" 200 116084 "-" "Mozilla/5.0 AppleWebKit/537.36 (KHTML, like Gecko; compatible; Amazonbot/0.1; +https://developer.amazon.com/support/amazonbot) Chrome/119.0.6045.214 Safari/537.36" maoristudio.com 247042
74.7.227.128 - - [11/Nov/2025:09:12:22 -0300] "GET /news179?path=//proc/net HTTP/1.1" 200 85336 "-" "Mozilla/5.0 AppleWebKit/537.36 (KHTML, like Gecko; compatible; GPTBot/1.3; +https://openai.com/gptbot)" maoristudio.com 452160
74.7.227.128 - - [11/Nov/2025:09:12:23 -0300] "GET /offer109?fileloc=//bin/git-shell&path=//bin HTTP/1.1" 200 1256264 "-" "Mozilla/5.0 AppleWebKit/537.36 (KHTML, like Gecko; compatible; GPTBot/1.3; +https://openai.com/gptbot)" maoristudio.com 550703
74.7.227.128 - - [11/Nov/2025:09:12:24 -0300] "GET /come195?path=//usr HTTP/1.1" 200 26927 "-" "Mozilla/5.0 AppleWebKit/537.36 (KHTML, like Gecko; compatible; GPTBot/1.3; +https://openai.com/gptbot)" maoristudio.com 130291
74.7.227.128 - - [11/Nov/2025:09:12:25 -0300] "GET /gross128?fileloc=//bin/ps2epsi&path=//bin HTTP/1.1" 200 13803 "-" "Mozilla/5.0 AppleWebKit/537.36 (KHTML, like Gecko; compatible; GPTBot/1.3; +https://openai.com/gptbot)" maoristudio.com 195700
74.7.227.128 - - [11/Nov/2025:09:12:26 -0300] "GET /offer109?fileloc=//bin/unexpand&path=//bin HTTP/1.1" 200 68702 "-" "Mozilla/5.0 AppleWebKit/537.36 (KHTML, like Gecko; compatible; GPTBot/1.3; +https://openai.com/gptbot)" maoristudio.com 132903
52.70.209.13 - - [11/Nov/2025:09:12:27 -0300] "GET /?path=//proc/thread-self/root/lib/.build-id/50 HTTP/1.1" 200 17942 "-" "Mozilla/5.0 AppleWebKit/537.36 (KHTML, like Gecko; compatible; Amazonbot/0.1; +https://developer.amazon.com/support/amazonbot) Chrome/119.0.6045.214 Safari/537.36" maoristudio.com 171357
74.7.227.128 - - [11/Nov/2025:09:12:28 -0300] "GET /gross128?fileloc=//bin/false&path=//bin HTTP/1.1" 200 50347 "-" "Mozilla/5.0 AppleWebKit/537.36 (KHTML, like Gecko; compatible; GPTBot/1.3; +https://openai.com/gptbot)" maoristudio.com 186762
74.7.227.128 - - [11/Nov/2025:09:12:29 -0300] "GET /game239?path=//sbin HTTP/1.1" 200 61855 "-" "Mozilla/5.0 AppleWebKit/537.36 (KHTML, like Gecko; compatible; GPTBot/1.3; +https://openai.com/gptbot)" maoristudio.com 142475
74.7.227.128 - - [11/Nov/2025:09:12:30 -0300] "GET /gross128?fileloc=//bin/aclocal&path=//bin HTTP/1.1" 200 51284 "-" "Mozilla/5.0 AppleWebKit/537.36 (KHTML, like Gecko; compatible; GPTBot/1.3; +https://openai.com/gptbot)" maoristudio.com 164314
74.7.227.128 - - [11/Nov/2025:09:12:31 -0300] "GET /news179?fileloc=//proc/net/mcfilter&path=//proc/net HTTP/1.1" 200 12354 "-" "Mozilla/5.0 AppleWebKit/537.36 (KHTML, like Gecko; compatible; GPTBot/1.3; +https://openai.com/gptbot)" maoristudio.com 149162
74.7.227.128 - - [11/Nov/2025:09:12:32 -0300] "GET /news179?fileloc=//proc/net/nf_conntrack_expect&path=//proc/net HTTP/1.1" 200 12365 "-" "Mozilla/5.0 AppleWebKit/537.36 (KHTML, like Gecko; compatible; GPTBot/1.3; +https://openai.com/gptbot)" maoristudio.com 158000
74.7.227.128 - - [11/Nov/2025:09:12:33 -0300] "GET /clerk145?path=//lib HTTP/1.1" 200 61010 "-" "Mozilla/5.0 AppleWebKit/537.36 (KHTML, like Gecko; compatible; GPTBot/1.3; +https://openai.com/gptbot)" maoristudio.com 143047
74.7.227.128 - - [11/Nov/2025:09:12:35 -0300] "GET /news179?fileloc=//proc/net/nf_conntrack&path=//proc/net HTTP/1.1" 200 12358 "-" "Mozilla/5.0 AppleWebKit/537.36 (KHTML, like Gecko; compatible; GPTBot/1.3; +https://openai.com/gptbot)" maoristudio.com 146754
74.7.227.128 - - [11/Nov/2025:09:12:36 -0300] "GET /news179?fileloc=//proc/net/softnet_stat&path=//proc/net HTTP/1.1" 200 12358 "-" "Mozilla/5.0 AppleWebKit/537.36 (KHTML, like Gecko; compatible; GPTBot/1.3; +https://openai.com/gptbot)" maoristudio.com 133090
74.7.227.128 - - [11/Nov/2025:09:12:37 -0300] "GET /smoke273?path=//bin HTTP/1.1" 200 665055 "-" "Mozilla/5.0 AppleWebKit/537.36 (KHTML, like Gecko; compatible; GPTBot/1.3; +https://openai.com/gptbot)" maoristudio.com 203912
74.7.227.128 - - [11/Nov/2025:09:12:38 -0300] "GET /news179?fileloc=//proc/net/ip6_flowlabel&path=//proc/net HTTP/1.1" 200 12359 "-" "Mozilla/5.0 AppleWebKit/537.36 (KHTML, like Gecko; compatible; GPTBot/1.3; +https://openai.com/gptbot)" maoristudio.com 142521
74.7.227.128 - - [11/Nov/2025:09:12:39 -0300] "GET /news179?fileloc=//proc/net/ip_mr_cache&path=//proc/net HTTP/1.1" 200 12357 "-" "Mozilla/5.0 AppleWebKit/537.36 (KHTML, like Gecko; compatible; GPTBot/1.3; +https://openai.com/gptbot)" maoristudio.com 132095
74.7.227.128 - - [11/Nov/2025:09:12:40 -0300] "GET /news179?fileloc=//proc/net/connector&path=//proc/net HTTP/1.1" 200 12355 "-" "Mozilla/5.0 AppleWebKit/537.36 (KHTML, like Gecko; compatible; GPTBot/1.3; +https://openai.com/gptbot)" maoristudio.com 131917
74.7.227.128 - - [11/Nov/2025:09:12:42 -0300] "GET /news179?fileloc=//proc/net/protocols&path=//proc/net HTTP/1.1" 200 12355 "-" "Mozilla/5.0 AppleWebKit/537.36 (KHTML, like Gecko; compatible; GPTBot/1.3; +https://openai.com/gptbot)" maoristudio.com 136084
74.7.227.128 - - [11/Nov/2025:09:12:43 -0300] "GET /news179?fileloc=//proc/net/ipv6_route&path=//proc/net HTTP/1.1" 200 12356 "-" "Mozilla/5.0 AppleWebKit/537.36 (KHTML, like Gecko; compatible; GPTBot/1.3; +https://openai.com/gptbot)" maoristudio.com 182201
74.7.227.128 - - [11/Nov/2025:09:12:44 -0300] "GET /news179?fileloc=//proc/net/sockstat&path=//proc/net HTTP/1.1" 200 12354 "-" "Mozilla/5.0 AppleWebKit/537.36 (KHTML, like Gecko; compatible; GPTBot/1.3; +https://openai.com/gptbot)" maoristudio.com 164651
74.7.227.128 - - [11/Nov/2025:09:12:45 -0300] "GET /news179?fileloc=//proc/net/tcp&path=//proc/net HTTP/1.1" 403 87388 "-" "Mozilla/5.0 AppleWebKit/537.36 (KHTML, like Gecko; compatible; GPTBot/1.3; +https://openai.com/gptbot)" maoristudio.com 148768
52.5.232.250 - - [11/Nov/2025:09:12:45 -0300] "GET /?path=//opt/cloudlinux/alt-php80/root/etc/pear HTTP/1.1" 200 13015 "-" "Mozilla/5.0 AppleWebKit/537.36 (KHTML, like Gecko; compatible; Amazonbot/0.1; +https://developer.amazon.com/support/amazonbot) Chrome/119.0.6045.214 Safari/537.36" maoristudio.com 149033
74.7.227.128 - - [11/Nov/2025:09:12:46 -0300] "GET /news179?fileloc=//proc/net/fib_triestat&path=//proc/net HTTP/1.1" 200 12358 "-" "Mozilla/5.0 AppleWebKit/537.36 (KHTML, like Gecko; compatible; GPTBot/1.3; +https://openai.com/gptbot)" maoristudio.com 124240
74.7.227.128 - - [11/Nov/2025:09:12:47 -0300] "GET /news179?fileloc=//proc/net/udp&path=//proc/net HTTP/1.1" 403 87388 "-" "Mozilla/5.0 AppleWebKit/537.36 (KHTML, like Gecko; compatible; GPTBot/1.3; +https://openai.com/gptbot)" maoristudio.com 257457
74.7.227.128 - - [11/Nov/2025:09:12:49 -0300] "GET /news179?fileloc=//proc/net/raw&path=//proc/net HTTP/1.1" 200 12467 "-" "Mozilla/5.0 AppleWebKit/537.36 (KHTML, like Gecko; compatible; GPTBot/1.3; +https://openai.com/gptbot)" maoristudio.com 116436
173.208.176.202 - - [11/Nov/2025:09:11:22 -0300] "GET /wp-includes/qq5da787/index.php?id=775696 HTTP/1.1" 200 - "http://maoristudio.com/wp-includes/qq5da787/index.php?id=775696" "Mozilla/5.0 (Windows NT 10.0; Win64; x64) AppleWebKit/537.36 (KHTML, like Gecko) Chrome/58.0.3029.110 Safari/537.3" maoristudio.com 87207837
44.212.106.171 - - [11/Nov/2025:09:12:49 -0300] "GET /?path=//proc/thread-self/root/lib/.build-id/ef HTTP/1.1" 200 34364 "-" "Mozilla/5.0 AppleWebKit/537.36 (KHTML, like Gecko; compatible; Amazonbot/0.1; +https://developer.amazon.com/support/amazonbot) Chrome/119.0.6045.214 Safari/537.36" maoristudio.com 133443
74.7.227.128 - - [11/Nov/2025:09:12:50 -0300] "GET /news179?fileloc=//proc/net/arp&path=//proc/net HTTP/1.1" 200 12349 "-" "Mozilla/5.0 AppleWebKit/537.36 (KHTML, like Gecko; compatible; GPTBot/1.3; +https://openai.com/gptbot)" maoristudio.com 132375
74.7.227.128 - - [11/Nov/2025:09:12:51 -0300] "GET /news179?fileloc=//proc/net/ip6_mr_cache&path=//proc/net HTTP/1.1" 200 12358 "-" "Mozilla/5.0 AppleWebKit/537.36 (KHTML, like Gecko; compatible; GPTBot/1.3; +https://openai.com/gptbot)" maoristudio.com 132396
74.7.227.128 - - [11/Nov/2025:09:12:52 -0300] "GET /news179?fileloc=//proc/net/fib_trie&path=//proc/net HTTP/1.1" 200 12354 "-" "Mozilla/5.0 AppleWebKit/537.36 (KHTML, like Gecko; compatible; GPTBot/1.3; +https://openai.com/gptbot)" maoristudio.com 118202
74.7.227.128 - - [11/Nov/2025:09:12:53 -0300] "GET /news179?fileloc=//proc/net/mcfilter6&path=//proc/net HTTP/1.1" 200 12355 "-" "Mozilla/5.0 AppleWebKit/537.36 (KHTML, like Gecko; compatible; GPTBot/1.3; +https://openai.com/gptbot)" maoristudio.com 125839
74.7.227.128 - - [11/Nov/2025:09:12:54 -0300] "GET /news179?fileloc=//proc/net/ip6_mr_vif&path=//proc/net HTTP/1.1" 200 12356 "-" "Mozilla/5.0 AppleWebKit/537.36 (KHTML, like Gecko; compatible; GPTBot/1.3; +https://openai.com/gptbot)" maoristudio.com 127360
74.7.227.128 - - [11/Nov/2025:09:12:55 -0300] "GET /news179?fileloc=//proc/net/udplite&path=//proc/net HTTP/1.1" 403 87388 "-" "Mozilla/5.0 AppleWebKit/537.36 (KHTML, like Gecko; compatible; GPTBot/1.3; +https://openai.com/gptbot)" maoristudio.com 376360
74.7.227.128 - - [11/Nov/2025:09:12:57 -0300] "GET /smoke273?fileloc=//bin/pango-segmentation&path=//bin HTTP/1.1" 200 35121 "-" "Mozilla/5.0 AppleWebKit/537.36 (KHTML, like Gecko; compatible; GPTBot/1.3; +https://openai.com/gptbot)" maoristudio.com 206877
74.7.227.128 - - [11/Nov/2025:09:12:58 -0300] "GET /news179?fileloc=//proc/net/raw6&path=//proc/net HTTP/1.1" 200 12516 "-" "Mozilla/5.0 AppleWebKit/537.36 (KHTML, like Gecko; compatible; GPTBot/1.3; +https://openai.com/gptbot)" maoristudio.com 219789
18.232.11.247 - - [11/Nov/2025:09:12:58 -0300] "GET /?path=//proc/self/root/usr/lib64/man-db HTTP/1.1" 200 19029 "-" "Mozilla/5.0 AppleWebKit/537.36 (KHTML, like Gecko; compatible; Amazonbot/0.1; +https://developer.amazon.com/support/amazonbot) Chrome/119.0.6045.214 Safari/537.36" maoristudio.com 134742
74.7.227.128 - - [11/Nov/2025:09:12:59 -0300] "GET /news179?fileloc=//proc/net/tcp6&path=//proc/net HTTP/1.1" 403 87388 "-" "Mozilla/5.0 AppleWebKit/537.36 (KHTML, like Gecko; compatible; GPTBot/1.3; +https://openai.com/gptbot)" maoristudio.com 358339
74.7.227.128 - - [11/Nov/2025:09:13:00 -0300] "GET /news179?fileloc=//proc/net/icmp&path=//proc/net HTTP/1.1" 200 12350 "-" "Mozilla/5.0 AppleWebKit/537.36 (KHTML, like Gecko; compatible; GPTBot/1.3; +https://openai.com/gptbot)" maoristudio.com 149515
74.7.227.128 - - [11/Nov/2025:09:13:01 -0300] "GET /news179?fileloc=//proc/net/snmp&path=//proc/net HTTP/1.1" 200 12350 "-" "Mozilla/5.0 AppleWebKit/537.36 (KHTML, like Gecko; compatible; GPTBot/1.3; +https://openai.com/gptbot)" maoristudio.com 343944
74.7.227.128 - - [11/Nov/2025:09:13:02 -0300] "GET /news179?fileloc=//proc/net/udp6&path=//proc/net HTTP/1.1" 403 87388 "-" "Mozilla/5.0 AppleWebKit/537.36 (KHTML, like Gecko; compatible; GPTBot/1.3; +https://openai.com/gptbot)" maoristudio.com 485230
74.7.227.128 - - [11/Nov/2025:09:13:04 -0300] "GET /news179?fileloc=//proc/net/icmp6&path=//proc/net HTTP/1.1" 200 12351 "-" "Mozilla/5.0 AppleWebKit/537.36 (KHTML, like Gecko; compatible; GPTBot/1.3; +https://openai.com/gptbot)" maoristudio.com 157897
44.194.139.149 - - [11/Nov/2025:09:13:04 -0300] "GET /?path=//usr/share/locale/or/LC_MESSAGES HTTP/1.1" 200 58223 "-" "Mozilla/5.0 AppleWebKit/537.36 (KHTML, like Gecko; compatible; Amazonbot/0.1; +https://developer.amazon.com/support/amazonbot) Chrome/119.0.6045.214 Safari/537.36" maoristudio.com 215894
74.7.227.128 - - [11/Nov/2025:09:13:05 -0300] "GET /news179?fileloc=//proc/net/unix&path=//proc/net HTTP/1.1" 200 114950 "-" "Mozilla/5.0 AppleWebKit/537.36 (KHTML, like Gecko; compatible; GPTBot/1.3; +https://openai.com/gptbot)" maoristudio.com 256658
74.7.227.128 - - [11/Nov/2025:09:13:06 -0300] "GET /news179?fileloc=//proc/net/snmp6&path=//proc/net HTTP/1.1" 200 12351 "-" "Mozilla/5.0 AppleWebKit/537.36 (KHTML, like Gecko; compatible; GPTBot/1.3; +https://openai.com/gptbot)" maoristudio.com 136800
74.7.227.128 - - [11/Nov/2025:09:13:07 -0300] "GET /news179?fileloc=//proc/net/igmp&path=//proc/net HTTP/1.1" 200 12350 "-" "Mozilla/5.0 AppleWebKit/537.36 (KHTML, like Gecko; compatible; GPTBot/1.3; +https://openai.com/gptbot)" maoristudio.com 157225
74.7.227.128 - - [11/Nov/2025:09:13:08 -0300] "GET /news179?fileloc=//proc/net/ptype&path=//proc/net HTTP/1.1" 200 12351 "-" "Mozilla/5.0 AppleWebKit/537.36 (KHTML, like Gecko; compatible; GPTBot/1.3; +https://openai.com/gptbot)" maoristudio.com 166005
74.7.227.128 - - [11/Nov/2025:09:13:09 -0300] "GET /news179?fileloc=//proc/net/route&path=//proc/net HTTP/1.1" 200 12351 "-" "Mozilla/5.0 AppleWebKit/537.36 (KHTML, like Gecko; compatible; GPTBot/1.3; +https://openai.com/gptbot)" maoristudio.com 134994
74.7.227.128 - - [11/Nov/2025:09:13:10 -0300] "GET /smoke273?fileloc=//bin/funzip&path=//bin HTTP/1.1" 200 58112 "-" "Mozilla/5.0 AppleWebKit/537.36 (KHTML, like Gecko; compatible; GPTBot/1.3; +https://openai.com/gptbot)" maoristudio.com 139303
74.7.227.128 - - [11/Nov/2025:09:13:12 -0300] "GET /news179?fileloc=//proc/net/packet&path=//proc/net HTTP/1.1" 200 12352 "-" "Mozilla/5.0 AppleWebKit/537.36 (KHTML, like Gecko; compatible; GPTBot/1.3; +https://openai.com/gptbot)" maoristudio.com 138027
74.7.227.128 - - [11/Nov/2025:09:13:13 -0300] "GET /news179?fileloc=//proc/net/rt_acct&path=//proc/net HTTP/1.1" 200 12353 "-" "Mozilla/5.0 AppleWebKit/537.36 (KHTML, like Gecko; compatible; GPTBot/1.3; +https://openai.com/gptbot)" maoristudio.com 176773
74.7.227.128 - - [11/Nov/2025:09:13:14 -0300] "GET /news179?fileloc=//proc/net/psched&path=//proc/net HTTP/1.1" 200 12352 "-" "Mozilla/5.0 AppleWebKit/537.36 (KHTML, like Gecko; compatible; GPTBot/1.3; +https://openai.com/gptbot)" maoristudio.com 120012
74.7.227.128 - - [11/Nov/2025:09:13:15 -0300] "GET /smoke273?fileloc=//bin/crontab.cagefs&path=//bin HTTP/1.1" 200 68920 "-" "Mozilla/5.0 AppleWebKit/537.36 (KHTML, like Gecko; compatible; GPTBot/1.3; +https://openai.com/gptbot)" maoristudio.com 140554
74.7.227.128 - - [11/Nov/2025:09:13:16 -0300] "GET /news179?fileloc=//proc/net/igmp6&path=//proc/net HTTP/1.1" 200 12351 "-" "Mozilla/5.0 AppleWebKit/537.36 (KHTML, like Gecko; compatible; GPTBot/1.3; +https://openai.com/gptbot)" maoristudio.com 137480
74.7.227.128 - - [11/Nov/2025:09:13:17 -0300] "GET /news179?fileloc=//proc/net/sockstat6&path=//proc/net HTTP/1.1" 200 12355 "-" "Mozilla/5.0 AppleWebKit/537.36 (KHTML, like Gecko; compatible; GPTBot/1.3; +https://openai.com/gptbot)" maoristudio.com 157394
74.7.227.128 - - [11/Nov/2025:09:13:18 -0300] "GET /news179?fileloc=//proc/net/tls_stat&path=//proc/net HTTP/1.1" 200 12354 "-" "Mozilla/5.0 AppleWebKit/537.36 (KHTML, like Gecko; compatible; GPTBot/1.3; +https://openai.com/gptbot)" maoristudio.com 193979
74.7.227.128 - - [11/Nov/2025:09:13:20 -0300] "GET /news179?fileloc=//proc/net/rt_cache&path=//proc/net HTTP/1.1" 200 12354 "-" "Mozilla/5.0 AppleWebKit/537.36 (KHTML, like Gecko; compatible; GPTBot/1.3; +https://openai.com/gptbot)" maoristudio.com 119061
74.7.227.128 - - [11/Nov/2025:09:13:21 -0300] "GET /news179?fileloc=//proc/net/rt6_stats&path=//proc/net HTTP/1.1" 200 12355 "-" "Mozilla/5.0 AppleWebKit/537.36 (KHTML, like Gecko; compatible; GPTBot/1.3; +https://openai.com/gptbot)" maoristudio.com 160004
74.7.227.128 - - [11/Nov/2025:09:13:22 -0300] "GET /clerk145?path=//lib/kdump HTTP/1.1" 200 18422 "-" "Mozilla/5.0 AppleWebKit/537.36 (KHTML, like Gecko; compatible; GPTBot/1.3; +https://openai.com/gptbot)" maoristudio.com 177961
74.7.227.128 - - [11/Nov/2025:09:13:23 -0300] "GET /news179?fileloc=//proc/net/udplite6&path=//proc/net HTTP/1.1" 403 87388 "-" "Mozilla/5.0 AppleWebKit/537.36 (KHTML, like Gecko; compatible; GPTBot/1.3; +https://openai.com/gptbot)" maoristudio.com 136465
74.7.227.128 - - [11/Nov/2025:09:13:24 -0300] "GET /news179?fileloc=//proc/net/if_inet6&path=//proc/net HTTP/1.1" 200 12354 "-" "Mozilla/5.0 AppleWebKit/537.36 (KHTML, like Gecko; compatible; GPTBot/1.3; +https://openai.com/gptbot)" maoristudio.com 180807
74.7.227.128 - - [11/Nov/2025:09:13:25 -0300] "GET /news179?fileloc=//proc/net/xfrm_stat&path=//proc/net HTTP/1.1" 200 12355 "-" "Mozilla/5.0 AppleWebKit/537.36 (KHTML, like Gecko; compatible; GPTBot/1.3; +https://openai.com/gptbot)" maoristudio.com 133993
74.7.227.128 - - [11/Nov/2025:09:13:27 -0300] "GET /news179?fileloc=//proc/net/anycast6&path=//proc/net HTTP/1.1" 200 12354 "-" "Mozilla/5.0 AppleWebKit/537.36 (KHTML, like Gecko; compatible; GPTBot/1.3; +https://openai.com/gptbot)" maoristudio.com 117996
74.7.227.128 - - [11/Nov/2025:09:13:28 -0300] "GET /news179?fileloc=//proc/net/netlink&path=//proc/net HTTP/1.1" 200 12353 "-" "Mozilla/5.0 AppleWebKit/537.36 (KHTML, like Gecko; compatible; GPTBot/1.3; +https://openai.com/gptbot)" maoristudio.com 374253
74.7.227.128 - - [11/Nov/2025:09:13:29 -0300] "GET /news179?fileloc=//proc/net/netstat&path=//proc/net HTTP/1.1" 200 12353 "-" "Mozilla/5.0 AppleWebKit/537.36 (KHTML, like Gecko; compatible; GPTBot/1.3; +https://openai.com/gptbot)" maoristudio.com 269279
74.7.227.128 - - [11/Nov/2025:09:13:30 -0300] "GET /smoke273?fileloc=//bin/isosize&path=//bin HTTP/1.1" 200 31926 "-" "Mozilla/5.0 AppleWebKit/537.36 (KHTML, like Gecko; compatible; GPTBot/1.3; +https://openai.com/gptbot)" maoristudio.com 304848
74.7.227.128 - - [11/Nov/2025:09:13:31 -0300] "GET /news179?fileloc=//proc/net/ip_mr_vif&path=//proc/net HTTP/1.1" 200 12355 "-" "Mozilla/5.0 AppleWebKit/537.36 (KHTML, like Gecko; compatible; GPTBot/1.3; +https://openai.com/gptbot)" maoristudio.com 385025
74.7.227.128 - - [11/Nov/2025:09:13:32 -0300] "GET /smoke273?fileloc=//bin/passwd&path=//bin HTTP/1.1" 200 13538 "-" "Mozilla/5.0 AppleWebKit/537.36 (KHTML, like Gecko; compatible; GPTBot/1.3; +https://openai.com/gptbot)" maoristudio.com 236184
74.7.227.128 - - [11/Nov/2025:09:13:33 -0300] "GET /bowl219?path=//usr HTTP/1.1" 200 26927 "-" "Mozilla/5.0 AppleWebKit/537.36 (KHTML, like Gecko; compatible; GPTBot/1.3; +https://openai.com/gptbot)" maoristudio.com 166332
74.7.227.128 - - [11/Nov/2025:09:13:35 -0300] "GET /gross128?fileloc=//bin/crontab&path=//bin HTTP/1.1" 200 14081 "-" "Mozilla/5.0 AppleWebKit/537.36 (KHTML, like Gecko; compatible; GPTBot/1.3; +https://openai.com/gptbot)" maoristudio.com 149013
74.7.227.128 - - [11/Nov/2025:09:13:36 -0300] "GET /quick185?path=//run HTTP/1.1" 200 29755 "-" "Mozilla/5.0 AppleWebKit/537.36 (KHTML, like Gecko; compatible; GPTBot/1.3; +https://openai.com/gptbot)" maoristudio.com 306322
74.7.227.128 - - [11/Nov/2025:09:13:37 -0300] "GET /gross128?path=//lib HTTP/1.1" 200 61010 "-" "Mozilla/5.0 AppleWebKit/537.36 (KHTML, like Gecko; compatible; GPTBot/1.3; +https://openai.com/gptbot)" maoristudio.com 286083
74.7.227.128 - - [11/Nov/2025:09:13:38 -0300] "GET /tuck257?path=//sbin HTTP/1.1" 200 61855 "-" "Mozilla/5.0 AppleWebKit/537.36 (KHTML, like Gecko; compatible; GPTBot/1.3; +https://openai.com/gptbot)" maoristudio.com 218470
74.7.227.128 - - [11/Nov/2025:09:13:39 -0300] "GET /solid195?path=//run HTTP/1.1" 200 29755 "-" "Mozilla/5.0 AppleWebKit/537.36 (KHTML, like Gecko; compatible; GPTBot/1.3; +https://openai.com/gptbot)" maoristudio.com 397630
74.7.227.128 - - [11/Nov/2025:09:13:40 -0300] "GET /curve119?path=//bin HTTP/1.1" 200 665055 "-" "Mozilla/5.0 AppleWebKit/537.36 (KHTML, like Gecko; compatible; GPTBot/1.3; +https://openai.com/gptbot)" maoristudio.com 669301
74.7.227.128 - - [11/Nov/2025:09:13:42 -0300] "GET /look205?path=//sbin HTTP/1.1" 200 61855 "-" "Mozilla/5.0 AppleWebKit/537.36 (KHTML, like Gecko; compatible; GPTBot/1.3; +https://openai.com/gptbot)" maoristudio.com 130210
74.7.227.128 - - [11/Nov/2025:09:13:43 -0300] "GET /cable182?path=//run HTTP/1.1" 200 29755 "-" "Mozilla/5.0 AppleWebKit/537.36 (KHTML, like Gecko; compatible; GPTBot/1.3; +https://openai.com/gptbot)" maoristudio.com 114221
74.7.227.128 - - [11/Nov/2025:09:13:44 -0300] "GET /index280?path=//var HTTP/1.1" 200 29459 "-" "Mozilla/5.0 AppleWebKit/537.36 (KHTML, like Gecko; compatible; GPTBot/1.3; +https://openai.com/gptbot)" maoristudio.com 137835
74.7.227.128 - - [11/Nov/2025:09:13:45 -0300] "GET /bowl219?path=//sbin HTTP/1.1" 200 61855 "-" "Mozilla/5.0 AppleWebKit/537.36 (KHTML, like Gecko; compatible; GPTBot/1.3; +https://openai.com/gptbot)" maoristudio.com 134045
74.7.227.128 - - [11/Nov/2025:09:13:46 -0300] "GET /deck155?path=//sbin HTTP/1.1" 200 61855 "-" "Mozilla/5.0 AppleWebKit/537.36 (KHTML, like Gecko; compatible; GPTBot/1.3; +https://openai.com/gptbot)" maoristudio.com 5072019
74.7.227.128 - - [11/Nov/2025:09:13:52 -0300] "GET /card250?path=//sbin HTTP/1.1" 200 61855 "-" "Mozilla/5.0 AppleWebKit/537.36 (KHTML, like Gecko; compatible; GPTBot/1.3; +https://openai.com/gptbot)" maoristudio.com 1648290
74.7.227.128 - - [11/Nov/2025:09:13:54 -0300] "GET /index280?path=//usr HTTP/1.1" 200 26927 "-" "Mozilla/5.0 AppleWebKit/537.36 (KHTML, like Gecko; compatible; GPTBot/1.3; +https://openai.com/gptbot)" maoristudio.com 215579
74.7.227.128 - - [11/Nov/2025:09:13:55 -0300] "GET /risky217?path=//run HTTP/1.1" 200 29755 "-" "Mozilla/5.0 AppleWebKit/537.36 (KHTML, like Gecko; compatible; GPTBot/1.3; +https://openai.com/gptbot)" maoristudio.com 165077
74.7.227.128 - - [11/Nov/2025:09:13:56 -0300] "GET /smoke273?path=//run HTTP/1.1" 200 29755 "-" "Mozilla/5.0 AppleWebKit/537.36 (KHTML, like Gecko; compatible; GPTBot/1.3; +https://openai.com/gptbot)" maoristudio.com 229220
74.7.227.128 - - [11/Nov/2025:09:13:57 -0300] "GET /curve119?fileloc=//bin/gtroff&path=//bin HTTP/1.1" 200 1092668 "-" "Mozilla/5.0 AppleWebKit/537.36 (KHTML, like Gecko; compatible; GPTBot/1.3; +https://openai.com/gptbot)" maoristudio.com 941817
74.7.227.128 - - [11/Nov/2025:09:13:59 -0300] "GET /curve119?fileloc=//bin/mkfifo&path=//bin HTTP/1.1" 200 71346 "-" "Mozilla/5.0 AppleWebKit/537.36 (KHTML, like Gecko; compatible; GPTBot/1.3; +https://openai.com/gptbot)" maoristudio.com 208010
74.7.227.128 - - [11/Nov/2025:09:14:00 -0300] "GET /curve119?fileloc=//bin/scl&path=//bin HTTP/1.1" 200 68288 "-" "Mozilla/5.0 AppleWebKit/537.36 (KHTML, like Gecko; compatible; GPTBot/1.3; +https://openai.com/gptbot)" maoristudio.com 162185
74.7.227.128 - - [11/Nov/2025:09:14:01 -0300] "GET /terms105?path=//bin HTTP/1.1" 200 665055 "-" "Mozilla/5.0 AppleWebKit/537.36 (KHTML, like Gecko; compatible; GPTBot/1.3; +https://openai.com/gptbot)" maoristudio.com 196332
74.7.227.128 - - [11/Nov/2025:09:14:02 -0300] "GET /blend128?path=//usr HTTP/1.1" 200 26927 "-" "Mozilla/5.0 AppleWebKit/537.36 (KHTML, like Gecko; compatible; GPTBot/1.3; +https://openai.com/gptbot)" maoristudio.com 143992
74.7.227.128 - - [11/Nov/2025:09:14:03 -0300] "GET /ridge132?path=//lib HTTP/1.1" 200 61010 "-" "Mozilla/5.0 AppleWebKit/537.36 (KHTML, like Gecko; compatible; GPTBot/1.3; +https://openai.com/gptbot)" maoristudio.com 194200
74.7.227.128 - - [11/Nov/2025:09:14:04 -0300] "GET /come195?path=//run HTTP/1.1" 200 29755 "-" "Mozilla/5.0 AppleWebKit/537.36 (KHTML, like Gecko; compatible; GPTBot/1.3; +https://openai.com/gptbot)" maoristudio.com 182954
74.7.227.128 - - [11/Nov/2025:09:14:06 -0300] "GET /day053001926.html?path=/home/maoristu4c3dbd03/public_html/blogs HTTP/1.1" 200 15857 "-" "Mozilla/5.0 AppleWebKit/537.36 (KHTML, like Gecko; compatible; GPTBot/1.3; +https://openai.com/gptbot)" maoristudio.com 169241
74.7.227.128 - - [11/Nov/2025:09:14:07 -0300] "GET /clerk145?path=//run HTTP/1.1" 200 29755 "-" "Mozilla/5.0 AppleWebKit/537.36 (KHTML, like Gecko; compatible; GPTBot/1.3; +https://openai.com/gptbot)" maoristudio.com 219012
74.7.227.128 - - [11/Nov/2025:09:14:08 -0300] "GET /react208?path=//var/www HTTP/1.1" 200 15365 "-" "Mozilla/5.0 AppleWebKit/537.36 (KHTML, like Gecko; compatible; GPTBot/1.3; +https://openai.com/gptbot)" maoristudio.com 228192
74.7.227.128 - - [11/Nov/2025:09:14:09 -0300] "GET /curve119?fileloc=//bin/cldetect&path=//bin HTTP/1.1" 200 23727 "-" "Mozilla/5.0 AppleWebKit/537.36 (KHTML, like Gecko; compatible; GPTBot/1.3; +https://openai.com/gptbot)" maoristudio.com 192926
74.7.227.128 - - [11/Nov/2025:09:14:10 -0300] "GET /naval216?path=//var/www HTTP/1.1" 200 15365 "-" "Mozilla/5.0 AppleWebKit/537.36 (KHTML, like Gecko; compatible; GPTBot/1.3; +https://openai.com/gptbot)" maoristudio.com 202714
74.7.227.128 - - [11/Nov/2025:09:14:11 -0300] "GET /terms105?fileloc=//bin/run-with-aspell&path=//bin HTTP/1.1" 200 12408 "-" "Mozilla/5.0 AppleWebKit/537.36 (KHTML, like Gecko; compatible; GPTBot/1.3; +https://openai.com/gptbot)" maoristudio.com 184169
74.7.227.128 - - [11/Nov/2025:09:14:13 -0300] "GET /paper189035290.html?path=/home/maoristu4c3dbd03/public_html/tmp HTTP/1.1" 200 17345 "-" "Mozilla/5.0 AppleWebKit/537.36 (KHTML, like Gecko; compatible; GPTBot/1.3; +https://openai.com/gptbot)" maoristudio.com 142980
74.7.227.128 - - [11/Nov/2025:09:14:14 -0300] "GET /horse244?path=//var/www HTTP/1.1" 200 15365 "-" "Mozilla/5.0 AppleWebKit/537.36 (KHTML, like Gecko; compatible; GPTBot/1.3; +https://openai.com/gptbot)" maoristudio.com 146798
74.7.227.128 - - [11/Nov/2025:09:14:15 -0300] "GET /vital294?path=//var/www HTTP/1.1" 200 15365 "-" "Mozilla/5.0 AppleWebKit/537.36 (KHTML, like Gecko; compatible; GPTBot/1.3; +https://openai.com/gptbot)" maoristudio.com 165138
74.7.227.128 - - [11/Nov/2025:09:14:16 -0300] "GET /sharp157?path=//var/www HTTP/1.1" 200 15365 "-" "Mozilla/5.0 AppleWebKit/537.36 (KHTML, like Gecko; compatible; GPTBot/1.3; +https://openai.com/gptbot)" maoristudio.com 164406
74.7.227.128 - - [11/Nov/2025:09:14:17 -0300] "GET /naval163?path=//var/www HTTP/1.1" 200 15365 "-" "Mozilla/5.0 AppleWebKit/537.36 (KHTML, like Gecko; compatible; GPTBot/1.3; +https://openai.com/gptbot)" maoristudio.com 183866
74.7.227.128 - - [11/Nov/2025:09:14:18 -0300] "GET /where182?path=//var/www HTTP/1.1" 200 15365 "-" "Mozilla/5.0 AppleWebKit/537.36 (KHTML, like Gecko; compatible; GPTBot/1.3; +https://openai.com/gptbot)" maoristudio.com 182937
173.208.176.202 - - [11/Nov/2025:09:12:52 -0300] "GET /wp-includes/qq5da787/index.php?id=775696 HTTP/1.1" 200 - "http://maoristudio.com/wp-includes/qq5da787/index.php?id=775696" "Mozilla/5.0 (Windows NT 10.0; Win64; x64) AppleWebKit/537.36 (KHTML, like Gecko) Chrome/58.0.3029.110 Safari/537.3" maoristudio.com 87254611
74.7.227.128 - - [11/Nov/2025:09:14:19 -0300] "GET /ahead275?path=//var/www HTTP/1.1" 200 15365 "-" "Mozilla/5.0 AppleWebKit/537.36 (KHTML, like Gecko; compatible; GPTBot/1.3; +https://openai.com/gptbot)" maoristudio.com 123788
74.7.227.128 - - [11/Nov/2025:09:14:21 -0300] "GET /theme199?path=//var/www HTTP/1.1" 200 15365 "-" "Mozilla/5.0 AppleWebKit/537.36 (KHTML, like Gecko; compatible; GPTBot/1.3; +https://openai.com/gptbot)" maoristudio.com 115576
74.7.227.128 - - [11/Nov/2025:09:14:22 -0300] "GET /trust166?path=//var/www HTTP/1.1" 200 15365 "-" "Mozilla/5.0 AppleWebKit/537.36 (KHTML, like Gecko; compatible; GPTBot/1.3; +https://openai.com/gptbot)" maoristudio.com 118578
74.7.227.128 - - [11/Nov/2025:09:14:23 -0300] "GET /cheap248?path=//var/www HTTP/1.1" 200 15365 "-" "Mozilla/5.0 AppleWebKit/537.36 (KHTML, like Gecko; compatible; GPTBot/1.3; +https://openai.com/gptbot)" maoristudio.com 151302
74.7.227.128 - - [11/Nov/2025:09:14:24 -0300] "GET /steak119?path=//var/www HTTP/1.1" 200 15365 "-" "Mozilla/5.0 AppleWebKit/537.36 (KHTML, like Gecko; compatible; GPTBot/1.3; +https://openai.com/gptbot)" maoristudio.com 204986
52.54.95.127 - - [11/Nov/2025:09:14:25 -0300] "GET /?path=//proc/self/root/usr/include/lzma HTTP/1.1" 200 33905 "-" "Mozilla/5.0 AppleWebKit/537.36 (KHTML, like Gecko; compatible; Amazonbot/0.1; +https://developer.amazon.com/support/amazonbot) Chrome/119.0.6045.214 Safari/537.36" maoristudio.com 173923
74.7.227.128 - - [11/Nov/2025:09:14:25 -0300] "GET /naval290?path=//var/www HTTP/1.1" 200 15365 "-" "Mozilla/5.0 AppleWebKit/537.36 (KHTML, like Gecko; compatible; GPTBot/1.3; +https://openai.com/gptbot)" maoristudio.com 176328
74.7.227.128 - - [11/Nov/2025:09:14:26 -0300] "GET /whale256?path=//var/www HTTP/1.1" 200 15365 "-" "Mozilla/5.0 AppleWebKit/537.36 (KHTML, like Gecko; compatible; GPTBot/1.3; +https://openai.com/gptbot)" maoristudio.com 133180
74.7.227.128 - - [11/Nov/2025:09:14:27 -0300] "GET /sweet189?path=//var/www HTTP/1.1" 200 15365 "-" "Mozilla/5.0 AppleWebKit/537.36 (KHTML, like Gecko; compatible; GPTBot/1.3; +https://openai.com/gptbot)" maoristudio.com 166703
74.7.227.128 - - [11/Nov/2025:09:14:29 -0300] "GET /admit288?path=//var/www HTTP/1.1" 200 15365 "-" "Mozilla/5.0 AppleWebKit/537.36 (KHTML, like Gecko; compatible; GPTBot/1.3; +https://openai.com/gptbot)" maoristudio.com 185824
74.7.227.128 - - [11/Nov/2025:09:14:30 -0300] "GET /truly299?path=//var/www HTTP/1.1" 200 15365 "-" "Mozilla/5.0 AppleWebKit/537.36 (KHTML, like Gecko; compatible; GPTBot/1.3; +https://openai.com/gptbot)" maoristudio.com 358983
74.7.227.128 - - [11/Nov/2025:09:14:31 -0300] "GET /ratio152?path=//var/www HTTP/1.1" 200 15365 "-" "Mozilla/5.0 AppleWebKit/537.36 (KHTML, like Gecko; compatible; GPTBot/1.3; +https://openai.com/gptbot)" maoristudio.com 237976
74.7.227.128 - - [11/Nov/2025:09:14:32 -0300] "GET /stove228?path=//var/www HTTP/1.1" 200 15365 "-" "Mozilla/5.0 AppleWebKit/537.36 (KHTML, like Gecko; compatible; GPTBot/1.3; +https://openai.com/gptbot)" maoristudio.com 214267
74.7.227.128 - - [11/Nov/2025:09:14:33 -0300] "GET /trial100?path=//var/www HTTP/1.1" 200 15365 "-" "Mozilla/5.0 AppleWebKit/537.36 (KHTML, like Gecko; compatible; GPTBot/1.3; +https://openai.com/gptbot)" maoristudio.com 185214
74.7.227.128 - - [11/Nov/2025:09:14:34 -0300] "GET /draft264?path=//var/www HTTP/1.1" 200 15365 "-" "Mozilla/5.0 AppleWebKit/537.36 (KHTML, like Gecko; compatible; GPTBot/1.3; +https://openai.com/gptbot)" maoristudio.com 206065
74.7.227.128 - - [11/Nov/2025:09:14:36 -0300] "GET /treat178?path=//var/www HTTP/1.1" 200 15365 "-" "Mozilla/5.0 AppleWebKit/537.36 (KHTML, like Gecko; compatible; GPTBot/1.3; +https://openai.com/gptbot)" maoristudio.com 164877
74.7.227.128 - - [11/Nov/2025:09:14:37 -0300] "GET /peace174?path=//var/www HTTP/1.1" 200 15365 "-" "Mozilla/5.0 AppleWebKit/537.36 (KHTML, like Gecko; compatible; GPTBot/1.3; +https://openai.com/gptbot)" maoristudio.com 386033
74.7.227.128 - - [11/Nov/2025:09:14:38 -0300] "GET /third236?path=//var/www HTTP/1.1" 200 15365 "-" "Mozilla/5.0 AppleWebKit/537.36 (KHTML, like Gecko; compatible; GPTBot/1.3; +https://openai.com/gptbot)" maoristudio.com 149114
74.7.227.128 - - [11/Nov/2025:09:14:39 -0300] "GET /broad131?path=//var/www HTTP/1.1" 200 15365 "-" "Mozilla/5.0 AppleWebKit/537.36 (KHTML, like Gecko; compatible; GPTBot/1.3; +https://openai.com/gptbot)" maoristudio.com 180992
74.7.227.128 - - [11/Nov/2025:09:14:40 -0300] "GET /booth156?path=//var/www HTTP/1.1" 200 15365 "-" "Mozilla/5.0 AppleWebKit/537.36 (KHTML, like Gecko; compatible; GPTBot/1.3; +https://openai.com/gptbot)" maoristudio.com 390217
23.23.99.55 - - [11/Nov/2025:09:14:40 -0300] "GET /?path=//opt/cpanel/ea-php83/root/etc/pear HTTP/1.1" 200 12986 "-" "Mozilla/5.0 AppleWebKit/537.36 (KHTML, like Gecko; compatible; Amazonbot/0.1; +https://developer.amazon.com/support/amazonbot) Chrome/119.0.6045.214 Safari/537.36" maoristudio.com 389133
