74.7.227.128 - - [11/Nov/2025:09:22:20 -0300] "GET /religion180?kg=7850 HTTP/1.1" 200 87388 "-" "Mozilla/5.0 AppleWebKit/537.36 (KHTML, like Gecko; compatible; GPTBot/1.3; +https://openai.com/gptbot)" maoristudio.com 178596
74.7.227.128 - - [11/Nov/2025:09:22:21 -0300] "GET /improved32?path=/home/maoristu4c3dbd03/public_html/a72ed HTTP/1.1" 200 14448 "-" "Mozilla/5.0 AppleWebKit/537.36 (KHTML, like Gecko; compatible; GPTBot/1.3; +https://openai.com/gptbot)" maoristudio.com 165339
74.7.227.128 - - [11/Nov/2025:09:22:22 -0300] "GET /products93?kg=25933 HTTP/1.1" 200 87388 "-" "Mozilla/5.0 AppleWebKit/537.36 (KHTML, like Gecko; compatible; GPTBot/1.3; +https://openai.com/gptbot)" maoristudio.com 131927
74.7.227.128 - - [11/Nov/2025:09:22:23 -0300] "GET /compound44?kg=21422 HTTP/1.1" 200 87388 "-" "Mozilla/5.0 AppleWebKit/537.36 (KHTML, like Gecko; compatible; GPTBot/1.3; +https://openai.com/gptbot)" maoristudio.com 390007
74.7.227.128 - - [11/Nov/2025:09:22:24 -0300] "GET /opposite20?kg=47350 HTTP/1.1" 200 87388 "-" "Mozilla/5.0 AppleWebKit/537.36 (KHTML, like Gecko; compatible; GPTBot/1.3; +https://openai.com/gptbot)" maoristudio.com 188899
74.7.227.128 - - [11/Nov/2025:09:22:26 -0300] "GET /critical299?path=/ HTTP/1.1" 200 30489 "-" "Mozilla/5.0 AppleWebKit/537.36 (KHTML, like Gecko; compatible; GPTBot/1.3; +https://openai.com/gptbot)" maoristudio.com 188609
74.7.227.128 - - [11/Nov/2025:09:22:27 -0300] "GET /chairman167?kg=4729 HTTP/1.1" 200 87388 "-" "Mozilla/5.0 AppleWebKit/537.36 (KHTML, like Gecko; compatible; GPTBot/1.3; +https://openai.com/gptbot)" maoristudio.com 183202
74.7.227.128 - - [11/Nov/2025:09:22:28 -0300] "GET /priority25?kg=43171 HTTP/1.1" 200 87388 "-" "Mozilla/5.0 AppleWebKit/537.36 (KHTML, like Gecko; compatible; GPTBot/1.3; +https://openai.com/gptbot)" maoristudio.com 205298
74.7.227.128 - - [11/Nov/2025:09:22:29 -0300] "GET /collapse19?kg=49573 HTTP/1.1" 200 87395 "-" "Mozilla/5.0 AppleWebKit/537.36 (KHTML, like Gecko; compatible; GPTBot/1.3; +https://openai.com/gptbot)" maoristudio.com 151387
74.7.227.128 - - [11/Nov/2025:09:22:30 -0300] "GET /religion180?path=/ HTTP/1.1" 200 30489 "-" "Mozilla/5.0 AppleWebKit/537.36 (KHTML, like Gecko; compatible; GPTBot/1.3; +https://openai.com/gptbot)" maoristudio.com 126054
74.7.227.128 - - [11/Nov/2025:09:22:31 -0300] "GET /flexible206?kg=9028 HTTP/1.1" 200 87387 "-" "Mozilla/5.0 AppleWebKit/537.36 (KHTML, like Gecko; compatible; GPTBot/1.3; +https://openai.com/gptbot)" maoristudio.com 149494
74.7.227.128 - - [11/Nov/2025:09:22:32 -0300] "GET /economic56?kg=45166 HTTP/1.1" 200 87387 "-" "Mozilla/5.0 AppleWebKit/537.36 (KHTML, like Gecko; compatible; GPTBot/1.3; +https://openai.com/gptbot)" maoristudio.com 144158
74.7.227.128 - - [11/Nov/2025:09:22:34 -0300] "GET /sequence59?kg=47183 HTTP/1.1" 200 87388 "-" "Mozilla/5.0 AppleWebKit/537.36 (KHTML, like Gecko; compatible; GPTBot/1.3; +https://openai.com/gptbot)" maoristudio.com 212581
74.7.227.128 - - [11/Nov/2025:09:22:35 -0300] "GET /suddenly60?kg=42474 HTTP/1.1" 200 87388 "-" "Mozilla/5.0 AppleWebKit/537.36 (KHTML, like Gecko; compatible; GPTBot/1.3; +https://openai.com/gptbot)" maoristudio.com 173114
74.7.227.128 - - [11/Nov/2025:09:22:36 -0300] "GET /frequent77?kg=41429 HTTP/1.1" 200 87395 "-" "Mozilla/5.0 AppleWebKit/537.36 (KHTML, like Gecko; compatible; GPTBot/1.3; +https://openai.com/gptbot)" maoristudio.com 139919
74.7.227.128 - - [11/Nov/2025:09:22:37 -0300] "GET /security76?kg=16612 HTTP/1.1" 200 87391 "-" "Mozilla/5.0 AppleWebKit/537.36 (KHTML, like Gecko; compatible; GPTBot/1.3; +https://openai.com/gptbot)" maoristudio.com 174940
74.7.227.128 - - [11/Nov/2025:09:22:38 -0300] "GET /opposite20?path=/home/maoristu4c3dbd03/public_html/464b6a HTTP/1.1" 200 14463 "-" "Mozilla/5.0 AppleWebKit/537.36 (KHTML, like Gecko; compatible; GPTBot/1.3; +https://openai.com/gptbot)" maoristudio.com 188053
74.7.227.128 - - [11/Nov/2025:09:22:39 -0300] "GET /heritage54?kg=14344 HTTP/1.1" 200 87388 "-" "Mozilla/5.0 AppleWebKit/537.36 (KHTML, like Gecko; compatible; GPTBot/1.3; +https://openai.com/gptbot)" maoristudio.com 160741
74.7.227.128 - - [11/Nov/2025:09:22:41 -0300] "GET /chairman167?path=/ HTTP/1.1" 200 30489 "-" "Mozilla/5.0 AppleWebKit/537.36 (KHTML, like Gecko; compatible; GPTBot/1.3; +https://openai.com/gptbot)" maoristudio.com 399857
74.7.227.128 - - [11/Nov/2025:09:22:42 -0300] "GET /products14?kg=34336 HTTP/1.1" 200 87388 "-" "Mozilla/5.0 AppleWebKit/537.36 (KHTML, like Gecko; compatible; GPTBot/1.3; +https://openai.com/gptbot)" maoristudio.com 179277
204.12.208.18 - - [11/Nov/2025:09:22:42 -0300] "GET /wp-includes/qq5da787/index.php HTTP/1.1" 200 6 "http://maoristudio.com/wp-includes/qq5da787/index.php" "Mozilla/5.0 (compatible; MSIE 9.0; Windows NT 6.0; Trident/5.0)" maoristudio.com 378181
74.7.227.128 - - [11/Nov/2025:09:22:43 -0300] "GET /flexible206?path=/home/maoristu4c3dbd03/public_html/wp-content HTTP/1.1" 200 43440 "-" "Mozilla/5.0 AppleWebKit/537.36 (KHTML, like Gecko; compatible; GPTBot/1.3; +https://openai.com/gptbot)" maoristudio.com 235089
74.7.227.128 - - [11/Nov/2025:09:22:44 -0300] "GET /economic56?fileloc=/home/maoristu4c3dbd03/public_html/order.php&path=/home/maoristu4c3dbd03/public_html HTTP/1.1" 200 17124 "-" "Mozilla/5.0 AppleWebKit/537.36 (KHTML, like Gecko; compatible; GPTBot/1.3; +https://openai.com/gptbot)" maoristudio.com 156422
74.7.227.128 - - [11/Nov/2025:09:22:45 -0300] "GET /politics89?kg=19029 HTTP/1.1" 200 87388 "-" "Mozilla/5.0 AppleWebKit/537.36 (KHTML, like Gecko; compatible; GPTBot/1.3; +https://openai.com/gptbot)" maoristudio.com 133663
74.7.227.128 - - [11/Nov/2025:09:22:46 -0300] "GET /reliable244?kg=1346 HTTP/1.1" 200 87388 "-" "Mozilla/5.0 AppleWebKit/537.36 (KHTML, like Gecko; compatible; GPTBot/1.3; +https://openai.com/gptbot)" maoristudio.com 190286
74.7.227.128 - - [11/Nov/2025:09:22:48 -0300] "GET /flexible206?path=/ HTTP/1.1" 200 30489 "-" "Mozilla/5.0 AppleWebKit/537.36 (KHTML, like Gecko; compatible; GPTBot/1.3; +https://openai.com/gptbot)" maoristudio.com 168218
74.7.227.128 - - [11/Nov/2025:09:22:49 -0300] "GET /building138?kg=7762 HTTP/1.1" 200 87388 "-" "Mozilla/5.0 AppleWebKit/537.36 (KHTML, like Gecko; compatible; GPTBot/1.3; +https://openai.com/gptbot)" maoristudio.com 193102
74.7.227.128 - - [11/Nov/2025:09:22:50 -0300] "GET /platform227?kg=3093 HTTP/1.1" 200 87388 "-" "Mozilla/5.0 AppleWebKit/537.36 (KHTML, like Gecko; compatible; GPTBot/1.3; +https://openai.com/gptbot)" maoristudio.com 170943
74.7.227.128 - - [11/Nov/2025:09:22:51 -0300] "GET /severely89?kg=37319 HTTP/1.1" 200 87388 "-" "Mozilla/5.0 AppleWebKit/537.36 (KHTML, like Gecko; compatible; GPTBot/1.3; +https://openai.com/gptbot)" maoristudio.com 162197
74.7.227.128 - - [11/Nov/2025:09:22:52 -0300] "GET /entirely42?kg=44834 HTTP/1.1" 200 87388 "-" "Mozilla/5.0 AppleWebKit/537.36 (KHTML, like Gecko; compatible; GPTBot/1.3; +https://openai.com/gptbot)" maoristudio.com 156922
74.7.227.128 - - [11/Nov/2025:09:22:53 -0300] "GET /protocol57?kg=23763 HTTP/1.1" 200 87388 "-" "Mozilla/5.0 AppleWebKit/537.36 (KHTML, like Gecko; compatible; GPTBot/1.3; +https://openai.com/gptbot)" maoristudio.com 263352
74.7.227.128 - - [11/Nov/2025:09:22:55 -0300] "GET /opponent95?kg=34953 HTTP/1.1" 200 87388 "-" "Mozilla/5.0 AppleWebKit/537.36 (KHTML, like Gecko; compatible; GPTBot/1.3; +https://openai.com/gptbot)" maoristudio.com 190700
74.7.227.128 - - [11/Nov/2025:09:22:56 -0300] "GET /laughter67?kg=47299 HTTP/1.1" 200 87388 "-" "Mozilla/5.0 AppleWebKit/537.36 (KHTML, like Gecko; compatible; GPTBot/1.3; +https://openai.com/gptbot)" maoristudio.com 158487
54.85.126.86 - - [11/Nov/2025:09:22:56 -0300] "GET /?path=//proc/thread-self/root/var/log/alt-php72-newrelic HTTP/1.1" 200 13027 "-" "Mozilla/5.0 AppleWebKit/537.36 (KHTML, like Gecko; compatible; Amazonbot/0.1; +https://developer.amazon.com/support/amazonbot) Chrome/119.0.6045.214 Safari/537.36" maoristudio.com 371746
74.7.227.128 - - [11/Nov/2025:09:22:57 -0300] "GET /managing20?kg=47382 HTTP/1.1" 200 87388 "-" "Mozilla/5.0 AppleWebKit/537.36 (KHTML, like Gecko; compatible; GPTBot/1.3; +https://openai.com/gptbot)" maoristudio.com 156914
74.7.227.128 - - [11/Nov/2025:09:22:58 -0300] "GET /reliable244?fileloc=/home/maoristu4c3dbd03/public_html/license.txt&path=/home/maoristu4c3dbd03/public_html HTTP/1.1" 200 33365 "-" "Mozilla/5.0 AppleWebKit/537.36 (KHTML, like Gecko; compatible; GPTBot/1.3; +https://openai.com/gptbot)" maoristudio.com 159036
74.7.227.128 - - [11/Nov/2025:09:22:59 -0300] "GET /building138?path=/ HTTP/1.1" 200 30489 "-" "Mozilla/5.0 AppleWebKit/537.36 (KHTML, like Gecko; compatible; GPTBot/1.3; +https://openai.com/gptbot)" maoristudio.com 151507
34.206.249.188 - - [11/Nov/2025:09:23:00 -0300] "GET /?fileloc=//usr/include/glib-2.0/glib/gchecksum.h&path=//usr/include/glib-2.0/glib HTTP/1.1" 200 16396 "-" "Mozilla/5.0 AppleWebKit/537.36 (KHTML, like Gecko; compatible; Amazonbot/0.1; +https://developer.amazon.com/support/amazonbot) Chrome/119.0.6045.214 Safari/537.36" maoristudio.com 146409
74.7.227.128 - - [11/Nov/2025:09:23:00 -0300] "GET /reliable244?path=/ HTTP/1.1" 200 30489 "-" "Mozilla/5.0 AppleWebKit/537.36 (KHTML, like Gecko; compatible; GPTBot/1.3; +https://openai.com/gptbot)" maoristudio.com 218652
74.7.227.128 - - [11/Nov/2025:09:23:01 -0300] "GET /attitude298?kg=9122 HTTP/1.1" 200 87388 "-" "Mozilla/5.0 AppleWebKit/537.36 (KHTML, like Gecko; compatible; GPTBot/1.3; +https://openai.com/gptbot)" maoristudio.com 163874
74.7.227.128 - - [11/Nov/2025:09:23:03 -0300] "GET /bowl58?fileloc=//lib64/libbsock.so&path=//lib64 HTTP/1.1" 200 50234 "-" "Mozilla/5.0 AppleWebKit/537.36 (KHTML, like Gecko; compatible; GPTBot/1.3; +https://openai.com/gptbot)" maoristudio.com 209776
74.7.227.128 - - [11/Nov/2025:09:23:04 -0300] "GET /flip28?fileloc=//lib64/libicuuc.so&path=//lib64 HTTP/1.1" 200 2998764 "-" "Mozilla/5.0 AppleWebKit/537.36 (KHTML, like Gecko; compatible; GPTBot/1.3; +https://openai.com/gptbot)" maoristudio.com 945626
74.7.227.128 - - [11/Nov/2025:09:23:05 -0300] "GET /platform227?path=/ HTTP/1.1" 200 30489 "-" "Mozilla/5.0 AppleWebKit/537.36 (KHTML, like Gecko; compatible; GPTBot/1.3; +https://openai.com/gptbot)" maoristudio.com 134541
74.7.227.128 - - [11/Nov/2025:09:23:06 -0300] "GET /opponent95?fileloc=/home/maoristu4c3dbd03/public_html/defaults.php&path=/home/maoristu4c3dbd03/public_html HTTP/1.1" 200 14868 "-" "Mozilla/5.0 AppleWebKit/537.36 (KHTML, like Gecko; compatible; GPTBot/1.3; +https://openai.com/gptbot)" maoristudio.com 192950
74.7.227.128 - - [11/Nov/2025:09:23:07 -0300] "GET /hill72?fileloc=//lib64/libexslt.so&path=//lib64 HTTP/1.1" 200 146981 "-" "Mozilla/5.0 AppleWebKit/537.36 (KHTML, like Gecko; compatible; GPTBot/1.3; +https://openai.com/gptbot)" maoristudio.com 358226
74.7.227.128 - - [11/Nov/2025:09:23:08 -0300] "GET /feed48?fileloc=//lib64/libbsock.so&path=//lib64 HTTP/1.1" 200 50234 "-" "Mozilla/5.0 AppleWebKit/537.36 (KHTML, like Gecko; compatible; GPTBot/1.3; +https://openai.com/gptbot)" maoristudio.com 139814
74.7.227.128 - - [11/Nov/2025:09:23:10 -0300] "GET /shoe61?fileloc=//lib64/libpanel.so&path=//lib64 HTTP/1.1" 200 37431 "-" "Mozilla/5.0 AppleWebKit/537.36 (KHTML, like Gecko; compatible; GPTBot/1.3; +https://openai.com/gptbot)" maoristudio.com 135761
74.7.227.128 - - [11/Nov/2025:09:23:11 -0300] "GET /boy41?fileloc=//lib64/libtiffxx.so&path=//lib64 HTTP/1.1" 200 31020 "-" "Mozilla/5.0 AppleWebKit/537.36 (KHTML, like Gecko; compatible; GPTBot/1.3; +https://openai.com/gptbot)" maoristudio.com 132844
74.7.227.128 - - [11/Nov/2025:09:23:12 -0300] "GET /bulk78?fileloc=//lib64/libicuuc.so&path=//lib64 HTTP/1.1" 200 2998764 "-" "Mozilla/5.0 AppleWebKit/537.36 (KHTML, like Gecko; compatible; GPTBot/1.3; +https://openai.com/gptbot)" maoristudio.com 220706
52.204.174.139 - - [11/Nov/2025:09:23:12 -0300] "GET /?path=//usr/lib/python3.9/site-packages/dnf HTTP/1.1" 200 65096 "-" "Mozilla/5.0 AppleWebKit/537.36 (KHTML, like Gecko; compatible; Amazonbot/0.1; +https://developer.amazon.com/support/amazonbot) Chrome/119.0.6045.214 Safari/537.36" maoristudio.com 394797
74.7.227.128 - - [11/Nov/2025:09:23:13 -0300] "GET /left49?fileloc=//lib64/libexslt.so&path=//lib64 HTTP/1.1" 200 146981 "-" "Mozilla/5.0 AppleWebKit/537.36 (KHTML, like Gecko; compatible; GPTBot/1.3; +https://openai.com/gptbot)" maoristudio.com 133128
74.7.227.128 - - [11/Nov/2025:09:23:14 -0300] "GET /hide45?fileloc=//lib64/libmcheck.a&path=//lib64 HTTP/1.1" 200 17655 "-" "Mozilla/5.0 AppleWebKit/537.36 (KHTML, like Gecko; compatible; GPTBot/1.3; +https://openai.com/gptbot)" maoristudio.com 140496
74.7.227.128 - - [11/Nov/2025:09:23:15 -0300] "GET /her57?fileloc=//lib64/liblscapi.so&path=//lib64 HTTP/1.1" 200 164779 "-" "Mozilla/5.0 AppleWebKit/537.36 (KHTML, like Gecko; compatible; GPTBot/1.3; +https://openai.com/gptbot)" maoristudio.com 129853
74.7.227.128 - - [11/Nov/2025:09:23:17 -0300] "GET /ass29?fileloc=//lib64/liblscapi.so&path=//lib64 HTTP/1.1" 200 164779 "-" "Mozilla/5.0 AppleWebKit/537.36 (KHTML, like Gecko; compatible; GPTBot/1.3; +https://openai.com/gptbot)" maoristudio.com 142347
74.7.227.128 - - [11/Nov/2025:09:23:18 -0300] "GET /bow76?fileloc=//lib64/liblscapi.so&path=//lib64 HTTP/1.1" 200 164779 "-" "Mozilla/5.0 AppleWebKit/537.36 (KHTML, like Gecko; compatible; GPTBot/1.3; +https://openai.com/gptbot)" maoristudio.com 129569
74.7.227.128 - - [11/Nov/2025:09:23:19 -0300] "GET /attitude298?path=/ HTTP/1.1" 200 30489 "-" "Mozilla/5.0 AppleWebKit/537.36 (KHTML, like Gecko; compatible; GPTBot/1.3; +https://openai.com/gptbot)" maoristudio.com 145169
173.208.176.202 - - [11/Nov/2025:09:21:57 -0300] "GET /wp-includes/qq5da787/index.php?id=775696 HTTP/1.1" 200 - "http://maoristudio.com/wp-includes/qq5da787/index.php?id=775696" "Mozilla/5.0 (Windows NT 10.0; Win64; x64) AppleWebKit/537.36 (KHTML, like Gecko) Chrome/58.0.3029.110 Safari/537.3" maoristudio.com 90171827
34.195.248.30 - - [11/Nov/2025:09:23:32 -0300] "GET /?path=//proc/thread-self/root/home/maoristu4c3dbd03/www HTTP/1.1" 200 90423 "-" "Mozilla/5.0 AppleWebKit/537.36 (KHTML, like Gecko; compatible; Amazonbot/0.1; +https://developer.amazon.com/support/amazonbot) Chrome/119.0.6045.214 Safari/537.36" maoristudio.com 7160904
18.211.148.239 - - [11/Nov/2025:09:23:40 -0300] "GET /?path=//opt/puppetlabs/puppet/vendor_modules/zfs_core/locales HTTP/1.1" 200 17722 "-" "Mozilla/5.0 AppleWebKit/537.36 (KHTML, like Gecko; compatible; Amazonbot/0.1; +https://developer.amazon.com/support/amazonbot) Chrome/119.0.6045.214 Safari/537.36" maoristudio.com 4565181
74.7.227.128 - - [11/Nov/2025:09:23:20 -0300] "GET /of54?fileloc=//lib64/libicudata.so&path=//lib64 HTTP/1.1" 200 40769796 "-" "Mozilla/5.0 AppleWebKit/537.36 (KHTML, like Gecko; compatible; GPTBot/1.3; +https://openai.com/gptbot)" maoristudio.com 27181595
74.7.227.128 - - [11/Nov/2025:09:23:47 -0300] "GET /bird36?fileloc=//lib64/libpanel.so&path=//lib64 HTTP/1.1" 200 37431 "-" "Mozilla/5.0 AppleWebKit/537.36 (KHTML, like Gecko; compatible; GPTBot/1.3; +https://openai.com/gptbot)" maoristudio.com 143596
34.225.243.131 - - [11/Nov/2025:09:23:48 -0300] "GET /?fileloc=//proc/self/root/lib/systemd/resolv.conf&path=//proc/self/root/lib/systemd HTTP/1.1" 200 13241 "-" "Mozilla/5.0 AppleWebKit/537.36 (KHTML, like Gecko; compatible; Amazonbot/0.1; +https://developer.amazon.com/support/amazonbot) Chrome/119.0.6045.214 Safari/537.36" maoristudio.com 159471
74.7.227.128 - - [11/Nov/2025:09:23:49 -0300] "GET /weak36?fileloc=//lib64/libblkid.so&path=//lib64 HTTP/1.1" 200 359961 "-" "Mozilla/5.0 AppleWebKit/537.36 (KHTML, like Gecko; compatible; GPTBot/1.3; +https://openai.com/gptbot)" maoristudio.com 131399
74.7.227.128 - - [11/Nov/2025:09:23:50 -0300] "GET /too83?fileloc=//lib64/libresolv.so&path=//lib64 HTTP/1.1" 200 113325 "-" "Mozilla/5.0 AppleWebKit/537.36 (KHTML, like Gecko; compatible; GPTBot/1.3; +https://openai.com/gptbot)" maoristudio.com 128436
74.7.227.128 - - [11/Nov/2025:09:23:51 -0300] "GET /bid80?fileloc=//lib64/libisccfg.so&path=//lib64 HTTP/1.1" 200 299511 "-" "Mozilla/5.0 AppleWebKit/537.36 (KHTML, like Gecko; compatible; GPTBot/1.3; +https://openai.com/gptbot)" maoristudio.com 149618
34.236.185.101 - - [11/Nov/2025:09:23:52 -0300] "GET /?path=//opt/alt/php80/usr/share/man HTTP/1.1" 200 15665 "-" "Mozilla/5.0 AppleWebKit/537.36 (KHTML, like Gecko; compatible; Amazonbot/0.1; +https://developer.amazon.com/support/amazonbot) Chrome/119.0.6045.214 Safari/537.36" maoristudio.com 187577
74.7.227.128 - - [11/Nov/2025:09:23:52 -0300] "GET /over41?fileloc=//lib64/libsepol.so&path=//lib64 HTTP/1.1" 200 1289570 "-" "Mozilla/5.0 AppleWebKit/537.36 (KHTML, like Gecko; compatible; GPTBot/1.3; +https://openai.com/gptbot)" maoristudio.com 178845
74.7.227.128 - - [11/Nov/2025:09:23:53 -0300] "GET /dock63?fileloc=//lib64/libsepol.so&path=//lib64 HTTP/1.1" 200 1289570 "-" "Mozilla/5.0 AppleWebKit/537.36 (KHTML, like Gecko; compatible; GPTBot/1.3; +https://openai.com/gptbot)" maoristudio.com 380122
74.7.227.128 - - [11/Nov/2025:09:23:55 -0300] "GET /size51?fileloc=//lib64/libicuio.so&path=//lib64 HTTP/1.1" 200 100394 "-" "Mozilla/5.0 AppleWebKit/537.36 (KHTML, like Gecko; compatible; GPTBot/1.3; +https://openai.com/gptbot)" maoristudio.com 124518
74.7.227.128 - - [11/Nov/2025:09:23:56 -0300] "GET /kick37?fileloc=//lib64/libsepol.so&path=//lib64 HTTP/1.1" 200 1289570 "-" "Mozilla/5.0 AppleWebKit/537.36 (KHTML, like Gecko; compatible; GPTBot/1.3; +https://openai.com/gptbot)" maoristudio.com 219816
74.7.227.128 - - [11/Nov/2025:09:23:57 -0300] "GET /vessel206?path=/home/maoristu4c3dbd03/public_html/464b6a HTTP/1.1" 200 14463 "-" "Mozilla/5.0 AppleWebKit/537.36 (KHTML, like Gecko; compatible; GPTBot/1.3; +https://openai.com/gptbot)" maoristudio.com 134673
74.7.227.128 - - [11/Nov/2025:09:23:58 -0300] "GET /air185?kg=8855 HTTP/1.1" 200 87388 "-" "Mozilla/5.0 AppleWebKit/537.36 (KHTML, like Gecko; compatible; GPTBot/1.3; +https://openai.com/gptbot)" maoristudio.com 162795
74.7.227.128 - - [11/Nov/2025:09:23:59 -0300] "GET /scan153?fileloc=//bin/git-receive-pack&path=//bin HTTP/1.1" 200 6634335 "-" "Mozilla/5.0 AppleWebKit/537.36 (KHTML, like Gecko; compatible; GPTBot/1.3; +https://openai.com/gptbot)" maoristudio.com 4408523
74.7.227.128 - - [11/Nov/2025:09:24:04 -0300] "GET /I212?kg=12344 HTTP/1.1" 200 87388 "-" "Mozilla/5.0 AppleWebKit/537.36 (KHTML, like Gecko; compatible; GPTBot/1.3; +https://openai.com/gptbot)" maoristudio.com 134838
74.7.227.128 - - [11/Nov/2025:09:24:05 -0300] "GET /opt271?fileloc=//lib64/libpangocairo-1.0.so.0.4800.7&path=//lib64 HTTP/1.1" 200 106167 "-" "Mozilla/5.0 AppleWebKit/537.36 (KHTML, like Gecko; compatible; GPTBot/1.3; +https://openai.com/gptbot)" maoristudio.com 131475
74.7.227.128 - - [11/Nov/2025:09:24:06 -0300] "GET /huh22?kg=29232 HTTP/1.1" 200 87388 "-" "Mozilla/5.0 AppleWebKit/537.36 (KHTML, like Gecko; compatible; GPTBot/1.3; +https://openai.com/gptbot)" maoristudio.com 353819
74.7.227.128 - - [11/Nov/2025:09:24:07 -0300] "GET /self-esteem232045555.html HTTP/1.1" 200 87388 "-" "Mozilla/5.0 AppleWebKit/537.36 (KHTML, like Gecko; compatible; GPTBot/1.3; +https://openai.com/gptbot)" maoristudio.com 119294
74.7.227.128 - - [11/Nov/2025:09:24:08 -0300] "GET /news179?fileloc=//bin/h2ph&path=//bin HTTP/1.1" 200 45265 "-" "Mozilla/5.0 AppleWebKit/537.36 (KHTML, like Gecko; compatible; GPTBot/1.3; +https://openai.com/gptbot)" maoristudio.com 152530
74.7.227.128 - - [11/Nov/2025:09:24:10 -0300] "GET /new113?fileloc=//bin/b2sum&path=//bin HTTP/1.1" 200 88132 "-" "Mozilla/5.0 AppleWebKit/537.36 (KHTML, like Gecko; compatible; GPTBot/1.3; +https://openai.com/gptbot)" maoristudio.com 162697
74.7.227.128 - - [11/Nov/2025:09:24:11 -0300] "GET /I179?kg=29781 HTTP/1.1" 200 87388 "-" "Mozilla/5.0 AppleWebKit/537.36 (KHTML, like Gecko; compatible; GPTBot/1.3; +https://openai.com/gptbot)" maoristudio.com 155684
74.7.227.128 - - [11/Nov/2025:09:24:12 -0300] "GET /air185?path=/ HTTP/1.1" 200 30489 "-" "Mozilla/5.0 AppleWebKit/537.36 (KHTML, like Gecko; compatible; GPTBot/1.3; +https://openai.com/gptbot)" maoristudio.com 208589
74.7.227.128 - - [11/Nov/2025:09:24:13 -0300] "GET /bow69?kg=46129 HTTP/1.1" 200 87388 "-" "Mozilla/5.0 AppleWebKit/537.36 (KHTML, like Gecko; compatible; GPTBot/1.3; +https://openai.com/gptbot)" maoristudio.com 147285
74.7.227.128 - - [11/Nov/2025:09:24:14 -0300] "GET /fish197?fileloc=//bin/h2xs&path=//bin HTTP/1.1" 200 80080 "-" "Mozilla/5.0 AppleWebKit/537.36 (KHTML, like Gecko; compatible; GPTBot/1.3; +https://openai.com/gptbot)" maoristudio.com 157902
74.7.227.128 - - [11/Nov/2025:09:24:15 -0300] "GET /huh22?path=/ HTTP/1.1" 200 30489 "-" "Mozilla/5.0 AppleWebKit/537.36 (KHTML, like Gecko; compatible; GPTBot/1.3; +https://openai.com/gptbot)" maoristudio.com 179732
74.7.227.128 - - [11/Nov/2025:09:24:16 -0300] "GET /I212?path=/ HTTP/1.1" 200 30489 "-" "Mozilla/5.0 AppleWebKit/537.36 (KHTML, like Gecko; compatible; GPTBot/1.3; +https://openai.com/gptbot)" maoristudio.com 146429
74.7.227.128 - - [11/Nov/2025:09:24:18 -0300] "GET /law116?kg=3296 HTTP/1.1" 200 87388 "-" "Mozilla/5.0 AppleWebKit/537.36 (KHTML, like Gecko; compatible; GPTBot/1.3; +https://openai.com/gptbot)" maoristudio.com 147106
74.7.227.128 - - [11/Nov/2025:09:24:19 -0300] "GET /dam206?kg=1416 HTTP/1.1" 200 87388 "-" "Mozilla/5.0 AppleWebKit/537.36 (KHTML, like Gecko; compatible; GPTBot/1.3; +https://openai.com/gptbot)" maoristudio.com 110895
74.7.227.128 - - [11/Nov/2025:09:24:20 -0300] "GET /gay35?kg=19641 HTTP/1.1" 200 87388 "-" "Mozilla/5.0 AppleWebKit/537.36 (KHTML, like Gecko; compatible; GPTBot/1.3; +https://openai.com/gptbot)" maoristudio.com 125166
74.7.227.128 - - [11/Nov/2025:09:24:21 -0300] "GET /man85?kg=18301 HTTP/1.1" 200 87388 "-" "Mozilla/5.0 AppleWebKit/537.36 (KHTML, like Gecko; compatible; GPTBot/1.3; +https://openai.com/gptbot)" maoristudio.com 177943
74.7.227.128 - - [11/Nov/2025:09:24:22 -0300] "GET /shy59?kg=37693 HTTP/1.1" 200 87388 "-" "Mozilla/5.0 AppleWebKit/537.36 (KHTML, like Gecko; compatible; GPTBot/1.3; +https://openai.com/gptbot)" maoristudio.com 169058
74.7.227.128 - - [11/Nov/2025:09:24:23 -0300] "GET /say281?kg=8417 HTTP/1.1" 200 87388 "-" "Mozilla/5.0 AppleWebKit/537.36 (KHTML, like Gecko; compatible; GPTBot/1.3; +https://openai.com/gptbot)" maoristudio.com 209886
74.7.227.128 - - [11/Nov/2025:09:24:24 -0300] "GET /I179?path=/ HTTP/1.1" 200 30489 "-" "Mozilla/5.0 AppleWebKit/537.36 (KHTML, like Gecko; compatible; GPTBot/1.3; +https://openai.com/gptbot)" maoristudio.com 180696
74.7.227.128 - - [11/Nov/2025:09:24:26 -0300] "GET /air185?path=//lib64 HTTP/1.1" 200 2125469 "-" "Mozilla/5.0 AppleWebKit/537.36 (KHTML, like Gecko; compatible; GPTBot/1.3; +https://openai.com/gptbot)" maoristudio.com 244978
74.7.227.128 - - [11/Nov/2025:09:24:27 -0300] "GET /air185?path=//lib HTTP/1.1" 200 61010 "-" "Mozilla/5.0 AppleWebKit/537.36 (KHTML, like Gecko; compatible; GPTBot/1.3; +https://openai.com/gptbot)" maoristudio.com 167054
74.7.227.128 - - [11/Nov/2025:09:24:28 -0300] "GET /air185?path=//opt HTTP/1.1" 200 33687 "-" "Mozilla/5.0 AppleWebKit/537.36 (KHTML, like Gecko; compatible; GPTBot/1.3; +https://openai.com/gptbot)" maoristudio.com 124877
34.230.124.21 - - [11/Nov/2025:09:24:28 -0300] "GET /?path=//lib/python3.9/site-packages/pip/_vendor/colorama HTTP/1.1" 200 23924 "-" "Mozilla/5.0 AppleWebKit/537.36 (KHTML, like Gecko; compatible; Amazonbot/0.1; +https://developer.amazon.com/support/amazonbot) Chrome/119.0.6045.214 Safari/537.36" maoristudio.com 139271
74.7.227.128 - - [11/Nov/2025:09:24:29 -0300] "GET /I212?path=//lib64 HTTP/1.1" 200 2125469 "-" "Mozilla/5.0 AppleWebKit/537.36 (KHTML, like Gecko; compatible; GPTBot/1.3; +https://openai.com/gptbot)" maoristudio.com 165717
74.7.227.128 - - [11/Nov/2025:09:24:30 -0300] "GET /law116?path=/ HTTP/1.1" 200 30489 "-" "Mozilla/5.0 AppleWebKit/537.36 (KHTML, like Gecko; compatible; GPTBot/1.3; +https://openai.com/gptbot)" maoristudio.com 136777
74.7.227.128 - - [11/Nov/2025:09:24:31 -0300] "GET /dam206?path=/ HTTP/1.1" 200 30489 "-" "Mozilla/5.0 AppleWebKit/537.36 (KHTML, like Gecko; compatible; GPTBot/1.3; +https://openai.com/gptbot)" maoristudio.com 144277
74.7.227.128 - - [11/Nov/2025:09:24:33 -0300] "GET /air185?path=//var HTTP/1.1" 200 29459 "-" "Mozilla/5.0 AppleWebKit/537.36 (KHTML, like Gecko; compatible; GPTBot/1.3; +https://openai.com/gptbot)" maoristudio.com 179986
74.7.227.128 - - [11/Nov/2025:09:24:34 -0300] "GET /air185?path=//bin HTTP/1.1" 200 665055 "-" "Mozilla/5.0 AppleWebKit/537.36 (KHTML, like Gecko; compatible; GPTBot/1.3; +https://openai.com/gptbot)" maoristudio.com 144413
74.7.227.128 - - [11/Nov/2025:09:24:35 -0300] "GET /air185?path=//etc HTTP/1.1" 200 105890 "-" "Mozilla/5.0 AppleWebKit/537.36 (KHTML, like Gecko; compatible; GPTBot/1.3; +https://openai.com/gptbot)" maoristudio.com 179892
74.7.227.128 - - [11/Nov/2025:09:24:36 -0300] "GET /I179?path=//lib64 HTTP/1.1" 200 2125469 "-" "Mozilla/5.0 AppleWebKit/537.36 (KHTML, like Gecko; compatible; GPTBot/1.3; +https://openai.com/gptbot)" maoristudio.com 208856
74.7.227.128 - - [11/Nov/2025:09:24:37 -0300] "GET /say281?path=/ HTTP/1.1" 200 30489 "-" "Mozilla/5.0 AppleWebKit/537.36 (KHTML, like Gecko; compatible; GPTBot/1.3; +https://openai.com/gptbot)" maoristudio.com 121173
74.7.227.128 - - [11/Nov/2025:09:24:38 -0300] "GET /air185?path=//usr HTTP/1.1" 200 26927 "-" "Mozilla/5.0 AppleWebKit/537.36 (KHTML, like Gecko; compatible; GPTBot/1.3; +https://openai.com/gptbot)" maoristudio.com 156328
74.7.227.128 - - [11/Nov/2025:09:24:40 -0300] "GET /air185?fileloc=//lib64/libsystemd.so.0&path=//lib64 HTTP/1.1" 200 1419322 "-" "Mozilla/5.0 AppleWebKit/537.36 (KHTML, like Gecko; compatible; GPTBot/1.3; +https://openai.com/gptbot)" maoristudio.com 353738
34.192.125.239 - - [11/Nov/2025:09:24:40 -0300] "GET /?path=//home/maoristu4c3dbd03/public_html/wp-includes/blocks/column HTTP/1.1" 200 14731 "-" "Mozilla/5.0 AppleWebKit/537.36 (KHTML, like Gecko; compatible; Amazonbot/0.1; +https://developer.amazon.com/support/amazonbot) Chrome/119.0.6045.214 Safari/537.36" maoristudio.com 130717
74.7.227.128 - - [11/Nov/2025:09:24:41 -0300] "GET /air185?fileloc=//lib64/liblcms2.so.2.0.12&path=//lib64 HTTP/1.1" 200 634429 "-" "Mozilla/5.0 AppleWebKit/537.36 (KHTML, like Gecko; compatible; GPTBot/1.3; +https://openai.com/gptbot)" maoristudio.com 164452
74.7.227.128 - - [11/Nov/2025:09:24:42 -0300] "GET /I212?fileloc=//lib64/libfribidi.so.0&path=//lib64 HTTP/1.1" 200 156265 "-" "Mozilla/5.0 AppleWebKit/537.36 (KHTML, like Gecko; compatible; GPTBot/1.3; +https://openai.com/gptbot)" maoristudio.com 188933
74.7.227.128 - - [11/Nov/2025:09:24:43 -0300] "GET /I212?fileloc=//lib64/libxcb-xvmc.so&path=//lib64 HTTP/1.1" 200 35872 "-" "Mozilla/5.0 AppleWebKit/537.36 (KHTML, like Gecko; compatible; GPTBot/1.3; +https://openai.com/gptbot)" maoristudio.com 126983
74.7.227.128 - - [11/Nov/2025:09:24:44 -0300] "GET /air185?fileloc=//lib64/libncursesw.so.6.2&path=//lib64 HTTP/1.1" 200 422315 "-" "Mozilla/5.0 AppleWebKit/537.36 (KHTML, like Gecko; compatible; GPTBot/1.3; +https://openai.com/gptbot)" maoristudio.com 176942
74.7.227.128 - - [11/Nov/2025:09:24:45 -0300] "GET /I212?fileloc=//lib64/libonig.so.5&path=//lib64 HTTP/1.1" 200 902694 "-" "Mozilla/5.0 AppleWebKit/537.36 (KHTML, like Gecko; compatible; GPTBot/1.3; +https://openai.com/gptbot)" maoristudio.com 135941
74.7.227.128 - - [11/Nov/2025:09:24:47 -0300] "GET /air185?fileloc=//lib64/libwmf-0.2.so.7&path=//lib64 HTTP/1.1" 200 408209 "-" "Mozilla/5.0 AppleWebKit/537.36 (KHTML, like Gecko; compatible; GPTBot/1.3; +https://openai.com/gptbot)" maoristudio.com 164998
74.7.227.128 - - [11/Nov/2025:09:24:48 -0300] "GET /I212?fileloc=//lib64/libgpg-error.so.0&path=//lib64 HTTP/1.1" 200 242281 "-" "Mozilla/5.0 AppleWebKit/537.36 (KHTML, like Gecko; compatible; GPTBot/1.3; +https://openai.com/gptbot)" maoristudio.com 149378
74.7.227.128 - - [11/Nov/2025:09:24:49 -0300] "GET /I179?fileloc=//lib64/libtomcrypt.so.1&path=//lib64 HTTP/1.1" 200 1414911 "-" "Mozilla/5.0 AppleWebKit/537.36 (KHTML, like Gecko; compatible; GPTBot/1.3; +https://openai.com/gptbot)" maoristudio.com 147627
74.7.227.128 - - [11/Nov/2025:09:24:50 -0300] "GET /I179?fileloc=//lib64/libcups.so.2&path=//lib64 HTTP/1.1" 200 1006253 "-" "Mozilla/5.0 AppleWebKit/537.36 (KHTML, like Gecko; compatible; GPTBot/1.3; +https://openai.com/gptbot)" maoristudio.com 169755
74.7.227.128 - - [11/Nov/2025:09:24:51 -0300] "GET /I179?fileloc=//lib64/librt.so.1&path=//lib64 HTTP/1.1" 200 29668 "-" "Mozilla/5.0 AppleWebKit/537.36 (KHTML, like Gecko; compatible; GPTBot/1.3; +https://openai.com/gptbot)" maoristudio.com 121705
74.7.227.128 - - [11/Nov/2025:09:24:52 -0300] "GET /air185?fileloc=//lib64/libxcb-damage.so.0&path=//lib64 HTTP/1.1" 200 30493 "-" "Mozilla/5.0 AppleWebKit/537.36 (KHTML, like Gecko; compatible; GPTBot/1.3; +https://openai.com/gptbot)" maoristudio.com 146953
74.7.227.128 - - [11/Nov/2025:09:24:53 -0300] "GET /I212?fileloc=//lib64/libdevmapper-event-lvm2thin.so&path=//lib64 HTTP/1.1" 200 41253 "-" "Mozilla/5.0 AppleWebKit/537.36 (KHTML, like Gecko; compatible; GPTBot/1.3; +https://openai.com/gptbot)" maoristudio.com 377576
74.7.227.128 - - [11/Nov/2025:09:24:55 -0300] "GET /air185?fileloc=//bin/isosize&path=//bin HTTP/1.1" 200 31926 "-" "Mozilla/5.0 AppleWebKit/537.36 (KHTML, like Gecko; compatible; GPTBot/1.3; +https://openai.com/gptbot)" maoristudio.com 223917
74.7.227.128 - - [11/Nov/2025:09:24:56 -0300] "GET /I179?fileloc=//lib64/libxmlrpc_server_abyss.so.3.51&path=//lib64 HTTP/1.1" 200 58911 "-" "Mozilla/5.0 AppleWebKit/537.36 (KHTML, like Gecko; compatible; GPTBot/1.3; +https://openai.com/gptbot)" maoristudio.com 130870
74.7.227.128 - - [11/Nov/2025:09:24:57 -0300] "GET /air185?fileloc=//bin/ifnames&path=//bin HTTP/1.1" 200 16694 "-" "Mozilla/5.0 AppleWebKit/537.36 (KHTML, like Gecko; compatible; GPTBot/1.3; +https://openai.com/gptbot)" maoristudio.com 175986
173.208.176.202 - - [11/Nov/2025:09:23:29 -0300] "GET /wp-includes/qq5da787/index.php?id=775696 HTTP/1.1" 200 - "http://maoristudio.com/wp-includes/qq5da787/index.php?id=775696" "Mozilla/5.0 (Windows NT 10.0; Win64; x64) AppleWebKit/537.36 (KHTML, like Gecko) Chrome/58.0.3029.110 Safari/537.3" maoristudio.com 88484209
74.7.227.128 - - [11/Nov/2025:09:24:58 -0300] "GET /I212?fileloc=//lib64/libpam.so.0.85.1&path=//lib64 HTTP/1.1" 200 111406 "-" "Mozilla/5.0 AppleWebKit/537.36 (KHTML, like Gecko; compatible; GPTBot/1.3; +https://openai.com/gptbot)" maoristudio.com 129858
74.7.227.128 - - [11/Nov/2025:09:24:59 -0300] "GET /I212?fileloc=//lib64/libharfbuzz-gobject.so.0&path=//lib64 HTTP/1.1" 200 141751 "-" "Mozilla/5.0 AppleWebKit/537.36 (KHTML, like Gecko; compatible; GPTBot/1.3; +https://openai.com/gptbot)" maoristudio.com 135469
89.248.172.183 - - [11/Nov/2025:09:25:01 -0300] "POST /wp-json/litespeed/v1/cdn_status HTTP/1.1" 200 10180 "-" "Mozilla/5.0 (X11; Linux x86_64; rv:109.0) Gecko/20100101 Firefox/114.3" maoristudio.com 485295
74.7.227.128 - - [11/Nov/2025:09:25:00 -0300] "GET /air185?fileloc=//bin/mysqlimport&path=//bin HTTP/1.1" 200 9584754 "-" "Mozilla/5.0 AppleWebKit/537.36 (KHTML, like Gecko; compatible; GPTBot/1.3; +https://openai.com/gptbot)" maoristudio.com 7478634
74.7.227.128 - - [11/Nov/2025:09:25:08 -0300] "GET /I179?fileloc=//lib64/libsysfs.so.2.0.1&path=//lib64 HTTP/1.1" 200 85240 "-" "Mozilla/5.0 AppleWebKit/537.36 (KHTML, like Gecko; compatible; GPTBot/1.3; +https://openai.com/gptbot)" maoristudio.com 165929
74.7.227.128 - - [11/Nov/2025:09:25:09 -0300] "GET /air185?fileloc=//bin/ipcs&path=//bin HTTP/1.1" 200 67724 "-" "Mozilla/5.0 AppleWebKit/537.36 (KHTML, like Gecko; compatible; GPTBot/1.3; +https://openai.com/gptbot)" maoristudio.com 142711
74.7.227.128 - - [11/Nov/2025:09:25:10 -0300] "GET /air185?fileloc=//bin/pango-view&path=//bin HTTP/1.1" 200 95017 "-" "Mozilla/5.0 AppleWebKit/537.36 (KHTML, like Gecko; compatible; GPTBot/1.3; +https://openai.com/gptbot)" maoristudio.com 179326
74.7.227.128 - - [11/Nov/2025:09:25:11 -0300] "GET /I179?fileloc=//lib64/libltdl.so.7&path=//lib64 HTTP/1.1" 200 75095 "-" "Mozilla/5.0 AppleWebKit/537.36 (KHTML, like Gecko; compatible; GPTBot/1.3; +https://openai.com/gptbot)" maoristudio.com 143926
74.7.227.128 - - [11/Nov/2025:09:25:13 -0300] "GET /I212?fileloc=//lib64/libxslt.so.1&path=//lib64 HTTP/1.1" 200 440060 "-" "Mozilla/5.0 AppleWebKit/537.36 (KHTML, like Gecko; compatible; GPTBot/1.3; +https://openai.com/gptbot)" maoristudio.com 143662
74.7.227.128 - - [11/Nov/2025:09:25:14 -0300] "GET /I212?fileloc=//lib64/libSvtAv1Enc.so.0.9.0&path=//lib64 HTTP/1.1" 200 7337168 "-" "Mozilla/5.0 AppleWebKit/537.36 (KHTML, like Gecko; compatible; GPTBot/1.3; +https://openai.com/gptbot)" maoristudio.com 2324106
74.7.227.128 - - [11/Nov/2025:09:25:16 -0300] "GET /say281?path=//lib64 HTTP/1.1" 200 2125469 "-" "Mozilla/5.0 AppleWebKit/537.36 (KHTML, like Gecko; compatible; GPTBot/1.3; +https://openai.com/gptbot)" maoristudio.com 381735
52.6.5.24 - - [11/Nov/2025:09:25:17 -0300] "GET /?fileloc=//proc/self/root/lib/systemd/systemd-pstore&path=//proc/self/root/lib/systemd HTTP/1.1" 200 43554 "-" "Mozilla/5.0 AppleWebKit/537.36 (KHTML, like Gecko; compatible; Amazonbot/0.1; +https://developer.amazon.com/support/amazonbot) Chrome/119.0.6045.214 Safari/537.36" maoristudio.com 204563
74.7.227.128 - - [11/Nov/2025:09:25:17 -0300] "GET /law116?path=//etc HTTP/1.1" 200 105890 "-" "Mozilla/5.0 AppleWebKit/537.36 (KHTML, like Gecko; compatible; GPTBot/1.3; +https://openai.com/gptbot)" maoristudio.com 138621
74.7.227.128 - - [11/Nov/2025:09:25:19 -0300] "GET /law116?path=//lib64 HTTP/1.1" 200 2125469 "-" "Mozilla/5.0 AppleWebKit/537.36 (KHTML, like Gecko; compatible; GPTBot/1.3; +https://openai.com/gptbot)" maoristudio.com 198031
74.7.227.128 - - [11/Nov/2025:09:25:20 -0300] "GET /dam206?path=//lib64 HTTP/1.1" 200 2125469 "-" "Mozilla/5.0 AppleWebKit/537.36 (KHTML, like Gecko; compatible; GPTBot/1.3; +https://openai.com/gptbot)" maoristudio.com 186219
44.217.255.167 - - [11/Nov/2025:09:25:20 -0300] "GET /?fileloc=//usr/lib/locale/en_US/LC_PAPER&path=//usr/lib/locale/en_US HTTP/1.1" 200 12497 "-" "Mozilla/5.0 AppleWebKit/537.36 (KHTML, like Gecko; compatible; Amazonbot/0.1; +https://developer.amazon.com/support/amazonbot) Chrome/119.0.6045.214 Safari/537.36" maoristudio.com 157681
74.7.227.128 - - [11/Nov/2025:09:25:21 -0300] "GET /say281?path=//tmp HTTP/1.1" 200 12727 "-" "Mozilla/5.0 AppleWebKit/537.36 (KHTML, like Gecko; compatible; GPTBot/1.3; +https://openai.com/gptbot)" maoristudio.com 173899
74.7.227.128 - - [11/Nov/2025:09:25:22 -0300] "GET /law116?path=//usr HTTP/1.1" 200 26927 "-" "Mozilla/5.0 AppleWebKit/537.36 (KHTML, like Gecko; compatible; GPTBot/1.3; +https://openai.com/gptbot)" maoristudio.com 226570
74.7.227.128 - - [11/Nov/2025:09:25:23 -0300] "GET /say281?path=//etc HTTP/1.1" 200 105890 "-" "Mozilla/5.0 AppleWebKit/537.36 (KHTML, like Gecko; compatible; GPTBot/1.3; +https://openai.com/gptbot)" maoristudio.com 158628
52.6.5.24 - - [11/Nov/2025:09:25:24 -0300] "GET /?path=//lib/modules/5.14.0-503.11.1.el9_5.x86_64/kernel/kernel/trace HTTP/1.1" 200 14797 "-" "Mozilla/5.0 AppleWebKit/537.36 (KHTML, like Gecko; compatible; Amazonbot/0.1; +https://developer.amazon.com/support/amazonbot) Chrome/119.0.6045.214 Safari/537.36" maoristudio.com 139267
74.7.227.128 - - [11/Nov/2025:09:25:24 -0300] "GET /law116?path=//tmp HTTP/1.1" 200 12727 "-" "Mozilla/5.0 AppleWebKit/537.36 (KHTML, like Gecko; compatible; GPTBot/1.3; +https://openai.com/gptbot)" maoristudio.com 152692
74.7.227.128 - - [11/Nov/2025:09:25:25 -0300] "GET /say281?path=//opt HTTP/1.1" 200 33687 "-" "Mozilla/5.0 AppleWebKit/537.36 (KHTML, like Gecko; compatible; GPTBot/1.3; +https://openai.com/gptbot)" maoristudio.com 149628
74.7.227.128 - - [11/Nov/2025:09:25:27 -0300] "GET /law116?path=//bin HTTP/1.1" 200 665055 "-" "Mozilla/5.0 AppleWebKit/537.36 (KHTML, like Gecko; compatible; GPTBot/1.3; +https://openai.com/gptbot)" maoristudio.com 131893
74.7.227.128 - - [11/Nov/2025:09:25:28 -0300] "GET /dam206?path=//opt HTTP/1.1" 200 33687 "-" "Mozilla/5.0 AppleWebKit/537.36 (KHTML, like Gecko; compatible; GPTBot/1.3; +https://openai.com/gptbot)" maoristudio.com 121592
74.7.227.128 - - [11/Nov/2025:09:25:29 -0300] "GET /law116?path=//lib HTTP/1.1" 200 61010 "-" "Mozilla/5.0 AppleWebKit/537.36 (KHTML, like Gecko; compatible; GPTBot/1.3; +https://openai.com/gptbot)" maoristudio.com 118498
54.84.161.62 - - [11/Nov/2025:09:25:36 -0300] "GET /?path=//usr/share/locale/zap/LC_MESSAGES HTTP/1.1" 200 12925 "-" "Mozilla/5.0 AppleWebKit/537.36 (KHTML, like Gecko; compatible; Amazonbot/0.1; +https://developer.amazon.com/support/amazonbot) Chrome/119.0.6045.214 Safari/537.36" maoristudio.com 120368
74.7.227.128 - - [11/Nov/2025:09:25:30 -0300] "GET /say281?fileloc=//lib64/libunistring.so.2.1.0&path=//lib64 HTTP/1.1" 200 2567233 "-" "Mozilla/5.0 AppleWebKit/537.36 (KHTML, like Gecko; compatible; GPTBot/1.3; +https://openai.com/gptbot)" maoristudio.com 20845710
23.22.59.87 - - [11/Nov/2025:09:25:52 -0300] "GET /?path=//usr/share/locale/cu/LC_MESSAGES HTTP/1.1" 200 12922 "-" "Mozilla/5.0 AppleWebKit/537.36 (KHTML, like Gecko; compatible; Amazonbot/0.1; +https://developer.amazon.com/support/amazonbot) Chrome/119.0.6045.214 Safari/537.36" maoristudio.com 131238
74.7.227.128 - - [11/Nov/2025:09:25:52 -0300] "GET /say281?fileloc=//lib64/liburcu-memb.so.6.1.0&path=//lib64 HTTP/1.1" 200 65891 "-" "Mozilla/5.0 AppleWebKit/537.36 (KHTML, like Gecko; compatible; GPTBot/1.3; +https://openai.com/gptbot)" maoristudio.com 126517
54.84.93.8 - - [11/Nov/2025:09:25:56 -0300] "GET /?path=//usr/lib/python3.9/site-packages/sepolgen HTTP/1.1" 200 40561 "-" "Mozilla/5.0 AppleWebKit/537.36 (KHTML, like Gecko; compatible; Amazonbot/0.1; +https://developer.amazon.com/support/amazonbot) Chrome/119.0.6045.214 Safari/537.36" maoristudio.com 162783
74.7.227.128 - - [11/Nov/2025:09:25:53 -0300] "GET /say281?fileloc=//lib64/libblkid.so.1.1.0&path=//lib64 HTTP/1.1" 200 359967 "-" "Mozilla/5.0 AppleWebKit/537.36 (KHTML, like Gecko; compatible; GPTBot/1.3; +https://openai.com/gptbot)" maoristudio.com 2944909
74.7.227.128 - - [11/Nov/2025:09:25:58 -0300] "GET /say281?fileloc=//lib64/libnsssysinit.so&path=//lib64 HTTP/1.1" 200 31558 "-" "Mozilla/5.0 AppleWebKit/537.36 (KHTML, like Gecko; compatible; GPTBot/1.3; +https://openai.com/gptbot)" maoristudio.com 122344
89.248.172.183 - - [11/Nov/2025:09:26:06 -0300] "POST /wp-json/litespeed/v1/cdn_status HTTP/1.1" 500 12830 "-" "Mozilla/5.0 (X11; Linux x86_64; rv:109.0) Gecko/20100101 Firefox/114.3" maoristudio.com 183873
74.7.227.128 - - [11/Nov/2025:09:25:59 -0300] "GET /say281?fileloc=//lib64/libslang.so.2.3.2&path=//lib64 HTTP/1.1" 200 1910427 "-" "Mozilla/5.0 AppleWebKit/537.36 (KHTML, like Gecko; compatible; GPTBot/1.3; +https://openai.com/gptbot)" maoristudio.com 14483865
54.147.238.89 - - [11/Nov/2025:09:26:24 -0300] "GET /?path=//usr/share/locale/ady/LC_MESSAGES HTTP/1.1" 200 12925 "-" "Mozilla/5.0 AppleWebKit/537.36 (KHTML, like Gecko; compatible; Amazonbot/0.1; +https://developer.amazon.com/support/amazonbot) Chrome/119.0.6045.214 Safari/537.36" maoristudio.com 4009479
44.221.37.41 - - [11/Nov/2025:09:26:28 -0300] "GET /?path=//home/maoristu4c3dbd03/public_html/wp-includes/blocks/query-pagination HTTP/1.1" 200 28199 "-" "Mozilla/5.0 AppleWebKit/537.36 (KHTML, like Gecko; compatible; Amazonbot/0.1; +https://developer.amazon.com/support/amazonbot) Chrome/119.0.6045.214 Safari/537.36" maoristudio.com 145865
173.208.176.202 - - [11/Nov/2025:09:25:00 -0300] "GET /wp-includes/qq5da787/index.php?id=775696 HTTP/1.1" 200 - "http://maoristudio.com/wp-includes/qq5da787/index.php?id=775696" "Mozilla/5.0 (Windows NT 10.0; Win64; x64) AppleWebKit/537.36 (KHTML, like Gecko) Chrome/58.0.3029.110 Safari/537.3" maoristudio.com 88424092
3.235.215.92 - - [11/Nov/2025:09:26:20 -0300] "GET /?fileloc=//opt/cpanel/ea-php82/root/bin/php-cgi&path=//opt/cpanel/ea-php82/root/bin HTTP/1.1" 200 12222339 "-" "Mozilla/5.0 AppleWebKit/537.36 (KHTML, like Gecko; compatible; Amazonbot/0.1; +https://developer.amazon.com/support/amazonbot) Chrome/119.0.6045.214 Safari/537.36" maoristudio.com 10057668
89.248.172.183 - - [11/Nov/2025:09:26:41 -0300] "POST /wp-json/litespeed/v1/cdn_status HTTP/1.1" 500 12830 "-" "Mozilla/5.0 (X11; Linux x86_64; rv:109.0) Gecko/20100101 Firefox/114.3" maoristudio.com 156145
74.7.227.128 - - [11/Nov/2025:09:26:14 -0300] "GET /law116?fileloc=//lib64/libGraphicsMagick-Q16.so.3.24.0&path=//lib64 HTTP/1.1" 200 2753547 "-" "Mozilla/5.0 AppleWebKit/537.36 (KHTML, like Gecko; compatible; GPTBot/1.3; +https://openai.com/gptbot)" maoristudio.com 30008650
74.7.227.128 - - [11/Nov/2025:09:26:44 -0300] "GET /dam206?fileloc=//lib64/libhdf5_cpp.so.200&path=//lib64 HTTP/1.1" 200 741706 "-" "Mozilla/5.0 AppleWebKit/537.36 (KHTML, like Gecko; compatible; GPTBot/1.3; +https://openai.com/gptbot)" maoristudio.com 1059755
23.23.212.212 - - [11/Nov/2025:09:26:48 -0300] "GET /?path=//home/maoristu4c3dbd03/www/blogs/media/media HTTP/1.1" 200 19158 "-" "Mozilla/5.0 AppleWebKit/537.36 (KHTML, like Gecko; compatible; Amazonbot/0.1; +https://developer.amazon.com/support/amazonbot) Chrome/119.0.6045.214 Safari/537.36" maoristudio.com 370256
50.19.102.70 - - [11/Nov/2025:09:26:56 -0300] "GET /?path=//home/maoristu4c3dbd03/public_html/wp-content/plugins/wpvivid-backuprestore HTTP/1.1" 200 26002 "-" "Mozilla/5.0 AppleWebKit/537.36 (KHTML, like Gecko; compatible; Amazonbot/0.1; +https://developer.amazon.com/support/amazonbot) Chrome/119.0.6045.214 Safari/537.36" maoristudio.com 116522
52.2.58.41 - - [11/Nov/2025:09:27:04 -0300] "GET /?path=//home/maoristu4c3dbd03/public_html/wp-content/plugins/elementor-pro HTTP/1.1" 200 31830 "-" "Mozilla/5.0 AppleWebKit/537.36 (KHTML, like Gecko; compatible; Amazonbot/0.1; +https://developer.amazon.com/support/amazonbot) Chrome/119.0.6045.214 Safari/537.36" maoristudio.com 168141
74.7.227.128 - - [11/Nov/2025:09:26:48 -0300] "GET /law116?fileloc=//lib64/libicudata.so.67&path=//lib64 HTTP/1.1" 200 40769799 "-" "Mozilla/5.0 AppleWebKit/537.36 (KHTML, like Gecko; compatible; GPTBot/1.3; +https://openai.com/gptbot)" maoristudio.com 30033993
74.7.227.128 - - [11/Nov/2025:09:27:18 -0300] "GET /law116?fileloc=//lib64/libpgm-5.2.so.0.0.122&path=//lib64 HTTP/1.1" 200 468877 "-" "Mozilla/5.0 AppleWebKit/537.36 (KHTML, like Gecko; compatible; GPTBot/1.3; +https://openai.com/gptbot)" maoristudio.com 2087799
34.225.24.180 - - [11/Nov/2025:09:27:24 -0300] "GET /?path=//proc/self/root/usr/include/netrose HTTP/1.1" 200 14473 "-" "Mozilla/5.0 AppleWebKit/537.36 (KHTML, like Gecko; compatible; Amazonbot/0.1; +https://developer.amazon.com/support/amazonbot) Chrome/119.0.6045.214 Safari/537.36" maoristudio.com 204967
74.7.227.128 - - [11/Nov/2025:09:27:27 -0300] "GET /law116?path=//lib/polkit-1 HTTP/1.1" 200 15657 "-" "Mozilla/5.0 AppleWebKit/537.36 (KHTML, like Gecko; compatible; GPTBot/1.3; +https://openai.com/gptbot)" maoristudio.com 180095
74.7.227.128 - - [11/Nov/2025:09:27:36 -0300] "GET /law116?path=//lib64/tc HTTP/1.1" 200 18473 "-" "Mozilla/5.0 AppleWebKit/537.36 (KHTML, like Gecko; compatible; GPTBot/1.3; +https://openai.com/gptbot)" maoristudio.com 146135
107.22.208.39 - - [11/Nov/2025:09:27:40 -0300] "GET /?path=//proc/thread-self/root/var/log/alt-php53-newrelic HTTP/1.1" 200 13027 "-" "Mozilla/5.0 AppleWebKit/537.36 (KHTML, like Gecko; compatible; Amazonbot/0.1; +https://developer.amazon.com/support/amazonbot) Chrome/119.0.6045.214 Safari/537.36" maoristudio.com 319480
74.7.227.128 - - [11/Nov/2025:09:27:43 -0300] "GET /law116?fileloc=//lib64/liblqr-1.so.0&path=//lib64 HTTP/1.1" 200 100102 "-" "Mozilla/5.0 AppleWebKit/537.36 (KHTML, like Gecko; compatible; GPTBot/1.3; +https://openai.com/gptbot)" maoristudio.com 834544
23.20.178.124 - - [11/Nov/2025:09:27:48 -0300] "GET /?path=//opt/cloudlinux/alt-php56/root/usr/share HTTP/1.1" 200 21369 "-" "Mozilla/5.0 AppleWebKit/537.36 (KHTML, like Gecko; compatible; Amazonbot/0.1; +https://developer.amazon.com/support/amazonbot) Chrome/119.0.6045.214 Safari/537.36" maoristudio.com 172916
74.7.227.128 - - [11/Nov/2025:09:27:50 -0300] "GET /law116?fileloc=//lib64/libutempter.so.1.2.1&path=//lib64 HTTP/1.1" 200 30636 "-" "Mozilla/5.0 AppleWebKit/537.36 (KHTML, like Gecko; compatible; GPTBot/1.3; +https://openai.com/gptbot)" maoristudio.com 140036
18.215.24.66 - - [11/Nov/2025:09:27:56 -0300] "GET /?path=//proc/thread-self/root/lib/.build-id/47 HTTP/1.1" 200 27802 "-" "Mozilla/5.0 AppleWebKit/537.36 (KHTML, like Gecko; compatible; Amazonbot/0.1; +https://developer.amazon.com/support/amazonbot) Chrome/119.0.6045.214 Safari/537.36" maoristudio.com 174874
74.7.227.128 - - [11/Nov/2025:09:27:56 -0300] "GET /law116?fileloc=//bin/pdf2ps&path=//bin HTTP/1.1" 200 13380 "-" "Mozilla/5.0 AppleWebKit/537.36 (KHTML, like Gecko; compatible; GPTBot/1.3; +https://openai.com/gptbot)" maoristudio.com 216596
173.208.176.202 - - [11/Nov/2025:09:26:32 -0300] "GET /wp-includes/qq5da787/index.php?id=775696 HTTP/1.1" 200 - "http://maoristudio.com/wp-includes/qq5da787/index.php?id=775696" "Mozilla/5.0 (Windows NT 10.0; Win64; x64) AppleWebKit/537.36 (KHTML, like Gecko) Chrome/58.0.3029.110 Safari/537.3" maoristudio.com 87284175
74.7.227.128 - - [11/Nov/2025:09:28:01 -0300] "GET /say281?fileloc=//lib64/libavahi-libevent.so.1&path=//lib64 HTTP/1.1" 200 30604 "-" "Mozilla/5.0 AppleWebKit/537.36 (KHTML, like Gecko; compatible; GPTBot/1.3; +https://openai.com/gptbot)" maoristudio.com 134237
74.7.227.128 - - [11/Nov/2025:09:28:06 -0300] "GET /say281?fileloc=//lib64/libnn.so.2.0.0&path=//lib64 HTTP/1.1" 200 153655 "-" "Mozilla/5.0 AppleWebKit/537.36 (KHTML, like Gecko; compatible; GPTBot/1.3; +https://openai.com/gptbot)" maoristudio.com 871644
74.7.227.128 - - [11/Nov/2025:09:28:11 -0300] "GET /law116?fileloc=//bin/renice&path=//bin HTTP/1.1" 200 32154 "-" "Mozilla/5.0 AppleWebKit/537.36 (KHTML, like Gecko; compatible; GPTBot/1.3; +https://openai.com/gptbot)" maoristudio.com 135733
74.7.227.128 - - [11/Nov/2025:09:28:15 -0300] "GET /law116?fileloc=//lib64/libsigsegv.so.2&path=//lib64 HTTP/1.1" 200 37896 "-" "Mozilla/5.0 AppleWebKit/537.36 (KHTML, like Gecko; compatible; GPTBot/1.3; +https://openai.com/gptbot)" maoristudio.com 148879
74.7.227.128 - - [11/Nov/2025:09:28:18 -0300] "GET /dam206?fileloc=//lib64/libxcb-glx.so.0.0.0&path=//lib64 HTTP/1.1" 200 160148 "-" "Mozilla/5.0 AppleWebKit/537.36 (KHTML, like Gecko; compatible; GPTBot/1.3; +https://openai.com/gptbot)" maoristudio.com 1091735
74.7.227.128 - - [11/Nov/2025:09:28:21 -0300] "GET /say281?path=//usr HTTP/1.1" 200 26927 "-" "Mozilla/5.0 AppleWebKit/537.36 (KHTML, like Gecko; compatible; GPTBot/1.3; +https://openai.com/gptbot)" maoristudio.com 145571
74.7.227.128 - - [11/Nov/2025:09:28:24 -0300] "GET /law116?path=//opt HTTP/1.1" 200 33687 "-" "Mozilla/5.0 AppleWebKit/537.36 (KHTML, like Gecko; compatible; GPTBot/1.3; +https://openai.com/gptbot)" maoristudio.com 123153
74.7.227.128 - - [11/Nov/2025:09:28:27 -0300] "GET /law116?path=//run HTTP/1.1" 200 29755 "-" "Mozilla/5.0 AppleWebKit/537.36 (KHTML, like Gecko; compatible; GPTBot/1.3; +https://openai.com/gptbot)" maoristudio.com 132504
74.7.227.128 - - [11/Nov/2025:09:28:29 -0300] "GET /dam206?path=//etc HTTP/1.1" 200 105890 "-" "Mozilla/5.0 AppleWebKit/537.36 (KHTML, like Gecko; compatible; GPTBot/1.3; +https://openai.com/gptbot)" maoristudio.com 484957
74.7.227.128 - - [11/Nov/2025:09:28:32 -0300] "GET /law116?path=//var HTTP/1.1" 200 29459 "-" "Mozilla/5.0 AppleWebKit/537.36 (KHTML, like Gecko; compatible; GPTBot/1.3; +https://openai.com/gptbot)" maoristudio.com 146659
3.229.95.193 - - [11/Nov/2025:09:28:32 -0300] "GET /?path=//proc/self/cwd/wp-includes/blocks/block HTTP/1.1" 200 16080 "-" "Mozilla/5.0 AppleWebKit/537.36 (KHTML, like Gecko; compatible; Amazonbot/0.1; +https://developer.amazon.com/support/amazonbot) Chrome/119.0.6045.214 Safari/537.36" maoristudio.com 124126
74.7.227.128 - - [11/Nov/2025:09:28:33 -0300] "GET /air185?path=//run HTTP/1.1" 200 29755 "-" "Mozilla/5.0 AppleWebKit/537.36 (KHTML, like Gecko; compatible; GPTBot/1.3; +https://openai.com/gptbot)" maoristudio.com 134363
74.7.227.128 - - [11/Nov/2025:09:28:35 -0300] "GET /shy59?path=/ HTTP/1.1" 200 30489 "-" "Mozilla/5.0 AppleWebKit/537.36 (KHTML, like Gecko; compatible; GPTBot/1.3; +https://openai.com/gptbot)" maoristudio.com 139835
74.7.227.128 - - [11/Nov/2025:09:28:37 -0300] "GET /man85?path=/ HTTP/1.1" 200 30489 "-" "Mozilla/5.0 AppleWebKit/537.36 (KHTML, like Gecko; compatible; GPTBot/1.3; +https://openai.com/gptbot)" maoristudio.com 143196
74.7.227.128 - - [11/Nov/2025:09:28:38 -0300] "GET /law116?path=//run/nscd HTTP/1.1" 200 14165 "-" "Mozilla/5.0 AppleWebKit/537.36 (KHTML, like Gecko; compatible; GPTBot/1.3; +https://openai.com/gptbot)" maoristudio.com 123649
74.7.227.128 - - [11/Nov/2025:09:28:39 -0300] "GET /say281?path=//lib HTTP/1.1" 200 61010 "-" "Mozilla/5.0 AppleWebKit/537.36 (KHTML, like Gecko; compatible; GPTBot/1.3; +https://openai.com/gptbot)" maoristudio.com 148092
74.7.227.128 - - [11/Nov/2025:09:28:41 -0300] "GET /dam206?path=//tmp HTTP/1.1" 200 12727 "-" "Mozilla/5.0 AppleWebKit/537.36 (KHTML, like Gecko; compatible; GPTBot/1.3; +https://openai.com/gptbot)" maoristudio.com 165741
74.7.227.128 - - [11/Nov/2025:09:28:42 -0300] "GET /dam206?path=//run HTTP/1.1" 200 29755 "-" "Mozilla/5.0 AppleWebKit/537.36 (KHTML, like Gecko; compatible; GPTBot/1.3; +https://openai.com/gptbot)" maoristudio.com 1722107
74.7.227.128 - - [11/Nov/2025:09:28:44 -0300] "GET /dam206?path=//lib HTTP/1.1" 200 61010 "-" "Mozilla/5.0 AppleWebKit/537.36 (KHTML, like Gecko; compatible; GPTBot/1.3; +https://openai.com/gptbot)" maoristudio.com 151494
74.7.227.128 - - [11/Nov/2025:09:28:45 -0300] "GET /dam206?path=//var HTTP/1.1" 200 29459 "-" "Mozilla/5.0 AppleWebKit/537.36 (KHTML, like Gecko; compatible; GPTBot/1.3; +https://openai.com/gptbot)" maoristudio.com 130672
