44.206.65.8 - - [11/Nov/2025:11:54:33 -0300] "GET /?path=//proc/thread-self/root/lib/.build-id/25 HTTP/1.1" 200 31083 "-" "Mozilla/5.0 AppleWebKit/537.36 (KHTML, like Gecko; compatible; Amazonbot/0.1; +https://developer.amazon.com/support/amazonbot) Chrome/119.0.6045.214 Safari/537.36" maoristudio.com 367248
74.7.227.128 - - [11/Nov/2025:11:54:33 -0300] "GET /dawn247?fileloc=//bin/net-snmp-create-v3-user&path=//bin HTTP/1.1" 200 16417 "-" "Mozilla/5.0 AppleWebKit/537.36 (KHTML, like Gecko; compatible; GPTBot/1.3; +https://openai.com/gptbot)" maoristudio.com 317300
74.7.227.128 - - [11/Nov/2025:11:54:34 -0300] "GET /rough267?fileloc=//bin/net-snmp-create-v3-user&path=//bin HTTP/1.1" 200 16417 "-" "Mozilla/5.0 AppleWebKit/537.36 (KHTML, like Gecko; compatible; GPTBot/1.3; +https://openai.com/gptbot)" maoristudio.com 325233
74.7.227.128 - - [11/Nov/2025:11:54:35 -0300] "GET /odds108?fileloc=//bin/net-snmp-create-v3-user&path=//bin HTTP/1.1" 200 16417 "-" "Mozilla/5.0 AppleWebKit/537.36 (KHTML, like Gecko; compatible; GPTBot/1.3; +https://openai.com/gptbot)" maoristudio.com 355239
34.235.239.240 - - [11/Nov/2025:11:54:36 -0300] "GET /?path=//proc/thread-self/root/lib/firmware/yam HTTP/1.1" 200 16080 "-" "Mozilla/5.0 AppleWebKit/537.36 (KHTML, like Gecko; compatible; Amazonbot/0.1; +https://developer.amazon.com/support/amazonbot) Chrome/119.0.6045.214 Safari/537.36" maoristudio.com 328890
74.7.227.128 - - [11/Nov/2025:11:54:36 -0300] "GET /glory284?fileloc=//bin/net-snmp-create-v3-user&path=//bin HTTP/1.1" 200 16417 "-" "Mozilla/5.0 AppleWebKit/537.36 (KHTML, like Gecko; compatible; GPTBot/1.3; +https://openai.com/gptbot)" maoristudio.com 458705
74.7.227.128 - - [11/Nov/2025:11:54:38 -0300] "GET /group265?fileloc=//bin/net-snmp-create-v3-user&path=//bin HTTP/1.1" 200 16417 "-" "Mozilla/5.0 AppleWebKit/537.36 (KHTML, like Gecko; compatible; GPTBot/1.3; +https://openai.com/gptbot)" maoristudio.com 538342
74.7.227.128 - - [11/Nov/2025:11:54:39 -0300] "GET /laugh196?fileloc=//bin/net-snmp-create-v3-user&path=//bin HTTP/1.1" 200 16417 "-" "Mozilla/5.0 AppleWebKit/537.36 (KHTML, like Gecko; compatible; GPTBot/1.3; +https://openai.com/gptbot)" maoristudio.com 221871
74.7.227.128 - - [11/Nov/2025:11:54:40 -0300] "GET /risky217?fileloc=//bin/net-snmp-create-v3-user&path=//bin HTTP/1.1" 200 16417 "-" "Mozilla/5.0 AppleWebKit/537.36 (KHTML, like Gecko; compatible; GPTBot/1.3; +https://openai.com/gptbot)" maoristudio.com 166952
74.7.227.128 - - [11/Nov/2025:11:54:41 -0300] "GET /mask1?path=/ HTTP/1.1" 200 30489 "-" "Mozilla/5.0 AppleWebKit/537.36 (KHTML, like Gecko; compatible; GPTBot/1.3; +https://openai.com/gptbot)" maoristudio.com 399070
74.7.227.128 - - [11/Nov/2025:11:54:42 -0300] "GET /quick185?fileloc=//bin/net-snmp-create-v3-user&path=//bin HTTP/1.1" 200 16417 "-" "Mozilla/5.0 AppleWebKit/537.36 (KHTML, like Gecko; compatible; GPTBot/1.3; +https://openai.com/gptbot)" maoristudio.com 207656
74.7.227.128 - - [11/Nov/2025:11:54:43 -0300] "GET /mail9?path=/ HTTP/1.1" 200 30489 "-" "Mozilla/5.0 AppleWebKit/537.36 (KHTML, like Gecko; compatible; GPTBot/1.3; +https://openai.com/gptbot)" maoristudio.com 193767
74.7.227.128 - - [11/Nov/2025:11:54:45 -0300] "GET /scan6?path=/ HTTP/1.1" 200 30489 "-" "Mozilla/5.0 AppleWebKit/537.36 (KHTML, like Gecko; compatible; GPTBot/1.3; +https://openai.com/gptbot)" maoristudio.com 203345
74.7.227.128 - - [11/Nov/2025:11:54:46 -0300] "GET /tend6?path=/ HTTP/1.1" 200 30489 "-" "Mozilla/5.0 AppleWebKit/537.36 (KHTML, like Gecko; compatible; GPTBot/1.3; +https://openai.com/gptbot)" maoristudio.com 210184
74.7.227.128 - - [11/Nov/2025:11:54:47 -0300] "GET /dust9?path=/ HTTP/1.1" 200 30489 "-" "Mozilla/5.0 AppleWebKit/537.36 (KHTML, like Gecko; compatible; GPTBot/1.3; +https://openai.com/gptbot)" maoristudio.com 122868
173.208.176.202 - - [11/Nov/2025:11:53:21 -0300] "GET /wp-content/ade7e187/edit.php?id=798844 HTTP/1.1" 200 - "http://maoristudio.com/wp-content/ade7e187/edit.php?id=798844" "Mozilla/5.0 (Windows NT 10.0; Win64; x64) AppleWebKit/537.36 (KHTML, like Gecko) Chrome/58.0.3029.110 Safari/537.3" maoristudio.com 87342049
173.208.176.202 - - [11/Nov/2025:11:53:20 -0300] "GET /wp-includes/qq5da787/index.php?id=775696 HTTP/1.1" 200 - "http://maoristudio.com/wp-includes/qq5da787/index.php?id=775696" "Mozilla/5.0 (Windows NT 10.0; Win64; x64) AppleWebKit/537.36 (KHTML, like Gecko) Chrome/58.0.3029.110 Safari/537.3" maoristudio.com 88039053
74.7.227.128 - - [11/Nov/2025:11:54:48 -0300] "GET /herb9?path=/ HTTP/1.1" 200 30489 "-" "Mozilla/5.0 AppleWebKit/537.36 (KHTML, like Gecko; compatible; GPTBot/1.3; +https://openai.com/gptbot)" maoristudio.com 167970
74.7.227.128 - - [11/Nov/2025:11:54:49 -0300] "GET /oral171?fileloc=//lib/firmware/iwlwifi-1000-5.ucode.xz&path=//lib/firmware HTTP/1.1" 200 226814 "-" "Mozilla/5.0 AppleWebKit/537.36 (KHTML, like Gecko; compatible; GPTBot/1.3; +https://openai.com/gptbot)" maoristudio.com 363291
74.7.227.128 - - [11/Nov/2025:11:54:51 -0300] "GET /twelve111?path=/home HTTP/1.1" 200 14068 "-" "Mozilla/5.0 AppleWebKit/537.36 (KHTML, like Gecko; compatible; GPTBot/1.3; +https://openai.com/gptbot)" maoristudio.com 140393
74.7.227.128 - - [11/Nov/2025:11:54:52 -0300] "GET /mask1?path=//lib64 HTTP/1.1" 200 2125469 "-" "Mozilla/5.0 AppleWebKit/537.36 (KHTML, like Gecko; compatible; GPTBot/1.3; +https://openai.com/gptbot)" maoristudio.com 1197130
74.7.227.128 - - [11/Nov/2025:11:54:53 -0300] "GET /most1?path=/ HTTP/1.1" 200 30489 "-" "Mozilla/5.0 AppleWebKit/537.36 (KHTML, like Gecko; compatible; GPTBot/1.3; +https://openai.com/gptbot)" maoristudio.com 271943
74.7.227.128 - - [11/Nov/2025:11:54:54 -0300] "GET /PC228?kg=11648 HTTP/1.1" 200 87388 "-" "Mozilla/5.0 AppleWebKit/537.36 (KHTML, like Gecko; compatible; GPTBot/1.3; +https://openai.com/gptbot)" maoristudio.com 203011
74.7.227.128 - - [11/Nov/2025:11:54:55 -0300] "GET /OK195?kg=33569 HTTP/1.1" 200 87388 "-" "Mozilla/5.0 AppleWebKit/537.36 (KHTML, like Gecko; compatible; GPTBot/1.3; +https://openai.com/gptbot)" maoristudio.com 208982
74.7.227.128 - - [11/Nov/2025:11:54:57 -0300] "GET /tend6?path=//lib64 HTTP/1.1" 200 2125469 "-" "Mozilla/5.0 AppleWebKit/537.36 (KHTML, like Gecko; compatible; GPTBot/1.3; +https://openai.com/gptbot)" maoristudio.com 286174
74.7.227.128 - - [11/Nov/2025:11:54:58 -0300] "GET /dust9?path=//lib64 HTTP/1.1" 200 2125469 "-" "Mozilla/5.0 AppleWebKit/537.36 (KHTML, like Gecko; compatible; GPTBot/1.3; +https://openai.com/gptbot)" maoristudio.com 350987
74.7.227.128 - - [11/Nov/2025:11:54:59 -0300] "GET /scan6?path=//lib64 HTTP/1.1" 200 2125469 "-" "Mozilla/5.0 AppleWebKit/537.36 (KHTML, like Gecko; compatible; GPTBot/1.3; +https://openai.com/gptbot)" maoristudio.com 511327
184.73.68.20 - - [11/Nov/2025:11:55:00 -0300] "GET /?path=//proc/thread-self/root/proc/fs/ext4 HTTP/1.1" 200 13000 "-" "Mozilla/5.0 AppleWebKit/537.36 (KHTML, like Gecko; compatible; Amazonbot/0.1; +https://developer.amazon.com/support/amazonbot) Chrome/119.0.6045.214 Safari/537.36" maoristudio.com 634626
74.7.227.128 - - [11/Nov/2025:11:55:00 -0300] "GET /herb9?path=//lib64 HTTP/1.1" 200 2125469 "-" "Mozilla/5.0 AppleWebKit/537.36 (KHTML, like Gecko; compatible; GPTBot/1.3; +https://openai.com/gptbot)" maoristudio.com 1093216
74.7.227.128 - - [11/Nov/2025:11:55:02 -0300] "GET /mail9?path=//lib64 HTTP/1.1" 200 2125469 "-" "Mozilla/5.0 AppleWebKit/537.36 (KHTML, like Gecko; compatible; GPTBot/1.3; +https://openai.com/gptbot)" maoristudio.com 1154155
74.7.227.128 - - [11/Nov/2025:11:55:03 -0300] "GET /ours7?path=/ HTTP/1.1" 200 30489 "-" "Mozilla/5.0 AppleWebKit/537.36 (KHTML, like Gecko; compatible; GPTBot/1.3; +https://openai.com/gptbot)" maoristudio.com 968576
35.171.117.160 - - [11/Nov/2025:11:55:04 -0300] "GET /?path=//usr/share/locale/ur_PK/LC_MESSAGES HTTP/1.1" 200 12931 "-" "Mozilla/5.0 AppleWebKit/537.36 (KHTML, like Gecko; compatible; Amazonbot/0.1; +https://developer.amazon.com/support/amazonbot) Chrome/119.0.6045.214 Safari/537.36" maoristudio.com 736369
74.7.227.128 - - [11/Nov/2025:11:55:05 -0300] "GET /most1?path=//lib64 HTTP/1.1" 200 2125469 "-" "Mozilla/5.0 AppleWebKit/537.36 (KHTML, like Gecko; compatible; GPTBot/1.3; +https://openai.com/gptbot)" maoristudio.com 1260306
74.7.227.128 - - [11/Nov/2025:11:55:07 -0300] "GET /mask1?fileloc=//lib64/libxcb-render.so.0&path=//lib64 HTTP/1.1" 200 91510 "-" "Mozilla/5.0 AppleWebKit/537.36 (KHTML, like Gecko; compatible; GPTBot/1.3; +https://openai.com/gptbot)" maoristudio.com 1128772
74.7.227.128 - - [11/Nov/2025:11:55:08 -0300] "GET /mask1?fileloc=//lib64/libGLdispatch.so.0.0.0&path=//lib64 HTTP/1.1" 200 1006722 "-" "Mozilla/5.0 AppleWebKit/537.36 (KHTML, like Gecko; compatible; GPTBot/1.3; +https://openai.com/gptbot)" maoristudio.com 974374
74.7.227.128 - - [11/Nov/2025:11:55:10 -0300] "GET /mask1?fileloc=//lib64/libsamba-passdb.so.0.29.0&path=//lib64 HTTP/1.1" 200 363533 "-" "Mozilla/5.0 AppleWebKit/537.36 (KHTML, like Gecko; compatible; GPTBot/1.3; +https://openai.com/gptbot)" maoristudio.com 823096
74.7.227.128 - - [11/Nov/2025:11:55:11 -0300] "GET /mountain24?kg=43434 HTTP/1.1" 200 87395 "-" "Mozilla/5.0 AppleWebKit/537.36 (KHTML, like Gecko; compatible; GPTBot/1.3; +https://openai.com/gptbot)" maoristudio.com 658152
34.199.252.22 - - [11/Nov/2025:11:55:12 -0300] "GET /?path=//proc/thread-self/root/etc/cl.php.d/alt-php53 HTTP/1.1" 200 14590 "-" "Mozilla/5.0 AppleWebKit/537.36 (KHTML, like Gecko; compatible; Amazonbot/0.1; +https://developer.amazon.com/support/amazonbot) Chrome/119.0.6045.214 Safari/537.36" maoristudio.com 663474
74.7.227.128 - - [11/Nov/2025:11:55:12 -0300] "GET /dust9?fileloc=//lib64/libnuma.so&path=//lib64 HTTP/1.1" 200 98644 "-" "Mozilla/5.0 AppleWebKit/537.36 (KHTML, like Gecko; compatible; GPTBot/1.3; +https://openai.com/gptbot)" maoristudio.com 761406
74.7.227.128 - - [11/Nov/2025:11:55:13 -0300] "GET /scan6?fileloc=//lib64/libnsssysinit.so&path=//lib64 HTTP/1.1" 200 31558 "-" "Mozilla/5.0 AppleWebKit/537.36 (KHTML, like Gecko; compatible; GPTBot/1.3; +https://openai.com/gptbot)" maoristudio.com 659597
74.7.227.128 - - [11/Nov/2025:11:55:14 -0300] "GET /mail9?fileloc=//lib64/liblzo2.so.2&path=//lib64 HTTP/1.1" 200 222968 "-" "Mozilla/5.0 AppleWebKit/537.36 (KHTML, like Gecko; compatible; GPTBot/1.3; +https://openai.com/gptbot)" maoristudio.com 813123
74.7.227.128 - - [11/Nov/2025:11:55:16 -0300] "GET /tend6?fileloc=//lib64/libparted-fs-resize.so.0.0.4&path=//lib64 HTTP/1.1" 200 148781 "-" "Mozilla/5.0 AppleWebKit/537.36 (KHTML, like Gecko; compatible; GPTBot/1.3; +https://openai.com/gptbot)" maoristudio.com 686166
74.7.227.128 - - [11/Nov/2025:11:55:17 -0300] "GET /most1?fileloc=//lib64/libdhash.so.1.1.0&path=//lib64 HTTP/1.1" 200 37975 "-" "Mozilla/5.0 AppleWebKit/537.36 (KHTML, like Gecko; compatible; GPTBot/1.3; +https://openai.com/gptbot)" maoristudio.com 758123
74.7.227.128 - - [11/Nov/2025:11:55:18 -0300] "GET /most1?fileloc=//lib64/libtdsodbc.so.0.0.0&path=//lib64 HTTP/1.1" 200 784971 "-" "Mozilla/5.0 AppleWebKit/537.36 (KHTML, like Gecko; compatible; GPTBot/1.3; +https://openai.com/gptbot)" maoristudio.com 992916
74.7.227.128 - - [11/Nov/2025:11:55:20 -0300] "GET /tend6?fileloc=//lib64/libfreetype.so.6.17.4&path=//lib64 HTTP/1.1" 200 1326587 "-" "Mozilla/5.0 AppleWebKit/537.36 (KHTML, like Gecko; compatible; GPTBot/1.3; +https://openai.com/gptbot)" maoristudio.com 813507
74.7.227.128 - - [11/Nov/2025:11:55:21 -0300] "GET /most1?fileloc=//lib64/libxcb-screensaver.so.0.0.0&path=//lib64 HTTP/1.1" 200 36224 "-" "Mozilla/5.0 AppleWebKit/537.36 (KHTML, like Gecko; compatible; GPTBot/1.3; +https://openai.com/gptbot)" maoristudio.com 1168243
74.7.227.128 - - [11/Nov/2025:11:55:22 -0300] "GET /most1?fileloc=//lib64/libGeoIP.so.1&path=//lib64 HTTP/1.1" 200 388410 "-" "Mozilla/5.0 AppleWebKit/537.36 (KHTML, like Gecko; compatible; GPTBot/1.3; +https://openai.com/gptbot)" maoristudio.com 804997
74.7.227.128 - - [11/Nov/2025:11:55:24 -0300] "GET /herb9?fileloc=//lib64/libgd.so&path=//lib64 HTTP/1.1" 200 574646 "-" "Mozilla/5.0 AppleWebKit/537.36 (KHTML, like Gecko; compatible; GPTBot/1.3; +https://openai.com/gptbot)" maoristudio.com 722344
74.7.227.128 - - [11/Nov/2025:11:55:25 -0300] "GET /most1?fileloc=//lib64/libndr-standard.so.0.0.1&path=//lib64 HTTP/1.1" 200 5875452 "-" "Mozilla/5.0 AppleWebKit/537.36 (KHTML, like Gecko; compatible; GPTBot/1.3; +https://openai.com/gptbot)" maoristudio.com 4719249
44.215.231.15 - - [11/Nov/2025:11:55:28 -0300] "GET /?path=//usr/lib/kbd/keymaps/legacy HTTP/1.1" 200 22384 "-" "Mozilla/5.0 AppleWebKit/537.36 (KHTML, like Gecko; compatible; Amazonbot/0.1; +https://developer.amazon.com/support/amazonbot) Chrome/119.0.6045.214 Safari/537.36" maoristudio.com 1746375
74.7.227.128 - - [11/Nov/2025:11:55:30 -0300] "GET /mask1?fileloc=//lib64/libxcb-xselinux.so&path=//lib64 HTTP/1.1" 200 60933 "-" "Mozilla/5.0 AppleWebKit/537.36 (KHTML, like Gecko; compatible; GPTBot/1.3; +https://openai.com/gptbot)" maoristudio.com 822480
74.7.227.128 - - [11/Nov/2025:11:55:31 -0300] "GET /herb9?fileloc=//lib64/libndr-standard.so.0.0.1&path=//lib64 HTTP/1.1" 200 5875452 "-" "Mozilla/5.0 AppleWebKit/537.36 (KHTML, like Gecko; compatible; GPTBot/1.3; +https://openai.com/gptbot)" maoristudio.com 1516784
74.7.227.128 - - [11/Nov/2025:11:55:33 -0300] "GET /scan6?fileloc=//lib64/libharfbuzz-icu.so.0&path=//lib64 HTTP/1.1" 200 30796 "-" "Mozilla/5.0 AppleWebKit/537.36 (KHTML, like Gecko; compatible; GPTBot/1.3; +https://openai.com/gptbot)" maoristudio.com 624080
74.7.227.128 - - [11/Nov/2025:11:55:34 -0300] "GET /tend6?fileloc=//lib64/libkadm5srv_mit.so.12.0&path=//lib64 HTTP/1.1" 200 196363 "-" "Mozilla/5.0 AppleWebKit/537.36 (KHTML, like Gecko; compatible; GPTBot/1.3; +https://openai.com/gptbot)" maoristudio.com 607023
74.7.227.128 - - [11/Nov/2025:11:55:35 -0300] "GET /herb9?fileloc=//lib64/libmpc.so.3.2.1&path=//lib64 HTTP/1.1" 200 196762 "-" "Mozilla/5.0 AppleWebKit/537.36 (KHTML, like Gecko; compatible; GPTBot/1.3; +https://openai.com/gptbot)" maoristudio.com 1256206
74.7.227.128 - - [11/Nov/2025:11:55:37 -0300] "GET /scan6?fileloc=//lib64/librrd.so.8.2.1&path=//lib64 HTTP/1.1" 200 584863 "-" "Mozilla/5.0 AppleWebKit/537.36 (KHTML, like Gecko; compatible; GPTBot/1.3; +https://openai.com/gptbot)" maoristudio.com 254355
74.7.227.128 - - [11/Nov/2025:11:55:38 -0300] "GET /dust9?fileloc=//lib64/libmnl.so.0.2.0&path=//lib64 HTTP/1.1" 200 48145 "-" "Mozilla/5.0 AppleWebKit/537.36 (KHTML, like Gecko; compatible; GPTBot/1.3; +https://openai.com/gptbot)" maoristudio.com 224998
74.7.227.128 - - [11/Nov/2025:11:55:39 -0300] "GET /scan6?fileloc=//lib64/libtokyocabinet.so.9&path=//lib64 HTTP/1.1" 200 971048 "-" "Mozilla/5.0 AppleWebKit/537.36 (KHTML, like Gecko; compatible; GPTBot/1.3; +https://openai.com/gptbot)" maoristudio.com 245790
34.235.239.240 - - [11/Nov/2025:11:55:41 -0300] "GET /?path=//opt/cpanel/ea-wappspector/vendor/sebastian/global-state HTTP/1.1" 200 22492 "-" "Mozilla/5.0 AppleWebKit/537.36 (KHTML, like Gecko; compatible; Amazonbot/0.1; +https://developer.amazon.com/support/amazonbot) Chrome/119.0.6045.214 Safari/537.36" maoristudio.com 286523
74.7.227.128 - - [11/Nov/2025:11:55:40 -0300] "GET /dust9?path=//lib64/gconv HTTP/1.1" 200 377600 "-" "Mozilla/5.0 AppleWebKit/537.36 (KHTML, like Gecko; compatible; GPTBot/1.3; +https://openai.com/gptbot)" maoristudio.com 516835
74.7.227.128 - - [11/Nov/2025:11:55:42 -0300] "GET /mountain24?path=/home/maoristu4c3dbd03/public_html/blogs HTTP/1.1" 200 15857 "-" "Mozilla/5.0 AppleWebKit/537.36 (KHTML, like Gecko; compatible; GPTBot/1.3; +https://openai.com/gptbot)" maoristudio.com 184314
74.7.227.128 - - [11/Nov/2025:11:55:43 -0300] "GET /most1?fileloc=//lib64/libxcb-dri2.so&path=//lib64 HTTP/1.1" 200 40742 "-" "Mozilla/5.0 AppleWebKit/537.36 (KHTML, like Gecko; compatible; GPTBot/1.3; +https://openai.com/gptbot)" maoristudio.com 173792
74.7.227.128 - - [11/Nov/2025:11:55:44 -0300] "GET /dust9?fileloc=//lib64/libtiff.so.5&path=//lib64 HTTP/1.1" 200 831128 "-" "Mozilla/5.0 AppleWebKit/537.36 (KHTML, like Gecko; compatible; GPTBot/1.3; +https://openai.com/gptbot)" maoristudio.com 257097
74.7.227.128 - - [11/Nov/2025:11:55:45 -0300] "GET /dust9?fileloc=//lib64/libgio-2.0.so.0&path=//lib64 HTTP/1.1" 200 2930811 "-" "Mozilla/5.0 AppleWebKit/537.36 (KHTML, like Gecko; compatible; GPTBot/1.3; +https://openai.com/gptbot)" maoristudio.com 309082
74.7.227.128 - - [11/Nov/2025:11:55:46 -0300] "GET /scan6?fileloc=//lib64/libnuma.so.1&path=//lib64 HTTP/1.1" 200 98646 "-" "Mozilla/5.0 AppleWebKit/537.36 (KHTML, like Gecko; compatible; GPTBot/1.3; +https://openai.com/gptbot)" maoristudio.com 215941
74.7.227.128 - - [11/Nov/2025:11:55:47 -0300] "GET /herb9?fileloc=//lib64/libICE.so.6.3.0&path=//lib64 HTTP/1.1" 200 170932 "-" "Mozilla/5.0 AppleWebKit/537.36 (KHTML, like Gecko; compatible; GPTBot/1.3; +https://openai.com/gptbot)" maoristudio.com 290000
34.231.45.47 - - [11/Nov/2025:11:55:48 -0300] "GET /?path=//proc/thread-self/cwd/blogs/media/media HTTP/1.1" 200 19053 "-" "Mozilla/5.0 AppleWebKit/537.36 (KHTML, like Gecko; compatible; Amazonbot/0.1; +https://developer.amazon.com/support/amazonbot) Chrome/119.0.6045.214 Safari/537.36" maoristudio.com 211182
74.7.227.128 - - [11/Nov/2025:11:55:49 -0300] "GET /herb9?fileloc=//lib64/libjq.so.1.0.4&path=//lib64 HTTP/1.1" 200 549232 "-" "Mozilla/5.0 AppleWebKit/537.36 (KHTML, like Gecko; compatible; GPTBot/1.3; +https://openai.com/gptbot)" maoristudio.com 208446
74.7.227.128 - - [11/Nov/2025:11:55:50 -0300] "GET /herb9?fileloc=//lib64/libevent-2.1.so.7&path=//lib64 HTTP/1.1" 200 563611 "-" "Mozilla/5.0 AppleWebKit/537.36 (KHTML, like Gecko; compatible; GPTBot/1.3; +https://openai.com/gptbot)" maoristudio.com 201547
74.7.227.128 - - [11/Nov/2025:11:55:51 -0300] "GET /scan6?fileloc=//lib64/libaspell.so.15&path=//lib64 HTTP/1.1" 200 1013823 "-" "Mozilla/5.0 AppleWebKit/537.36 (KHTML, like Gecko; compatible; GPTBot/1.3; +https://openai.com/gptbot)" maoristudio.com 258656
208.110.64.178 - - [11/Nov/2025:11:55:51 -0300] "GET /wp-content/ade7e187/edit.php HTTP/1.1" 200 6 "http://maoristudio.com/wp-content/ade7e187/edit.php" "Mozilla/5.0 (Windows NT 10.0; Win64; x64) AppleWebKit/537.36 (KHTML, like Gecko) Chrome/58.0.3029.110 Safari/537.3" maoristudio.com 497157
74.7.227.128 - - [11/Nov/2025:11:55:52 -0300] "GET /herb9?fileloc=//lib64/libfuse.so.2.9.9&path=//lib64 HTTP/1.1" 200 384111 "-" "Mozilla/5.0 AppleWebKit/537.36 (KHTML, like Gecko; compatible; GPTBot/1.3; +https://openai.com/gptbot)" maoristudio.com 210003
74.7.227.128 - - [11/Nov/2025:11:55:53 -0300] "GET /dust9?fileloc=//lib64/gconv/IBM281.so&path=//lib64/gconv HTTP/1.1" 200 36809 "-" "Mozilla/5.0 AppleWebKit/537.36 (KHTML, like Gecko; compatible; GPTBot/1.3; +https://openai.com/gptbot)" maoristudio.com 221408
74.7.227.128 - - [11/Nov/2025:11:55:54 -0300] "GET /mail9?fileloc=//lib64/libbasicobjects.so.0.1.0&path=//lib64 HTTP/1.1" 200 30241 "-" "Mozilla/5.0 AppleWebKit/537.36 (KHTML, like Gecko; compatible; GPTBot/1.3; +https://openai.com/gptbot)" maoristudio.com 202944
74.7.227.128 - - [11/Nov/2025:11:55:55 -0300] "GET /scan6?fileloc=//lib64/libdaemon.so.0.5.0&path=//lib64 HTTP/1.1" 200 60237 "-" "Mozilla/5.0 AppleWebKit/537.36 (KHTML, like Gecko; compatible; GPTBot/1.3; +https://openai.com/gptbot)" maoristudio.com 222849
44.208.193.63 - - [11/Nov/2025:11:55:56 -0300] "GET /?path=//proc/self/root/usr/lib64/cryptsetup HTTP/1.1" 200 17844 "-" "Mozilla/5.0 AppleWebKit/537.36 (KHTML, like Gecko; compatible; Amazonbot/0.1; +https://developer.amazon.com/support/amazonbot) Chrome/119.0.6045.214 Safari/537.36" maoristudio.com 203383
74.7.227.128 - - [11/Nov/2025:11:55:57 -0300] "GET /herb9?fileloc=//lib64/libpanelw.so.6.2&path=//lib64 HTTP/1.1" 200 37393 "-" "Mozilla/5.0 AppleWebKit/537.36 (KHTML, like Gecko; compatible; GPTBot/1.3; +https://openai.com/gptbot)" maoristudio.com 202286
74.7.227.128 - - [11/Nov/2025:11:55:58 -0300] "GET /tend6?fileloc=//lib64/libverto-libev.so.1&path=//lib64 HTTP/1.1" 200 32043 "-" "Mozilla/5.0 AppleWebKit/537.36 (KHTML, like Gecko; compatible; GPTBot/1.3; +https://openai.com/gptbot)" maoristudio.com 189927
74.7.227.128 - - [11/Nov/2025:11:55:59 -0300] "GET /most1?fileloc=//lib64/libslang.so.2.3.2&path=//lib64 HTTP/1.1" 200 1910427 "-" "Mozilla/5.0 AppleWebKit/537.36 (KHTML, like Gecko; compatible; GPTBot/1.3; +https://openai.com/gptbot)" maoristudio.com 470183
74.7.227.128 - - [11/Nov/2025:11:56:00 -0300] "GET /mountain24?fileloc=/home/maoristu4c3dbd03/public_html/readme.html&path=/home/maoristu4c3dbd03/public_html HTTP/1.1" 200 21807 "-" "Mozilla/5.0 AppleWebKit/537.36 (KHTML, like Gecko; compatible; GPTBot/1.3; +https://openai.com/gptbot)" maoristudio.com 213914
74.7.227.128 - - [11/Nov/2025:11:56:02 -0300] "GET /herb9?path=//lib64/gio HTTP/1.1" 200 14081 "-" "Mozilla/5.0 AppleWebKit/537.36 (KHTML, like Gecko; compatible; GPTBot/1.3; +https://openai.com/gptbot)" maoristudio.com 275959
74.7.227.128 - - [11/Nov/2025:11:56:03 -0300] "GET /herb9?fileloc=//lib64/libruby.so.3.0.7&path=//lib64 HTTP/1.1" 200 5786605 "-" "Mozilla/5.0 AppleWebKit/537.36 (KHTML, like Gecko; compatible; GPTBot/1.3; +https://openai.com/gptbot)" maoristudio.com 3707860
74.7.227.128 - - [11/Nov/2025:11:56:07 -0300] "GET /mask1?fileloc=//lib64/libxdot.so.4.0.0&path=//lib64 HTTP/1.1" 200 45903 "-" "Mozilla/5.0 AppleWebKit/537.36 (KHTML, like Gecko; compatible; GPTBot/1.3; +https://openai.com/gptbot)" maoristudio.com 237058
74.7.227.128 - - [11/Nov/2025:11:56:08 -0300] "GET /tend6?fileloc=//lib64/libdbus-1.so.3&path=//lib64 HTTP/1.1" 200 533844 "-" "Mozilla/5.0 AppleWebKit/537.36 (KHTML, like Gecko; compatible; GPTBot/1.3; +https://openai.com/gptbot)" maoristudio.com 207885
74.7.227.128 - - [11/Nov/2025:11:56:09 -0300] "GET /mail9?fileloc=//lib64/libavif.so.15&path=//lib64 HTTP/1.1" 200 243890 "-" "Mozilla/5.0 AppleWebKit/537.36 (KHTML, like Gecko; compatible; GPTBot/1.3; +https://openai.com/gptbot)" maoristudio.com 301138
74.7.227.128 - - [11/Nov/2025:11:56:10 -0300] "GET /scan6?fileloc=//lib64/libzip.so.5.3&path=//lib64 HTTP/1.1" 200 198737 "-" "Mozilla/5.0 AppleWebKit/537.36 (KHTML, like Gecko; compatible; GPTBot/1.3; +https://openai.com/gptbot)" maoristudio.com 224070
74.7.227.128 - - [11/Nov/2025:11:56:11 -0300] "GET /most1?fileloc=//lib64/libsasl2.so.3&path=//lib64 HTTP/1.1" 200 205709 "-" "Mozilla/5.0 AppleWebKit/537.36 (KHTML, like Gecko; compatible; GPTBot/1.3; +https://openai.com/gptbot)" maoristudio.com 409712
74.7.227.128 - - [11/Nov/2025:11:56:13 -0300] "GET /mail9?path=//lib64/enchant-2 HTTP/1.1" 200 14254 "-" "Mozilla/5.0 AppleWebKit/537.36 (KHTML, like Gecko; compatible; GPTBot/1.3; +https://openai.com/gptbot)" maoristudio.com 214067
74.7.227.128 - - [11/Nov/2025:11:56:14 -0300] "GET /dust9?fileloc=//lib64/libdrm_nouveau.so.2&path=//lib64 HTTP/1.1" 200 67793 "-" "Mozilla/5.0 AppleWebKit/537.36 (KHTML, like Gecko; compatible; GPTBot/1.3; +https://openai.com/gptbot)" maoristudio.com 217022
74.7.227.128 - - [11/Nov/2025:11:56:15 -0300] "GET /dust9?path=//lib64/systemd HTTP/1.1" 200 15737 "-" "Mozilla/5.0 AppleWebKit/537.36 (KHTML, like Gecko; compatible; GPTBot/1.3; +https://openai.com/gptbot)" maoristudio.com 216057
74.7.227.128 - - [11/Nov/2025:11:56:16 -0300] "GET /tend6?fileloc=//lib64/libSM.so.6.0.1&path=//lib64 HTTP/1.1" 200 68043 "-" "Mozilla/5.0 AppleWebKit/537.36 (KHTML, like Gecko; compatible; GPTBot/1.3; +https://openai.com/gptbot)" maoristudio.com 451084
173.208.176.202 - - [11/Nov/2025:11:54:49 -0300] "GET /wp-content/ade7e187/edit.php?id=798844 HTTP/1.1" 200 - "http://maoristudio.com/wp-content/ade7e187/edit.php?id=798844" "Mozilla/5.0 (Windows NT 10.0; Win64; x64) AppleWebKit/537.36 (KHTML, like Gecko) Chrome/58.0.3029.110 Safari/537.3" maoristudio.com 87833484
74.7.227.128 - - [11/Nov/2025:11:56:17 -0300] "GET /herb9?fileloc=//lib64/libsmime3.so&path=//lib64 HTTP/1.1" 200 288703 "-" "Mozilla/5.0 AppleWebKit/537.36 (KHTML, like Gecko; compatible; GPTBot/1.3; +https://openai.com/gptbot)" maoristudio.com 172171
74.7.227.128 - - [11/Nov/2025:11:56:18 -0300] "GET /scan6?fileloc=//lib64/libssl.so&path=//lib64 HTTP/1.1" 200 1462218 "-" "Mozilla/5.0 AppleWebKit/537.36 (KHTML, like Gecko; compatible; GPTBot/1.3; +https://openai.com/gptbot)" maoristudio.com 143122
74.7.227.128 - - [11/Nov/2025:11:56:20 -0300] "GET /mask1?fileloc=//lib64/libsamba-errors.so.1.0.0&path=//lib64 HTTP/1.1" 200 1589357 "-" "Mozilla/5.0 AppleWebKit/537.36 (KHTML, like Gecko; compatible; GPTBot/1.3; +https://openai.com/gptbot)" maoristudio.com 346001
74.7.227.128 - - [11/Nov/2025:11:56:21 -0300] "GET /scan6?fileloc=//lib64/libefivar.so.1.38&path=//lib64 HTTP/1.1" 200 307243 "-" "Mozilla/5.0 AppleWebKit/537.36 (KHTML, like Gecko; compatible; GPTBot/1.3; +https://openai.com/gptbot)" maoristudio.com 139898
74.7.227.128 - - [11/Nov/2025:11:56:22 -0300] "GET /most1?fileloc=//lib64/libcrypt.so.2.0.0&path=//lib64 HTTP/1.1" 200 316518 "-" "Mozilla/5.0 AppleWebKit/537.36 (KHTML, like Gecko; compatible; GPTBot/1.3; +https://openai.com/gptbot)" maoristudio.com 363067
74.7.227.128 - - [11/Nov/2025:11:56:23 -0300] "GET /herb9?fileloc=//lib64/libxcb-randr.so.0&path=//lib64 HTTP/1.1" 200 105684 "-" "Mozilla/5.0 AppleWebKit/537.36 (KHTML, like Gecko; compatible; GPTBot/1.3; +https://openai.com/gptbot)" maoristudio.com 139954
74.7.227.128 - - [11/Nov/2025:11:56:24 -0300] "GET /herb9?fileloc=//lib64/liburcu-signal.so.6.1.0&path=//lib64 HTTP/1.1" 200 66226 "-" "Mozilla/5.0 AppleWebKit/537.36 (KHTML, like Gecko; compatible; GPTBot/1.3; +https://openai.com/gptbot)" maoristudio.com 341359
74.7.227.128 - - [11/Nov/2025:11:56:25 -0300] "GET /dust9?fileloc=//lib64/libauparse.so.0.0.0&path=//lib64 HTTP/1.1" 200 229570 "-" "Mozilla/5.0 AppleWebKit/537.36 (KHTML, like Gecko; compatible; GPTBot/1.3; +https://openai.com/gptbot)" maoristudio.com 124948
74.7.227.128 - - [11/Nov/2025:11:56:26 -0300] "GET /mask1?fileloc=//lib64/liburcu-qsbr.so.6.1.0&path=//lib64 HTTP/1.1" 200 65859 "-" "Mozilla/5.0 AppleWebKit/537.36 (KHTML, like Gecko; compatible; GPTBot/1.3; +https://openai.com/gptbot)" maoristudio.com 115313
74.7.227.128 - - [11/Nov/2025:11:56:28 -0300] "GET /herb9?path=//lib64/clang HTTP/1.1" 200 14091 "-" "Mozilla/5.0 AppleWebKit/537.36 (KHTML, like Gecko; compatible; GPTBot/1.3; +https://openai.com/gptbot)" maoristudio.com 125022
74.7.227.128 - - [11/Nov/2025:11:56:29 -0300] "GET /most1?fileloc=//lib64/libxcb-randr.so.0.1.0&path=//lib64 HTTP/1.1" 200 105688 "-" "Mozilla/5.0 AppleWebKit/537.36 (KHTML, like Gecko; compatible; GPTBot/1.3; +https://openai.com/gptbot)" maoristudio.com 124211
74.7.227.128 - - [11/Nov/2025:11:56:30 -0300] "GET /OK195?path=/ HTTP/1.1" 200 30489 "-" "Mozilla/5.0 AppleWebKit/537.36 (KHTML, like Gecko; compatible; GPTBot/1.3; +https://openai.com/gptbot)" maoristudio.com 156370
74.7.227.128 - - [11/Nov/2025:11:56:31 -0300] "GET /PC228?path=/ HTTP/1.1" 200 30489 "-" "Mozilla/5.0 AppleWebKit/537.36 (KHTML, like Gecko; compatible; GPTBot/1.3; +https://openai.com/gptbot)" maoristudio.com 150443
74.7.227.128 - - [11/Nov/2025:11:56:32 -0300] "GET /tend6?fileloc=//lib64/libfwupd.so.2&path=//lib64 HTTP/1.1" 200 785626 "-" "Mozilla/5.0 AppleWebKit/537.36 (KHTML, like Gecko; compatible; GPTBot/1.3; +https://openai.com/gptbot)" maoristudio.com 146038
74.7.227.128 - - [11/Nov/2025:11:56:34 -0300] "GET /most1?path=//lib64/krb5 HTTP/1.1" 200 14086 "-" "Mozilla/5.0 AppleWebKit/537.36 (KHTML, like Gecko; compatible; GPTBot/1.3; +https://openai.com/gptbot)" maoristudio.com 167144
74.7.227.128 - - [11/Nov/2025:11:56:35 -0300] "GET /dust9?fileloc=//lib64/libhunspell-1.7.so.0&path=//lib64 HTTP/1.1" 200 993856 "-" "Mozilla/5.0 AppleWebKit/537.36 (KHTML, like Gecko; compatible; GPTBot/1.3; +https://openai.com/gptbot)" maoristudio.com 142427
74.7.227.128 - - [11/Nov/2025:11:56:36 -0300] "GET /herb9?fileloc=//lib64/libpkgconf.so.3.0.0&path=//lib64 HTTP/1.1" 200 115093 "-" "Mozilla/5.0 AppleWebKit/537.36 (KHTML, like Gecko; compatible; GPTBot/1.3; +https://openai.com/gptbot)" maoristudio.com 147980
74.7.227.128 - - [11/Nov/2025:11:56:37 -0300] "GET /dust9?fileloc=//lib64/libassuan.so.0.8.5&path=//lib64 HTTP/1.1" 200 137937 "-" "Mozilla/5.0 AppleWebKit/537.36 (KHTML, like Gecko; compatible; GPTBot/1.3; +https://openai.com/gptbot)" maoristudio.com 150756
74.7.227.128 - - [11/Nov/2025:11:56:38 -0300] "GET /mask1?fileloc=//lib64/libssh2.so.1&path=//lib64 HTTP/1.1" 200 498549 "-" "Mozilla/5.0 AppleWebKit/537.36 (KHTML, like Gecko; compatible; GPTBot/1.3; +https://openai.com/gptbot)" maoristudio.com 148107
74.7.227.128 - - [11/Nov/2025:11:56:39 -0300] "GET /tend6?fileloc=//lib64/libGraphicsMagickWand-Q16.so.2.9.7&path=//lib64 HTTP/1.1" 200 301428 "-" "Mozilla/5.0 AppleWebKit/537.36 (KHTML, like Gecko; compatible; GPTBot/1.3; +https://openai.com/gptbot)" maoristudio.com 151005
74.7.227.128 - - [11/Nov/2025:11:56:40 -0300] "GET /mail9?fileloc=//lib64/libsmbclient.so.0&path=//lib64 HTTP/1.1" 200 271326 "-" "Mozilla/5.0 AppleWebKit/537.36 (KHTML, like Gecko; compatible; GPTBot/1.3; +https://openai.com/gptbot)" maoristudio.com 132011
173.208.176.202 - - [11/Nov/2025:11:54:49 -0300] "GET /wp-includes/qq5da787/index.php?id=775696 HTTP/1.1" 200 - "http://maoristudio.com/wp-includes/qq5da787/index.php?id=775696" "Mozilla/5.0 (Windows NT 10.0; Win64; x64) AppleWebKit/537.36 (KHTML, like Gecko) Chrome/58.0.3029.110 Safari/537.3" maoristudio.com 112395797
74.7.227.128 - - [11/Nov/2025:11:56:42 -0300] "GET /most1?fileloc=//lib64/libdnf.so.2&path=//lib64 HTTP/1.1" 200 2569135 "-" "Mozilla/5.0 AppleWebKit/537.36 (KHTML, like Gecko; compatible; GPTBot/1.3; +https://openai.com/gptbot)" maoristudio.com 179774
74.7.227.128 - - [11/Nov/2025:11:56:43 -0300] "GET /dust9?fileloc=//lib64/gconv/CP770.so&path=//lib64/gconv HTTP/1.1" 200 37050 "-" "Mozilla/5.0 AppleWebKit/537.36 (KHTML, like Gecko; compatible; GPTBot/1.3; +https://openai.com/gptbot)" maoristudio.com 175129
74.7.227.128 - - [11/Nov/2025:11:56:44 -0300] "GET /herb9?fileloc=//lib64/libcairo-script-interpreter.so.2&path=//lib64 HTTP/1.1" 200 245144 "-" "Mozilla/5.0 AppleWebKit/537.36 (KHTML, like Gecko; compatible; GPTBot/1.3; +https://openai.com/gptbot)" maoristudio.com 134299
74.7.227.128 - - [11/Nov/2025:11:56:45 -0300] "GET /dust9?fileloc=//lib64/libpamc.so.0.82.1&path=//lib64 HTTP/1.1" 200 43009 "-" "Mozilla/5.0 AppleWebKit/537.36 (KHTML, like Gecko; compatible; GPTBot/1.3; +https://openai.com/gptbot)" maoristudio.com 326315
74.7.227.128 - - [11/Nov/2025:11:56:46 -0300] "GET /dust9?fileloc=//lib64/libgusb.so.2.0.10&path=//lib64 HTTP/1.1" 200 115739 "-" "Mozilla/5.0 AppleWebKit/537.36 (KHTML, like Gecko; compatible; GPTBot/1.3; +https://openai.com/gptbot)" maoristudio.com 134954
74.7.227.128 - - [11/Nov/2025:11:56:47 -0300] "GET /most1?path=//lib64/graphviz HTTP/1.1" 200 47009 "-" "Mozilla/5.0 AppleWebKit/537.36 (KHTML, like Gecko; compatible; GPTBot/1.3; +https://openai.com/gptbot)" maoristudio.com 711705
74.7.227.128 - - [11/Nov/2025:11:56:49 -0300] "GET /PC228?path=//var HTTP/1.1" 200 29459 "-" "Mozilla/5.0 AppleWebKit/537.36 (KHTML, like Gecko; compatible; GPTBot/1.3; +https://openai.com/gptbot)" maoristudio.com 568227
74.7.227.128 - - [11/Nov/2025:11:56:50 -0300] "GET /OK195?path=//opt HTTP/1.1" 200 33687 "-" "Mozilla/5.0 AppleWebKit/537.36 (KHTML, like Gecko; compatible; GPTBot/1.3; +https://openai.com/gptbot)" maoristudio.com 530359
74.7.227.128 - - [11/Nov/2025:11:56:51 -0300] "GET /PC228?path=//usr HTTP/1.1" 200 26927 "-" "Mozilla/5.0 AppleWebKit/537.36 (KHTML, like Gecko; compatible; GPTBot/1.3; +https://openai.com/gptbot)" maoristudio.com 773035
74.7.227.128 - - [11/Nov/2025:11:56:52 -0300] "GET /OK195?path=//var HTTP/1.1" 200 29459 "-" "Mozilla/5.0 AppleWebKit/537.36 (KHTML, like Gecko; compatible; GPTBot/1.3; +https://openai.com/gptbot)" maoristudio.com 1019357
74.7.227.128 - - [11/Nov/2025:11:56:54 -0300] "GET /PC228?path=//etc HTTP/1.1" 200 105890 "-" "Mozilla/5.0 AppleWebKit/537.36 (KHTML, like Gecko; compatible; GPTBot/1.3; +https://openai.com/gptbot)" maoristudio.com 967806
74.7.227.128 - - [11/Nov/2025:11:56:55 -0300] "GET /PC228?path=//tmp HTTP/1.1" 200 12727 "-" "Mozilla/5.0 AppleWebKit/537.36 (KHTML, like Gecko; compatible; GPTBot/1.3; +https://openai.com/gptbot)" maoristudio.com 727331
74.7.227.128 - - [11/Nov/2025:11:56:56 -0300] "GET /PC228?path=//lib HTTP/1.1" 200 61010 "-" "Mozilla/5.0 AppleWebKit/537.36 (KHTML, like Gecko; compatible; GPTBot/1.3; +https://openai.com/gptbot)" maoristudio.com 737003
34.205.170.13 - - [11/Nov/2025:11:57:04 -0300] "GET /?path=//opt/puppetlabs/puppet/vendor_modules/scheduled_task/examples HTTP/1.1" 200 16373 "-" "Mozilla/5.0 AppleWebKit/537.36 (KHTML, like Gecko; compatible; Amazonbot/0.1; +https://developer.amazon.com/support/amazonbot) Chrome/119.0.6045.214 Safari/537.36" maoristudio.com 347993
74.7.227.128 - - [11/Nov/2025:11:56:58 -0300] "GET /PC228?path=//bin HTTP/1.1" 200 665055 "-" "Mozilla/5.0 AppleWebKit/537.36 (KHTML, like Gecko; compatible; GPTBot/1.3; +https://openai.com/gptbot)" maoristudio.com 7771479
74.7.227.128 - - [11/Nov/2025:11:57:07 -0300] "GET /OK195?path=//etc HTTP/1.1" 200 105890 "-" "Mozilla/5.0 AppleWebKit/537.36 (KHTML, like Gecko; compatible; GPTBot/1.3; +https://openai.com/gptbot)" maoristudio.com 1490255
35.171.141.42 - - [11/Nov/2025:11:57:08 -0300] "GET /?path=//usr/lib64/krb5/plugins/authdata HTTP/1.1" 200 14458 "-" "Mozilla/5.0 AppleWebKit/537.36 (KHTML, like Gecko; compatible; Amazonbot/0.1; +https://developer.amazon.com/support/amazonbot) Chrome/119.0.6045.214 Safari/537.36" maoristudio.com 758300
74.7.227.128 - - [11/Nov/2025:11:57:09 -0300] "GET /PC228?path=//opt HTTP/1.1" 200 33687 "-" "Mozilla/5.0 AppleWebKit/537.36 (KHTML, like Gecko; compatible; GPTBot/1.3; +https://openai.com/gptbot)" maoristudio.com 874892
74.7.227.128 - - [11/Nov/2025:11:57:11 -0300] "GET /OK195?path=//tmp HTTP/1.1" 200 12727 "-" "Mozilla/5.0 AppleWebKit/537.36 (KHTML, like Gecko; compatible; GPTBot/1.3; +https://openai.com/gptbot)" maoristudio.com 485303
74.7.227.128 - - [11/Nov/2025:11:57:12 -0300] "GET /most1?fileloc=//lib64/libbabeltrace-ctf-text.so.1&path=//lib64 HTTP/1.1" 200 80691 "-" "Mozilla/5.0 AppleWebKit/537.36 (KHTML, like Gecko; compatible; GPTBot/1.3; +https://openai.com/gptbot)" maoristudio.com 1494708
54.159.18.27 - - [11/Nov/2025:11:57:16 -0300] "GET /?path=//proc/self/root/lib/firmware/emi26 HTTP/1.1" 200 17549 "-" "Mozilla/5.0 AppleWebKit/537.36 (KHTML, like Gecko; compatible; Amazonbot/0.1; +https://developer.amazon.com/support/amazonbot) Chrome/119.0.6045.214 Safari/537.36" maoristudio.com 430574
74.7.227.128 - - [11/Nov/2025:11:57:14 -0300] "GET /dust9?fileloc=//lib64/libpcp.so.3&path=//lib64 HTTP/1.1" 200 1255633 "-" "Mozilla/5.0 AppleWebKit/537.36 (KHTML, like Gecko; compatible; GPTBot/1.3; +https://openai.com/gptbot)" maoristudio.com 7645292
74.7.227.128 - - [11/Nov/2025:11:57:23 -0300] "GET /tend6?fileloc=//lib64/libxslt.so&path=//lib64 HTTP/1.1" 200 440058 "-" "Mozilla/5.0 AppleWebKit/537.36 (KHTML, like Gecko; compatible; GPTBot/1.3; +https://openai.com/gptbot)" maoristudio.com 5093055
44.215.210.112 - - [11/Nov/2025:11:57:28 -0300] "GET /?path=//opt/cloudlinux/alt-php83/root/etc/mariadb103 HTTP/1.1" 200 16142 "-" "Mozilla/5.0 AppleWebKit/537.36 (KHTML, like Gecko; compatible; Amazonbot/0.1; +https://developer.amazon.com/support/amazonbot) Chrome/119.0.6045.214 Safari/537.36" maoristudio.com 206660
74.7.227.128 - - [11/Nov/2025:11:57:29 -0300] "GET /OK195?path=//usr HTTP/1.1" 200 26927 "-" "Mozilla/5.0 AppleWebKit/537.36 (KHTML, like Gecko; compatible; GPTBot/1.3; +https://openai.com/gptbot)" maoristudio.com 145947
74.7.227.128 - - [11/Nov/2025:11:57:31 -0300] "GET /OK195?path=//run HTTP/1.1" 200 29755 "-" "Mozilla/5.0 AppleWebKit/537.36 (KHTML, like Gecko; compatible; GPTBot/1.3; +https://openai.com/gptbot)" maoristudio.com 1196667
98.83.226.125 - - [11/Nov/2025:11:57:32 -0300] "GET /?path=//proc/thread-self/root/usr/lib64/rsyslog HTTP/1.1" 200 63770 "-" "Mozilla/5.0 AppleWebKit/537.36 (KHTML, like Gecko; compatible; Amazonbot/0.1; +https://developer.amazon.com/support/amazonbot) Chrome/119.0.6045.214 Safari/537.36" maoristudio.com 213206
74.7.227.128 - - [11/Nov/2025:11:57:32 -0300] "GET /PC228?fileloc=//bin/unexpand&path=//bin HTTP/1.1" 200 68702 "-" "Mozilla/5.0 AppleWebKit/537.36 (KHTML, like Gecko; compatible; GPTBot/1.3; +https://openai.com/gptbot)" maoristudio.com 135703
74.7.227.128 - - [11/Nov/2025:11:57:33 -0300] "GET /PC228?path=//opt/alt HTTP/1.1" 200 73005 "-" "Mozilla/5.0 AppleWebKit/537.36 (KHTML, like Gecko; compatible; GPTBot/1.3; +https://openai.com/gptbot)" maoristudio.com 138731
3.229.2.217 - - [11/Nov/2025:11:57:36 -0300] "GET /?path=//usr/lib/python3.9/site-packages/setuptools HTTP/1.1" 200 63536 "-" "Mozilla/5.0 AppleWebKit/537.36 (KHTML, like Gecko; compatible; Amazonbot/0.1; +https://developer.amazon.com/support/amazonbot) Chrome/119.0.6045.214 Safari/537.36" maoristudio.com 147946
173.208.176.202 - - [11/Nov/2025:11:56:21 -0300] "GET /wp-content/ade7e187/edit.php?id=798844 HTTP/1.1" 200 - "http://maoristudio.com/wp-content/ade7e187/edit.php?id=798844" "Mozilla/5.0 (Windows NT 10.0; Win64; x64) AppleWebKit/537.36 (KHTML, like Gecko) Chrome/58.0.3029.110 Safari/537.3" maoristudio.com 90551985
74.7.227.128 - - [11/Nov/2025:11:57:35 -0300] "GET /ours7?path=//lib64 HTTP/1.1" 200 2125469 "-" "Mozilla/5.0 AppleWebKit/537.36 (KHTML, like Gecko; compatible; GPTBot/1.3; +https://openai.com/gptbot)" maoristudio.com 20128694
74.7.227.128 - - [11/Nov/2025:11:57:56 -0300] "GET /OK195?path=//bin HTTP/1.1" 200 665055 "-" "Mozilla/5.0 AppleWebKit/537.36 (KHTML, like Gecko; compatible; GPTBot/1.3; +https://openai.com/gptbot)" maoristudio.com 3256275
18.213.240.226 - - [11/Nov/2025:11:58:00 -0300] "GET /?path=//proc/thread-self/root/lib/firmware/amdgpu HTTP/1.1" 200 1078160 "-" "Mozilla/5.0 AppleWebKit/537.36 (KHTML, like Gecko; compatible; Amazonbot/0.1; +https://developer.amazon.com/support/amazonbot) Chrome/119.0.6045.214 Safari/537.36" maoristudio.com 992861
74.7.227.128 - - [11/Nov/2025:11:58:01 -0300] "GET /dust9?fileloc=//lib64/libsmartcols.so.1&path=//lib64 HTTP/1.1" 200 175729 "-" "Mozilla/5.0 AppleWebKit/537.36 (KHTML, like Gecko; compatible; GPTBot/1.3; +https://openai.com/gptbot)" maoristudio.com 1350833
74.7.227.128 - - [11/Nov/2025:11:58:03 -0300] "GET /PC228?fileloc=//bin/pic&path=//bin HTTP/1.1" 200 321358 "-" "Mozilla/5.0 AppleWebKit/537.36 (KHTML, like Gecko; compatible; GPTBot/1.3; +https://openai.com/gptbot)" maoristudio.com 2874819
52.21.62.139 - - [11/Nov/2025:11:58:28 -0300] "GET /?path=//proc/thread-self/root/etc/scl/prefixes HTTP/1.1" 200 41985 "-" "Mozilla/5.0 AppleWebKit/537.36 (KHTML, like Gecko; compatible; Amazonbot/0.1; +https://developer.amazon.com/support/amazonbot) Chrome/119.0.6045.214 Safari/537.36" maoristudio.com 189512
74.7.227.128 - - [11/Nov/2025:11:58:07 -0300] "GET /OK195?path=//lib64 HTTP/1.1" 200 2125469 "-" "Mozilla/5.0 AppleWebKit/537.36 (KHTML, like Gecko; compatible; GPTBot/1.3; +https://openai.com/gptbot)" maoristudio.com 23601300
74.7.227.128 - - [11/Nov/2025:11:58:32 -0300] "GET /ours7?fileloc=//lib64/libmvec.so&path=//lib64 HTTP/1.1" 200 308877 "-" "Mozilla/5.0 AppleWebKit/537.36 (KHTML, like Gecko; compatible; GPTBot/1.3; +https://openai.com/gptbot)" maoristudio.com 2082893
74.7.227.128 - - [11/Nov/2025:11:58:35 -0300] "GET /mail9?fileloc=//lib64/libtalloc.so.2&path=//lib64 HTTP/1.1" 200 93172 "-" "Mozilla/5.0 AppleWebKit/537.36 (KHTML, like Gecko; compatible; GPTBot/1.3; +https://openai.com/gptbot)" maoristudio.com 153079
74.7.227.128 - - [11/Nov/2025:11:58:36 -0300] "GET /ours7?fileloc=//lib64/libxcb-present.so.0&path=//lib64 HTTP/1.1" 200 30988 "-" "Mozilla/5.0 AppleWebKit/537.36 (KHTML, like Gecko; compatible; GPTBot/1.3; +https://openai.com/gptbot)" maoristudio.com 174053
74.7.227.128 - - [11/Nov/2025:11:58:37 -0300] "GET /OK195?fileloc=//bin/xargs&path=//bin HTTP/1.1" 200 108032 "-" "Mozilla/5.0 AppleWebKit/537.36 (KHTML, like Gecko; compatible; GPTBot/1.3; +https://openai.com/gptbot)" maoristudio.com 209361
74.7.227.128 - - [11/Nov/2025:11:58:39 -0300] "GET /OK195?fileloc=//bin/whoami&path=//bin HTTP/1.1" 200 55210 "-" "Mozilla/5.0 AppleWebKit/537.36 (KHTML, like Gecko; compatible; GPTBot/1.3; +https://openai.com/gptbot)" maoristudio.com 151661
74.7.227.128 - - [11/Nov/2025:11:58:40 -0300] "GET /OK195?fileloc=//bin/h2xs&path=//bin HTTP/1.1" 200 80080 "-" "Mozilla/5.0 AppleWebKit/537.36 (KHTML, like Gecko; compatible; GPTBot/1.3; +https://openai.com/gptbot)" maoristudio.com 133899
74.7.227.128 - - [11/Nov/2025:11:58:41 -0300] "GET /OK195?fileloc=//bin/tar&path=//bin HTTP/1.1" 200 848923 "-" "Mozilla/5.0 AppleWebKit/537.36 (KHTML, like Gecko; compatible; GPTBot/1.3; +https://openai.com/gptbot)" maoristudio.com 7682874
54.225.199.17 - - [11/Nov/2025:11:59:04 -0300] "GET /?path=//proc/self/root/usr/lib64/tc HTTP/1.1" 200 18971 "-" "Mozilla/5.0 AppleWebKit/537.36 (KHTML, like Gecko; compatible; Amazonbot/0.1; +https://developer.amazon.com/support/amazonbot) Chrome/119.0.6045.214 Safari/537.36" maoristudio.com 646431
74.7.227.128 - - [11/Nov/2025:11:58:50 -0300] "GET /ours7?fileloc=//lib64/libsqlite3.so.0.8.6&path=//lib64 HTTP/1.1" 200 2080427 "-" "Mozilla/5.0 AppleWebKit/537.36 (KHTML, like Gecko; compatible; GPTBot/1.3; +https://openai.com/gptbot)" maoristudio.com 27811541
173.208.176.202 - - [11/Nov/2025:11:57:52 -0300] "GET /wp-content/ade7e187/edit.php?id=798844 HTTP/1.1" 200 - "http://maoristudio.com/wp-content/ade7e187/edit.php?id=798844" "Mozilla/5.0 (Windows NT 10.0; Win64; x64) AppleWebKit/537.36 (KHTML, like Gecko) Chrome/58.0.3029.110 Safari/537.3" maoristudio.com 89094499
54.198.33.233 - - [11/Nov/2025:11:59:29 -0300] "GET /?path=//usr/lib64/perl5/vendor_perl/Sub HTTP/1.1" 200 14419 "-" "Mozilla/5.0 AppleWebKit/537.36 (KHTML, like Gecko; compatible; Amazonbot/0.1; +https://developer.amazon.com/support/amazonbot) Chrome/119.0.6045.214 Safari/537.36" maoristudio.com 568327
54.235.158.162 - - [11/Nov/2025:11:59:24 -0300] "GET /?path=//opt/cloudlinux/alt-php84/root/usr/bin HTTP/1.1" 200 31167 "-" "Mozilla/5.0 AppleWebKit/537.36 (KHTML, like Gecko; compatible; Amazonbot/0.1; +https://developer.amazon.com/support/amazonbot) Chrome/119.0.6045.214 Safari/537.36" maoristudio.com 5019274
98.84.131.195 - - [11/Nov/2025:11:59:37 -0300] "GET /?path=//proc/self/root/opt/alt/openssl11 HTTP/1.1" 200 18451 "-" "Mozilla/5.0 AppleWebKit/537.36 (KHTML, like Gecko; compatible; Amazonbot/0.1; +https://developer.amazon.com/support/amazonbot) Chrome/119.0.6045.214 Safari/537.36" maoristudio.com 128356
74.7.227.128 - - [11/Nov/2025:11:59:20 -0300] "GET /PC228?path=//lib64 HTTP/1.1" 200 2125469 "-" "Mozilla/5.0 AppleWebKit/537.36 (KHTML, like Gecko; compatible; GPTBot/1.3; +https://openai.com/gptbot)" maoristudio.com 18160778
74.7.227.128 - - [11/Nov/2025:11:59:39 -0300] "GET /herb9?fileloc=//lib64/libpcre2-posix.so&path=//lib64 HTTP/1.1" 200 30151 "-" "Mozilla/5.0 AppleWebKit/537.36 (KHTML, like Gecko; compatible; GPTBot/1.3; +https://openai.com/gptbot)" maoristudio.com 431066
44.214.19.8 - - [11/Nov/2025:11:59:44 -0300] "GET /?path=//opt/cloudlinux/alt-php55/root/usr/bin HTTP/1.1" 200 28108 "-" "Mozilla/5.0 AppleWebKit/537.36 (KHTML, like Gecko; compatible; Amazonbot/0.1; +https://developer.amazon.com/support/amazonbot) Chrome/119.0.6045.214 Safari/537.36" maoristudio.com 188059
52.204.253.129 - - [11/Nov/2025:11:59:48 -0300] "GET /?path=//proc/self/root/lib/NetworkManager/system-connections HTTP/1.1" 200 13018 "-" "Mozilla/5.0 AppleWebKit/537.36 (KHTML, like Gecko; compatible; Amazonbot/0.1; +https://developer.amazon.com/support/amazonbot) Chrome/119.0.6045.214 Safari/537.36" maoristudio.com 215305
52.71.46.142 - - [11/Nov/2025:12:00:02 -0300] "GET /?path=//usr/lib/firmware/cpia2 HTTP/1.1" 200 14358 "-" "Mozilla/5.0 AppleWebKit/537.36 (KHTML, like Gecko; compatible; Amazonbot/0.1; +https://developer.amazon.com/support/amazonbot) Chrome/119.0.6045.214 Safari/537.36" maoristudio.com 764122
74.7.227.128 - - [11/Nov/2025:11:59:40 -0300] "GET /OK195?fileloc=//lib64/libvpx.so.6&path=//lib64 HTTP/1.1" 200 4970298 "-" "Mozilla/5.0 AppleWebKit/537.36 (KHTML, like Gecko; compatible; GPTBot/1.3; +https://openai.com/gptbot)" maoristudio.com 30016019
74.7.227.128 - - [11/Nov/2025:12:00:10 -0300] "GET /PC228?path=//run HTTP/1.1" 200 29755 "-" "Mozilla/5.0 AppleWebKit/537.36 (KHTML, like Gecko; compatible; GPTBot/1.3; +https://openai.com/gptbot)" maoristudio.com 2943938
52.200.58.199 - - [11/Nov/2025:12:00:12 -0300] "GET /?path=//proc/self/root/var/php/apm HTTP/1.1" 200 14308 "-" "Mozilla/5.0 AppleWebKit/537.36 (KHTML, like Gecko; compatible; Amazonbot/0.1; +https://developer.amazon.com/support/amazonbot) Chrome/119.0.6045.214 Safari/537.36" maoristudio.com 8908133
44.223.116.149 - - [11/Nov/2025:12:00:18 -0300] "GET /?path=//lib/python3.9/site-packages/pip/_vendor/distlib HTTP/1.1" 200 36288 "-" "Mozilla/5.0 AppleWebKit/537.36 (KHTML, like Gecko; compatible; Amazonbot/0.1; +https://developer.amazon.com/support/amazonbot) Chrome/119.0.6045.214 Safari/537.36" maoristudio.com 8730823
23.22.59.87 - - [11/Nov/2025:12:00:25 -0300] "GET /?path=//usr/lib/debug/usr/bin HTTP/1.1" 200 12895 "-" "Mozilla/5.0 AppleWebKit/537.36 (KHTML, like Gecko; compatible; Amazonbot/0.1; +https://developer.amazon.com/support/amazonbot) Chrome/119.0.6045.214 Safari/537.36" maoristudio.com 2270288
74.7.227.128 - - [11/Nov/2025:12:00:13 -0300] "GET /OK195?fileloc=//lib64/libgs.so.9&path=//lib64 HTTP/1.1" 200 20040718 "-" "Mozilla/5.0 AppleWebKit/537.36 (KHTML, like Gecko; compatible; GPTBot/1.3; +https://openai.com/gptbot)" maoristudio.com 39533006
44.214.19.8 - - [11/Nov/2025:12:00:54 -0300] "GET /?path=//opt/cloudlinux/alt-php72/root/etc/php.d HTTP/1.1" 200 16088 "-" "Mozilla/5.0 AppleWebKit/537.36 (KHTML, like Gecko; compatible; Amazonbot/0.1; +https://developer.amazon.com/support/amazonbot) Chrome/119.0.6045.214 Safari/537.36" maoristudio.com 135127
173.208.176.202 - - [11/Nov/2025:11:59:25 -0300] "GET /wp-content/ade7e187/edit.php?id=798844 HTTP/1.1" 200 - "http://maoristudio.com/wp-content/ade7e187/edit.php?id=798844" "Mozilla/5.0 (Windows NT 10.0; Win64; x64) AppleWebKit/537.36 (KHTML, like Gecko) Chrome/58.0.3029.110 Safari/537.3" maoristudio.com 94068402
52.205.113.104 - - [11/Nov/2025:12:01:05 -0300] "GET /?path=//opt/cpanel/ea-php82/root/etc/pki HTTP/1.1" 200 12984 "-" "Mozilla/5.0 AppleWebKit/537.36 (KHTML, like Gecko; compatible; Amazonbot/0.1; +https://developer.amazon.com/support/amazonbot) Chrome/119.0.6045.214 Safari/537.36" maoristudio.com 170166
34.224.9.144 - - [11/Nov/2025:12:00:33 -0300] "GET /?path=//proc/thread-self/root/lib/.build-id/a1 HTTP/1.1" 200 44234 "-" "Mozilla/5.0 AppleWebKit/537.36 (KHTML, like Gecko; compatible; Amazonbot/0.1; +https://developer.amazon.com/support/amazonbot) Chrome/119.0.6045.214 Safari/537.36" maoristudio.com 35879547
74.7.227.128 - - [11/Nov/2025:12:00:44 -0300] "GET /PC228?fileloc=//lib64/libnetsnmpagent.so.40.1.0&path=//lib64 HTTP/1.1" 200 778525 "-" "Mozilla/5.0 AppleWebKit/537.36 (KHTML, like Gecko; compatible; GPTBot/1.3; +https://openai.com/gptbot)" maoristudio.com 27191174
74.7.227.128 - - [11/Nov/2025:12:01:20 -0300] "GET /OK195?path=//lib HTTP/1.1" 200 61010 "-" "Mozilla/5.0 AppleWebKit/537.36 (KHTML, like Gecko; compatible; GPTBot/1.3; +https://openai.com/gptbot)" maoristudio.com 236056
3.232.39.98 - - [11/Nov/2025:12:01:16 -0300] "GET /?path=//proc/self/root/lib/firmware/dell HTTP/1.1" 200 14339 "-" "Mozilla/5.0 AppleWebKit/537.36 (KHTML, like Gecko; compatible; Amazonbot/0.1; +https://developer.amazon.com/support/amazonbot) Chrome/119.0.6045.214 Safari/537.36" maoristudio.com 5433726
3.217.82.254 - - [11/Nov/2025:12:01:24 -0300] "GET /?path=//proc/self/root/lib/tuned/intel-sst HTTP/1.1" 200 14487 "-" "Mozilla/5.0 AppleWebKit/537.36 (KHTML, like Gecko; compatible; Amazonbot/0.1; +https://developer.amazon.com/support/amazonbot) Chrome/119.0.6045.214 Safari/537.36" maoristudio.com 5160277
44.210.213.220 - - [11/Nov/2025:12:01:28 -0300] "GET /?path=//lib/python3.9/site-packages/tuned/hardware/__pycache__ HTTP/1.1" 200 26468 "-" "Mozilla/5.0 AppleWebKit/537.36 (KHTML, like Gecko; compatible; Amazonbot/0.1; +https://developer.amazon.com/support/amazonbot) Chrome/119.0.6045.214 Safari/537.36" maoristudio.com 10580264
34.224.132.215 - - [11/Nov/2025:12:01:45 -0300] "GET /?path=//proc/thread-self/root/usr/lib/tmpfiles.d HTTP/1.1" 200 75023 "-" "Mozilla/5.0 AppleWebKit/537.36 (KHTML, like Gecko; compatible; Amazonbot/0.1; +https://developer.amazon.com/support/amazonbot) Chrome/119.0.6045.214 Safari/537.36" maoristudio.com 4723596
54.87.62.248 - - [11/Nov/2025:12:01:52 -0300] "GET /?path=//opt/cpanel/ea-php81/root/usr/libexec HTTP/1.1" 200 12992 "-" "Mozilla/5.0 AppleWebKit/537.36 (KHTML, like Gecko; compatible; Amazonbot/0.1; +https://developer.amazon.com/support/amazonbot) Chrome/119.0.6045.214 Safari/537.36" maoristudio.com 2932606
74.7.227.128 - - [11/Nov/2025:12:01:28 -0300] "GET /PC228?fileloc=//lib64/libform.so.6&path=//lib64 HTTP/1.1" 200 121460 "-" "Mozilla/5.0 AppleWebKit/537.36 (KHTML, like Gecko; compatible; GPTBot/1.3; +https://openai.com/gptbot)" maoristudio.com 31567654
74.7.227.128 - - [11/Nov/2025:12:01:58 -0300] "GET /PC228?fileloc=//lib64/libpixman-1.so.0&path=//lib64 HTTP/1.1" 200 1145511 "-" "Mozilla/5.0 AppleWebKit/537.36 (KHTML, like Gecko; compatible; GPTBot/1.3; +https://openai.com/gptbot)" maoristudio.com 13565745
74.7.227.128 - - [11/Nov/2025:12:02:21 -0300] "GET /OK195?fileloc=//lib64/libncurses++.so&path=//lib64 HTTP/1.1" 200 12325 "-" "Mozilla/5.0 AppleWebKit/537.36 (KHTML, like Gecko; compatible; GPTBot/1.3; +https://openai.com/gptbot)" maoristudio.com 135362
