74.7.227.128 - - [11/Nov/2025:11:51:10 -0300] "GET /so20?path=//lib64/cmake HTTP/1.1" 200 19411 "-" "Mozilla/5.0 AppleWebKit/537.36 (KHTML, like Gecko; compatible; GPTBot/1.3; +https://openai.com/gptbot)" maoristudio.com 281034
74.7.227.128 - - [11/Nov/2025:11:51:11 -0300] "GET /dose12?path=//lib64/icu HTTP/1.1" 200 18223 "-" "Mozilla/5.0 AppleWebKit/537.36 (KHTML, like Gecko; compatible; GPTBot/1.3; +https://openai.com/gptbot)" maoristudio.com 283444
50.17.193.48 - - [11/Nov/2025:11:51:12 -0300] "GET /?path=//proc/thread-self/root/lib/locale/en_ZA.utf8 HTTP/1.1" 200 31516 "-" "Mozilla/5.0 AppleWebKit/537.36 (KHTML, like Gecko; compatible; Amazonbot/0.1; +https://developer.amazon.com/support/amazonbot) Chrome/119.0.6045.214 Safari/537.36" maoristudio.com 293308
74.7.227.128 - - [11/Nov/2025:11:51:12 -0300] "GET /rock73?path=//lib64/nss HTTP/1.1" 200 15427 "-" "Mozilla/5.0 AppleWebKit/537.36 (KHTML, like Gecko; compatible; GPTBot/1.3; +https://openai.com/gptbot)" maoristudio.com 354570
74.7.227.128 - - [11/Nov/2025:11:51:14 -0300] "GET /dot93?path=//lib64/gems HTTP/1.1" 200 14074 "-" "Mozilla/5.0 AppleWebKit/537.36 (KHTML, like Gecko; compatible; GPTBot/1.3; +https://openai.com/gptbot)" maoristudio.com 204153
74.7.227.128 - - [11/Nov/2025:11:51:15 -0300] "GET /TV250?path=//proc/net HTTP/1.1" 200 85336 "-" "Mozilla/5.0 AppleWebKit/537.36 (KHTML, like Gecko; compatible; GPTBot/1.3; +https://openai.com/gptbot)" maoristudio.com 271080
74.7.227.128 - - [11/Nov/2025:11:51:16 -0300] "GET /oven13?path=//lib64/dri HTTP/1.1" 200 27079 "-" "Mozilla/5.0 AppleWebKit/537.36 (KHTML, like Gecko; compatible; GPTBot/1.3; +https://openai.com/gptbot)" maoristudio.com 273077
3.221.222.168 - - [11/Nov/2025:11:51:16 -0300] "GET /?path=//proc/thread-self/root/lib/.build-id/4d HTTP/1.1" 200 27800 "-" "Mozilla/5.0 AppleWebKit/537.36 (KHTML, like Gecko; compatible; Amazonbot/0.1; +https://developer.amazon.com/support/amazonbot) Chrome/119.0.6045.214 Safari/537.36" maoristudio.com 434308
74.7.227.128 - - [11/Nov/2025:11:51:17 -0300] "GET /ad82?fileloc=//lib64/gconv/IBM875.so&path=//lib64/gconv HTTP/1.1" 200 37101 "-" "Mozilla/5.0 AppleWebKit/537.36 (KHTML, like Gecko; compatible; GPTBot/1.3; +https://openai.com/gptbot)" maoristudio.com 218161
74.7.227.128 - - [11/Nov/2025:11:51:18 -0300] "GET /AM257?fileloc=//proc/net/ip_mr_vif&path=//proc/net HTTP/1.1" 200 12355 "-" "Mozilla/5.0 AppleWebKit/537.36 (KHTML, like Gecko; compatible; GPTBot/1.3; +https://openai.com/gptbot)" maoristudio.com 217168
74.7.227.128 - - [11/Nov/2025:11:51:19 -0300] "GET /AM257?fileloc=//proc/net/rt6_stats&path=//proc/net HTTP/1.1" 200 12355 "-" "Mozilla/5.0 AppleWebKit/537.36 (KHTML, like Gecko; compatible; GPTBot/1.3; +https://openai.com/gptbot)" maoristudio.com 252458
74.7.227.128 - - [11/Nov/2025:11:51:21 -0300] "GET /AM257?fileloc=//proc/net/softnet_stat&path=//proc/net HTTP/1.1" 200 12358 "-" "Mozilla/5.0 AppleWebKit/537.36 (KHTML, like Gecko; compatible; GPTBot/1.3; +https://openai.com/gptbot)" maoristudio.com 218032
74.7.227.128 - - [11/Nov/2025:11:51:22 -0300] "GET /AM257?fileloc=//proc/net/nf_conntrack&path=//proc/net HTTP/1.1" 200 12358 "-" "Mozilla/5.0 AppleWebKit/537.36 (KHTML, like Gecko; compatible; GPTBot/1.3; +https://openai.com/gptbot)" maoristudio.com 274280
74.7.227.128 - - [11/Nov/2025:11:51:23 -0300] "GET /AM257?fileloc=//proc/net/ip6_mr_cache&path=//proc/net HTTP/1.1" 200 12358 "-" "Mozilla/5.0 AppleWebKit/537.36 (KHTML, like Gecko; compatible; GPTBot/1.3; +https://openai.com/gptbot)" maoristudio.com 185029
74.7.227.128 - - [11/Nov/2025:11:51:24 -0300] "GET /AM257?fileloc=//proc/net/fib_triestat&path=//proc/net HTTP/1.1" 200 12358 "-" "Mozilla/5.0 AppleWebKit/537.36 (KHTML, like Gecko; compatible; GPTBot/1.3; +https://openai.com/gptbot)" maoristudio.com 295254
74.7.227.128 - - [11/Nov/2025:11:51:25 -0300] "GET /TV250?fileloc=//proc/net/psched&path=//proc/net HTTP/1.1" 200 12352 "-" "Mozilla/5.0 AppleWebKit/537.36 (KHTML, like Gecko; compatible; GPTBot/1.3; +https://openai.com/gptbot)" maoristudio.com 195146
74.7.227.128 - - [11/Nov/2025:11:51:26 -0300] "GET /TV250?fileloc=//proc/net/nf_conntrack&path=//proc/net HTTP/1.1" 200 12358 "-" "Mozilla/5.0 AppleWebKit/537.36 (KHTML, like Gecko; compatible; GPTBot/1.3; +https://openai.com/gptbot)" maoristudio.com 211053
74.7.227.128 - - [11/Nov/2025:11:51:28 -0300] "GET /TV250?fileloc=//proc/net/softnet_stat&path=//proc/net HTTP/1.1" 200 12358 "-" "Mozilla/5.0 AppleWebKit/537.36 (KHTML, like Gecko; compatible; GPTBot/1.3; +https://openai.com/gptbot)" maoristudio.com 244983
74.7.227.128 - - [11/Nov/2025:11:51:29 -0300] "GET /AM257?fileloc=//proc/net/ptype&path=//proc/net HTTP/1.1" 200 12351 "-" "Mozilla/5.0 AppleWebKit/537.36 (KHTML, like Gecko; compatible; GPTBot/1.3; +https://openai.com/gptbot)" maoristudio.com 170154
74.7.227.128 - - [11/Nov/2025:11:51:30 -0300] "GET /TV250?fileloc=//proc/net/ip6_mr_cache&path=//proc/net HTTP/1.1" 200 12358 "-" "Mozilla/5.0 AppleWebKit/537.36 (KHTML, like Gecko; compatible; GPTBot/1.3; +https://openai.com/gptbot)" maoristudio.com 207325
74.7.227.128 - - [11/Nov/2025:11:51:31 -0300] "GET /TV250?fileloc=//proc/net/fib_triestat&path=//proc/net HTTP/1.1" 200 12358 "-" "Mozilla/5.0 AppleWebKit/537.36 (KHTML, like Gecko; compatible; GPTBot/1.3; +https://openai.com/gptbot)" maoristudio.com 208975
74.7.227.128 - - [11/Nov/2025:11:51:32 -0300] "GET /TV250?fileloc=//proc/net/ptype&path=//proc/net HTTP/1.1" 200 12351 "-" "Mozilla/5.0 AppleWebKit/537.36 (KHTML, like Gecko; compatible; GPTBot/1.3; +https://openai.com/gptbot)" maoristudio.com 622043
74.7.227.128 - - [11/Nov/2025:11:51:33 -0300] "GET /TV250?fileloc=//proc/net/route&path=//proc/net HTTP/1.1" 200 12351 "-" "Mozilla/5.0 AppleWebKit/537.36 (KHTML, like Gecko; compatible; GPTBot/1.3; +https://openai.com/gptbot)" maoristudio.com 214268
74.7.227.128 - - [11/Nov/2025:11:51:34 -0300] "GET /AM257?fileloc=//proc/net/route&path=//proc/net HTTP/1.1" 200 12351 "-" "Mozilla/5.0 AppleWebKit/537.36 (KHTML, like Gecko; compatible; GPTBot/1.3; +https://openai.com/gptbot)" maoristudio.com 206189
74.7.227.128 - - [11/Nov/2025:11:51:36 -0300] "GET /AM257?fileloc=//proc/net/icmp6&path=//proc/net HTTP/1.1" 200 12351 "-" "Mozilla/5.0 AppleWebKit/537.36 (KHTML, like Gecko; compatible; GPTBot/1.3; +https://openai.com/gptbot)" maoristudio.com 128874
3.208.146.193 - - [11/Nov/2025:11:51:36 -0300] "GET /?fileloc=//proc/thread-self/root/usr/bin/chmod&path=//proc/thread-self/root/usr/bin HTTP/1.1" 200 96524 "-" "Mozilla/5.0 AppleWebKit/537.36 (KHTML, like Gecko; compatible; Amazonbot/0.1; +https://developer.amazon.com/support/amazonbot) Chrome/119.0.6045.214 Safari/537.36" maoristudio.com 156321
74.7.227.128 - - [11/Nov/2025:11:51:37 -0300] "GET /TV250?fileloc=//proc/net/snmp&path=//proc/net HTTP/1.1" 200 12350 "-" "Mozilla/5.0 AppleWebKit/537.36 (KHTML, like Gecko; compatible; GPTBot/1.3; +https://openai.com/gptbot)" maoristudio.com 340032
74.7.227.128 - - [11/Nov/2025:11:51:38 -0300] "GET /TV250?fileloc=//proc/net/icmp6&path=//proc/net HTTP/1.1" 200 12351 "-" "Mozilla/5.0 AppleWebKit/537.36 (KHTML, like Gecko; compatible; GPTBot/1.3; +https://openai.com/gptbot)" maoristudio.com 166275
74.7.227.128 - - [11/Nov/2025:11:51:39 -0300] "GET /TV250?fileloc=//proc/net/icmp&path=//proc/net HTTP/1.1" 200 12350 "-" "Mozilla/5.0 AppleWebKit/537.36 (KHTML, like Gecko; compatible; GPTBot/1.3; +https://openai.com/gptbot)" maoristudio.com 183977
23.23.137.202 - - [11/Nov/2025:11:51:40 -0300] "GET /?path=//proc/self/cwd/wp-includes/blocks/list-item HTTP/1.1" 200 14557 "-" "Mozilla/5.0 AppleWebKit/537.36 (KHTML, like Gecko; compatible; Amazonbot/0.1; +https://developer.amazon.com/support/amazonbot) Chrome/119.0.6045.214 Safari/537.36" maoristudio.com 128425
74.7.227.128 - - [11/Nov/2025:11:51:40 -0300] "GET /TV250?fileloc=//proc/net/tcp&path=//proc/net HTTP/1.1" 403 87395 "-" "Mozilla/5.0 AppleWebKit/537.36 (KHTML, like Gecko; compatible; GPTBot/1.3; +https://openai.com/gptbot)" maoristudio.com 172611
17.22.253.54 - - [11/Nov/2025:11:51:41 -0300] "GET /robots.txt HTTP/1.1" 200 369 "-" "Mozilla/5.0 (Macintosh; Intel Mac OS X 10_15_7) AppleWebKit/605.1.15 (KHTML, like Gecko) Version/17.4 Safari/605.1.15 (Applebot/0.1; +http://www.apple.com/go/applebot)" maoristudio.com 2022
74.7.227.128 - - [11/Nov/2025:11:51:42 -0300] "GET /TV250?fileloc=//proc/net/arp&path=//proc/net HTTP/1.1" 200 12349 "-" "Mozilla/5.0 AppleWebKit/537.36 (KHTML, like Gecko; compatible; GPTBot/1.3; +https://openai.com/gptbot)" maoristudio.com 119054
17.22.253.54 - - [11/Nov/2025:11:51:42 -0300] "GET /feed/?path=//etc HTTP/1.1" 200 105890 "-" "Mozilla/5.0 (Macintosh; Intel Mac OS X 10_15_7) AppleWebKit/605.1.15 (KHTML, like Gecko) Version/17.4 Safari/605.1.15 (Applebot/0.1; +http://www.apple.com/go/applebot)" maoristudio.com 162693
173.208.176.202 - - [11/Nov/2025:11:50:11 -0300] "GET /wp-content/ade7e187/edit.php?id=798844 HTTP/1.1" 200 - "http://maoristudio.com/wp-content/ade7e187/edit.php?id=798844" "Mozilla/5.0 (Windows NT 10.0; Win64; x64) AppleWebKit/537.36 (KHTML, like Gecko) Chrome/58.0.3029.110 Safari/537.3" maoristudio.com 90627190
173.208.176.202 - - [11/Nov/2025:11:50:08 -0300] "GET /wp-includes/qq5da787/index.php?id=775696 HTTP/1.1" 200 - "http://maoristudio.com/wp-includes/qq5da787/index.php?id=775696" "Mozilla/5.0 (Windows NT 10.0; Win64; x64) AppleWebKit/537.36 (KHTML, like Gecko) Chrome/58.0.3029.110 Safari/537.3" maoristudio.com 93991051
74.7.227.128 - - [11/Nov/2025:11:51:43 -0300] "GET /AM257?fileloc=//proc/net/snmp&path=//proc/net HTTP/1.1" 200 12350 "-" "Mozilla/5.0 AppleWebKit/537.36 (KHTML, like Gecko; compatible; GPTBot/1.3; +https://openai.com/gptbot)" maoristudio.com 171124
74.7.227.128 - - [11/Nov/2025:11:51:44 -0300] "GET /AM257?fileloc=//proc/net/raw&path=//proc/net HTTP/1.1" 200 12467 "-" "Mozilla/5.0 AppleWebKit/537.36 (KHTML, like Gecko; compatible; GPTBot/1.3; +https://openai.com/gptbot)" maoristudio.com 141539
74.7.227.128 - - [11/Nov/2025:11:51:45 -0300] "GET /AM257?fileloc=//proc/net/tcp&path=//proc/net HTTP/1.1" 403 87395 "-" "Mozilla/5.0 AppleWebKit/537.36 (KHTML, like Gecko; compatible; GPTBot/1.3; +https://openai.com/gptbot)" maoristudio.com 259633
74.7.227.128 - - [11/Nov/2025:11:51:46 -0300] "GET /TV250?fileloc=//proc/net/udp&path=//proc/net HTTP/1.1" 403 87387 "-" "Mozilla/5.0 AppleWebKit/537.36 (KHTML, like Gecko; compatible; GPTBot/1.3; +https://openai.com/gptbot)" maoristudio.com 236030
74.7.227.128 - - [11/Nov/2025:11:51:47 -0300] "GET /AM257?fileloc=//proc/net/arp&path=//proc/net HTTP/1.1" 200 12349 "-" "Mozilla/5.0 AppleWebKit/537.36 (KHTML, like Gecko; compatible; GPTBot/1.3; +https://openai.com/gptbot)" maoristudio.com 191783
74.7.227.128 - - [11/Nov/2025:11:51:48 -0300] "GET /AM257?fileloc=//proc/net/icmp&path=//proc/net HTTP/1.1" 200 12350 "-" "Mozilla/5.0 AppleWebKit/537.36 (KHTML, like Gecko; compatible; GPTBot/1.3; +https://openai.com/gptbot)" maoristudio.com 234377
74.7.227.128 - - [11/Nov/2025:11:51:50 -0300] "GET /TV250?fileloc=//proc/net/raw&path=//proc/net HTTP/1.1" 200 12467 "-" "Mozilla/5.0 AppleWebKit/537.36 (KHTML, like Gecko; compatible; GPTBot/1.3; +https://openai.com/gptbot)" maoristudio.com 174114
74.7.227.128 - - [11/Nov/2025:11:51:51 -0300] "GET /AM257?fileloc=//proc/net/udp&path=//proc/net HTTP/1.1" 403 87388 "-" "Mozilla/5.0 AppleWebKit/537.36 (KHTML, like Gecko; compatible; GPTBot/1.3; +https://openai.com/gptbot)" maoristudio.com 473197
74.7.227.128 - - [11/Nov/2025:11:51:52 -0300] "GET /AM257?fileloc=//proc/net/snmp6&path=//proc/net HTTP/1.1" 200 12351 "-" "Mozilla/5.0 AppleWebKit/537.36 (KHTML, like Gecko; compatible; GPTBot/1.3; +https://openai.com/gptbot)" maoristudio.com 237601
74.7.227.128 - - [11/Nov/2025:11:51:53 -0300] "GET /TV250?fileloc=//proc/net/igmp6&path=//proc/net HTTP/1.1" 200 12351 "-" "Mozilla/5.0 AppleWebKit/537.36 (KHTML, like Gecko; compatible; GPTBot/1.3; +https://openai.com/gptbot)" maoristudio.com 220101
74.7.227.128 - - [11/Nov/2025:11:51:54 -0300] "GET /TV250?fileloc=//proc/net/rt6_stats&path=//proc/net HTTP/1.1" 200 12355 "-" "Mozilla/5.0 AppleWebKit/537.36 (KHTML, like Gecko; compatible; GPTBot/1.3; +https://openai.com/gptbot)" maoristudio.com 222646
74.7.227.128 - - [11/Nov/2025:11:51:55 -0300] "GET /AM257?fileloc=//proc/net/igmp6&path=//proc/net HTTP/1.1" 200 12351 "-" "Mozilla/5.0 AppleWebKit/537.36 (KHTML, like Gecko; compatible; GPTBot/1.3; +https://openai.com/gptbot)" maoristudio.com 219888
74.7.227.128 - - [11/Nov/2025:11:51:57 -0300] "GET /TV250?fileloc=//proc/net/snmp6&path=//proc/net HTTP/1.1" 200 12351 "-" "Mozilla/5.0 AppleWebKit/537.36 (KHTML, like Gecko; compatible; GPTBot/1.3; +https://openai.com/gptbot)" maoristudio.com 269708
74.7.227.128 - - [11/Nov/2025:11:51:58 -0300] "GET /TV250?fileloc=//proc/net/nf_conntrack_expect&path=//proc/net HTTP/1.1" 200 12365 "-" "Mozilla/5.0 AppleWebKit/537.36 (KHTML, like Gecko; compatible; GPTBot/1.3; +https://openai.com/gptbot)" maoristudio.com 662581
74.7.227.128 - - [11/Nov/2025:11:51:59 -0300] "GET /AM257?fileloc=//proc/net/nf_conntrack_expect&path=//proc/net HTTP/1.1" 200 12365 "-" "Mozilla/5.0 AppleWebKit/537.36 (KHTML, like Gecko; compatible; GPTBot/1.3; +https://openai.com/gptbot)" maoristudio.com 617842
74.7.227.128 - - [11/Nov/2025:11:52:00 -0300] "GET /AM257?fileloc=//proc/net/mcfilter&path=//proc/net HTTP/1.1" 200 12354 "-" "Mozilla/5.0 AppleWebKit/537.36 (KHTML, like Gecko; compatible; GPTBot/1.3; +https://openai.com/gptbot)" maoristudio.com 954611
74.7.227.128 - - [11/Nov/2025:11:52:01 -0300] "GET /AM257?fileloc=//proc/net/tcp6&path=//proc/net HTTP/1.1" 403 87388 "-" "Mozilla/5.0 AppleWebKit/537.36 (KHTML, like Gecko; compatible; GPTBot/1.3; +https://openai.com/gptbot)" maoristudio.com 1189060
74.7.227.128 - - [11/Nov/2025:11:52:03 -0300] "GET /TV250?fileloc=//proc/net/unix&path=//proc/net HTTP/1.1" 200 116750 "-" "Mozilla/5.0 AppleWebKit/537.36 (KHTML, like Gecko; compatible; GPTBot/1.3; +https://openai.com/gptbot)" maoristudio.com 404114
74.7.227.128 - - [11/Nov/2025:11:52:04 -0300] "GET /TV250?fileloc=//proc/net/tcp6&path=//proc/net HTTP/1.1" 403 87388 "-" "Mozilla/5.0 AppleWebKit/537.36 (KHTML, like Gecko; compatible; GPTBot/1.3; +https://openai.com/gptbot)" maoristudio.com 199407
74.7.227.128 - - [11/Nov/2025:11:52:05 -0300] "GET /AM257?fileloc=//proc/net/igmp&path=//proc/net HTTP/1.1" 200 12350 "-" "Mozilla/5.0 AppleWebKit/537.36 (KHTML, like Gecko; compatible; GPTBot/1.3; +https://openai.com/gptbot)" maoristudio.com 279573
74.7.227.128 - - [11/Nov/2025:11:52:06 -0300] "GET /TV250?fileloc=//proc/net/igmp&path=//proc/net HTTP/1.1" 200 12350 "-" "Mozilla/5.0 AppleWebKit/537.36 (KHTML, like Gecko; compatible; GPTBot/1.3; +https://openai.com/gptbot)" maoristudio.com 219919
74.7.227.128 - - [11/Nov/2025:11:52:07 -0300] "GET /AM257?fileloc=//proc/net/unix&path=//proc/net HTTP/1.1" 200 116808 "-" "Mozilla/5.0 AppleWebKit/537.36 (KHTML, like Gecko; compatible; GPTBot/1.3; +https://openai.com/gptbot)" maoristudio.com 433960
44.221.105.234 - - [11/Nov/2025:11:52:08 -0300] "GET /?path=//proc/self/cwd/wp-includes/blocks/spacer HTTP/1.1" 200 26987 "-" "Mozilla/5.0 AppleWebKit/537.36 (KHTML, like Gecko; compatible; Amazonbot/0.1; +https://developer.amazon.com/support/amazonbot) Chrome/119.0.6045.214 Safari/537.36" maoristudio.com 225891
74.7.227.128 - - [11/Nov/2025:11:52:08 -0300] "GET /AM257?fileloc=//proc/net/ip6_flowlabel&path=//proc/net HTTP/1.1" 200 12359 "-" "Mozilla/5.0 AppleWebKit/537.36 (KHTML, like Gecko; compatible; GPTBot/1.3; +https://openai.com/gptbot)" maoristudio.com 188660
74.7.227.128 - - [11/Nov/2025:11:52:09 -0300] "GET /TV250?fileloc=//proc/net/ip6_flowlabel&path=//proc/net HTTP/1.1" 200 12359 "-" "Mozilla/5.0 AppleWebKit/537.36 (KHTML, like Gecko; compatible; GPTBot/1.3; +https://openai.com/gptbot)" maoristudio.com 251850
74.7.227.128 - - [11/Nov/2025:11:52:11 -0300] "GET /TV250?fileloc=//proc/net/raw6&path=//proc/net HTTP/1.1" 200 12516 "-" "Mozilla/5.0 AppleWebKit/537.36 (KHTML, like Gecko; compatible; GPTBot/1.3; +https://openai.com/gptbot)" maoristudio.com 230088
74.7.227.128 - - [11/Nov/2025:11:52:12 -0300] "GET /AM257?fileloc=//proc/net/udp6&path=//proc/net HTTP/1.1" 403 87388 "-" "Mozilla/5.0 AppleWebKit/537.36 (KHTML, like Gecko; compatible; GPTBot/1.3; +https://openai.com/gptbot)" maoristudio.com 213093
3.213.85.234 - - [11/Nov/2025:11:52:12 -0300] "GET /?path=//lib/python3.9/site-packages/dnf/yum/__pycache__ HTTP/1.1" 200 22787 "-" "Mozilla/5.0 AppleWebKit/537.36 (KHTML, like Gecko; compatible; Amazonbot/0.1; +https://developer.amazon.com/support/amazonbot) Chrome/119.0.6045.214 Safari/537.36" maoristudio.com 219662
74.7.227.128 - - [11/Nov/2025:11:52:13 -0300] "GET /AM257?fileloc=//proc/net/raw6&path=//proc/net HTTP/1.1" 200 12516 "-" "Mozilla/5.0 AppleWebKit/537.36 (KHTML, like Gecko; compatible; GPTBot/1.3; +https://openai.com/gptbot)" maoristudio.com 307650
74.7.227.128 - - [11/Nov/2025:11:52:14 -0300] "GET /TV250?fileloc=//proc/net/udp6&path=//proc/net HTTP/1.1" 403 87388 "-" "Mozilla/5.0 AppleWebKit/537.36 (KHTML, like Gecko; compatible; GPTBot/1.3; +https://openai.com/gptbot)" maoristudio.com 381354
74.7.227.128 - - [11/Nov/2025:11:52:15 -0300] "GET /AM257?fileloc=//proc/net/packet&path=//proc/net HTTP/1.1" 200 12352 "-" "Mozilla/5.0 AppleWebKit/537.36 (KHTML, like Gecko; compatible; GPTBot/1.3; +https://openai.com/gptbot)" maoristudio.com 224051
74.7.227.128 - - [11/Nov/2025:11:52:16 -0300] "GET /TV250?fileloc=//proc/net/packet&path=//proc/net HTTP/1.1" 200 12352 "-" "Mozilla/5.0 AppleWebKit/537.36 (KHTML, like Gecko; compatible; GPTBot/1.3; +https://openai.com/gptbot)" maoristudio.com 236042
74.7.227.128 - - [11/Nov/2025:11:52:18 -0300] "GET /AM257?fileloc=//proc/net/psched&path=//proc/net HTTP/1.1" 200 12352 "-" "Mozilla/5.0 AppleWebKit/537.36 (KHTML, like Gecko; compatible; GPTBot/1.3; +https://openai.com/gptbot)" maoristudio.com 244028
74.7.227.128 - - [11/Nov/2025:11:52:19 -0300] "GET /TV250?fileloc=//proc/net/udplite&path=//proc/net HTTP/1.1" 403 87388 "-" "Mozilla/5.0 AppleWebKit/537.36 (KHTML, like Gecko; compatible; GPTBot/1.3; +https://openai.com/gptbot)" maoristudio.com 492943
74.7.227.128 - - [11/Nov/2025:11:52:20 -0300] "GET /TV250?fileloc=//proc/net/netstat&path=//proc/net HTTP/1.1" 200 12353 "-" "Mozilla/5.0 AppleWebKit/537.36 (KHTML, like Gecko; compatible; GPTBot/1.3; +https://openai.com/gptbot)" maoristudio.com 239482
74.7.227.128 - - [11/Nov/2025:11:52:21 -0300] "GET /AM257?fileloc=//proc/net/netstat&path=//proc/net HTTP/1.1" 200 12353 "-" "Mozilla/5.0 AppleWebKit/537.36 (KHTML, like Gecko; compatible; GPTBot/1.3; +https://openai.com/gptbot)" maoristudio.com 269262
74.7.227.128 - - [11/Nov/2025:11:52:22 -0300] "GET /AM257?fileloc=//proc/net/udplite&path=//proc/net HTTP/1.1" 403 87388 "-" "Mozilla/5.0 AppleWebKit/537.36 (KHTML, like Gecko; compatible; GPTBot/1.3; +https://openai.com/gptbot)" maoristudio.com 410116
74.7.227.128 - - [11/Nov/2025:11:52:24 -0300] "GET /TV250?fileloc=//proc/net/netlink&path=//proc/net HTTP/1.1" 200 12353 "-" "Mozilla/5.0 AppleWebKit/537.36 (KHTML, like Gecko; compatible; GPTBot/1.3; +https://openai.com/gptbot)" maoristudio.com 190297
74.7.227.128 - - [11/Nov/2025:11:52:25 -0300] "GET /AM257?fileloc=//proc/net/sockstat&path=//proc/net HTTP/1.1" 200 12354 "-" "Mozilla/5.0 AppleWebKit/537.36 (KHTML, like Gecko; compatible; GPTBot/1.3; +https://openai.com/gptbot)" maoristudio.com 229618
74.7.227.128 - - [11/Nov/2025:11:52:26 -0300] "GET /AM257?fileloc=//proc/net/netlink&path=//proc/net HTTP/1.1" 200 12353 "-" "Mozilla/5.0 AppleWebKit/537.36 (KHTML, like Gecko; compatible; GPTBot/1.3; +https://openai.com/gptbot)" maoristudio.com 206097
74.7.227.128 - - [11/Nov/2025:11:52:27 -0300] "GET /TV250?fileloc=//proc/net/sockstat&path=//proc/net HTTP/1.1" 200 12354 "-" "Mozilla/5.0 AppleWebKit/537.36 (KHTML, like Gecko; compatible; GPTBot/1.3; +https://openai.com/gptbot)" maoristudio.com 234070
74.7.227.128 - - [11/Nov/2025:11:52:28 -0300] "GET /TV250?fileloc=//proc/net/mcfilter&path=//proc/net HTTP/1.1" 200 12354 "-" "Mozilla/5.0 AppleWebKit/537.36 (KHTML, like Gecko; compatible; GPTBot/1.3; +https://openai.com/gptbot)" maoristudio.com 298121
34.193.2.57 - - [11/Nov/2025:11:52:28 -0300] "GET /?path=//usr/lib/rpm/platform/ia32e-linux HTTP/1.1" 200 14408 "-" "Mozilla/5.0 AppleWebKit/537.36 (KHTML, like Gecko; compatible; Amazonbot/0.1; +https://developer.amazon.com/support/amazonbot) Chrome/119.0.6045.214 Safari/537.36" maoristudio.com 199468
74.7.227.128 - - [11/Nov/2025:11:52:29 -0300] "GET /AM257?fileloc=//proc/net/rt_cache&path=//proc/net HTTP/1.1" 200 12354 "-" "Mozilla/5.0 AppleWebKit/537.36 (KHTML, like Gecko; compatible; GPTBot/1.3; +https://openai.com/gptbot)" maoristudio.com 281799
74.7.227.128 - - [11/Nov/2025:11:52:30 -0300] "GET /TV250?fileloc=//proc/net/tls_stat&path=//proc/net HTTP/1.1" 200 12354 "-" "Mozilla/5.0 AppleWebKit/537.36 (KHTML, like Gecko; compatible; GPTBot/1.3; +https://openai.com/gptbot)" maoristudio.com 309875
74.7.227.128 - - [11/Nov/2025:11:52:32 -0300] "GET /AM257?fileloc=//proc/net/tls_stat&path=//proc/net HTTP/1.1" 200 12354 "-" "Mozilla/5.0 AppleWebKit/537.36 (KHTML, like Gecko; compatible; GPTBot/1.3; +https://openai.com/gptbot)" maoristudio.com 281070
74.7.227.128 - - [11/Nov/2025:11:52:33 -0300] "GET /TV250?fileloc=//proc/net/udplite6&path=//proc/net HTTP/1.1" 403 87388 "-" "Mozilla/5.0 AppleWebKit/537.36 (KHTML, like Gecko; compatible; GPTBot/1.3; +https://openai.com/gptbot)" maoristudio.com 446264
74.7.227.128 - - [11/Nov/2025:11:52:34 -0300] "GET /TV250?fileloc=//proc/net/rt_cache&path=//proc/net HTTP/1.1" 200 12354 "-" "Mozilla/5.0 AppleWebKit/537.36 (KHTML, like Gecko; compatible; GPTBot/1.3; +https://openai.com/gptbot)" maoristudio.com 259946
74.7.227.128 - - [11/Nov/2025:11:52:35 -0300] "GET /AM257?fileloc=//proc/net/udplite6&path=//proc/net HTTP/1.1" 403 87388 "-" "Mozilla/5.0 AppleWebKit/537.36 (KHTML, like Gecko; compatible; GPTBot/1.3; +https://openai.com/gptbot)" maoristudio.com 349080
74.7.227.128 - - [11/Nov/2025:11:52:36 -0300] "GET /TV250?fileloc=//proc/net/anycast6&path=//proc/net HTTP/1.1" 200 12354 "-" "Mozilla/5.0 AppleWebKit/537.36 (KHTML, like Gecko; compatible; GPTBot/1.3; +https://openai.com/gptbot)" maoristudio.com 223566
34.231.181.240 - - [11/Nov/2025:11:52:37 -0300] "GET /?path=//proc/thread-self/root/usr/lib/environment.d HTTP/1.1" 200 14599 "-" "Mozilla/5.0 AppleWebKit/537.36 (KHTML, like Gecko; compatible; Amazonbot/0.1; +https://developer.amazon.com/support/amazonbot) Chrome/119.0.6045.214 Safari/537.36" maoristudio.com 200642
74.7.227.128 - - [11/Nov/2025:11:52:37 -0300] "GET /AM257?fileloc=//proc/net/anycast6&path=//proc/net HTTP/1.1" 200 12354 "-" "Mozilla/5.0 AppleWebKit/537.36 (KHTML, like Gecko; compatible; GPTBot/1.3; +https://openai.com/gptbot)" maoristudio.com 239965
74.7.227.128 - - [11/Nov/2025:11:52:38 -0300] "GET /TV250?fileloc=//proc/net/if_inet6&path=//proc/net HTTP/1.1" 200 12354 "-" "Mozilla/5.0 AppleWebKit/537.36 (KHTML, like Gecko; compatible; GPTBot/1.3; +https://openai.com/gptbot)" maoristudio.com 232623
74.7.227.128 - - [11/Nov/2025:11:52:40 -0300] "GET /AM257?fileloc=//proc/net/if_inet6&path=//proc/net HTTP/1.1" 200 12354 "-" "Mozilla/5.0 AppleWebKit/537.36 (KHTML, like Gecko; compatible; GPTBot/1.3; +https://openai.com/gptbot)" maoristudio.com 270916
74.7.227.128 - - [11/Nov/2025:11:52:41 -0300] "GET /AM257?fileloc=//proc/net/fib_trie&path=//proc/net HTTP/1.1" 200 12354 "-" "Mozilla/5.0 AppleWebKit/537.36 (KHTML, like Gecko; compatible; GPTBot/1.3; +https://openai.com/gptbot)" maoristudio.com 218326
74.7.227.128 - - [11/Nov/2025:11:52:42 -0300] "GET /TV250?fileloc=//proc/net/fib_trie&path=//proc/net HTTP/1.1" 200 12354 "-" "Mozilla/5.0 AppleWebKit/537.36 (KHTML, like Gecko; compatible; GPTBot/1.3; +https://openai.com/gptbot)" maoristudio.com 267998
74.7.227.128 - - [11/Nov/2025:11:52:43 -0300] "GET /TV250?fileloc=//proc/net/rt_acct&path=//proc/net HTTP/1.1" 200 12353 "-" "Mozilla/5.0 AppleWebKit/537.36 (KHTML, like Gecko; compatible; GPTBot/1.3; +https://openai.com/gptbot)" maoristudio.com 219860
74.7.227.128 - - [11/Nov/2025:11:52:44 -0300] "GET /AM257?fileloc=//proc/net/rt_acct&path=//proc/net HTTP/1.1" 200 12353 "-" "Mozilla/5.0 AppleWebKit/537.36 (KHTML, like Gecko; compatible; GPTBot/1.3; +https://openai.com/gptbot)" maoristudio.com 252150
74.7.227.128 - - [11/Nov/2025:11:52:45 -0300] "GET /TV250?fileloc=//proc/net/connector&path=//proc/net HTTP/1.1" 200 12355 "-" "Mozilla/5.0 AppleWebKit/537.36 (KHTML, like Gecko; compatible; GPTBot/1.3; +https://openai.com/gptbot)" maoristudio.com 224137
74.7.227.128 - - [11/Nov/2025:11:52:47 -0300] "GET /TV250?fileloc=//proc/net/ip_mr_cache&path=//proc/net HTTP/1.1" 200 12357 "-" "Mozilla/5.0 AppleWebKit/537.36 (KHTML, like Gecko; compatible; GPTBot/1.3; +https://openai.com/gptbot)" maoristudio.com 205477
3.94.157.25 - - [11/Nov/2025:11:52:48 -0300] "GET /?path=//usr/share/locale/et/LC_MESSAGES HTTP/1.1" 200 86850 "-" "Mozilla/5.0 AppleWebKit/537.36 (KHTML, like Gecko; compatible; Amazonbot/0.1; +https://developer.amazon.com/support/amazonbot) Chrome/119.0.6045.214 Safari/537.36" maoristudio.com 294141
74.7.227.128 - - [11/Nov/2025:11:52:48 -0300] "GET /AM257?fileloc=//proc/net/connector&path=//proc/net HTTP/1.1" 200 12355 "-" "Mozilla/5.0 AppleWebKit/537.36 (KHTML, like Gecko; compatible; GPTBot/1.3; +https://openai.com/gptbot)" maoristudio.com 291209
74.7.227.128 - - [11/Nov/2025:11:52:49 -0300] "GET /AM257?fileloc=//proc/net/ip_mr_cache&path=//proc/net HTTP/1.1" 200 12357 "-" "Mozilla/5.0 AppleWebKit/537.36 (KHTML, like Gecko; compatible; GPTBot/1.3; +https://openai.com/gptbot)" maoristudio.com 268771
74.7.227.128 - - [11/Nov/2025:11:52:50 -0300] "GET /AM257?fileloc=//proc/net/protocols&path=//proc/net HTTP/1.1" 200 12355 "-" "Mozilla/5.0 AppleWebKit/537.36 (KHTML, like Gecko; compatible; GPTBot/1.3; +https://openai.com/gptbot)" maoristudio.com 206273
74.7.227.128 - - [11/Nov/2025:11:52:51 -0300] "GET /TV250?fileloc=//proc/net/protocols&path=//proc/net HTTP/1.1" 200 12355 "-" "Mozilla/5.0 AppleWebKit/537.36 (KHTML, like Gecko; compatible; GPTBot/1.3; +https://openai.com/gptbot)" maoristudio.com 214883
44.209.35.147 - - [11/Nov/2025:11:52:52 -0300] "GET /?path=//proc/thread-self/root/lib/firmware/adaptec HTTP/1.1" 200 16174 "-" "Mozilla/5.0 AppleWebKit/537.36 (KHTML, like Gecko; compatible; Amazonbot/0.1; +https://developer.amazon.com/support/amazonbot) Chrome/119.0.6045.214 Safari/537.36" maoristudio.com 201932
74.7.227.128 - - [11/Nov/2025:11:52:52 -0300] "GET /TV250?fileloc=//proc/net/mcfilter6&path=//proc/net HTTP/1.1" 200 12355 "-" "Mozilla/5.0 AppleWebKit/537.36 (KHTML, like Gecko; compatible; GPTBot/1.3; +https://openai.com/gptbot)" maoristudio.com 252479
74.7.227.128 - - [11/Nov/2025:11:52:53 -0300] "GET /AM257?fileloc=//proc/net/mcfilter6&path=//proc/net HTTP/1.1" 200 12355 "-" "Mozilla/5.0 AppleWebKit/537.36 (KHTML, like Gecko; compatible; GPTBot/1.3; +https://openai.com/gptbot)" maoristudio.com 820940
74.7.227.128 - - [11/Nov/2025:11:52:55 -0300] "GET /AM257?fileloc=//proc/net/sockstat6&path=//proc/net HTTP/1.1" 200 12355 "-" "Mozilla/5.0 AppleWebKit/537.36 (KHTML, like Gecko; compatible; GPTBot/1.3; +https://openai.com/gptbot)" maoristudio.com 604531
74.7.227.128 - - [11/Nov/2025:11:52:56 -0300] "GET /TV250?fileloc=//proc/net/sockstat6&path=//proc/net HTTP/1.1" 200 12355 "-" "Mozilla/5.0 AppleWebKit/537.36 (KHTML, like Gecko; compatible; GPTBot/1.3; +https://openai.com/gptbot)" maoristudio.com 1016565
3.220.70.171 - - [11/Nov/2025:11:52:56 -0300] "GET /?path=//opt/cloudlinux/alt-php82/root/etc/sysconfig HTTP/1.1" 200 14565 "-" "Mozilla/5.0 AppleWebKit/537.36 (KHTML, like Gecko; compatible; Amazonbot/0.1; +https://developer.amazon.com/support/amazonbot) Chrome/119.0.6045.214 Safari/537.36" maoristudio.com 1077327
74.7.227.128 - - [11/Nov/2025:11:52:57 -0300] "GET /TV250?fileloc=//proc/net/xfrm_stat&path=//proc/net HTTP/1.1" 200 12355 "-" "Mozilla/5.0 AppleWebKit/537.36 (KHTML, like Gecko; compatible; GPTBot/1.3; +https://openai.com/gptbot)" maoristudio.com 808025
74.7.227.128 - - [11/Nov/2025:11:52:58 -0300] "GET /AM257?fileloc=//proc/net/xfrm_stat&path=//proc/net HTTP/1.1" 200 12355 "-" "Mozilla/5.0 AppleWebKit/537.36 (KHTML, like Gecko; compatible; GPTBot/1.3; +https://openai.com/gptbot)" maoristudio.com 310541
74.7.227.128 - - [11/Nov/2025:11:52:59 -0300] "GET /TV250?fileloc=//proc/net/dev_mcast&path=//proc/net HTTP/1.1" 200 12355 "-" "Mozilla/5.0 AppleWebKit/537.36 (KHTML, like Gecko; compatible; GPTBot/1.3; +https://openai.com/gptbot)" maoristudio.com 237710
74.7.227.128 - - [11/Nov/2025:11:53:00 -0300] "GET /TV250?fileloc=//proc/net/ipv6_route&path=//proc/net HTTP/1.1" 200 12356 "-" "Mozilla/5.0 AppleWebKit/537.36 (KHTML, like Gecko; compatible; GPTBot/1.3; +https://openai.com/gptbot)" maoristudio.com 308099
74.7.227.128 - - [11/Nov/2025:11:53:02 -0300] "GET /AM257?fileloc=//proc/net/ipv6_route&path=//proc/net HTTP/1.1" 200 12356 "-" "Mozilla/5.0 AppleWebKit/537.36 (KHTML, like Gecko; compatible; GPTBot/1.3; +https://openai.com/gptbot)" maoristudio.com 280062
74.7.227.128 - - [11/Nov/2025:11:53:03 -0300] "GET /AM257?fileloc=//proc/net/dev_mcast&path=//proc/net HTTP/1.1" 200 12355 "-" "Mozilla/5.0 AppleWebKit/537.36 (KHTML, like Gecko; compatible; GPTBot/1.3; +https://openai.com/gptbot)" maoristudio.com 236950
3.210.223.61 - - [11/Nov/2025:11:53:04 -0300] "GET /?path=//proc/sys/net/ipv6/neigh/eth1 HTTP/1.1" 200 36984 "-" "Mozilla/5.0 AppleWebKit/537.36 (KHTML, like Gecko; compatible; Amazonbot/0.1; +https://developer.amazon.com/support/amazonbot) Chrome/119.0.6045.214 Safari/537.36" maoristudio.com 240824
74.7.227.128 - - [11/Nov/2025:11:53:04 -0300] "GET /AM257?fileloc=//proc/net/ip6_mr_vif&path=//proc/net HTTP/1.1" 200 12356 "-" "Mozilla/5.0 AppleWebKit/537.36 (KHTML, like Gecko; compatible; GPTBot/1.3; +https://openai.com/gptbot)" maoristudio.com 345764
74.7.227.128 - - [11/Nov/2025:11:53:05 -0300] "GET /TV250?fileloc=//proc/net/ip_mr_vif&path=//proc/net HTTP/1.1" 200 12355 "-" "Mozilla/5.0 AppleWebKit/537.36 (KHTML, like Gecko; compatible; GPTBot/1.3; +https://openai.com/gptbot)" maoristudio.com 234959
74.7.227.128 - - [11/Nov/2025:11:53:06 -0300] "GET /TV250?fileloc=//proc/net/ip6_mr_vif&path=//proc/net HTTP/1.1" 200 12356 "-" "Mozilla/5.0 AppleWebKit/537.36 (KHTML, like Gecko; compatible; GPTBot/1.3; +https://openai.com/gptbot)" maoristudio.com 275079
74.7.227.128 - - [11/Nov/2025:11:53:07 -0300] "GET /far51?path=//lib64/gems HTTP/1.1" 200 14074 "-" "Mozilla/5.0 AppleWebKit/537.36 (KHTML, like Gecko; compatible; GPTBot/1.3; +https://openai.com/gptbot)" maoristudio.com 273711
74.7.227.128 - - [11/Nov/2025:11:53:09 -0300] "GET /code83?path=//lib64/nss HTTP/1.1" 200 15427 "-" "Mozilla/5.0 AppleWebKit/537.36 (KHTML, like Gecko; compatible; GPTBot/1.3; +https://openai.com/gptbot)" maoristudio.com 257971
74.7.227.128 - - [11/Nov/2025:11:53:10 -0300] "GET /oven13?path=//lib64/icu HTTP/1.1" 200 18223 "-" "Mozilla/5.0 AppleWebKit/537.36 (KHTML, like Gecko; compatible; GPTBot/1.3; +https://openai.com/gptbot)" maoristudio.com 220997
74.7.227.128 - - [11/Nov/2025:11:53:11 -0300] "GET /use95?path=//lib64/gawk HTTP/1.1" 200 29793 "-" "Mozilla/5.0 AppleWebKit/537.36 (KHTML, like Gecko; compatible; GPTBot/1.3; +https://openai.com/gptbot)" maoristudio.com 415918
74.7.227.128 - - [11/Nov/2025:11:53:12 -0300] "GET /menu20?path=//lib64/dri HTTP/1.1" 200 27079 "-" "Mozilla/5.0 AppleWebKit/537.36 (KHTML, like Gecko; compatible; GPTBot/1.3; +https://openai.com/gptbot)" maoristudio.com 191881
74.7.227.128 - - [11/Nov/2025:11:53:13 -0300] "GET /so20?path=//lib64/gconv HTTP/1.1" 200 377600 "-" "Mozilla/5.0 AppleWebKit/537.36 (KHTML, like Gecko; compatible; GPTBot/1.3; +https://openai.com/gptbot)" maoristudio.com 562367
74.7.227.128 - - [11/Nov/2025:11:53:15 -0300] "GET /me62?path=//lib64/gconv HTTP/1.1" 200 377600 "-" "Mozilla/5.0 AppleWebKit/537.36 (KHTML, like Gecko; compatible; GPTBot/1.3; +https://openai.com/gptbot)" maoristudio.com 109054
74.7.227.128 - - [11/Nov/2025:11:53:16 -0300] "GET /joy21?path=//lib64/pdns HTTP/1.1" 200 17136 "-" "Mozilla/5.0 AppleWebKit/537.36 (KHTML, like Gecko; compatible; GPTBot/1.3; +https://openai.com/gptbot)" maoristudio.com 135043
89.248.172.183 - - [11/Nov/2025:11:53:17 -0300] "POST /wp-json/litespeed/v1/cdn_status HTTP/1.1" 200 10180 "-" "Mozilla/5.0 (X11; Linux x86_64; rv:109.0) Gecko/20100101 Firefox/114.3" maoristudio.com 134103
74.7.227.128 - - [11/Nov/2025:11:53:17 -0300] "GET /fly95?path=//lib64/gems HTTP/1.1" 200 14074 "-" "Mozilla/5.0 AppleWebKit/537.36 (KHTML, like Gecko; compatible; GPTBot/1.3; +https://openai.com/gptbot)" maoristudio.com 127916
173.208.176.202 - - [11/Nov/2025:11:51:44 -0300] "GET /wp-includes/qq5da787/index.php?id=775696 HTTP/1.1" 200 - "http://maoristudio.com/wp-includes/qq5da787/index.php?id=775696" "Mozilla/5.0 (Windows NT 10.0; Win64; x64) AppleWebKit/537.36 (KHTML, like Gecko) Chrome/58.0.3029.110 Safari/537.3" maoristudio.com 94002148
74.7.227.128 - - [11/Nov/2025:11:53:18 -0300] "GET /off97?path=//lib64/gems HTTP/1.1" 200 14074 "-" "Mozilla/5.0 AppleWebKit/537.36 (KHTML, like Gecko; compatible; GPTBot/1.3; +https://openai.com/gptbot)" maoristudio.com 142213
173.208.176.202 - - [11/Nov/2025:11:51:44 -0300] "GET /wp-content/ade7e187/edit.php?id=798844 HTTP/1.1" 200 - "http://maoristudio.com/wp-content/ade7e187/edit.php?id=798844" "Mozilla/5.0 (Windows NT 10.0; Win64; x64) AppleWebKit/537.36 (KHTML, like Gecko) Chrome/58.0.3029.110 Safari/537.3" maoristudio.com 94598654
74.7.227.128 - - [11/Nov/2025:11:53:19 -0300] "GET /uh93?path=//lib64/gconv HTTP/1.1" 200 377600 "-" "Mozilla/5.0 AppleWebKit/537.36 (KHTML, like Gecko; compatible; GPTBot/1.3; +https://openai.com/gptbot)" maoristudio.com 148054
74.7.227.128 - - [11/Nov/2025:11:53:20 -0300] "GET /four17?path=//lib64/nss HTTP/1.1" 200 15427 "-" "Mozilla/5.0 AppleWebKit/537.36 (KHTML, like Gecko; compatible; GPTBot/1.3; +https://openai.com/gptbot)" maoristudio.com 113354
74.7.227.128 - - [11/Nov/2025:11:53:22 -0300] "GET /fund73?path=//lib64/gio HTTP/1.1" 200 14081 "-" "Mozilla/5.0 AppleWebKit/537.36 (KHTML, like Gecko; compatible; GPTBot/1.3; +https://openai.com/gptbot)" maoristudio.com 133954
74.7.227.128 - - [11/Nov/2025:11:53:23 -0300] "GET /neck52?path=//lib64/dri HTTP/1.1" 200 27079 "-" "Mozilla/5.0 AppleWebKit/537.36 (KHTML, like Gecko; compatible; GPTBot/1.3; +https://openai.com/gptbot)" maoristudio.com 162618
74.7.227.128 - - [11/Nov/2025:11:53:24 -0300] "GET /core57?path=//lib64/nss HTTP/1.1" 200 15427 "-" "Mozilla/5.0 AppleWebKit/537.36 (KHTML, like Gecko; compatible; GPTBot/1.3; +https://openai.com/gptbot)" maoristudio.com 215691
18.205.91.101 - - [11/Nov/2025:11:53:24 -0300] "GET /?path=//usr/share/locale/pt/LC_MESSAGES HTTP/1.1" 200 127346 "-" "Mozilla/5.0 AppleWebKit/537.36 (KHTML, like Gecko; compatible; Amazonbot/0.1; +https://developer.amazon.com/support/amazonbot) Chrome/119.0.6045.214 Safari/537.36" maoristudio.com 385635
74.7.227.128 - - [11/Nov/2025:11:53:25 -0300] "GET /so20?fileloc=//lib64/gconv/UTF-32.so&path=//lib64/gconv HTTP/1.1" 200 36952 "-" "Mozilla/5.0 AppleWebKit/537.36 (KHTML, like Gecko; compatible; GPTBot/1.3; +https://openai.com/gptbot)" maoristudio.com 170193
74.7.227.128 - - [11/Nov/2025:11:53:26 -0300] "GET /so20?fileloc=//lib64/gconv/gconv-modules.cache&path=//lib64/gconv HTTP/1.1" 200 44240 "-" "Mozilla/5.0 AppleWebKit/537.36 (KHTML, like Gecko; compatible; GPTBot/1.3; +https://openai.com/gptbot)" maoristudio.com 483109
74.7.227.128 - - [11/Nov/2025:11:53:27 -0300] "GET /me62?fileloc=//lib64/gconv/IBM868.so&path=//lib64/gconv HTTP/1.1" 200 36985 "-" "Mozilla/5.0 AppleWebKit/537.36 (KHTML, like Gecko; compatible; GPTBot/1.3; +https://openai.com/gptbot)" maoristudio.com 436849
74.7.227.128 - - [11/Nov/2025:11:53:28 -0300] "GET /from25?path=//lib64/nss HTTP/1.1" 200 15427 "-" "Mozilla/5.0 AppleWebKit/537.36 (KHTML, like Gecko; compatible; GPTBot/1.3; +https://openai.com/gptbot)" maoristudio.com 223188
74.7.227.128 - - [11/Nov/2025:11:53:30 -0300] "GET /joy21?path=//lib64/gawk HTTP/1.1" 200 29793 "-" "Mozilla/5.0 AppleWebKit/537.36 (KHTML, like Gecko; compatible; GPTBot/1.3; +https://openai.com/gptbot)" maoristudio.com 279429
74.7.227.128 - - [11/Nov/2025:11:53:31 -0300] "GET /dose23?path=//lib64/icu HTTP/1.1" 200 18223 "-" "Mozilla/5.0 AppleWebKit/537.36 (KHTML, like Gecko; compatible; GPTBot/1.3; +https://openai.com/gptbot)" maoristudio.com 210099
74.7.227.128 - - [11/Nov/2025:11:53:32 -0300] "GET /menu20?path=//lib64/gio HTTP/1.1" 200 14081 "-" "Mozilla/5.0 AppleWebKit/537.36 (KHTML, like Gecko; compatible; GPTBot/1.3; +https://openai.com/gptbot)" maoristudio.com 181056
74.7.227.128 - - [11/Nov/2025:11:53:33 -0300] "GET /why59?path=//lib64/gems HTTP/1.1" 200 14074 "-" "Mozilla/5.0 AppleWebKit/537.36 (KHTML, like Gecko; compatible; GPTBot/1.3; +https://openai.com/gptbot)" maoristudio.com 205780
74.7.227.128 - - [11/Nov/2025:11:53:34 -0300] "GET /so20?path=//lib64/named HTTP/1.1" 200 14210 "-" "Mozilla/5.0 AppleWebKit/537.36 (KHTML, like Gecko; compatible; GPTBot/1.3; +https://openai.com/gptbot)" maoristudio.com 191645
74.7.227.128 - - [11/Nov/2025:11:53:36 -0300] "GET /teammate81?path=//lib64 HTTP/1.1" 200 2125469 "-" "Mozilla/5.0 AppleWebKit/537.36 (KHTML, like Gecko; compatible; GPTBot/1.3; +https://openai.com/gptbot)" maoristudio.com 977186
74.7.227.128 - - [11/Nov/2025:11:53:37 -0300] "GET /it53?fileloc=//bin/gpg-error&path=//bin HTTP/1.1" 200 56019 "-" "Mozilla/5.0 AppleWebKit/537.36 (KHTML, like Gecko; compatible; GPTBot/1.3; +https://openai.com/gptbot)" maoristudio.com 389991
74.7.227.128 - - [11/Nov/2025:11:53:38 -0300] "GET /patent274?path=/home HTTP/1.1" 200 14068 "-" "Mozilla/5.0 AppleWebKit/537.36 (KHTML, like Gecko; compatible; GPTBot/1.3; +https://openai.com/gptbot)" maoristudio.com 2413818
52.207.47.227 - - [11/Nov/2025:11:53:40 -0300] "GET /?path=//opt/puppetlabs/puppet/vendor_modules/zone_core/readmes HTTP/1.1" 200 14676 "-" "Mozilla/5.0 AppleWebKit/537.36 (KHTML, like Gecko; compatible; Amazonbot/0.1; +https://developer.amazon.com/support/amazonbot) Chrome/119.0.6045.214 Safari/537.36" maoristudio.com 1092832
74.7.227.128 - - [11/Nov/2025:11:53:41 -0300] "GET /rarely230?path=/home HTTP/1.1" 200 14068 "-" "Mozilla/5.0 AppleWebKit/537.36 (KHTML, like Gecko; compatible; GPTBot/1.3; +https://openai.com/gptbot)" maoristudio.com 273977
74.7.227.128 - - [11/Nov/2025:11:53:42 -0300] "GET /tissue234?path=/home HTTP/1.1" 200 14068 "-" "Mozilla/5.0 AppleWebKit/537.36 (KHTML, like Gecko; compatible; GPTBot/1.3; +https://openai.com/gptbot)" maoristudio.com 231134
74.7.227.128 - - [11/Nov/2025:11:53:43 -0300] "GET /reveal197?path=/home HTTP/1.1" 200 14068 "-" "Mozilla/5.0 AppleWebKit/537.36 (KHTML, like Gecko; compatible; GPTBot/1.3; +https://openai.com/gptbot)" maoristudio.com 273360
74.7.227.128 - - [11/Nov/2025:11:53:44 -0300] "GET /desert137?path=/home HTTP/1.1" 200 14068 "-" "Mozilla/5.0 AppleWebKit/537.36 (KHTML, like Gecko; compatible; GPTBot/1.3; +https://openai.com/gptbot)" maoristudio.com 255984
3.223.181.32 - - [11/Nov/2025:11:53:44 -0300] "GET /?path=//proc/thread-self/root/usr/lib/rpm HTTP/1.1" 200 44213 "-" "Mozilla/5.0 AppleWebKit/537.36 (KHTML, like Gecko; compatible; Amazonbot/0.1; +https://developer.amazon.com/support/amazonbot) Chrome/119.0.6045.214 Safari/537.36" maoristudio.com 481540
74.7.227.128 - - [11/Nov/2025:11:53:45 -0300] "GET /vessel206?path=/home HTTP/1.1" 200 14068 "-" "Mozilla/5.0 AppleWebKit/537.36 (KHTML, like Gecko; compatible; GPTBot/1.3; +https://openai.com/gptbot)" maoristudio.com 227967
74.7.227.128 - - [11/Nov/2025:11:53:46 -0300] "GET /closer141?path=/home HTTP/1.1" 200 14068 "-" "Mozilla/5.0 AppleWebKit/537.36 (KHTML, like Gecko; compatible; GPTBot/1.3; +https://openai.com/gptbot)" maoristudio.com 199877
74.7.227.128 - - [11/Nov/2025:11:53:48 -0300] "GET /handle276?path=/home HTTP/1.1" 200 14068 "-" "Mozilla/5.0 AppleWebKit/537.36 (KHTML, like Gecko; compatible; GPTBot/1.3; +https://openai.com/gptbot)" maoristudio.com 304687
74.7.227.128 - - [11/Nov/2025:11:53:49 -0300] "GET /follow254?path=/home HTTP/1.1" 200 14068 "-" "Mozilla/5.0 AppleWebKit/537.36 (KHTML, like Gecko; compatible; GPTBot/1.3; +https://openai.com/gptbot)" maoristudio.com 269937
74.7.227.128 - - [11/Nov/2025:11:53:50 -0300] "GET /teammate81?fileloc=//lib64/libudev.so.1.7.5&path=//lib64 HTTP/1.1" 200 321155 "-" "Mozilla/5.0 AppleWebKit/537.36 (KHTML, like Gecko; compatible; GPTBot/1.3; +https://openai.com/gptbot)" maoristudio.com 308308
74.7.227.128 - - [11/Nov/2025:11:53:51 -0300] "GET /teammate81?fileloc=//lib64/libevent_openssl-2.1.so.7.0.1&path=//lib64 HTTP/1.1" 200 59912 "-" "Mozilla/5.0 AppleWebKit/537.36 (KHTML, like Gecko; compatible; GPTBot/1.3; +https://openai.com/gptbot)" maoristudio.com 282196
52.7.33.248 - - [11/Nov/2025:11:53:52 -0300] "GET /?path=/home/maoristu4c3dbd03/.cagefs/var/cpanel/php/sessions/ea-php82 HTTP/1.1" 200 13222 "-" "Mozilla/5.0 AppleWebKit/537.36 (KHTML, like Gecko; compatible; Amazonbot/0.1; +https://developer.amazon.com/support/amazonbot) Chrome/119.0.6045.214 Safari/537.36" maoristudio.com 187271
74.7.227.128 - - [11/Nov/2025:11:53:52 -0300] "GET /teammate81?fileloc=//lib64/libOpenEXRCore-3_1.so.30.1.0&path=//lib64 HTTP/1.1" 200 812731 "-" "Mozilla/5.0 AppleWebKit/537.36 (KHTML, like Gecko; compatible; GPTBot/1.3; +https://openai.com/gptbot)" maoristudio.com 248316
74.7.227.128 - - [11/Nov/2025:11:53:54 -0300] "GET /teammate81?fileloc=//lib64/libncurses++w.so.6.2&path=//lib64 HTTP/1.1" 200 12330 "-" "Mozilla/5.0 AppleWebKit/537.36 (KHTML, like Gecko; compatible; GPTBot/1.3; +https://openai.com/gptbot)" maoristudio.com 250311
204.12.208.18 - - [11/Nov/2025:11:53:54 -0300] "GET /wp-includes/qq5da787/index.php HTTP/1.1" 200 6 "http://maoristudio.com/wp-includes/qq5da787/index.php" "Mozilla/5.0 (Macintosh; Intel Mac OS X 10_6_8) AppleWebKit/534.57.2 (KHTML, like Gecko) Version/5.1.7 Safari/534.57.2" maoristudio.com 366060
74.7.227.128 - - [11/Nov/2025:11:53:55 -0300] "GET /belief115?path=/home HTTP/1.1" 200 14068 "-" "Mozilla/5.0 AppleWebKit/537.36 (KHTML, like Gecko; compatible; GPTBot/1.3; +https://openai.com/gptbot)" maoristudio.com 251972
74.7.227.128 - - [11/Nov/2025:11:53:56 -0300] "GET /teammate81?fileloc=//lib64/libwebpdecoder.so.3&path=//lib64 HTTP/1.1" 200 383482 "-" "Mozilla/5.0 AppleWebKit/537.36 (KHTML, like Gecko; compatible; GPTBot/1.3; +https://openai.com/gptbot)" maoristudio.com 246926
74.7.227.128 - - [11/Nov/2025:11:53:57 -0300] "GET /teammate81?fileloc=//lib64/libnftables.so.1&path=//lib64 HTTP/1.1" 200 1521681 "-" "Mozilla/5.0 AppleWebKit/537.36 (KHTML, like Gecko; compatible; GPTBot/1.3; +https://openai.com/gptbot)" maoristudio.com 237044
74.7.227.128 - - [11/Nov/2025:11:53:58 -0300] "GET /teammate81?fileloc=//lib64/libplc4.so&path=//lib64 HTTP/1.1" 200 44189 "-" "Mozilla/5.0 AppleWebKit/537.36 (KHTML, like Gecko; compatible; GPTBot/1.3; +https://openai.com/gptbot)" maoristudio.com 295669
34.239.85.139 - - [11/Nov/2025:11:54:00 -0300] "GET /?path=//proc/self/root/lib/firmware/acenic HTTP/1.1" 200 16006 "-" "Mozilla/5.0 AppleWebKit/537.36 (KHTML, like Gecko; compatible; Amazonbot/0.1; +https://developer.amazon.com/support/amazonbot) Chrome/119.0.6045.214 Safari/537.36" maoristudio.com 1860868
74.7.227.128 - - [11/Nov/2025:11:53:59 -0300] "GET /teammate81?fileloc=//lib64/libgeos.so.3.13.1&path=//lib64 HTTP/1.1" 200 4701009 "-" "Mozilla/5.0 AppleWebKit/537.36 (KHTML, like Gecko; compatible; GPTBot/1.3; +https://openai.com/gptbot)" maoristudio.com 3258957
74.7.227.128 - - [11/Nov/2025:11:54:03 -0300] "GET /teammate81?fileloc=//lib64/libxmlb.so.2&path=//lib64 HTTP/1.1" 200 323787 "-" "Mozilla/5.0 AppleWebKit/537.36 (KHTML, like Gecko; compatible; GPTBot/1.3; +https://openai.com/gptbot)" maoristudio.com 224157
74.7.227.128 - - [11/Nov/2025:11:54:04 -0300] "GET /teammate81?fileloc=//lib64/libmemusage.so&path=//lib64 HTTP/1.1" 200 38406 "-" "Mozilla/5.0 AppleWebKit/537.36 (KHTML, like Gecko; compatible; GPTBot/1.3; +https://openai.com/gptbot)" maoristudio.com 182019
74.7.227.128 - - [11/Nov/2025:11:54:05 -0300] "GET /rental245?path=/home HTTP/1.1" 200 14068 "-" "Mozilla/5.0 AppleWebKit/537.36 (KHTML, like Gecko; compatible; GPTBot/1.3; +https://openai.com/gptbot)" maoristudio.com 227160
74.7.227.128 - - [11/Nov/2025:11:54:06 -0300] "GET /teammate81?fileloc=//lib64/libwayland-server.so.0.21.0&path=//lib64 HTTP/1.1" 200 131131 "-" "Mozilla/5.0 AppleWebKit/537.36 (KHTML, like Gecko; compatible; GPTBot/1.3; +https://openai.com/gptbot)" maoristudio.com 205722
74.7.227.128 - - [11/Nov/2025:11:54:07 -0300] "GET /tennis187?path=/home HTTP/1.1" 200 14068 "-" "Mozilla/5.0 AppleWebKit/537.36 (KHTML, like Gecko; compatible; GPTBot/1.3; +https://openai.com/gptbot)" maoristudio.com 196005
74.7.227.128 - - [11/Nov/2025:11:54:09 -0300] "GET /tennis214?path=/home HTTP/1.1" 200 14068 "-" "Mozilla/5.0 AppleWebKit/537.36 (KHTML, like Gecko; compatible; GPTBot/1.3; +https://openai.com/gptbot)" maoristudio.com 211084
74.7.227.128 - - [11/Nov/2025:11:54:10 -0300] "GET /bureau265?path=/home HTTP/1.1" 200 14068 "-" "Mozilla/5.0 AppleWebKit/537.36 (KHTML, like Gecko; compatible; GPTBot/1.3; +https://openai.com/gptbot)" maoristudio.com 259348
74.7.227.128 - - [11/Nov/2025:11:54:11 -0300] "GET /seller298?path=/home HTTP/1.1" 200 14068 "-" "Mozilla/5.0 AppleWebKit/537.36 (KHTML, like Gecko; compatible; GPTBot/1.3; +https://openai.com/gptbot)" maoristudio.com 196188
74.7.227.128 - - [11/Nov/2025:11:54:12 -0300] "GET /summer169?path=/home HTTP/1.1" 200 14068 "-" "Mozilla/5.0 AppleWebKit/537.36 (KHTML, like Gecko; compatible; GPTBot/1.3; +https://openai.com/gptbot)" maoristudio.com 211387
74.7.227.128 - - [11/Nov/2025:11:54:13 -0300] "GET /simple247?path=/home HTTP/1.1" 200 14068 "-" "Mozilla/5.0 AppleWebKit/537.36 (KHTML, like Gecko; compatible; GPTBot/1.3; +https://openai.com/gptbot)" maoristudio.com 194000
74.7.227.128 - - [11/Nov/2025:11:54:14 -0300] "GET /tender163?path=/home HTTP/1.1" 200 14068 "-" "Mozilla/5.0 AppleWebKit/537.36 (KHTML, like Gecko; compatible; GPTBot/1.3; +https://openai.com/gptbot)" maoristudio.com 199090
74.7.227.128 - - [11/Nov/2025:11:54:16 -0300] "GET /police175?path=/home HTTP/1.1" 200 14068 "-" "Mozilla/5.0 AppleWebKit/537.36 (KHTML, like Gecko; compatible; GPTBot/1.3; +https://openai.com/gptbot)" maoristudio.com 196997
74.7.227.128 - - [11/Nov/2025:11:54:17 -0300] "GET /insist291?path=/home HTTP/1.1" 200 14068 "-" "Mozilla/5.0 AppleWebKit/537.36 (KHTML, like Gecko; compatible; GPTBot/1.3; +https://openai.com/gptbot)" maoristudio.com 263231
74.7.227.128 - - [11/Nov/2025:11:54:18 -0300] "GET /arrive140?path=/home HTTP/1.1" 200 14068 "-" "Mozilla/5.0 AppleWebKit/537.36 (KHTML, like Gecko; compatible; GPTBot/1.3; +https://openai.com/gptbot)" maoristudio.com 238614
74.7.227.128 - - [11/Nov/2025:11:54:19 -0300] "GET /double121?path=/home HTTP/1.1" 200 14068 "-" "Mozilla/5.0 AppleWebKit/537.36 (KHTML, like Gecko; compatible; GPTBot/1.3; +https://openai.com/gptbot)" maoristudio.com 209332
74.7.227.128 - - [11/Nov/2025:11:54:20 -0300] "GET /nearby227?path=/home HTTP/1.1" 200 14068 "-" "Mozilla/5.0 AppleWebKit/537.36 (KHTML, like Gecko; compatible; GPTBot/1.3; +https://openai.com/gptbot)" maoristudio.com 625499
74.7.227.128 - - [11/Nov/2025:11:54:21 -0300] "GET /league140?path=/home HTTP/1.1" 200 14068 "-" "Mozilla/5.0 AppleWebKit/537.36 (KHTML, like Gecko; compatible; GPTBot/1.3; +https://openai.com/gptbot)" maoristudio.com 204458
74.7.227.128 - - [11/Nov/2025:11:54:23 -0300] "GET /tennis203?path=/home HTTP/1.1" 200 14068 "-" "Mozilla/5.0 AppleWebKit/537.36 (KHTML, like Gecko; compatible; GPTBot/1.3; +https://openai.com/gptbot)" maoristudio.com 165376
74.7.227.128 - - [11/Nov/2025:11:54:24 -0300] "GET /scream169?path=/home HTTP/1.1" 200 14068 "-" "Mozilla/5.0 AppleWebKit/537.36 (KHTML, like Gecko; compatible; GPTBot/1.3; +https://openai.com/gptbot)" maoristudio.com 440728
74.7.227.128 - - [11/Nov/2025:11:54:25 -0300] "GET /record268?path=/home HTTP/1.1" 200 14068 "-" "Mozilla/5.0 AppleWebKit/537.36 (KHTML, like Gecko; compatible; GPTBot/1.3; +https://openai.com/gptbot)" maoristudio.com 145171
74.7.227.128 - - [11/Nov/2025:11:54:26 -0300] "GET /equity228?path=/home HTTP/1.1" 200 14068 "-" "Mozilla/5.0 AppleWebKit/537.36 (KHTML, like Gecko; compatible; GPTBot/1.3; +https://openai.com/gptbot)" maoristudio.com 182080
74.7.227.128 - - [11/Nov/2025:11:54:27 -0300] "GET /bronze177?path=/home HTTP/1.1" 200 14068 "-" "Mozilla/5.0 AppleWebKit/537.36 (KHTML, like Gecko; compatible; GPTBot/1.3; +https://openai.com/gptbot)" maoristudio.com 168460
74.7.227.128 - - [11/Nov/2025:11:54:28 -0300] "GET /hook276?fileloc=//bin/net-snmp-create-v3-user&path=//bin HTTP/1.1" 200 16417 "-" "Mozilla/5.0 AppleWebKit/537.36 (KHTML, like Gecko; compatible; GPTBot/1.3; +https://openai.com/gptbot)" maoristudio.com 245528
74.7.227.128 - - [11/Nov/2025:11:54:29 -0300] "GET /rough174?fileloc=//bin/net-snmp-create-v3-user&path=//bin HTTP/1.1" 200 16417 "-" "Mozilla/5.0 AppleWebKit/537.36 (KHTML, like Gecko; compatible; GPTBot/1.3; +https://openai.com/gptbot)" maoristudio.com 213796
74.7.227.128 - - [11/Nov/2025:11:54:31 -0300] "GET /mean23?fileloc=//lib64/libnetfilter_conntrack.so.3.8.0&path=//lib64 HTTP/1.1" 200 202094 "-" "Mozilla/5.0 AppleWebKit/537.36 (KHTML, like Gecko; compatible; GPTBot/1.3; +https://openai.com/gptbot)" maoristudio.com 190478
74.7.227.128 - - [11/Nov/2025:11:54:32 -0300] "GET /delay298?fileloc=//bin/net-snmp-create-v3-user&path=//bin HTTP/1.1" 200 16417 "-" "Mozilla/5.0 AppleWebKit/537.36 (KHTML, like Gecko; compatible; GPTBot/1.3; +https://openai.com/gptbot)" maoristudio.com 204985
