147.135.252.138 - - [11/Nov/2025:10:22:02 -0300] "GET /?fileloc=//lib/modules/5.14.0-503.11.1.el9_5.x86_64/kernel/sound/soc/intel/boards/snd-soc-hsw-rt5640.ko.xz&path=//lib/modules/5.14.0-503.11.1.el9_5.x86_64/kernel/sound/soc/intel/boards HTTP/1.1" 200 35964 "-" "Mozilla/5.0 (compatible; MJ12bot/v1.4.8; http://mj12bot.com/)" maoristudio.com 205218
74.7.227.128 - - [11/Nov/2025:10:22:03 -0300] "GET /first47?fileloc=//proc/net/softnet_stat&path=//proc/net HTTP/1.1" 200 12358 "-" "Mozilla/5.0 AppleWebKit/537.36 (KHTML, like Gecko; compatible; GPTBot/1.3; +https://openai.com/gptbot)" maoristudio.com 198612
74.7.227.128 - - [11/Nov/2025:10:22:04 -0300] "GET /first47?fileloc=//proc/net/nf_conntrack&path=//proc/net HTTP/1.1" 200 12358 "-" "Mozilla/5.0 AppleWebKit/537.36 (KHTML, like Gecko; compatible; GPTBot/1.3; +https://openai.com/gptbot)" maoristudio.com 201091
74.7.227.128 - - [11/Nov/2025:10:22:05 -0300] "GET /first47?fileloc=//proc/net/nf_conntrack_expect&path=//proc/net HTTP/1.1" 200 12365 "-" "Mozilla/5.0 AppleWebKit/537.36 (KHTML, like Gecko; compatible; GPTBot/1.3; +https://openai.com/gptbot)" maoristudio.com 150298
74.7.227.128 - - [11/Nov/2025:10:22:06 -0300] "GET /first47?fileloc=//proc/net/ipv6_route&path=//proc/net HTTP/1.1" 200 12356 "-" "Mozilla/5.0 AppleWebKit/537.36 (KHTML, like Gecko; compatible; GPTBot/1.3; +https://openai.com/gptbot)" maoristudio.com 284013
147.135.252.138 - - [11/Nov/2025:10:22:06 -0300] "GET /?fileloc=//lib/modules/5.14.0-503.11.1.el9_5.x86_64/kernel/sound/soc/intel/boards/snd-soc-intel-hda-dsp-common.ko.xz&path=//lib/modules/5.14.0-503.11.1.el9_5.x86_64/kernel/sound/soc/intel/boards HTTP/1.1" 200 39095 "-" "Mozilla/5.0 (compatible; MJ12bot/v1.4.8; http://mj12bot.com/)" maoristudio.com 340494
74.7.227.128 - - [11/Nov/2025:10:22:07 -0300] "GET /first47?fileloc=//proc/net/ip6_mr_vif&path=//proc/net HTTP/1.1" 200 12356 "-" "Mozilla/5.0 AppleWebKit/537.36 (KHTML, like Gecko; compatible; GPTBot/1.3; +https://openai.com/gptbot)" maoristudio.com 195077
74.7.227.128 - - [11/Nov/2025:10:22:08 -0300] "GET /first47?fileloc=//proc/net/mcfilter6&path=//proc/net HTTP/1.1" 200 12355 "-" "Mozilla/5.0 AppleWebKit/537.36 (KHTML, like Gecko; compatible; GPTBot/1.3; +https://openai.com/gptbot)" maoristudio.com 193296
147.135.252.138 - - [11/Nov/2025:10:22:09 -0300] "GET /?fileloc=//lib/modules/5.14.0-503.11.1.el9_5.x86_64/kernel/sound/soc/intel/boards/snd-soc-intel-sof-board-helpers.ko.xz&path=//lib/modules/5.14.0-503.11.1.el9_5.x86_64/kernel/sound/soc/intel/boards HTTP/1.1" 200 41386 "-" "Mozilla/5.0 (compatible; MJ12bot/v1.4.8; http://mj12bot.com/)" maoristudio.com 396174
74.7.227.128 - - [11/Nov/2025:10:22:10 -0300] "GET /first47?fileloc=//proc/net/connector&path=//proc/net HTTP/1.1" 200 12355 "-" "Mozilla/5.0 AppleWebKit/537.36 (KHTML, like Gecko; compatible; GPTBot/1.3; +https://openai.com/gptbot)" maoristudio.com 214181
74.7.227.128 - - [11/Nov/2025:10:22:11 -0300] "GET /first47?fileloc=//proc/net/packet&path=//proc/net HTTP/1.1" 200 12352 "-" "Mozilla/5.0 AppleWebKit/537.36 (KHTML, like Gecko; compatible; GPTBot/1.3; +https://openai.com/gptbot)" maoristudio.com 191708
74.7.227.128 - - [11/Nov/2025:10:22:12 -0300] "GET /first47?fileloc=//proc/net/mcfilter&path=//proc/net HTTP/1.1" 200 12354 "-" "Mozilla/5.0 AppleWebKit/537.36 (KHTML, like Gecko; compatible; GPTBot/1.3; +https://openai.com/gptbot)" maoristudio.com 275153
74.7.227.128 - - [11/Nov/2025:10:22:13 -0300] "GET /first47?fileloc=//proc/net/psched&path=//proc/net HTTP/1.1" 200 12352 "-" "Mozilla/5.0 AppleWebKit/537.36 (KHTML, like Gecko; compatible; GPTBot/1.3; +https://openai.com/gptbot)" maoristudio.com 213106
147.135.252.138 - - [11/Nov/2025:10:22:14 -0300] "GET /?fileloc=//lib/modules/5.14.0-503.11.1.el9_5.x86_64/kernel/sound/soc/intel/boards/snd-soc-intel-sof-cirrus-common.ko.xz&path=//lib/modules/5.14.0-503.11.1.el9_5.x86_64/kernel/sound/soc/intel/boards HTTP/1.1" 200 36481 "-" "Mozilla/5.0 (compatible; MJ12bot/v1.4.8; http://mj12bot.com/)" maoristudio.com 197580
74.7.227.128 - - [11/Nov/2025:10:22:14 -0300] "GET /first47?fileloc=//proc/net/tcp&path=//proc/net HTTP/1.1" 403 87388 "-" "Mozilla/5.0 AppleWebKit/537.36 (KHTML, like Gecko; compatible; GPTBot/1.3; +https://openai.com/gptbot)" maoristudio.com 395515
74.7.227.128 - - [11/Nov/2025:10:22:16 -0300] "GET /first47?fileloc=//proc/net/udplite6&path=//proc/net HTTP/1.1" 403 87388 "-" "Mozilla/5.0 AppleWebKit/537.36 (KHTML, like Gecko; compatible; GPTBot/1.3; +https://openai.com/gptbot)" maoristudio.com 355939
74.7.227.128 - - [11/Nov/2025:10:22:17 -0300] "GET /first47?fileloc=//proc/net/arp&path=//proc/net HTTP/1.1" 200 12349 "-" "Mozilla/5.0 AppleWebKit/537.36 (KHTML, like Gecko; compatible; GPTBot/1.3; +https://openai.com/gptbot)" maoristudio.com 217207
147.135.252.138 - - [11/Nov/2025:10:22:17 -0300] "GET /?fileloc=//lib/modules/5.14.0-503.11.1.el9_5.x86_64/kernel/sound/soc/intel/boards/snd-soc-intel-sof-maxim-common.ko.xz&path=//lib/modules/5.14.0-503.11.1.el9_5.x86_64/kernel/sound/soc/intel/boards HTTP/1.1" 200 39484 "-" "Mozilla/5.0 (compatible; MJ12bot/v1.4.8; http://mj12bot.com/)" maoristudio.com 204308
74.7.227.128 - - [11/Nov/2025:10:22:18 -0300] "GET /first47?fileloc=//proc/net/sockstat&path=//proc/net HTTP/1.1" 200 12354 "-" "Mozilla/5.0 AppleWebKit/537.36 (KHTML, like Gecko; compatible; GPTBot/1.3; +https://openai.com/gptbot)" maoristudio.com 215279
74.7.227.128 - - [11/Nov/2025:10:22:19 -0300] "GET /first47?fileloc=//proc/net/anycast6&path=//proc/net HTTP/1.1" 200 12354 "-" "Mozilla/5.0 AppleWebKit/537.36 (KHTML, like Gecko; compatible; GPTBot/1.3; +https://openai.com/gptbot)" maoristudio.com 178202
74.7.227.128 - - [11/Nov/2025:10:22:20 -0300] "GET /first47?fileloc=//proc/net/ip6_flowlabel&path=//proc/net HTTP/1.1" 200 12359 "-" "Mozilla/5.0 AppleWebKit/537.36 (KHTML, like Gecko; compatible; GPTBot/1.3; +https://openai.com/gptbot)" maoristudio.com 198659
147.135.252.138 - - [11/Nov/2025:10:22:21 -0300] "GET /?fileloc=//lib/modules/5.14.0-503.11.1.el9_5.x86_64/kernel/sound/soc/intel/boards/snd-soc-intel-sof-nuvoton-common.ko.xz&path=//lib/modules/5.14.0-503.11.1.el9_5.x86_64/kernel/sound/soc/intel/boards HTTP/1.1" 200 33932 "-" "Mozilla/5.0 (compatible; MJ12bot/v1.4.8; http://mj12bot.com/)" maoristudio.com 245904
74.7.227.128 - - [11/Nov/2025:10:22:21 -0300] "GET /first47?fileloc=//proc/net/raw&path=//proc/net HTTP/1.1" 200 12467 "-" "Mozilla/5.0 AppleWebKit/537.36 (KHTML, like Gecko; compatible; GPTBot/1.3; +https://openai.com/gptbot)" maoristudio.com 245058
74.7.227.128 - - [11/Nov/2025:10:22:22 -0300] "GET /first47?fileloc=//proc/net/udp&path=//proc/net HTTP/1.1" 403 87388 "-" "Mozilla/5.0 AppleWebKit/537.36 (KHTML, like Gecko; compatible; GPTBot/1.3; +https://openai.com/gptbot)" maoristudio.com 444927
147.135.252.138 - - [11/Nov/2025:10:22:24 -0300] "GET /?fileloc=//lib/modules/5.14.0-503.11.1.el9_5.x86_64/kernel/sound/soc/intel/boards/snd-soc-intel-sof-realtek-common.ko.xz&path=//lib/modules/5.14.0-503.11.1.el9_5.x86_64/kernel/sound/soc/intel/boards HTTP/1.1" 200 40027 "-" "Mozilla/5.0 (compatible; MJ12bot/v1.4.8; http://mj12bot.com/)" maoristudio.com 218176
74.7.227.128 - - [11/Nov/2025:10:22:24 -0300] "GET /first47?fileloc=//proc/net/protocols&path=//proc/net HTTP/1.1" 200 12355 "-" "Mozilla/5.0 AppleWebKit/537.36 (KHTML, like Gecko; compatible; GPTBot/1.3; +https://openai.com/gptbot)" maoristudio.com 294045
74.7.227.128 - - [11/Nov/2025:10:22:25 -0300] "GET /first47?fileloc=//proc/net/rt6_stats&path=//proc/net HTTP/1.1" 200 12355 "-" "Mozilla/5.0 AppleWebKit/537.36 (KHTML, like Gecko; compatible; GPTBot/1.3; +https://openai.com/gptbot)" maoristudio.com 128008
173.208.176.202 - - [11/Nov/2025:10:20:58 -0300] "GET /wp-includes/qq5da787/index.php?id=775696 HTTP/1.1" 200 - "http://maoristudio.com/wp-includes/qq5da787/index.php?id=775696" "Mozilla/5.0 (Windows NT 10.0; Win64; x64) AppleWebKit/537.36 (KHTML, like Gecko) Chrome/58.0.3029.110 Safari/537.3" maoristudio.com 86811671
74.7.227.128 - - [11/Nov/2025:10:22:26 -0300] "GET /first47?fileloc=//proc/net/xfrm_stat&path=//proc/net HTTP/1.1" 200 12355 "-" "Mozilla/5.0 AppleWebKit/537.36 (KHTML, like Gecko; compatible; GPTBot/1.3; +https://openai.com/gptbot)" maoristudio.com 177216
147.135.252.138 - - [11/Nov/2025:10:22:27 -0300] "GET /?fileloc=//lib/modules/5.14.0-503.11.1.el9_5.x86_64/kernel/sound/soc/intel/boards/snd-soc-intel-sof-ssp-common.ko.xz&path=//lib/modules/5.14.0-503.11.1.el9_5.x86_64/kernel/sound/soc/intel/boards HTTP/1.1" 200 19152 "-" "Mozilla/5.0 (compatible; MJ12bot/v1.4.8; http://mj12bot.com/)" maoristudio.com 137143
74.7.227.128 - - [11/Nov/2025:10:22:27 -0300] "GET /first47?fileloc=//proc/net/sockstat6&path=//proc/net HTTP/1.1" 200 12355 "-" "Mozilla/5.0 AppleWebKit/537.36 (KHTML, like Gecko; compatible; GPTBot/1.3; +https://openai.com/gptbot)" maoristudio.com 207987
35.171.117.160 - - [11/Nov/2025:10:22:28 -0300] "GET /?path=//proc/self/root/usr/include/video HTTP/1.1" 200 17457 "-" "Mozilla/5.0 AppleWebKit/537.36 (KHTML, like Gecko; compatible; Amazonbot/0.1; +https://developer.amazon.com/support/amazonbot) Chrome/119.0.6045.214 Safari/537.36" maoristudio.com 325849
74.7.227.128 - - [11/Nov/2025:10:22:28 -0300] "GET /first47?fileloc=//proc/net/route&path=//proc/net HTTP/1.1" 200 12351 "-" "Mozilla/5.0 AppleWebKit/537.36 (KHTML, like Gecko; compatible; GPTBot/1.3; +https://openai.com/gptbot)" maoristudio.com 127193
74.7.227.128 - - [11/Nov/2025:10:22:29 -0300] "GET /first47?fileloc=//proc/net/ip_mr_vif&path=//proc/net HTTP/1.1" 200 12355 "-" "Mozilla/5.0 AppleWebKit/537.36 (KHTML, like Gecko; compatible; GPTBot/1.3; +https://openai.com/gptbot)" maoristudio.com 126960
147.135.252.138 - - [11/Nov/2025:10:22:30 -0300] "GET /?fileloc=//lib/modules/5.14.0-503.11.1.el9_5.x86_64/kernel/sound/soc/intel/boards/snd-soc-kbl_da7219_max98357a.ko.xz&path=//lib/modules/5.14.0-503.11.1.el9_5.x86_64/kernel/sound/soc/intel/boards HTTP/1.1" 200 42118 "-" "Mozilla/5.0 (compatible; MJ12bot/v1.4.8; http://mj12bot.com/)" maoristudio.com 128796
74.7.227.128 - - [11/Nov/2025:10:22:30 -0300] "GET /first47?fileloc=//proc/net/dev_mcast&path=//proc/net HTTP/1.1" 200 12355 "-" "Mozilla/5.0 AppleWebKit/537.36 (KHTML, like Gecko; compatible; GPTBot/1.3; +https://openai.com/gptbot)" maoristudio.com 110258
74.7.227.128 - - [11/Nov/2025:10:22:32 -0300] "GET /first47?fileloc=//proc/net/netlink&path=//proc/net HTTP/1.1" 200 12353 "-" "Mozilla/5.0 AppleWebKit/537.36 (KHTML, like Gecko; compatible; GPTBot/1.3; +https://openai.com/gptbot)" maoristudio.com 121882
147.135.252.138 - - [11/Nov/2025:10:22:33 -0300] "GET /?fileloc=//lib/modules/5.14.0-503.11.1.el9_5.x86_64/kernel/sound/soc/intel/boards/snd-soc-kbl_da7219_max98927.ko.xz&path=//lib/modules/5.14.0-503.11.1.el9_5.x86_64/kernel/sound/soc/intel/boards HTTP/1.1" 200 46034 "-" "Mozilla/5.0 (compatible; MJ12bot/v1.4.8; http://mj12bot.com/)" maoristudio.com 119815
74.7.227.128 - - [11/Nov/2025:10:22:33 -0300] "GET /first47?fileloc=//proc/net/netstat&path=//proc/net HTTP/1.1" 200 12353 "-" "Mozilla/5.0 AppleWebKit/537.36 (KHTML, like Gecko; compatible; GPTBot/1.3; +https://openai.com/gptbot)" maoristudio.com 140589
74.7.227.128 - - [11/Nov/2025:10:22:34 -0300] "GET /first47?fileloc=//proc/net/udplite&path=//proc/net HTTP/1.1" 403 87388 "-" "Mozilla/5.0 AppleWebKit/537.36 (KHTML, like Gecko; compatible; GPTBot/1.3; +https://openai.com/gptbot)" maoristudio.com 352696
74.7.227.128 - - [11/Nov/2025:10:22:35 -0300] "GET /first47?fileloc=//proc/net/tcp6&path=//proc/net HTTP/1.1" 403 87388 "-" "Mozilla/5.0 AppleWebKit/537.36 (KHTML, like Gecko; compatible; GPTBot/1.3; +https://openai.com/gptbot)" maoristudio.com 242482
147.135.252.138 - - [11/Nov/2025:10:22:35 -0300] "GET /?fileloc=//lib/modules/5.14.0-503.11.1.el9_5.x86_64/kernel/sound/soc/intel/boards/snd-soc-kbl_rt5660.ko.xz&path=//lib/modules/5.14.0-503.11.1.el9_5.x86_64/kernel/sound/soc/intel/boards HTTP/1.1" 200 40688 "-" "Mozilla/5.0 (compatible; MJ12bot/v1.4.8; http://mj12bot.com/)" maoristudio.com 174670
173.208.176.202 - - [11/Nov/2025:10:21:01 -0300] "GET /wp-content/ade7e187/edit.php?id=798844 HTTP/1.1" 200 - "http://maoristudio.com/wp-content/ade7e187/edit.php?id=798844" "Mozilla/5.0 (Windows NT 10.0; Win64; x64) AppleWebKit/537.36 (KHTML, like Gecko) Chrome/58.0.3029.110 Safari/537.3" maoristudio.com 94822145
74.7.227.128 - - [11/Nov/2025:10:22:36 -0300] "GET /first47?fileloc=//proc/net/udp6&path=//proc/net HTTP/1.1" 403 87388 "-" "Mozilla/5.0 AppleWebKit/537.36 (KHTML, like Gecko; compatible; GPTBot/1.3; +https://openai.com/gptbot)" maoristudio.com 401239
74.7.227.128 - - [11/Nov/2025:10:22:37 -0300] "GET /first47?fileloc=//proc/net/raw6&path=//proc/net HTTP/1.1" 200 12516 "-" "Mozilla/5.0 AppleWebKit/537.36 (KHTML, like Gecko; compatible; GPTBot/1.3; +https://openai.com/gptbot)" maoristudio.com 448916
74.7.227.128 - - [11/Nov/2025:10:22:38 -0300] "GET /first47?fileloc=//proc/net/snmp6&path=//proc/net HTTP/1.1" 200 12351 "-" "Mozilla/5.0 AppleWebKit/537.36 (KHTML, like Gecko; compatible; GPTBot/1.3; +https://openai.com/gptbot)" maoristudio.com 204861
147.135.252.138 - - [11/Nov/2025:10:22:39 -0300] "GET /?fileloc=//lib/modules/5.14.0-503.11.1.el9_5.x86_64/kernel/sound/soc/intel/boards/snd-soc-kbl_rt5663_max98927.ko.xz&path=//lib/modules/5.14.0-503.11.1.el9_5.x86_64/kernel/sound/soc/intel/boards HTTP/1.1" 200 46257 "-" "Mozilla/5.0 (compatible; MJ12bot/v1.4.8; http://mj12bot.com/)" maoristudio.com 204611
74.7.227.128 - - [11/Nov/2025:10:22:40 -0300] "GET /first47?fileloc=//proc/net/igmp6&path=//proc/net HTTP/1.1" 200 12351 "-" "Mozilla/5.0 AppleWebKit/537.36 (KHTML, like Gecko; compatible; GPTBot/1.3; +https://openai.com/gptbot)" maoristudio.com 175417
74.7.227.128 - - [11/Nov/2025:10:22:41 -0300] "GET /first47?fileloc=//proc/net/icmp6&path=//proc/net HTTP/1.1" 200 12351 "-" "Mozilla/5.0 AppleWebKit/537.36 (KHTML, like Gecko; compatible; GPTBot/1.3; +https://openai.com/gptbot)" maoristudio.com 276818
74.7.227.128 - - [11/Nov/2025:10:22:42 -0300] "GET /first47?fileloc=//proc/net/icmp&path=//proc/net HTTP/1.1" 200 12350 "-" "Mozilla/5.0 AppleWebKit/537.36 (KHTML, like Gecko; compatible; GPTBot/1.3; +https://openai.com/gptbot)" maoristudio.com 217402
147.135.252.138 - - [11/Nov/2025:10:22:42 -0300] "GET /?fileloc=//lib/modules/5.14.0-503.11.1.el9_5.x86_64/kernel/sound/soc/intel/boards/snd-soc-kbl_rt5663_rt5514_max98927.ko.xz&path=//lib/modules/5.14.0-503.11.1.el9_5.x86_64/kernel/sound/soc/intel/boards HTTP/1.1" 200 45906 "-" "Mozilla/5.0 (compatible; MJ12bot/v1.4.8; http://mj12bot.com/)" maoristudio.com 255267
74.7.227.128 - - [11/Nov/2025:10:22:43 -0300] "GET /first47?fileloc=//proc/net/igmp&path=//proc/net HTTP/1.1" 200 12350 "-" "Mozilla/5.0 AppleWebKit/537.36 (KHTML, like Gecko; compatible; GPTBot/1.3; +https://openai.com/gptbot)" maoristudio.com 181737
74.7.227.128 - - [11/Nov/2025:10:22:44 -0300] "GET /first47?fileloc=//proc/net/snmp&path=//proc/net HTTP/1.1" 200 12350 "-" "Mozilla/5.0 AppleWebKit/537.36 (KHTML, like Gecko; compatible; GPTBot/1.3; +https://openai.com/gptbot)" maoristudio.com 228905
147.135.252.138 - - [11/Nov/2025:10:22:45 -0300] "GET /?fileloc=//lib/modules/5.14.0-503.11.1.el9_5.x86_64/kernel/sound/soc/intel/boards/snd-soc-skl_nau88l25_ssm4567.ko.xz&path=//lib/modules/5.14.0-503.11.1.el9_5.x86_64/kernel/sound/soc/intel/boards HTTP/1.1" 200 43173 "-" "Mozilla/5.0 (compatible; MJ12bot/v1.4.8; http://mj12bot.com/)" maoristudio.com 206344
74.7.227.128 - - [11/Nov/2025:10:22:45 -0300] "GET /first47?fileloc=//proc/net/unix&path=//proc/net HTTP/1.1" 200 112992 "-" "Mozilla/5.0 AppleWebKit/537.36 (KHTML, like Gecko; compatible; GPTBot/1.3; +https://openai.com/gptbot)" maoristudio.com 783362
74.7.227.128 - - [11/Nov/2025:10:22:47 -0300] "GET /first47?fileloc=//proc/net/ptype&path=//proc/net HTTP/1.1" 200 12351 "-" "Mozilla/5.0 AppleWebKit/537.36 (KHTML, like Gecko; compatible; GPTBot/1.3; +https://openai.com/gptbot)" maoristudio.com 255921
147.135.252.138 - - [11/Nov/2025:10:22:48 -0300] "GET /?fileloc=//lib/modules/5.14.0-503.11.1.el9_5.x86_64/kernel/sound/soc/intel/boards/snd-soc-skl_rt286.ko.xz&path=//lib/modules/5.14.0-503.11.1.el9_5.x86_64/kernel/sound/soc/intel/boards HTTP/1.1" 200 39702 "-" "Mozilla/5.0 (compatible; MJ12bot/v1.4.8; http://mj12bot.com/)" maoristudio.com 183508
74.7.227.128 - - [11/Nov/2025:10:22:48 -0300] "GET /first47?fileloc=//proc/net/if_inet6&path=//proc/net HTTP/1.1" 200 12354 "-" "Mozilla/5.0 AppleWebKit/537.36 (KHTML, like Gecko; compatible; GPTBot/1.3; +https://openai.com/gptbot)" maoristudio.com 188914
74.7.227.128 - - [11/Nov/2025:10:22:49 -0300] "GET /rival98?path=/ HTTP/1.1" 200 30489 "-" "Mozilla/5.0 AppleWebKit/537.36 (KHTML, like Gecko; compatible; GPTBot/1.3; +https://openai.com/gptbot)" maoristudio.com 230033
74.7.227.128 - - [11/Nov/2025:10:22:50 -0300] "GET /drill94?path=/ HTTP/1.1" 200 30489 "-" "Mozilla/5.0 AppleWebKit/537.36 (KHTML, like Gecko; compatible; GPTBot/1.3; +https://openai.com/gptbot)" maoristudio.com 262688
147.135.252.138 - - [11/Nov/2025:10:22:51 -0300] "GET /?fileloc=//lib/modules/5.14.0-503.11.1.el9_5.x86_64/kernel/sound/soc/intel/boards/snd-soc-sof-sdw.ko.xz&path=//lib/modules/5.14.0-503.11.1.el9_5.x86_64/kernel/sound/soc/intel/boards HTTP/1.1" 200 73472 "-" "Mozilla/5.0 (compatible; MJ12bot/v1.4.8; http://mj12bot.com/)" maoristudio.com 188328
74.7.227.128 - - [11/Nov/2025:10:22:52 -0300] "GET /claim47?path=/ HTTP/1.1" 200 30489 "-" "Mozilla/5.0 AppleWebKit/537.36 (KHTML, like Gecko; compatible; GPTBot/1.3; +https://openai.com/gptbot)" maoristudio.com 265826
74.7.227.128 - - [11/Nov/2025:10:22:53 -0300] "GET /proud25?path=/ HTTP/1.1" 200 30489 "-" "Mozilla/5.0 AppleWebKit/537.36 (KHTML, like Gecko; compatible; GPTBot/1.3; +https://openai.com/gptbot)" maoristudio.com 303453
147.135.252.138 - - [11/Nov/2025:10:22:54 -0300] "GET /?fileloc=//lib/modules/5.14.0-503.11.1.el9_5.x86_64/kernel/sound/soc/intel/boards/snd-soc-sof-ssp-amp.ko.xz&path=//lib/modules/5.14.0-503.11.1.el9_5.x86_64/kernel/sound/soc/intel/boards HTTP/1.1" 200 38442 "-" "Mozilla/5.0 (compatible; MJ12bot/v1.4.8; http://mj12bot.com/)" maoristudio.com 273055
74.7.227.128 - - [11/Nov/2025:10:22:54 -0300] "GET /above13?path=/ HTTP/1.1" 200 30489 "-" "Mozilla/5.0 AppleWebKit/537.36 (KHTML, like Gecko; compatible; GPTBot/1.3; +https://openai.com/gptbot)" maoristudio.com 364577
74.7.227.128 - - [11/Nov/2025:10:22:55 -0300] "GET /alive62?path=/ HTTP/1.1" 200 30489 "-" "Mozilla/5.0 AppleWebKit/537.36 (KHTML, like Gecko; compatible; GPTBot/1.3; +https://openai.com/gptbot)" maoristudio.com 254514
74.7.227.128 - - [11/Nov/2025:10:22:56 -0300] "GET /suite32?path=/ HTTP/1.1" 200 30489 "-" "Mozilla/5.0 AppleWebKit/537.36 (KHTML, like Gecko; compatible; GPTBot/1.3; +https://openai.com/gptbot)" maoristudio.com 215042
147.135.252.138 - - [11/Nov/2025:10:22:56 -0300] "GET /?fileloc=//lib/modules/5.14.0-503.11.1.el9_5.x86_64/kernel/sound/soc/intel/boards/snd-soc-sof_cs42l42.ko.xz&path=//lib/modules/5.14.0-503.11.1.el9_5.x86_64/kernel/sound/soc/intel/boards HTTP/1.1" 200 39457 "-" "Mozilla/5.0 (compatible; MJ12bot/v1.4.8; http://mj12bot.com/)" maoristudio.com 193879
74.7.227.128 - - [11/Nov/2025:10:22:57 -0300] "GET /smell36?path=/ HTTP/1.1" 200 30489 "-" "Mozilla/5.0 AppleWebKit/537.36 (KHTML, like Gecko; compatible; GPTBot/1.3; +https://openai.com/gptbot)" maoristudio.com 250563
74.7.227.128 - - [11/Nov/2025:10:22:58 -0300] "GET /brake81?path=/ HTTP/1.1" 200 30489 "-" "Mozilla/5.0 AppleWebKit/537.36 (KHTML, like Gecko; compatible; GPTBot/1.3; +https://openai.com/gptbot)" maoristudio.com 245677
147.135.252.138 - - [11/Nov/2025:10:22:59 -0300] "GET /?fileloc=//lib/modules/5.14.0-503.11.1.el9_5.x86_64/kernel/sound/soc/intel/boards/snd-soc-sof_da7219.ko.xz&path=//lib/modules/5.14.0-503.11.1.el9_5.x86_64/kernel/sound/soc/intel/boards HTTP/1.1" 200 42741 "-" "Mozilla/5.0 (compatible; MJ12bot/v1.4.8; http://mj12bot.com/)" maoristudio.com 210312
74.7.227.128 - - [11/Nov/2025:10:23:00 -0300] "GET /green56?path=/ HTTP/1.1" 200 30489 "-" "Mozilla/5.0 AppleWebKit/537.36 (KHTML, like Gecko; compatible; GPTBot/1.3; +https://openai.com/gptbot)" maoristudio.com 213917
74.7.227.128 - - [11/Nov/2025:10:23:01 -0300] "GET /broad51?path=/ HTTP/1.1" 200 30489 "-" "Mozilla/5.0 AppleWebKit/537.36 (KHTML, like Gecko; compatible; GPTBot/1.3; +https://openai.com/gptbot)" maoristudio.com 218865
74.7.227.128 - - [11/Nov/2025:10:23:02 -0300] "GET /queen69?path=/ HTTP/1.1" 200 30489 "-" "Mozilla/5.0 AppleWebKit/537.36 (KHTML, like Gecko; compatible; GPTBot/1.3; +https://openai.com/gptbot)" maoristudio.com 437743
147.135.252.138 - - [11/Nov/2025:10:23:02 -0300] "GET /?fileloc=//lib/modules/5.14.0-503.11.1.el9_5.x86_64/kernel/sound/soc/intel/boards/snd-soc-sof_es8336.ko.xz&path=//lib/modules/5.14.0-503.11.1.el9_5.x86_64/kernel/sound/soc/intel/boards HTTP/1.1" 200 45814 "-" "Mozilla/5.0 (compatible; MJ12bot/v1.4.8; http://mj12bot.com/)" maoristudio.com 194667
74.7.227.128 - - [11/Nov/2025:10:23:03 -0300] "GET /drill94?path=//run HTTP/1.1" 200 29755 "-" "Mozilla/5.0 AppleWebKit/537.36 (KHTML, like Gecko; compatible; GPTBot/1.3; +https://openai.com/gptbot)" maoristudio.com 171642
34.234.197.175 - - [11/Nov/2025:10:23:04 -0300] "GET /?path=//proc/self/root/usr/lib/environment.d HTTP/1.1" 200 14529 "-" "Mozilla/5.0 AppleWebKit/537.36 (KHTML, like Gecko; compatible; Amazonbot/0.1; +https://developer.amazon.com/support/amazonbot) Chrome/119.0.6045.214 Safari/537.36" maoristudio.com 171905
74.7.227.128 - - [11/Nov/2025:10:23:04 -0300] "GET /river39?path=/ HTTP/1.1" 200 30489 "-" "Mozilla/5.0 AppleWebKit/537.36 (KHTML, like Gecko; compatible; GPTBot/1.3; +https://openai.com/gptbot)" maoristudio.com 248996
147.135.252.138 - - [11/Nov/2025:10:23:05 -0300] "GET /?fileloc=//lib/modules/5.14.0-503.11.1.el9_5.x86_64/kernel/sound/soc/intel/boards/snd-soc-sof_nau8825.ko.xz&path=//lib/modules/5.14.0-503.11.1.el9_5.x86_64/kernel/sound/soc/intel/boards HTTP/1.1" 200 40777 "-" "Mozilla/5.0 (compatible; MJ12bot/v1.4.8; http://mj12bot.com/)" maoristudio.com 242354
74.7.227.128 - - [11/Nov/2025:10:23:05 -0300] "GET /lunch83?path=/ HTTP/1.1" 200 30489 "-" "Mozilla/5.0 AppleWebKit/537.36 (KHTML, like Gecko; compatible; GPTBot/1.3; +https://openai.com/gptbot)" maoristudio.com 286906
74.7.227.128 - - [11/Nov/2025:10:23:07 -0300] "GET /stove75?path=/ HTTP/1.1" 200 30489 "-" "Mozilla/5.0 AppleWebKit/537.36 (KHTML, like Gecko; compatible; GPTBot/1.3; +https://openai.com/gptbot)" maoristudio.com 269327
74.7.227.128 - - [11/Nov/2025:10:23:08 -0300] "GET /shelf92?path=/ HTTP/1.1" 200 30489 "-" "Mozilla/5.0 AppleWebKit/537.36 (KHTML, like Gecko; compatible; GPTBot/1.3; +https://openai.com/gptbot)" maoristudio.com 230887
147.135.252.138 - - [11/Nov/2025:10:23:08 -0300] "GET /?fileloc=//lib/modules/5.14.0-503.11.1.el9_5.x86_64/kernel/sound/soc/intel/boards/snd-soc-sof_rt5682.ko.xz&path=//lib/modules/5.14.0-503.11.1.el9_5.x86_64/kernel/sound/soc/intel/boards HTTP/1.1" 200 45870 "-" "Mozilla/5.0 (compatible; MJ12bot/v1.4.8; http://mj12bot.com/)" maoristudio.com 275916
74.7.227.128 - - [11/Nov/2025:10:23:09 -0300] "GET /quite27?path=/ HTTP/1.1" 200 30489 "-" "Mozilla/5.0 AppleWebKit/537.36 (KHTML, like Gecko; compatible; GPTBot/1.3; +https://openai.com/gptbot)" maoristudio.com 220183
74.7.227.128 - - [11/Nov/2025:10:23:10 -0300] "GET /rough25?path=/ HTTP/1.1" 200 30489 "-" "Mozilla/5.0 AppleWebKit/537.36 (KHTML, like Gecko; compatible; GPTBot/1.3; +https://openai.com/gptbot)" maoristudio.com 192094
147.135.252.138 - - [11/Nov/2025:10:23:11 -0300] "GET /?fileloc=//lib/modules/5.14.0-503.11.1.el9_5.x86_64/kernel/sound/soc/intel/boards/snd-soc-sst-bdw-rt5650-mach.ko.xz&path=//lib/modules/5.14.0-503.11.1.el9_5.x86_64/kernel/sound/soc/intel/boards HTTP/1.1" 200 38706 "-" "Mozilla/5.0 (compatible; MJ12bot/v1.4.8; http://mj12bot.com/)" maoristudio.com 213061
74.7.227.128 - - [11/Nov/2025:10:23:11 -0300] "GET /silly49?path=/ HTTP/1.1" 200 30489 "-" "Mozilla/5.0 AppleWebKit/537.36 (KHTML, like Gecko; compatible; GPTBot/1.3; +https://openai.com/gptbot)" maoristudio.com 197178
74.7.227.128 - - [11/Nov/2025:10:23:12 -0300] "GET /serve95?path=/ HTTP/1.1" 200 30489 "-" "Mozilla/5.0 AppleWebKit/537.36 (KHTML, like Gecko; compatible; GPTBot/1.3; +https://openai.com/gptbot)" maoristudio.com 199947
74.7.227.128 - - [11/Nov/2025:10:23:13 -0300] "GET /avoid17?path=/ HTTP/1.1" 200 30489 "-" "Mozilla/5.0 AppleWebKit/537.36 (KHTML, like Gecko; compatible; GPTBot/1.3; +https://openai.com/gptbot)" maoristudio.com 408028
147.135.252.138 - - [11/Nov/2025:10:23:14 -0300] "GET /?fileloc=//lib/modules/5.14.0-503.11.1.el9_5.x86_64/kernel/sound/soc/intel/boards/snd-soc-sst-bdw-rt5677-mach.ko.xz&path=//lib/modules/5.14.0-503.11.1.el9_5.x86_64/kernel/sound/soc/intel/boards HTTP/1.1" 200 40982 "-" "Mozilla/5.0 (compatible; MJ12bot/v1.4.8; http://mj12bot.com/)" maoristudio.com 217031
74.7.227.128 - - [11/Nov/2025:10:23:14 -0300] "GET /along58?path=/ HTTP/1.1" 200 30489 "-" "Mozilla/5.0 AppleWebKit/537.36 (KHTML, like Gecko; compatible; GPTBot/1.3; +https://openai.com/gptbot)" maoristudio.com 245265
74.7.227.128 - - [11/Nov/2025:10:23:16 -0300] "GET /wagon14?path=/ HTTP/1.1" 200 30489 "-" "Mozilla/5.0 AppleWebKit/537.36 (KHTML, like Gecko; compatible; GPTBot/1.3; +https://openai.com/gptbot)" maoristudio.com 192527
147.135.252.138 - - [11/Nov/2025:10:23:17 -0300] "GET /?fileloc=//lib/modules/5.14.0-503.11.1.el9_5.x86_64/kernel/sound/soc/intel/boards/snd-soc-sst-bxt-da7219_max98357a.ko.xz&path=//lib/modules/5.14.0-503.11.1.el9_5.x86_64/kernel/sound/soc/intel/boards HTTP/1.1" 200 45693 "-" "Mozilla/5.0 (compatible; MJ12bot/v1.4.8; http://mj12bot.com/)" maoristudio.com 271485
74.7.227.128 - - [11/Nov/2025:10:23:17 -0300] "GET /medal20?path=/ HTTP/1.1" 200 30489 "-" "Mozilla/5.0 AppleWebKit/537.36 (KHTML, like Gecko; compatible; GPTBot/1.3; +https://openai.com/gptbot)" maoristudio.com 256998
74.7.227.128 - - [11/Nov/2025:10:23:18 -0300] "GET /slave45?path=/ HTTP/1.1" 200 30489 "-" "Mozilla/5.0 AppleWebKit/537.36 (KHTML, like Gecko; compatible; GPTBot/1.3; +https://openai.com/gptbot)" maoristudio.com 446351
74.7.227.128 - - [11/Nov/2025:10:23:19 -0300] "GET /along10?path=/ HTTP/1.1" 200 30489 "-" "Mozilla/5.0 AppleWebKit/537.36 (KHTML, like Gecko; compatible; GPTBot/1.3; +https://openai.com/gptbot)" maoristudio.com 192416
147.135.252.138 - - [11/Nov/2025:10:23:20 -0300] "GET /?fileloc=//lib/modules/5.14.0-503.11.1.el9_5.x86_64/kernel/sound/soc/intel/boards/snd-soc-sst-bxt-rt298.ko.xz&path=//lib/modules/5.14.0-503.11.1.el9_5.x86_64/kernel/sound/soc/intel/boards HTTP/1.1" 200 42109 "-" "Mozilla/5.0 (compatible; MJ12bot/v1.4.8; http://mj12bot.com/)" maoristudio.com 249383
74.7.227.128 - - [11/Nov/2025:10:23:20 -0300] "GET /stock15?path=/ HTTP/1.1" 200 30489 "-" "Mozilla/5.0 AppleWebKit/537.36 (KHTML, like Gecko; compatible; GPTBot/1.3; +https://openai.com/gptbot)" maoristudio.com 190573
74.7.227.128 - - [11/Nov/2025:10:23:21 -0300] "GET /angle92?path=/ HTTP/1.1" 200 30489 "-" "Mozilla/5.0 AppleWebKit/537.36 (KHTML, like Gecko; compatible; GPTBot/1.3; +https://openai.com/gptbot)" maoristudio.com 216886
147.135.252.138 - - [11/Nov/2025:10:23:22 -0300] "GET /?fileloc=//lib/modules/5.14.0-503.11.1.el9_5.x86_64/kernel/sound/soc/intel/boards/snd-soc-sst-byt-cht-cx2072x.ko.xz&path=//lib/modules/5.14.0-503.11.1.el9_5.x86_64/kernel/sound/soc/intel/boards HTTP/1.1" 200 38877 "-" "Mozilla/5.0 (compatible; MJ12bot/v1.4.8; http://mj12bot.com/)" maoristudio.com 213048
74.7.227.128 - - [11/Nov/2025:10:23:22 -0300] "GET /humor42?path=/ HTTP/1.1" 200 30489 "-" "Mozilla/5.0 AppleWebKit/537.36 (KHTML, like Gecko; compatible; GPTBot/1.3; +https://openai.com/gptbot)" maoristudio.com 199807
74.7.227.128 - - [11/Nov/2025:10:23:24 -0300] "GET /drunk99?path=/ HTTP/1.1" 200 30489 "-" "Mozilla/5.0 AppleWebKit/537.36 (KHTML, like Gecko; compatible; GPTBot/1.3; +https://openai.com/gptbot)" maoristudio.com 227993
147.135.252.138 - - [11/Nov/2025:10:23:25 -0300] "GET /?fileloc=//lib/modules/5.14.0-503.11.1.el9_5.x86_64/kernel/sound/soc/intel/boards/snd-soc-sst-byt-cht-da7213.ko.xz&path=//lib/modules/5.14.0-503.11.1.el9_5.x86_64/kernel/sound/soc/intel/boards HTTP/1.1" 200 38817 "-" "Mozilla/5.0 (compatible; MJ12bot/v1.4.8; http://mj12bot.com/)" maoristudio.com 203170
74.7.227.128 - - [11/Nov/2025:10:23:25 -0300] "GET /avoid17?path=//proc HTTP/1.1" 200 102372 "-" "Mozilla/5.0 AppleWebKit/537.36 (KHTML, like Gecko; compatible; GPTBot/1.3; +https://openai.com/gptbot)" maoristudio.com 847384
74.7.227.128 - - [11/Nov/2025:10:23:26 -0300] "GET /belly92?path=/ HTTP/1.1" 200 30489 "-" "Mozilla/5.0 AppleWebKit/537.36 (KHTML, like Gecko; compatible; GPTBot/1.3; +https://openai.com/gptbot)" maoristudio.com 178651
74.7.227.128 - - [11/Nov/2025:10:23:27 -0300] "GET /along64?path=/ HTTP/1.1" 200 30489 "-" "Mozilla/5.0 AppleWebKit/537.36 (KHTML, like Gecko; compatible; GPTBot/1.3; +https://openai.com/gptbot)" maoristudio.com 167004
147.135.252.138 - - [11/Nov/2025:10:23:27 -0300] "GET /?fileloc=//lib/modules/5.14.0-503.11.1.el9_5.x86_64/kernel/sound/soc/intel/boards/snd-soc-sst-byt-cht-es8316.ko.xz&path=//lib/modules/5.14.0-503.11.1.el9_5.x86_64/kernel/sound/soc/intel/boards HTTP/1.1" 200 45480 "-" "Mozilla/5.0 (compatible; MJ12bot/v1.4.8; http://mj12bot.com/)" maoristudio.com 244792
18.215.112.101 - - [11/Nov/2025:10:23:28 -0300] "GET /?path=//proc/thread-self/root/lib/.build-id/f1 HTTP/1.1" 200 22873 "-" "Mozilla/5.0 AppleWebKit/537.36 (KHTML, like Gecko; compatible; Amazonbot/0.1; +https://developer.amazon.com/support/amazonbot) Chrome/119.0.6045.214 Safari/537.36" maoristudio.com 175984
74.7.227.128 - - [11/Nov/2025:10:23:28 -0300] "GET /orbit34?path=/ HTTP/1.1" 200 30489 "-" "Mozilla/5.0 AppleWebKit/537.36 (KHTML, like Gecko; compatible; GPTBot/1.3; +https://openai.com/gptbot)" maoristudio.com 202187
74.7.227.128 - - [11/Nov/2025:10:23:30 -0300] "GET /bunch87?path=/ HTTP/1.1" 200 30489 "-" "Mozilla/5.0 AppleWebKit/537.36 (KHTML, like Gecko; compatible; GPTBot/1.3; +https://openai.com/gptbot)" maoristudio.com 250875
147.135.252.138 - - [11/Nov/2025:10:23:30 -0300] "GET /?fileloc=//lib/modules/5.14.0-503.11.1.el9_5.x86_64/kernel/sound/soc/intel/boards/snd-soc-sst-byt-cht-nocodec.ko.xz&path=//lib/modules/5.14.0-503.11.1.el9_5.x86_64/kernel/sound/soc/intel/boards HTTP/1.1" 200 35798 "-" "Mozilla/5.0 (compatible; MJ12bot/v1.4.8; http://mj12bot.com/)" maoristudio.com 260869
74.7.227.128 - - [11/Nov/2025:10:23:31 -0300] "GET /fresh69?path=/ HTTP/1.1" 200 30489 "-" "Mozilla/5.0 AppleWebKit/537.36 (KHTML, like Gecko; compatible; GPTBot/1.3; +https://openai.com/gptbot)" maoristudio.com 342909
74.7.227.128 - - [11/Nov/2025:10:23:32 -0300] "GET /along10?path=//sbin HTTP/1.1" 200 61855 "-" "Mozilla/5.0 AppleWebKit/537.36 (KHTML, like Gecko; compatible; GPTBot/1.3; +https://openai.com/gptbot)" maoristudio.com 226087
147.135.252.138 - - [11/Nov/2025:10:23:33 -0300] "GET /?fileloc=//lib/modules/5.14.0-503.11.1.el9_5.x86_64/kernel/sound/soc/intel/boards/snd-soc-sst-bytcr-rt5640.ko.xz&path=//lib/modules/5.14.0-503.11.1.el9_5.x86_64/kernel/sound/soc/intel/boards HTTP/1.1" 200 55416 "-" "Mozilla/5.0 (compatible; MJ12bot/v1.4.8; http://mj12bot.com/)" maoristudio.com 248604
74.7.227.128 - - [11/Nov/2025:10:23:33 -0300] "GET /along10?path=//lib HTTP/1.1" 200 61010 "-" "Mozilla/5.0 AppleWebKit/537.36 (KHTML, like Gecko; compatible; GPTBot/1.3; +https://openai.com/gptbot)" maoristudio.com 173778
74.7.227.128 - - [11/Nov/2025:10:23:34 -0300] "GET /guess64?path=/ HTTP/1.1" 200 30489 "-" "Mozilla/5.0 AppleWebKit/537.36 (KHTML, like Gecko; compatible; GPTBot/1.3; +https://openai.com/gptbot)" maoristudio.com 224986
147.135.252.138 - - [11/Nov/2025:10:23:35 -0300] "GET /?fileloc=//lib/modules/5.14.0-503.11.1.el9_5.x86_64/kernel/sound/soc/intel/boards/snd-soc-sst-bytcr-rt5651.ko.xz&path=//lib/modules/5.14.0-503.11.1.el9_5.x86_64/kernel/sound/soc/intel/boards HTTP/1.1" 200 50785 "-" "Mozilla/5.0 (compatible; MJ12bot/v1.4.8; http://mj12bot.com/)" maoristudio.com 205238
74.7.227.128 - - [11/Nov/2025:10:23:36 -0300] "GET /alone63?path=/ HTTP/1.1" 200 30489 "-" "Mozilla/5.0 AppleWebKit/537.36 (KHTML, like Gecko; compatible; GPTBot/1.3; +https://openai.com/gptbot)" maoristudio.com 415898
74.7.227.128 - - [11/Nov/2025:10:23:37 -0300] "GET /lobby48?path=/ HTTP/1.1" 200 30489 "-" "Mozilla/5.0 AppleWebKit/537.36 (KHTML, like Gecko; compatible; GPTBot/1.3; +https://openai.com/gptbot)" maoristudio.com 216493
147.135.252.138 - - [11/Nov/2025:10:23:38 -0300] "GET /?fileloc=//lib/modules/5.14.0-503.11.1.el9_5.x86_64/kernel/sound/soc/intel/boards/snd-soc-sst-cht-bsw-max98090_ti.ko.xz&path=//lib/modules/5.14.0-503.11.1.el9_5.x86_64/kernel/sound/soc/intel/boards HTTP/1.1" 200 43018 "-" "Mozilla/5.0 (compatible; MJ12bot/v1.4.8; http://mj12bot.com/)" maoristudio.com 217933
74.7.227.128 - - [11/Nov/2025:10:23:38 -0300] "GET /avoid17?path=//proc/net HTTP/1.1" 200 85336 "-" "Mozilla/5.0 AppleWebKit/537.36 (KHTML, like Gecko; compatible; GPTBot/1.3; +https://openai.com/gptbot)" maoristudio.com 1084514
74.7.227.128 - - [11/Nov/2025:10:23:40 -0300] "GET /avoid17?fileloc=//proc/cgroups&path=//proc HTTP/1.1" 200 12314 "-" "Mozilla/5.0 AppleWebKit/537.36 (KHTML, like Gecko; compatible; GPTBot/1.3; +https://openai.com/gptbot)" maoristudio.com 277957
147.135.252.138 - - [11/Nov/2025:10:23:40 -0300] "GET /?fileloc=//lib/modules/5.14.0-503.11.1.el9_5.x86_64/kernel/sound/soc/intel/boards/snd-soc-sst-cht-bsw-nau8824.ko.xz&path=//lib/modules/5.14.0-503.11.1.el9_5.x86_64/kernel/sound/soc/intel/boards HTTP/1.1" 200 39218 "-" "Mozilla/5.0 (compatible; MJ12bot/v1.4.8; http://mj12bot.com/)" maoristudio.com 517310
147.135.252.138 - - [11/Nov/2025:10:23:44 -0300] "GET /?fileloc=//lib/modules/5.14.0-503.11.1.el9_5.x86_64/kernel/sound/soc/intel/boards/snd-soc-sst-cht-bsw-rt5645.ko.xz&path=//lib/modules/5.14.0-503.11.1.el9_5.x86_64/kernel/sound/soc/intel/boards HTTP/1.1" 200 45216 "-" "Mozilla/5.0 (compatible; MJ12bot/v1.4.8; http://mj12bot.com/)" maoristudio.com 280873
147.135.252.138 - - [11/Nov/2025:10:23:46 -0300] "GET /?fileloc=//lib/modules/5.14.0-503.11.1.el9_5.x86_64/kernel/sound/soc/intel/boards/snd-soc-sst-cht-bsw-rt5672.ko.xz&path=//lib/modules/5.14.0-503.11.1.el9_5.x86_64/kernel/sound/soc/intel/boards HTTP/1.1" 200 43202 "-" "Mozilla/5.0 (compatible; MJ12bot/v1.4.8; http://mj12bot.com/)" maoristudio.com 275242
54.156.124.2 - - [11/Nov/2025:10:23:48 -0300] "GET /?path=//proc/self/root/lib/.build-id/12 HTTP/1.1" 200 24275 "-" "Mozilla/5.0 AppleWebKit/537.36 (KHTML, like Gecko; compatible; Amazonbot/0.1; +https://developer.amazon.com/support/amazonbot) Chrome/119.0.6045.214 Safari/537.36" maoristudio.com 159765
147.135.252.138 - - [11/Nov/2025:10:23:49 -0300] "GET /?fileloc=//lib/modules/5.14.0-503.11.1.el9_5.x86_64/kernel/sound/soc/intel/boards/snd-soc-sst-glk-rt5682_max98357a.ko.xz&path=//lib/modules/5.14.0-503.11.1.el9_5.x86_64/kernel/sound/soc/intel/boards HTTP/1.1" 200 43345 "-" "Mozilla/5.0 (compatible; MJ12bot/v1.4.8; http://mj12bot.com/)" maoristudio.com 253979
74.7.227.128 - - [11/Nov/2025:10:23:41 -0300] "GET /along64?path=//bin HTTP/1.1" 200 665055 "-" "Mozilla/5.0 AppleWebKit/537.36 (KHTML, like Gecko; compatible; GPTBot/1.3; +https://openai.com/gptbot)" maoristudio.com 8650797
74.7.227.128 - - [11/Nov/2025:10:23:51 -0300] "GET /serve10?path=/ HTTP/1.1" 200 30489 "-" "Mozilla/5.0 AppleWebKit/537.36 (KHTML, like Gecko; compatible; GPTBot/1.3; +https://openai.com/gptbot)" maoristudio.com 169879
74.7.227.128 - - [11/Nov/2025:10:23:52 -0300] "GET /towel58?path=/ HTTP/1.1" 200 30489 "-" "Mozilla/5.0 AppleWebKit/537.36 (KHTML, like Gecko; compatible; GPTBot/1.3; +https://openai.com/gptbot)" maoristudio.com 169655
147.135.252.138 - - [11/Nov/2025:10:23:52 -0300] "GET /?fileloc=//lib/modules/5.14.0-503.11.1.el9_5.x86_64/kernel/sound/soc/intel/boards/snd-soc-sst-sof-pcm512x.ko.xz&path=//lib/modules/5.14.0-503.11.1.el9_5.x86_64/kernel/sound/soc/intel/boards HTTP/1.1" 200 40547 "-" "Mozilla/5.0 (compatible; MJ12bot/v1.4.8; http://mj12bot.com/)" maoristudio.com 215258
74.7.227.128 - - [11/Nov/2025:10:23:53 -0300] "GET /suite19?path=/ HTTP/1.1" 200 30489 "-" "Mozilla/5.0 AppleWebKit/537.36 (KHTML, like Gecko; compatible; GPTBot/1.3; +https://openai.com/gptbot)" maoristudio.com 221773
74.7.227.128 - - [11/Nov/2025:10:23:54 -0300] "GET /grief33?path=/ HTTP/1.1" 200 30489 "-" "Mozilla/5.0 AppleWebKit/537.36 (KHTML, like Gecko; compatible; GPTBot/1.3; +https://openai.com/gptbot)" maoristudio.com 207077
147.135.252.138 - - [11/Nov/2025:10:23:55 -0300] "GET /?fileloc=//lib/modules/5.14.0-503.11.1.el9_5.x86_64/kernel/sound/soc/intel/boards/snd-soc-sst-sof-wm8804.ko.xz&path=//lib/modules/5.14.0-503.11.1.el9_5.x86_64/kernel/sound/soc/intel/boards HTTP/1.1" 200 37541 "-" "Mozilla/5.0 (compatible; MJ12bot/v1.4.8; http://mj12bot.com/)" maoristudio.com 191326
74.7.227.128 - - [11/Nov/2025:10:23:55 -0300] "GET /queen17?path=/ HTTP/1.1" 200 30489 "-" "Mozilla/5.0 AppleWebKit/537.36 (KHTML, like Gecko; compatible; GPTBot/1.3; +https://openai.com/gptbot)" maoristudio.com 179894
3.208.146.193 - - [11/Nov/2025:10:23:56 -0300] "GET /?path=//proc/self/root/usr/lib64/php HTTP/1.1" 200 14332 "-" "Mozilla/5.0 AppleWebKit/537.36 (KHTML, like Gecko; compatible; Amazonbot/0.1; +https://developer.amazon.com/support/amazonbot) Chrome/119.0.6045.214 Safari/537.36" maoristudio.com 188843
74.7.227.128 - - [11/Nov/2025:10:23:57 -0300] "GET /merit79?path=/ HTTP/1.1" 200 30489 "-" "Mozilla/5.0 AppleWebKit/537.36 (KHTML, like Gecko; compatible; GPTBot/1.3; +https://openai.com/gptbot)" maoristudio.com 179011
147.135.252.138 - - [11/Nov/2025:10:23:57 -0300] "GET /?fileloc=//lib/modules/5.14.0-503.11.1.el9_5.x86_64/kernel/sound/soc/intel/catpt/snd-soc-catpt.ko.xz&path=//lib/modules/5.14.0-503.11.1.el9_5.x86_64/kernel/sound/soc/intel/catpt HTTP/1.1" 200 88424 "-" "Mozilla/5.0 (compatible; MJ12bot/v1.4.8; http://mj12bot.com/)" maoristudio.com 456936
74.7.227.128 - - [11/Nov/2025:10:23:58 -0300] "GET /along64?fileloc=//bin/zgrep&path=//bin HTTP/1.1" 200 22040 "-" "Mozilla/5.0 AppleWebKit/537.36 (KHTML, like Gecko; compatible; GPTBot/1.3; +https://openai.com/gptbot)" maoristudio.com 352298
74.7.227.128 - - [11/Nov/2025:10:23:59 -0300] "GET /avoid17?fileloc=//proc/net/ip_mr_cache&path=//proc/net HTTP/1.1" 200 12357 "-" "Mozilla/5.0 AppleWebKit/537.36 (KHTML, like Gecko; compatible; GPTBot/1.3; +https://openai.com/gptbot)" maoristudio.com 124096
74.7.227.128 - - [11/Nov/2025:10:24:00 -0300] "GET /avoid17?fileloc=//proc/net/rt_cache&path=//proc/net HTTP/1.1" 200 12354 "-" "Mozilla/5.0 AppleWebKit/537.36 (KHTML, like Gecko; compatible; GPTBot/1.3; +https://openai.com/gptbot)" maoristudio.com 157858
147.135.252.138 - - [11/Nov/2025:10:24:01 -0300] "GET /?fileloc=//lib/modules/5.14.0-503.11.1.el9_5.x86_64/kernel/sound/soc/intel/common/snd-soc-acpi-intel-match.ko.xz&path=//lib/modules/5.14.0-503.11.1.el9_5.x86_64/kernel/sound/soc/intel/common HTTP/1.1" 200 53623 "-" "Mozilla/5.0 (compatible; MJ12bot/v1.4.8; http://mj12bot.com/)" maoristudio.com 118761
74.7.227.128 - - [11/Nov/2025:10:24:01 -0300] "GET /avoid17?fileloc=//proc/net/rt_acct&path=//proc/net HTTP/1.1" 200 12353 "-" "Mozilla/5.0 AppleWebKit/537.36 (KHTML, like Gecko; compatible; GPTBot/1.3; +https://openai.com/gptbot)" maoristudio.com 364854
74.7.227.128 - - [11/Nov/2025:10:24:02 -0300] "GET /avoid17?fileloc=//proc/net/softnet_stat&path=//proc/net HTTP/1.1" 200 12358 "-" "Mozilla/5.0 AppleWebKit/537.36 (KHTML, like Gecko; compatible; GPTBot/1.3; +https://openai.com/gptbot)" maoristudio.com 139423
147.135.252.138 - - [11/Nov/2025:10:24:03 -0300] "GET /?fileloc=//lib/modules/5.14.0-503.11.1.el9_5.x86_64/kernel/sound/soc/intel/common/snd-soc-sst-dsp.ko.xz&path=//lib/modules/5.14.0-503.11.1.el9_5.x86_64/kernel/sound/soc/intel/common HTTP/1.1" 200 32259 "-" "Mozilla/5.0 (compatible; MJ12bot/v1.4.8; http://mj12bot.com/)" maoristudio.com 122093
74.7.227.128 - - [11/Nov/2025:10:24:03 -0300] "GET /avoid17?fileloc=//proc/net/fib_trie&path=//proc/net HTTP/1.1" 200 12354 "-" "Mozilla/5.0 AppleWebKit/537.36 (KHTML, like Gecko; compatible; GPTBot/1.3; +https://openai.com/gptbot)" maoristudio.com 146807
173.208.176.202 - - [11/Nov/2025:10:22:29 -0300] "GET /wp-includes/qq5da787/index.php?id=775696 HTTP/1.1" 200 - "http://maoristudio.com/wp-includes/qq5da787/index.php?id=775696" "Mozilla/5.0 (Windows NT 10.0; Win64; x64) AppleWebKit/537.36 (KHTML, like Gecko) Chrome/58.0.3029.110 Safari/537.3" maoristudio.com 94776353
74.7.227.128 - - [11/Nov/2025:10:24:05 -0300] "GET /avoid17?fileloc=//proc/net/nf_conntrack&path=//proc/net HTTP/1.1" 200 12358 "-" "Mozilla/5.0 AppleWebKit/537.36 (KHTML, like Gecko; compatible; GPTBot/1.3; +https://openai.com/gptbot)" maoristudio.com 134366
173.208.176.202 - - [11/Nov/2025:10:22:38 -0300] "GET /wp-content/ade7e187/edit.php?id=798844 HTTP/1.1" 200 - "http://maoristudio.com/wp-content/ade7e187/edit.php?id=798844" "Mozilla/5.0 (Windows NT 10.0; Win64; x64) AppleWebKit/537.36 (KHTML, like Gecko) Chrome/58.0.3029.110 Safari/537.3" maoristudio.com 87292858
147.135.252.138 - - [11/Nov/2025:10:24:06 -0300] "GET /?fileloc=//lib/modules/5.14.0-503.11.1.el9_5.x86_64/kernel/sound/soc/intel/common/snd-soc-sst-ipc.ko.xz&path=//lib/modules/5.14.0-503.11.1.el9_5.x86_64/kernel/sound/soc/intel/common HTTP/1.1" 200 26015 "-" "Mozilla/5.0 (compatible; MJ12bot/v1.4.8; http://mj12bot.com/)" maoristudio.com 111141
74.7.227.128 - - [11/Nov/2025:10:24:06 -0300] "GET /avoid17?fileloc=//proc/net/fib_triestat&path=//proc/net HTTP/1.1" 200 12358 "-" "Mozilla/5.0 AppleWebKit/537.36 (KHTML, like Gecko; compatible; GPTBot/1.3; +https://openai.com/gptbot)" maoristudio.com 112804
74.7.227.128 - - [11/Nov/2025:10:24:07 -0300] "GET /avoid17?path=//proc/sysvipc HTTP/1.1" 200 16954 "-" "Mozilla/5.0 AppleWebKit/537.36 (KHTML, like Gecko; compatible; GPTBot/1.3; +https://openai.com/gptbot)" maoristudio.com 177861
74.7.227.128 - - [11/Nov/2025:10:24:08 -0300] "GET /avoid17?fileloc=//proc/net/nf_conntrack_expect&path=//proc/net HTTP/1.1" 200 12365 "-" "Mozilla/5.0 AppleWebKit/537.36 (KHTML, like Gecko; compatible; GPTBot/1.3; +https://openai.com/gptbot)" maoristudio.com 125501
147.135.252.138 - - [11/Nov/2025:10:24:08 -0300] "GET /?fileloc=//lib/modules/5.14.0-503.11.1.el9_5.x86_64/kernel/sound/soc/intel/skylake/snd-soc-skl-ssp-clk.ko.xz&path=//lib/modules/5.14.0-503.11.1.el9_5.x86_64/kernel/sound/soc/intel/skylake HTTP/1.1" 200 43148 "-" "Mozilla/5.0 (compatible; MJ12bot/v1.4.8; http://mj12bot.com/)" maoristudio.com 385416
74.7.227.128 - - [11/Nov/2025:10:24:09 -0300] "GET /order91?path=/ HTTP/1.1" 200 30489 "-" "Mozilla/5.0 AppleWebKit/537.36 (KHTML, like Gecko; compatible; GPTBot/1.3; +https://openai.com/gptbot)" maoristudio.com 129034
74.7.227.128 - - [11/Nov/2025:10:24:11 -0300] "GET /avoid17?fileloc=//proc/net/ip6_flowlabel&path=//proc/net HTTP/1.1" 200 12359 "-" "Mozilla/5.0 AppleWebKit/537.36 (KHTML, like Gecko; compatible; GPTBot/1.3; +https://openai.com/gptbot)" maoristudio.com 115865
74.7.227.128 - - [11/Nov/2025:10:24:12 -0300] "GET /avoid17?fileloc=//proc/net/ipv6_route&path=//proc/net HTTP/1.1" 200 12356 "-" "Mozilla/5.0 AppleWebKit/537.36 (KHTML, like Gecko; compatible; GPTBot/1.3; +https://openai.com/gptbot)" maoristudio.com 162385
147.135.252.138 - - [11/Nov/2025:10:24:11 -0300] "GET /?fileloc=//lib/modules/5.14.0-503.11.1.el9_5.x86_64/kernel/sound/soc/intel/skylake/snd-soc-skl.ko.xz&path=//lib/modules/5.14.0-503.11.1.el9_5.x86_64/kernel/sound/soc/intel/skylake HTTP/1.1" 200 191188 "-" "Mozilla/5.0 (compatible; MJ12bot/v1.4.8; http://mj12bot.com/)" maoristudio.com 1770789
74.7.227.128 - - [11/Nov/2025:10:24:13 -0300] "GET /avoid17?fileloc=//proc/net/ip6_mr_cache&path=//proc/net HTTP/1.1" 200 12358 "-" "Mozilla/5.0 AppleWebKit/537.36 (KHTML, like Gecko; compatible; GPTBot/1.3; +https://openai.com/gptbot)" maoristudio.com 175397
74.7.227.128 - - [11/Nov/2025:10:24:14 -0300] "GET /avoid17?fileloc=//proc/net/ip6_mr_vif&path=//proc/net HTTP/1.1" 200 12356 "-" "Mozilla/5.0 AppleWebKit/537.36 (KHTML, like Gecko; compatible; GPTBot/1.3; +https://openai.com/gptbot)" maoristudio.com 130504
74.7.227.128 - - [11/Nov/2025:10:24:15 -0300] "GET /avoid17?fileloc=//proc/net/protocols&path=//proc/net HTTP/1.1" 200 12355 "-" "Mozilla/5.0 AppleWebKit/537.36 (KHTML, like Gecko; compatible; GPTBot/1.3; +https://openai.com/gptbot)" maoristudio.com 203817
147.135.252.138 - - [11/Nov/2025:10:24:16 -0300] "GET /?fileloc=//lib/modules/5.14.0-503.11.1.el9_5.x86_64/kernel/sound/soc/sof/amd/snd-sof-amd-acp.ko.xz&path=//lib/modules/5.14.0-503.11.1.el9_5.x86_64/kernel/sound/soc/sof/amd HTTP/1.1" 200 84712 "-" "Mozilla/5.0 (compatible; MJ12bot/v1.4.8; http://mj12bot.com/)" maoristudio.com 298490
74.7.227.128 - - [11/Nov/2025:10:24:16 -0300] "GET /avoid17?fileloc=//proc/net/psched&path=//proc/net HTTP/1.1" 200 12352 "-" "Mozilla/5.0 AppleWebKit/537.36 (KHTML, like Gecko; compatible; GPTBot/1.3; +https://openai.com/gptbot)" maoristudio.com 380391
74.7.227.128 - - [11/Nov/2025:10:24:17 -0300] "GET /avoid17?fileloc=//proc/net/packet&path=//proc/net HTTP/1.1" 200 12352 "-" "Mozilla/5.0 AppleWebKit/537.36 (KHTML, like Gecko; compatible; GPTBot/1.3; +https://openai.com/gptbot)" maoristudio.com 275969
74.7.227.128 - - [11/Nov/2025:10:24:19 -0300] "GET /avoid17?fileloc=//proc/net/tcp&path=//proc/net HTTP/1.1" 403 87388 "-" "Mozilla/5.0 AppleWebKit/537.36 (KHTML, like Gecko; compatible; GPTBot/1.3; +https://openai.com/gptbot)" maoristudio.com 426874
54.225.81.20 - - [11/Nov/2025:10:24:20 -0300] "GET /?path=//proc/thread-self/root/lib/.build-id/dc HTTP/1.1" 200 26124 "-" "Mozilla/5.0 AppleWebKit/537.36 (KHTML, like Gecko; compatible; Amazonbot/0.1; +https://developer.amazon.com/support/amazonbot) Chrome/119.0.6045.214 Safari/537.36" maoristudio.com 239685
74.7.227.128 - - [11/Nov/2025:10:24:20 -0300] "GET /avoid17?fileloc=//proc/net/arp&path=//proc/net HTTP/1.1" 200 12349 "-" "Mozilla/5.0 AppleWebKit/537.36 (KHTML, like Gecko; compatible; GPTBot/1.3; +https://openai.com/gptbot)" maoristudio.com 251278
147.135.252.138 - - [11/Nov/2025:10:24:20 -0300] "GET /?fileloc=//lib/modules/5.14.0-503.11.1.el9_5.x86_64/kernel/sound/soc/sof/amd/snd-sof-amd-rembrandt.ko.xz&path=//lib/modules/5.14.0-503.11.1.el9_5.x86_64/kernel/sound/soc/sof/amd HTTP/1.1" 200 46073 "-" "Mozilla/5.0 (compatible; MJ12bot/v1.4.8; http://mj12bot.com/)" maoristudio.com 261733
74.7.227.128 - - [11/Nov/2025:10:24:21 -0300] "GET /avoid17?fileloc=//proc/net/mcfilter6&path=//proc/net HTTP/1.1" 200 12355 "-" "Mozilla/5.0 AppleWebKit/537.36 (KHTML, like Gecko; compatible; GPTBot/1.3; +https://openai.com/gptbot)" maoristudio.com 472364
74.7.227.128 - - [11/Nov/2025:10:24:22 -0300] "GET /avoid17?fileloc=//proc/net/sockstat&path=//proc/net HTTP/1.1" 200 12354 "-" "Mozilla/5.0 AppleWebKit/537.36 (KHTML, like Gecko; compatible; GPTBot/1.3; +https://openai.com/gptbot)" maoristudio.com 209895
147.135.252.138 - - [11/Nov/2025:10:24:23 -0300] "GET /?fileloc=//lib/modules/5.14.0-503.11.1.el9_5.x86_64/kernel/sound/soc/sof/amd/snd-sof-amd-renoir.ko.xz&path=//lib/modules/5.14.0-503.11.1.el9_5.x86_64/kernel/sound/soc/sof/amd HTTP/1.1" 200 46225 "-" "Mozilla/5.0 (compatible; MJ12bot/v1.4.8; http://mj12bot.com/)" maoristudio.com 259331
74.7.227.128 - - [11/Nov/2025:10:24:23 -0300] "GET /avoid17?fileloc=//proc/net/udp&path=//proc/net HTTP/1.1" 403 87388 "-" "Mozilla/5.0 AppleWebKit/537.36 (KHTML, like Gecko; compatible; GPTBot/1.3; +https://openai.com/gptbot)" maoristudio.com 622925
74.7.227.128 - - [11/Nov/2025:10:24:24 -0300] "GET /avoid17?fileloc=//proc/net/mcfilter&path=//proc/net HTTP/1.1" 200 12354 "-" "Mozilla/5.0 AppleWebKit/537.36 (KHTML, like Gecko; compatible; GPTBot/1.3; +https://openai.com/gptbot)" maoristudio.com 244343
74.7.227.128 - - [11/Nov/2025:10:24:26 -0300] "GET /avoid17?fileloc=//proc/net/raw&path=//proc/net HTTP/1.1" 200 12467 "-" "Mozilla/5.0 AppleWebKit/537.36 (KHTML, like Gecko; compatible; GPTBot/1.3; +https://openai.com/gptbot)" maoristudio.com 249965
147.135.252.138 - - [11/Nov/2025:10:24:26 -0300] "GET /?fileloc=//lib/modules/5.14.0-503.11.1.el9_5.x86_64/kernel/sound/soc/sof/amd/snd-sof-amd-vangogh.ko.xz&path=//lib/modules/5.14.0-503.11.1.el9_5.x86_64/kernel/sound/soc/sof/amd HTTP/1.1" 200 46453 "-" "Mozilla/5.0 (compatible; MJ12bot/v1.4.8; http://mj12bot.com/)" maoristudio.com 310888
74.7.227.128 - - [11/Nov/2025:10:24:27 -0300] "GET /avoid17?fileloc=//proc/net/connector&path=//proc/net HTTP/1.1" 200 12355 "-" "Mozilla/5.0 AppleWebKit/537.36 (KHTML, like Gecko; compatible; GPTBot/1.3; +https://openai.com/gptbot)" maoristudio.com 190965
74.7.227.128 - - [11/Nov/2025:10:24:28 -0300] "GET /avoid17?fileloc=//proc/net/anycast6&path=//proc/net HTTP/1.1" 200 12354 "-" "Mozilla/5.0 AppleWebKit/537.36 (KHTML, like Gecko; compatible; GPTBot/1.3; +https://openai.com/gptbot)" maoristudio.com 207033
147.135.252.138 - - [11/Nov/2025:10:24:28 -0300] "GET /?fileloc=//lib/modules/5.14.0-503.11.1.el9_5.x86_64/kernel/sound/soc/sof/intel/snd-sof-acpi-intel-bdw.ko.xz&path=//lib/modules/5.14.0-503.11.1.el9_5.x86_64/kernel/sound/soc/sof/intel HTTP/1.1" 200 54515 "-" "Mozilla/5.0 (compatible; MJ12bot/v1.4.8; http://mj12bot.com/)" maoristudio.com 482222
74.7.227.128 - - [11/Nov/2025:10:24:29 -0300] "GET /avoid17?fileloc=//proc/net/sockstat6&path=//proc/net HTTP/1.1" 200 12355 "-" "Mozilla/5.0 AppleWebKit/537.36 (KHTML, like Gecko; compatible; GPTBot/1.3; +https://openai.com/gptbot)" maoristudio.com 202956
74.7.227.128 - - [11/Nov/2025:10:24:30 -0300] "GET /avoid17?fileloc=//proc/net/tls_stat&path=//proc/net HTTP/1.1" 200 12354 "-" "Mozilla/5.0 AppleWebKit/537.36 (KHTML, like Gecko; compatible; GPTBot/1.3; +https://openai.com/gptbot)" maoristudio.com 172059
74.7.227.128 - - [11/Nov/2025:10:24:31 -0300] "GET /avoid17?fileloc=//proc/net/netlink&path=//proc/net HTTP/1.1" 200 12353 "-" "Mozilla/5.0 AppleWebKit/537.36 (KHTML, like Gecko; compatible; GPTBot/1.3; +https://openai.com/gptbot)" maoristudio.com 215057
