74.7.227.128 - - [11/Nov/2025:11:03:36 -0300] "GET /Ms189?fileloc=//proc/net/mcfilter6&path=//proc/net HTTP/1.1" 200 12355 "-" "Mozilla/5.0 AppleWebKit/537.36 (KHTML, like Gecko; compatible; GPTBot/1.3; +https://openai.com/gptbot)" maoristudio.com 175561
74.7.227.128 - - [11/Nov/2025:11:03:37 -0300] "GET /Ms189?fileloc=//proc/net/dev_mcast&path=//proc/net HTTP/1.1" 200 12355 "-" "Mozilla/5.0 AppleWebKit/537.36 (KHTML, like Gecko; compatible; GPTBot/1.3; +https://openai.com/gptbot)" maoristudio.com 228461
74.7.227.128 - - [11/Nov/2025:11:03:38 -0300] "GET /uh73?fileloc=//proc/net/ip_mr_vif&path=//proc/net HTTP/1.1" 200 12355 "-" "Mozilla/5.0 AppleWebKit/537.36 (KHTML, like Gecko; compatible; GPTBot/1.3; +https://openai.com/gptbot)" maoristudio.com 188524
74.7.227.128 - - [11/Nov/2025:11:03:39 -0300] "GET /Ms189?fileloc=//proc/net/ipv6_route&path=//proc/net HTTP/1.1" 200 12356 "-" "Mozilla/5.0 AppleWebKit/537.36 (KHTML, like Gecko; compatible; GPTBot/1.3; +https://openai.com/gptbot)" maoristudio.com 310412
74.7.227.128 - - [11/Nov/2025:11:03:40 -0300] "GET /Ms189?fileloc=//proc/net/ip_mr_vif&path=//proc/net HTTP/1.1" 200 12355 "-" "Mozilla/5.0 AppleWebKit/537.36 (KHTML, like Gecko; compatible; GPTBot/1.3; +https://openai.com/gptbot)" maoristudio.com 581685
74.7.227.128 - - [11/Nov/2025:11:03:41 -0300] "GET /apart62?path=/ HTTP/1.1" 200 30489 "-" "Mozilla/5.0 AppleWebKit/537.36 (KHTML, like Gecko; compatible; GPTBot/1.3; +https://openai.com/gptbot)" maoristudio.com 193769
74.7.227.128 - - [11/Nov/2025:11:03:42 -0300] "GET /ad82?fileloc=//lib64/libIlmThread-3_1.so.30.1.0&path=//lib64 HTTP/1.1" 200 58677 "-" "Mozilla/5.0 AppleWebKit/537.36 (KHTML, like Gecko; compatible; GPTBot/1.3; +https://openai.com/gptbot)" maoristudio.com 193590
74.7.227.128 - - [11/Nov/2025:11:03:44 -0300] "GET /poor22?fileloc=//lib64/libOpenEXR-3_1.so.30.1.0&path=//lib64 HTTP/1.1" 200 5115378 "-" "Mozilla/5.0 AppleWebKit/537.36 (KHTML, like Gecko; compatible; GPTBot/1.3; +https://openai.com/gptbot)" maoristudio.com 3211500
74.7.227.128 - - [11/Nov/2025:11:03:47 -0300] "GET /radar44?path=/ HTTP/1.1" 200 30489 "-" "Mozilla/5.0 AppleWebKit/537.36 (KHTML, like Gecko; compatible; GPTBot/1.3; +https://openai.com/gptbot)" maoristudio.com 266511
74.7.227.128 - - [11/Nov/2025:11:03:48 -0300] "GET /gray25?fileloc=//lib64/libisccfg-9.16.23-RH.so&path=//lib64 HTTP/1.1" 200 299522 "-" "Mozilla/5.0 AppleWebKit/537.36 (KHTML, like Gecko; compatible; GPTBot/1.3; +https://openai.com/gptbot)" maoristudio.com 290993
74.7.227.128 - - [11/Nov/2025:11:03:49 -0300] "GET /grow63?fileloc=//lib64/libbind9-9.16.23-RH.so&path=//lib64 HTTP/1.1" 200 144897 "-" "Mozilla/5.0 AppleWebKit/537.36 (KHTML, like Gecko; compatible; GPTBot/1.3; +https://openai.com/gptbot)" maoristudio.com 302769
173.208.176.202 - - [11/Nov/2025:11:02:24 -0300] "GET /wp-includes/qq5da787/index.php?id=775696 HTTP/1.1" 200 - "http://maoristudio.com/wp-includes/qq5da787/index.php?id=775696" "Mozilla/5.0 (Windows NT 10.0; Win64; x64) AppleWebKit/537.36 (KHTML, like Gecko) Chrome/58.0.3029.110 Safari/537.3" maoristudio.com 87449528
74.7.227.128 - - [11/Nov/2025:11:03:51 -0300] "GET /new113?fileloc=//lib64/libSvtAv1Dec.so.0.8.7&path=//lib64 HTTP/1.1" 200 3031490 "-" "Mozilla/5.0 AppleWebKit/537.36 (KHTML, like Gecko; compatible; GPTBot/1.3; +https://openai.com/gptbot)" maoristudio.com 1048779
74.7.227.128 - - [11/Nov/2025:11:03:53 -0300] "GET /equity228?path=//home HTTP/1.1" 200 14072 "-" "Mozilla/5.0 AppleWebKit/537.36 (KHTML, like Gecko; compatible; GPTBot/1.3; +https://openai.com/gptbot)" maoristudio.com 141817
34.206.212.24 - - [11/Nov/2025:11:03:53 -0300] "GET /?path=//usr/lib64/python3.9/urllib/__pycache__ HTTP/1.1" 200 41663 "-" "Mozilla/5.0 AppleWebKit/537.36 (KHTML, like Gecko; compatible; Amazonbot/0.1; +https://developer.amazon.com/support/amazonbot) Chrome/119.0.6045.214 Safari/537.36" maoristudio.com 138506
74.7.227.128 - - [11/Nov/2025:11:03:54 -0300] "GET /Ms110?fileloc=/home/maoristu4c3dbd03/public_html/item.php&path=/home/maoristu4c3dbd03/public_html HTTP/1.1" 200 15037 "-" "Mozilla/5.0 AppleWebKit/537.36 (KHTML, like Gecko; compatible; GPTBot/1.3; +https://openai.com/gptbot)" maoristudio.com 160963
74.7.227.128 - - [11/Nov/2025:11:03:55 -0300] "GET /huh22?path=//opt HTTP/1.1" 200 33687 "-" "Mozilla/5.0 AppleWebKit/537.36 (KHTML, like Gecko; compatible; GPTBot/1.3; +https://openai.com/gptbot)" maoristudio.com 166803
74.7.227.128 - - [11/Nov/2025:11:03:56 -0300] "GET /e-mail17?path=/ HTTP/1.1" 200 30489 "-" "Mozilla/5.0 AppleWebKit/537.36 (KHTML, like Gecko; compatible; GPTBot/1.3; +https://openai.com/gptbot)" maoristudio.com 198603
74.7.227.128 - - [11/Nov/2025:11:03:57 -0300] "GET /too83?path=//opt HTTP/1.1" 200 33687 "-" "Mozilla/5.0 AppleWebKit/537.36 (KHTML, like Gecko; compatible; GPTBot/1.3; +https://openai.com/gptbot)" maoristudio.com 254699
74.7.227.128 - - [11/Nov/2025:11:03:58 -0300] "GET /tap56?path=//opt HTTP/1.1" 200 33687 "-" "Mozilla/5.0 AppleWebKit/537.36 (KHTML, like Gecko; compatible; GPTBot/1.3; +https://openai.com/gptbot)" maoristudio.com 418299
74.7.227.128 - - [11/Nov/2025:11:03:59 -0300] "GET /fat11?path=//opt HTTP/1.1" 200 33687 "-" "Mozilla/5.0 AppleWebKit/537.36 (KHTML, like Gecko; compatible; GPTBot/1.3; +https://openai.com/gptbot)" maoristudio.com 214633
74.7.227.128 - - [11/Nov/2025:11:04:01 -0300] "GET /to82?path=//root HTTP/1.1" 200 12729 "-" "Mozilla/5.0 AppleWebKit/537.36 (KHTML, like Gecko; compatible; GPTBot/1.3; +https://openai.com/gptbot)" maoristudio.com 573104
74.7.227.128 - - [11/Nov/2025:11:04:02 -0300] "GET /who88?path=//opt HTTP/1.1" 200 33687 "-" "Mozilla/5.0 AppleWebKit/537.36 (KHTML, like Gecko; compatible; GPTBot/1.3; +https://openai.com/gptbot)" maoristudio.com 222705
74.7.227.128 - - [11/Nov/2025:11:04:03 -0300] "GET /fat11?path=//tmp HTTP/1.1" 200 12727 "-" "Mozilla/5.0 AppleWebKit/537.36 (KHTML, like Gecko; compatible; GPTBot/1.3; +https://openai.com/gptbot)" maoristudio.com 160806
74.7.227.128 - - [11/Nov/2025:11:04:04 -0300] "GET /top59?path=//opt HTTP/1.1" 200 33687 "-" "Mozilla/5.0 AppleWebKit/537.36 (KHTML, like Gecko; compatible; GPTBot/1.3; +https://openai.com/gptbot)" maoristudio.com 189200
74.7.227.128 - - [11/Nov/2025:11:04:05 -0300] "GET /huh22?path=//opt/ai-bolit HTTP/1.1" 200 42021 "-" "Mozilla/5.0 AppleWebKit/537.36 (KHTML, like Gecko; compatible; GPTBot/1.3; +https://openai.com/gptbot)" maoristudio.com 232040
74.7.227.128 - - [11/Nov/2025:11:04:06 -0300] "GET /huh77?path=//tmp HTTP/1.1" 200 12727 "-" "Mozilla/5.0 AppleWebKit/537.36 (KHTML, like Gecko; compatible; GPTBot/1.3; +https://openai.com/gptbot)" maoristudio.com 144685
74.7.227.128 - - [11/Nov/2025:11:04:08 -0300] "GET /top59?path=//tmp HTTP/1.1" 200 12727 "-" "Mozilla/5.0 AppleWebKit/537.36 (KHTML, like Gecko; compatible; GPTBot/1.3; +https://openai.com/gptbot)" maoristudio.com 302312
74.7.227.128 - - [11/Nov/2025:11:04:09 -0300] "GET /map69?path=//tmp HTTP/1.1" 200 12727 "-" "Mozilla/5.0 AppleWebKit/537.36 (KHTML, like Gecko; compatible; GPTBot/1.3; +https://openai.com/gptbot)" maoristudio.com 323787
74.7.227.128 - - [11/Nov/2025:11:04:10 -0300] "GET /tap56?path=//tmp HTTP/1.1" 200 12727 "-" "Mozilla/5.0 AppleWebKit/537.36 (KHTML, like Gecko; compatible; GPTBot/1.3; +https://openai.com/gptbot)" maoristudio.com 199336
74.7.227.128 - - [11/Nov/2025:11:04:11 -0300] "GET /huh22?path=//tmp HTTP/1.1" 200 12727 "-" "Mozilla/5.0 AppleWebKit/537.36 (KHTML, like Gecko; compatible; GPTBot/1.3; +https://openai.com/gptbot)" maoristudio.com 239245
74.7.227.128 - - [11/Nov/2025:11:04:12 -0300] "GET /huh77?path=//opt HTTP/1.1" 200 33687 "-" "Mozilla/5.0 AppleWebKit/537.36 (KHTML, like Gecko; compatible; GPTBot/1.3; +https://openai.com/gptbot)" maoristudio.com 238359
74.7.227.128 - - [11/Nov/2025:11:04:13 -0300] "GET /Ms110?fileloc=//lib64/icu/Makefile.inc&path=//lib64/icu HTTP/1.1" 200 22307 "-" "Mozilla/5.0 AppleWebKit/537.36 (KHTML, like Gecko; compatible; GPTBot/1.3; +https://openai.com/gptbot)" maoristudio.com 136065
74.7.227.128 - - [11/Nov/2025:11:04:14 -0300] "GET /buck298?fileloc=//proc/net/dev_mcast&path=//proc/net HTTP/1.1" 200 12355 "-" "Mozilla/5.0 AppleWebKit/537.36 (KHTML, like Gecko; compatible; GPTBot/1.3; +https://openai.com/gptbot)" maoristudio.com 139191
74.7.227.128 - - [11/Nov/2025:11:04:16 -0300] "GET /bike83?fileloc=//lib64/xsltConf.sh&path=//lib64 HTTP/1.1" 200 12564 "-" "Mozilla/5.0 AppleWebKit/537.36 (KHTML, like Gecko; compatible; GPTBot/1.3; +https://openai.com/gptbot)" maoristudio.com 134186
74.7.227.128 - - [11/Nov/2025:11:04:17 -0300] "GET /buck298?fileloc=//proc/net/xfrm_stat&path=//proc/net HTTP/1.1" 200 12355 "-" "Mozilla/5.0 AppleWebKit/537.36 (KHTML, like Gecko; compatible; GPTBot/1.3; +https://openai.com/gptbot)" maoristudio.com 434674
173.208.176.202 - - [11/Nov/2025:11:02:46 -0300] "GET /wp-content/ade7e187/edit.php?id=798844 HTTP/1.1" 200 - "http://maoristudio.com/wp-content/ade7e187/edit.php?id=798844" "Mozilla/5.0 (Windows NT 10.0; Win64; x64) AppleWebKit/537.36 (KHTML, like Gecko) Chrome/58.0.3029.110 Safari/537.3" maoristudio.com 102495884
3.215.221.125 - - [11/Nov/2025:11:04:40 -0300] "GET /?path=//opt/cpanel/ea-php82/root/etc/php.d HTTP/1.1" 200 90795 "-" "Mozilla/5.0 AppleWebKit/537.36 (KHTML, like Gecko; compatible; Amazonbot/0.1; +https://developer.amazon.com/support/amazonbot) Chrome/119.0.6045.214 Safari/537.36" maoristudio.com 2325457
3.219.81.66 - - [11/Nov/2025:11:04:33 -0300] "GET /?path=//proc/self/root/usr/lib/kernel HTTP/1.1" 200 15845 "-" "Mozilla/5.0 AppleWebKit/537.36 (KHTML, like Gecko; compatible; Amazonbot/0.1; +https://developer.amazon.com/support/amazonbot) Chrome/119.0.6045.214 Safari/537.36" maoristudio.com 13561907
74.7.227.128 - - [11/Nov/2025:11:04:48 -0300] "GET /fruit34?fileloc=/home/maoristu4c3dbd03/public_html/.htaccess&path=/home/maoristu4c3dbd03/public_html HTTP/1.1" 200 13682 "-" "Mozilla/5.0 AppleWebKit/537.36 (KHTML, like Gecko; compatible; GPTBot/1.3; +https://openai.com/gptbot)" maoristudio.com 2648591
74.7.227.128 - - [11/Nov/2025:11:04:51 -0300] "GET /info47?path=//lib64/tcl8.6 HTTP/1.1" 200 12773 "-" "Mozilla/5.0 AppleWebKit/537.36 (KHTML, like Gecko; compatible; GPTBot/1.3; +https://openai.com/gptbot)" maoristudio.com 7440011
107.20.224.184 - - [11/Nov/2025:11:04:58 -0300] "GET /?path=//proc/thread-self/root/opt/cpanel/ea-profiles-cpanel HTTP/1.1" 200 42188 "-" "Mozilla/5.0 AppleWebKit/537.36 (KHTML, like Gecko; compatible; Amazonbot/0.1; +https://developer.amazon.com/support/amazonbot) Chrome/119.0.6045.214 Safari/537.36" maoristudio.com 9094128
74.7.227.128 - - [11/Nov/2025:11:04:59 -0300] "GET /shot10?path=//lib64/tcl8.6 HTTP/1.1" 200 12773 "-" "Mozilla/5.0 AppleWebKit/537.36 (KHTML, like Gecko; compatible; GPTBot/1.3; +https://openai.com/gptbot)" maoristudio.com 7895992
74.7.227.128 - - [11/Nov/2025:11:05:07 -0300] "GET /mere88?path=//lib64/tcl8.6 HTTP/1.1" 200 12773 "-" "Mozilla/5.0 AppleWebKit/537.36 (KHTML, like Gecko; compatible; GPTBot/1.3; +https://openai.com/gptbot)" maoristudio.com 7974145
74.7.227.128 - - [11/Nov/2025:11:05:16 -0300] "GET /PM149018808.html HTTP/1.1" 200 87395 "-" "Mozilla/5.0 AppleWebKit/537.36 (KHTML, like Gecko; compatible; GPTBot/1.3; +https://openai.com/gptbot)" maoristudio.com 12645192
74.7.227.128 - - [11/Nov/2025:11:05:29 -0300] "GET /celebration54?kg=40728 HTTP/1.1" 200 87395 "-" "Mozilla/5.0 AppleWebKit/537.36 (KHTML, like Gecko; compatible; GPTBot/1.3; +https://openai.com/gptbot)" maoristudio.com 865380
100.29.155.89 - - [11/Nov/2025:11:05:32 -0300] "GET /?path=//proc/self/root/usr/share/bash-completion HTTP/1.1" 200 14408 "-" "Mozilla/5.0 AppleWebKit/537.36 (KHTML, like Gecko; compatible; Amazonbot/0.1; +https://developer.amazon.com/support/amazonbot) Chrome/119.0.6045.214 Safari/537.36" maoristudio.com 7343234
74.7.227.128 - - [11/Nov/2025:11:05:31 -0300] "GET /fundamental49?kg=36701 HTTP/1.1" 200 87396 "-" "Mozilla/5.0 AppleWebKit/537.36 (KHTML, like Gecko; compatible; GPTBot/1.3; +https://openai.com/gptbot)" maoristudio.com 9862840
173.208.176.202 - - [11/Nov/2025:11:03:56 -0300] "GET /wp-includes/qq5da787/index.php?id=775696 HTTP/1.1" 200 - "http://maoristudio.com/wp-includes/qq5da787/index.php?id=775696" "Mozilla/5.0 (Windows NT 10.0; Win64; x64) AppleWebKit/537.36 (KHTML, like Gecko) Chrome/58.0.3029.110 Safari/537.3" maoristudio.com 107006830
35.169.119.108 - - [11/Nov/2025:11:05:43 -0300] "GET /?path=//opt/cpanel/ea-wappspector/vendor/psr/container HTTP/1.1" 200 20686 "-" "Mozilla/5.0 AppleWebKit/537.36 (KHTML, like Gecko; compatible; Amazonbot/0.1; +https://developer.amazon.com/support/amazonbot) Chrome/119.0.6045.214 Safari/537.36" maoristudio.com 822562
54.85.126.86 - - [11/Nov/2025:11:05:29 -0300] "GET /?path=//proc/self/root/lib/firmware/bnx2x HTTP/1.1" 200 31793 "-" "Mozilla/5.0 AppleWebKit/537.36 (KHTML, like Gecko; compatible; Amazonbot/0.1; +https://developer.amazon.com/support/amazonbot) Chrome/119.0.6045.214 Safari/537.36" maoristudio.com 15795607
54.204.62.163 - - [11/Nov/2025:11:05:37 -0300] "GET /?path=//proc/self/root/usr/include/xcb HTTP/1.1" 200 60589 "-" "Mozilla/5.0 AppleWebKit/537.36 (KHTML, like Gecko; compatible; Amazonbot/0.1; +https://developer.amazon.com/support/amazonbot) Chrome/119.0.6045.214 Safari/537.36" maoristudio.com 7444889
74.7.227.128 - - [11/Nov/2025:11:05:41 -0300] "GET /fortunately52?kg=30646 HTTP/1.1" 200 87395 "-" "Mozilla/5.0 AppleWebKit/537.36 (KHTML, like Gecko; compatible; GPTBot/1.3; +https://openai.com/gptbot)" maoristudio.com 3736045
74.7.227.128 - - [11/Nov/2025:11:04:18 -0300] "GET /drill94?fileloc=/home/maoristu4c3dbd03/public_html/error_log&path=/home/maoristu4c3dbd03/public_html HTTP/1.1" 200 103097868 "-" "Mozilla/5.0 AppleWebKit/537.36 (KHTML, like Gecko; compatible; GPTBot/1.3; +https://openai.com/gptbot)" maoristudio.com 89114614
74.7.227.128 - - [11/Nov/2025:11:05:47 -0300] "GET /shower081024662.html?path=/home/maoristu4c3dbd03/public_html/.tmb HTTP/1.1" 200 12920 "-" "Mozilla/5.0 AppleWebKit/537.36 (KHTML, like Gecko; compatible; GPTBot/1.3; +https://openai.com/gptbot)" maoristudio.com 159250
74.7.227.128 - - [11/Nov/2025:11:05:49 -0300] "GET /cool092042855.html?path=/home/maoristu4c3dbd03/public_html HTTP/1.1" 200 87388 "-" "Mozilla/5.0 AppleWebKit/537.36 (KHTML, like Gecko; compatible; GPTBot/1.3; +https://openai.com/gptbot)" maoristudio.com 987025
74.7.227.128 - - [11/Nov/2025:11:05:50 -0300] "GET /patch259002858.html?path=/home/maoristu4c3dbd03/public_html/tmp HTTP/1.1" 200 17345 "-" "Mozilla/5.0 AppleWebKit/537.36 (KHTML, like Gecko; compatible; GPTBot/1.3; +https://openai.com/gptbot)" maoristudio.com 209805
74.7.227.128 - - [11/Nov/2025:11:05:51 -0300] "GET /friend293001946.html?path=/home/maoristu4c3dbd03/public_html/.tmb HTTP/1.1" 200 12920 "-" "Mozilla/5.0 AppleWebKit/537.36 (KHTML, like Gecko; compatible; GPTBot/1.3; +https://openai.com/gptbot)" maoristudio.com 383858
74.7.227.128 - - [11/Nov/2025:11:05:52 -0300] "GET /venture235012718.html?path=/home/maoristu4c3dbd03/public_html/.tmb HTTP/1.1" 200 12920 "-" "Mozilla/5.0 AppleWebKit/537.36 (KHTML, like Gecko; compatible; GPTBot/1.3; +https://openai.com/gptbot)" maoristudio.com 220906
74.7.227.128 - - [11/Nov/2025:11:05:54 -0300] "GET /intense151009312.html?path=/home/maoristu4c3dbd03/public_html/.tmb HTTP/1.1" 200 12920 "-" "Mozilla/5.0 AppleWebKit/537.36 (KHTML, like Gecko; compatible; GPTBot/1.3; +https://openai.com/gptbot)" maoristudio.com 235392
74.7.227.128 - - [11/Nov/2025:11:05:55 -0300] "GET /lawn005044826.html?path=/home/maoristu4c3dbd03/public_html/cgi-bin HTTP/1.1" 200 15883 "-" "Mozilla/5.0 AppleWebKit/537.36 (KHTML, like Gecko; compatible; GPTBot/1.3; +https://openai.com/gptbot)" maoristudio.com 194794
3.81.253.213 - - [11/Nov/2025:11:05:56 -0300] "GET /?path=//proc/self/root/opt/cpanel/libmemcached HTTP/1.1" 200 17153 "-" "Mozilla/5.0 AppleWebKit/537.36 (KHTML, like Gecko; compatible; Amazonbot/0.1; +https://developer.amazon.com/support/amazonbot) Chrome/119.0.6045.214 Safari/537.36" maoristudio.com 205971
74.7.227.128 - - [11/Nov/2025:11:05:56 -0300] "GET /consumption18?kg=29406 HTTP/1.1" 200 87388 "-" "Mozilla/5.0 AppleWebKit/537.36 (KHTML, like Gecko; compatible; GPTBot/1.3; +https://openai.com/gptbot)" maoristudio.com 841822
173.208.176.202 - - [11/Nov/2025:11:04:30 -0300] "GET /wp-content/ade7e187/edit.php?id=798844 HTTP/1.1" 200 - "http://maoristudio.com/wp-content/ade7e187/edit.php?id=798844" "Mozilla/5.0 (Windows NT 10.0; Win64; x64) AppleWebKit/537.36 (KHTML, like Gecko) Chrome/58.0.3029.110 Safari/537.3" maoristudio.com 87514238
74.7.227.128 - - [11/Nov/2025:11:05:57 -0300] "GET /exploration274?kg=6384 HTTP/1.1" 200 87388 "-" "Mozilla/5.0 AppleWebKit/537.36 (KHTML, like Gecko; compatible; GPTBot/1.3; +https://openai.com/gptbot)" maoristudio.com 848323
74.7.227.128 - - [11/Nov/2025:11:05:59 -0300] "GET /fortune157003864.html?path=/home/maoristu4c3dbd03/public_html/.tmb HTTP/1.1" 200 12920 "-" "Mozilla/5.0 AppleWebKit/537.36 (KHTML, like Gecko; compatible; GPTBot/1.3; +https://openai.com/gptbot)" maoristudio.com 185000
74.7.227.128 - - [11/Nov/2025:11:06:00 -0300] "GET /boom259014116.html?path=/home/maoristu4c3dbd03/public_html HTTP/1.1" 200 87388 "-" "Mozilla/5.0 AppleWebKit/537.36 (KHTML, like Gecko; compatible; GPTBot/1.3; +https://openai.com/gptbot)" maoristudio.com 727598
74.7.227.128 - - [11/Nov/2025:11:06:01 -0300] "GET /boil281048246.html?path=/home/maoristu4c3dbd03/public_html HTTP/1.1" 200 87388 "-" "Mozilla/5.0 AppleWebKit/537.36 (KHTML, like Gecko; compatible; GPTBot/1.3; +https://openai.com/gptbot)" maoristudio.com 1131774
74.7.227.128 - - [11/Nov/2025:11:06:03 -0300] "GET /partnership33?kg=7731 HTTP/1.1" 200 87388 "-" "Mozilla/5.0 AppleWebKit/537.36 (KHTML, like Gecko; compatible; GPTBot/1.3; +https://openai.com/gptbot)" maoristudio.com 847780
74.7.227.128 - - [11/Nov/2025:11:06:04 -0300] "GET /perspective46?kg=2146 HTTP/1.1" 200 87387 "-" "Mozilla/5.0 AppleWebKit/537.36 (KHTML, like Gecko; compatible; GPTBot/1.3; +https://openai.com/gptbot)" maoristudio.com 748820
74.7.227.128 - - [11/Nov/2025:11:06:05 -0300] "GET /grandparent52?kg=5330 HTTP/1.1" 200 87388 "-" "Mozilla/5.0 AppleWebKit/537.36 (KHTML, like Gecko; compatible; GPTBot/1.3; +https://openai.com/gptbot)" maoristudio.com 615126
74.7.227.128 - - [11/Nov/2025:11:06:07 -0300] "GET /electricity4?kg=36034 HTTP/1.1" 200 87388 "-" "Mozilla/5.0 AppleWebKit/537.36 (KHTML, like Gecko; compatible; GPTBot/1.3; +https://openai.com/gptbot)" maoristudio.com 715583
50.16.248.61 - - [11/Nov/2025:11:06:08 -0300] "GET /?path=//home/maoristu4c3dbd03/public_html/wp-includes/rest-api/endpoints HTTP/1.1" 200 88725 "-" "Mozilla/5.0 AppleWebKit/537.36 (KHTML, like Gecko; compatible; Amazonbot/0.1; +https://developer.amazon.com/support/amazonbot) Chrome/119.0.6045.214 Safari/537.36" maoristudio.com 225293
74.7.227.128 - - [11/Nov/2025:11:06:08 -0300] "GET /flexibility11?kg=3907 HTTP/1.1" 200 87388 "-" "Mozilla/5.0 AppleWebKit/537.36 (KHTML, like Gecko; compatible; GPTBot/1.3; +https://openai.com/gptbot)" maoristudio.com 779149
74.7.227.128 - - [11/Nov/2025:11:06:09 -0300] "GET /exploration274?fileloc=/home/maoristu4c3dbd03/public_html/index.php&path=/home/maoristu4c3dbd03/public_html HTTP/1.1" 200 12899 "-" "Mozilla/5.0 AppleWebKit/537.36 (KHTML, like Gecko; compatible; GPTBot/1.3; +https://openai.com/gptbot)" maoristudio.com 222292
74.7.227.128 - - [11/Nov/2025:11:06:10 -0300] "GET /exploration274?path=/home/maoristu4c3dbd03 HTTP/1.1" 200 49210 "-" "Mozilla/5.0 AppleWebKit/537.36 (KHTML, like Gecko; compatible; GPTBot/1.3; +https://openai.com/gptbot)" maoristudio.com 205203
74.7.227.128 - - [11/Nov/2025:11:06:11 -0300] "GET /opportunity17?kg=5865 HTTP/1.1" 200 87388 "-" "Mozilla/5.0 AppleWebKit/537.36 (KHTML, like Gecko; compatible; GPTBot/1.3; +https://openai.com/gptbot)" maoristudio.com 926730
34.231.77.232 - - [11/Nov/2025:11:06:12 -0300] "GET /?path=//opt/cpanel/ea-php82/root/lib64/X11 HTTP/1.1" 200 12990 "-" "Mozilla/5.0 AppleWebKit/537.36 (KHTML, like Gecko; compatible; Amazonbot/0.1; +https://developer.amazon.com/support/amazonbot) Chrome/119.0.6045.214 Safari/537.36" maoristudio.com 202132
74.7.227.128 - - [11/Nov/2025:11:06:13 -0300] "GET /surrounding1?kg=17081 HTTP/1.1" 200 87388 "-" "Mozilla/5.0 AppleWebKit/537.36 (KHTML, like Gecko; compatible; GPTBot/1.3; +https://openai.com/gptbot)" maoristudio.com 843405
74.7.227.128 - - [11/Nov/2025:11:06:14 -0300] "GET /preparation6?kg=13418 HTTP/1.1" 200 87388 "-" "Mozilla/5.0 AppleWebKit/537.36 (KHTML, like Gecko; compatible; GPTBot/1.3; +https://openai.com/gptbot)" maoristudio.com 760577
74.7.227.128 - - [11/Nov/2025:11:06:16 -0300] "GET /suburban169020686.html?fileloc=/home/maoristu4c3dbd03/public_html/pages.php&path=/home/maoristu4c3dbd03/public_html HTTP/1.1" 200 14133 "-" "Mozilla/5.0 AppleWebKit/537.36 (KHTML, like Gecko; compatible; GPTBot/1.3; +https://openai.com/gptbot)" maoristudio.com 316950
34.195.60.66 - - [11/Nov/2025:11:06:16 -0300] "GET /?path=//proc/thread-self/root/usr/lib64/dovecot HTTP/1.1" 200 102821 "-" "Mozilla/5.0 AppleWebKit/537.36 (KHTML, like Gecko; compatible; Amazonbot/0.1; +https://developer.amazon.com/support/amazonbot) Chrome/119.0.6045.214 Safari/537.36" maoristudio.com 416011
74.7.227.128 - - [11/Nov/2025:11:06:17 -0300] "GET /knife123015794.html?fileloc=/home/maoristu4c3dbd03/public_html/defaults.php&path=/home/maoristu4c3dbd03/public_html HTTP/1.1" 200 14868 "-" "Mozilla/5.0 AppleWebKit/537.36 (KHTML, like Gecko; compatible; GPTBot/1.3; +https://openai.com/gptbot)" maoristudio.com 496358
74.7.227.128 - - [11/Nov/2025:11:06:18 -0300] "GET /direct123?fileloc=/home/maoristu4c3dbd03/public_html/google346bac590c7c3e89.html&path=/home/maoristu4c3dbd03/public_html HTTP/1.1" 200 12541 "-" "Mozilla/5.0 AppleWebKit/537.36 (KHTML, like Gecko; compatible; GPTBot/1.3; +https://openai.com/gptbot)" maoristudio.com 233471
74.7.227.128 - - [11/Nov/2025:11:06:19 -0300] "GET /ease51?fileloc=//lib64/libXxf86vm.so.1&path=//lib64 HTTP/1.1" 200 45668 "-" "Mozilla/5.0 AppleWebKit/537.36 (KHTML, like Gecko; compatible; GPTBot/1.3; +https://openai.com/gptbot)" maoristudio.com 230794
74.7.227.128 - - [11/Nov/2025:11:06:20 -0300] "GET /that99?fileloc=//lib64/libXxf86vm.so.1&path=//lib64 HTTP/1.1" 200 45668 "-" "Mozilla/5.0 AppleWebKit/537.36 (KHTML, like Gecko; compatible; GPTBot/1.3; +https://openai.com/gptbot)" maoristudio.com 342400
74.7.227.128 - - [11/Nov/2025:11:06:21 -0300] "GET /along64?fileloc=//bin/net-snmp-create-v3-user&path=//bin HTTP/1.1" 200 16417 "-" "Mozilla/5.0 AppleWebKit/537.36 (KHTML, like Gecko; compatible; GPTBot/1.3; +https://openai.com/gptbot)" maoristudio.com 224778
74.7.227.128 - - [11/Nov/2025:11:06:23 -0300] "GET /damn34?fileloc=//lib64/liboplodbcS.so.2&path=//lib64 HTTP/1.1" 200 30795 "-" "Mozilla/5.0 AppleWebKit/537.36 (KHTML, like Gecko; compatible; GPTBot/1.3; +https://openai.com/gptbot)" maoristudio.com 156249
74.7.227.128 - - [11/Nov/2025:11:06:24 -0300] "GET /surrounding1?fileloc=/home/maoristu4c3dbd03/public_html/wp-settings.php&path=/home/maoristu4c3dbd03/public_html HTTP/1.1" 200 45951 "-" "Mozilla/5.0 AppleWebKit/537.36 (KHTML, like Gecko; compatible; GPTBot/1.3; +https://openai.com/gptbot)" maoristudio.com 191721
74.7.227.128 - - [11/Nov/2025:11:06:25 -0300] "GET /ear42?fileloc=//lib64/libodbcpsqlS.so.2&path=//lib64 HTTP/1.1" 200 30437 "-" "Mozilla/5.0 AppleWebKit/537.36 (KHTML, like Gecko; compatible; GPTBot/1.3; +https://openai.com/gptbot)" maoristudio.com 199774
74.7.227.128 - - [11/Nov/2025:11:06:26 -0300] "GET /surrounding1?path=/home/maoristu4c3dbd03/public_html/464b6a HTTP/1.1" 200 14463 "-" "Mozilla/5.0 AppleWebKit/537.36 (KHTML, like Gecko; compatible; GPTBot/1.3; +https://openai.com/gptbot)" maoristudio.com 195249
74.7.227.128 - - [11/Nov/2025:11:06:27 -0300] "GET /preparation6?fileloc=/home/maoristu4c3dbd03/public_html/wp-mail.php&path=/home/maoristu4c3dbd03/public_html HTTP/1.1" 200 22369 "-" "Mozilla/5.0 AppleWebKit/537.36 (KHTML, like Gecko; compatible; GPTBot/1.3; +https://openai.com/gptbot)" maoristudio.com 417585
74.7.227.128 - - [11/Nov/2025:11:06:28 -0300] "GET /care33?fileloc=//lib64/liboraodbcS.so.2&path=//lib64 HTTP/1.1" 200 29659 "-" "Mozilla/5.0 AppleWebKit/537.36 (KHTML, like Gecko; compatible; GPTBot/1.3; +https://openai.com/gptbot)" maoristudio.com 409767
74.7.227.128 - - [11/Nov/2025:11:06:30 -0300] "GET /health-care080004217.html HTTP/1.1" 200 87388 "-" "Mozilla/5.0 AppleWebKit/537.36 (KHTML, like Gecko; compatible; GPTBot/1.3; +https://openai.com/gptbot)" maoristudio.com 1594444
74.7.227.128 - - [11/Nov/2025:11:06:32 -0300] "GET /patch243?path=//lib HTTP/1.1" 200 61010 "-" "Mozilla/5.0 AppleWebKit/537.36 (KHTML, like Gecko; compatible; GPTBot/1.3; +https://openai.com/gptbot)" maoristudio.com 233625
74.7.227.128 - - [11/Nov/2025:11:06:34 -0300] "GET /main176028849.html?path=/home/maoristu4c3dbd03/public_html HTTP/1.1" 200 87388 "-" "Mozilla/5.0 AppleWebKit/537.36 (KHTML, like Gecko; compatible; GPTBot/1.3; +https://openai.com/gptbot)" maoristudio.com 756768
74.7.227.128 - - [11/Nov/2025:11:06:35 -0300] "GET /patch243?path=//run HTTP/1.1" 200 29755 "-" "Mozilla/5.0 AppleWebKit/537.36 (KHTML, like Gecko; compatible; GPTBot/1.3; +https://openai.com/gptbot)" maoristudio.com 137848
74.7.227.128 - - [11/Nov/2025:11:06:36 -0300] "GET /patch243?path=//etc HTTP/1.1" 200 105890 "-" "Mozilla/5.0 AppleWebKit/537.36 (KHTML, like Gecko; compatible; GPTBot/1.3; +https://openai.com/gptbot)" maoristudio.com 798432
74.7.227.128 - - [11/Nov/2025:11:06:38 -0300] "GET /death235?path=//tmp HTTP/1.1" 200 12727 "-" "Mozilla/5.0 AppleWebKit/537.36 (KHTML, like Gecko; compatible; GPTBot/1.3; +https://openai.com/gptbot)" maoristudio.com 208301
74.7.227.128 - - [11/Nov/2025:11:06:39 -0300] "GET /patch243?path=//var HTTP/1.1" 200 29459 "-" "Mozilla/5.0 AppleWebKit/537.36 (KHTML, like Gecko; compatible; GPTBot/1.3; +https://openai.com/gptbot)" maoristudio.com 266158
74.7.227.128 - - [11/Nov/2025:11:06:40 -0300] "GET /roof129?path=//root HTTP/1.1" 200 12729 "-" "Mozilla/5.0 AppleWebKit/537.36 (KHTML, like Gecko; compatible; GPTBot/1.3; +https://openai.com/gptbot)" maoristudio.com 348909
3.209.174.110 - - [11/Nov/2025:11:06:41 -0300] "GET /?path=//proc/self/root/lib/.build-id/e0 HTTP/1.1" 200 30736 "-" "Mozilla/5.0 AppleWebKit/537.36 (KHTML, like Gecko; compatible; Amazonbot/0.1; +https://developer.amazon.com/support/amazonbot) Chrome/119.0.6045.214 Safari/537.36" maoristudio.com 178166
74.7.227.128 - - [11/Nov/2025:11:06:41 -0300] "GET /patch243?path=//usr HTTP/1.1" 200 26927 "-" "Mozilla/5.0 AppleWebKit/537.36 (KHTML, like Gecko; compatible; GPTBot/1.3; +https://openai.com/gptbot)" maoristudio.com 272435
74.7.227.128 - - [11/Nov/2025:11:06:43 -0300] "GET /patch243?path=//bin HTTP/1.1" 200 665055 "-" "Mozilla/5.0 AppleWebKit/537.36 (KHTML, like Gecko; compatible; GPTBot/1.3; +https://openai.com/gptbot)" maoristudio.com 5828802
52.203.237.170 - - [11/Nov/2025:11:06:49 -0300] "GET /?path=//proc/self/root/lib/.build-id/9e HTTP/1.1" 200 32349 "-" "Mozilla/5.0 AppleWebKit/537.36 (KHTML, like Gecko; compatible; Amazonbot/0.1; +https://developer.amazon.com/support/amazonbot) Chrome/119.0.6045.214 Safari/537.36" maoristudio.com 226123
74.7.227.128 - - [11/Nov/2025:11:06:49 -0300] "GET /death235?path=//var HTTP/1.1" 200 29459 "-" "Mozilla/5.0 AppleWebKit/537.36 (KHTML, like Gecko; compatible; GPTBot/1.3; +https://openai.com/gptbot)" maoristudio.com 187881
74.7.227.128 - - [11/Nov/2025:11:06:50 -0300] "GET /patch243?path=//opt HTTP/1.1" 200 33687 "-" "Mozilla/5.0 AppleWebKit/537.36 (KHTML, like Gecko; compatible; GPTBot/1.3; +https://openai.com/gptbot)" maoristudio.com 193950
74.7.227.128 - - [11/Nov/2025:11:06:52 -0300] "GET /death235?path=//etc HTTP/1.1" 200 105890 "-" "Mozilla/5.0 AppleWebKit/537.36 (KHTML, like Gecko; compatible; GPTBot/1.3; +https://openai.com/gptbot)" maoristudio.com 677235
74.7.227.128 - - [11/Nov/2025:11:06:53 -0300] "GET /patch243?path=//etc/crypto-policies HTTP/1.1" 200 19603 "-" "Mozilla/5.0 AppleWebKit/537.36 (KHTML, like Gecko; compatible; GPTBot/1.3; +https://openai.com/gptbot)" maoristudio.com 207804
74.7.227.128 - - [11/Nov/2025:11:06:54 -0300] "GET /bow69?path=//usr HTTP/1.1" 200 26927 "-" "Mozilla/5.0 AppleWebKit/537.36 (KHTML, like Gecko; compatible; GPTBot/1.3; +https://openai.com/gptbot)" maoristudio.com 209045
74.7.227.128 - - [11/Nov/2025:11:06:55 -0300] "GET /patch243?path=//tmp HTTP/1.1" 200 12727 "-" "Mozilla/5.0 AppleWebKit/537.36 (KHTML, like Gecko; compatible; GPTBot/1.3; +https://openai.com/gptbot)" maoristudio.com 160397
74.7.227.128 - - [11/Nov/2025:11:06:56 -0300] "GET /fly95?path=//run HTTP/1.1" 200 29755 "-" "Mozilla/5.0 AppleWebKit/537.36 (KHTML, like Gecko; compatible; GPTBot/1.3; +https://openai.com/gptbot)" maoristudio.com 220882
74.7.227.128 - - [11/Nov/2025:11:06:57 -0300] "GET /patch243?fileloc=//bin/gunzip&path=//bin HTTP/1.1" 200 14747 "-" "Mozilla/5.0 AppleWebKit/537.36 (KHTML, like Gecko; compatible; GPTBot/1.3; +https://openai.com/gptbot)" maoristudio.com 299051
74.7.227.128 - - [11/Nov/2025:11:06:58 -0300] "GET /boy41?path=//run HTTP/1.1" 200 29755 "-" "Mozilla/5.0 AppleWebKit/537.36 (KHTML, like Gecko; compatible; GPTBot/1.3; +https://openai.com/gptbot)" maoristudio.com 243705
74.7.227.128 - - [11/Nov/2025:11:07:00 -0300] "GET /bow76?path=//usr HTTP/1.1" 200 26927 "-" "Mozilla/5.0 AppleWebKit/537.36 (KHTML, like Gecko; compatible; GPTBot/1.3; +https://openai.com/gptbot)" maoristudio.com 428978
98.84.70.201 - - [11/Nov/2025:11:07:00 -0300] "GET /?path=//proc/self/root/opt/imunify360/lib HTTP/1.1" 200 12976 "-" "Mozilla/5.0 AppleWebKit/537.36 (KHTML, like Gecko; compatible; Amazonbot/0.1; +https://developer.amazon.com/support/amazonbot) Chrome/119.0.6045.214 Safari/537.36" maoristudio.com 148757
74.7.227.128 - - [11/Nov/2025:11:07:01 -0300] "GET /patch243?fileloc=//bin/bzcmp&path=//bin HTTP/1.1" 200 14859 "-" "Mozilla/5.0 AppleWebKit/537.36 (KHTML, like Gecko; compatible; GPTBot/1.3; +https://openai.com/gptbot)" maoristudio.com 334878
74.7.227.128 - - [11/Nov/2025:11:07:02 -0300] "GET /bid80?path=//usr HTTP/1.1" 200 26927 "-" "Mozilla/5.0 AppleWebKit/537.36 (KHTML, like Gecko; compatible; GPTBot/1.3; +https://openai.com/gptbot)" maoristudio.com 171831
74.7.227.128 - - [11/Nov/2025:11:07:03 -0300] "GET /death235?fileloc=//etc/wgetrc&path=//etc HTTP/1.1" 200 17361 "-" "Mozilla/5.0 AppleWebKit/537.36 (KHTML, like Gecko; compatible; GPTBot/1.3; +https://openai.com/gptbot)" maoristudio.com 498308
74.7.227.128 - - [11/Nov/2025:11:07:04 -0300] "GET /dry85?path=//lib HTTP/1.1" 200 61010 "-" "Mozilla/5.0 AppleWebKit/537.36 (KHTML, like Gecko; compatible; GPTBot/1.3; +https://openai.com/gptbot)" maoristudio.com 294200
74.7.227.128 - - [11/Nov/2025:11:07:05 -0300] "GET /fly95?path=//usr HTTP/1.1" 200 26927 "-" "Mozilla/5.0 AppleWebKit/537.36 (KHTML, like Gecko; compatible; GPTBot/1.3; +https://openai.com/gptbot)" maoristudio.com 160149
74.7.227.128 - - [11/Nov/2025:11:07:07 -0300] "GET /fix40?path=//usr HTTP/1.1" 200 26927 "-" "Mozilla/5.0 AppleWebKit/537.36 (KHTML, like Gecko; compatible; GPTBot/1.3; +https://openai.com/gptbot)" maoristudio.com 219677
74.7.227.128 - - [11/Nov/2025:11:07:08 -0300] "GET /bow76?path=//run HTTP/1.1" 200 29755 "-" "Mozilla/5.0 AppleWebKit/537.36 (KHTML, like Gecko; compatible; GPTBot/1.3; +https://openai.com/gptbot)" maoristudio.com 357881
74.7.227.128 - - [11/Nov/2025:11:07:09 -0300] "GET /joy21?path=//usr HTTP/1.1" 200 26927 "-" "Mozilla/5.0 AppleWebKit/537.36 (KHTML, like Gecko; compatible; GPTBot/1.3; +https://openai.com/gptbot)" maoristudio.com 339267
74.7.227.128 - - [11/Nov/2025:11:07:10 -0300] "GET /dig39?path=//usr HTTP/1.1" 200 26927 "-" "Mozilla/5.0 AppleWebKit/537.36 (KHTML, like Gecko; compatible; GPTBot/1.3; +https://openai.com/gptbot)" maoristudio.com 123469
173.208.176.202 - - [11/Nov/2025:11:05:45 -0300] "GET /wp-includes/qq5da787/index.php?id=775696 HTTP/1.1" 200 - "http://maoristudio.com/wp-includes/qq5da787/index.php?id=775696" "Mozilla/5.0 (Windows NT 10.0; Win64; x64) AppleWebKit/537.36 (KHTML, like Gecko) Chrome/58.0.3029.110 Safari/537.3" maoristudio.com 87124287
74.7.227.128 - - [11/Nov/2025:11:07:11 -0300] "GET /cue86?path=//bin HTTP/1.1" 200 665055 "-" "Mozilla/5.0 AppleWebKit/537.36 (KHTML, like Gecko; compatible; GPTBot/1.3; +https://openai.com/gptbot)" maoristudio.com 5957379
74.7.227.128 - - [11/Nov/2025:11:07:18 -0300] "GET /fly95?path=//bin HTTP/1.1" 200 665055 "-" "Mozilla/5.0 AppleWebKit/537.36 (KHTML, like Gecko; compatible; GPTBot/1.3; +https://openai.com/gptbot)" maoristudio.com 6827053
74.7.227.128 - - [11/Nov/2025:11:07:25 -0300] "GET /sky32?path=//run HTTP/1.1" 200 29755 "-" "Mozilla/5.0 AppleWebKit/537.36 (KHTML, like Gecko; compatible; GPTBot/1.3; +https://openai.com/gptbot)" maoristudio.com 195338
89.248.172.183 - - [11/Nov/2025:11:07:30 -0300] "POST /wp-json/litespeed/v1/cdn_status HTTP/1.1" 500 12830 "-" "Mozilla/5.0 (X11; Linux x86_64; rv:109.0) Gecko/20100101 Firefox/114.3" maoristudio.com 183182
173.208.176.202 - - [11/Nov/2025:11:06:05 -0300] "GET /wp-content/ade7e187/edit.php?id=798844 HTTP/1.1" 200 - "http://maoristudio.com/wp-content/ade7e187/edit.php?id=798844" "Mozilla/5.0 (Windows NT 10.0; Win64; x64) AppleWebKit/537.36 (KHTML, like Gecko) Chrome/58.0.3029.110 Safari/537.3" maoristudio.com 87701392
74.7.227.128 - - [11/Nov/2025:11:07:27 -0300] "GET /sky32?path=//bin HTTP/1.1" 200 665055 "-" "Mozilla/5.0 AppleWebKit/537.36 (KHTML, like Gecko; compatible; GPTBot/1.3; +https://openai.com/gptbot)" maoristudio.com 8103422
74.7.227.128 - - [11/Nov/2025:11:07:36 -0300] "GET /now78?path=//usr HTTP/1.1" 200 26927 "-" "Mozilla/5.0 AppleWebKit/537.36 (KHTML, like Gecko; compatible; GPTBot/1.3; +https://openai.com/gptbot)" maoristudio.com 127349
74.7.227.128 - - [11/Nov/2025:11:07:37 -0300] "GET /sky32?path=//lib HTTP/1.1" 200 61010 "-" "Mozilla/5.0 AppleWebKit/537.36 (KHTML, like Gecko; compatible; GPTBot/1.3; +https://openai.com/gptbot)" maoristudio.com 326887
74.7.227.128 - - [11/Nov/2025:11:07:38 -0300] "GET /now78?path=//lib HTTP/1.1" 200 61010 "-" "Mozilla/5.0 AppleWebKit/537.36 (KHTML, like Gecko; compatible; GPTBot/1.3; +https://openai.com/gptbot)" maoristudio.com 364927
74.7.227.128 - - [11/Nov/2025:11:07:40 -0300] "GET /use95?path=//lib HTTP/1.1" 200 61010 "-" "Mozilla/5.0 AppleWebKit/537.36 (KHTML, like Gecko; compatible; GPTBot/1.3; +https://openai.com/gptbot)" maoristudio.com 202996
74.7.227.128 - - [11/Nov/2025:11:07:41 -0300] "GET /use95?path=//bin HTTP/1.1" 200 665055 "-" "Mozilla/5.0 AppleWebKit/537.36 (KHTML, like Gecko; compatible; GPTBot/1.3; +https://openai.com/gptbot)" maoristudio.com 7539201
52.2.191.202 - - [11/Nov/2025:11:07:49 -0300] "GET /?path=//proc/self/root/usr/share/icu HTTP/1.1" 200 14320 "-" "Mozilla/5.0 AppleWebKit/537.36 (KHTML, like Gecko; compatible; Amazonbot/0.1; +https://developer.amazon.com/support/amazonbot) Chrome/119.0.6045.214 Safari/537.36" maoristudio.com 266819
74.7.227.128 - - [11/Nov/2025:11:07:49 -0300] "GET /fly95?fileloc=//bin/grep&path=//bin HTTP/1.1" 200 257137 "-" "Mozilla/5.0 AppleWebKit/537.36 (KHTML, like Gecko; compatible; GPTBot/1.3; +https://openai.com/gptbot)" maoristudio.com 1571056
74.7.227.128 - - [11/Nov/2025:11:07:52 -0300] "GET /cue86?fileloc=//bin/touch&path=//bin HTTP/1.1" 200 156641 "-" "Mozilla/5.0 AppleWebKit/537.36 (KHTML, like Gecko; compatible; GPTBot/1.3; +https://openai.com/gptbot)" maoristudio.com 1420109
74.7.227.128 - - [11/Nov/2025:11:07:54 -0300] "GET /sky32?fileloc=//bin/scp&path=//bin HTTP/1.1" 200 219436 "-" "Mozilla/5.0 AppleWebKit/537.36 (KHTML, like Gecko; compatible; GPTBot/1.3; +https://openai.com/gptbot)" maoristudio.com 1556639
74.7.227.128 - - [11/Nov/2025:11:07:57 -0300] "GET /cue86?fileloc=//bin/hostname&path=//bin HTTP/1.1" 200 41417 "-" "Mozilla/5.0 AppleWebKit/537.36 (KHTML, like Gecko; compatible; GPTBot/1.3; +https://openai.com/gptbot)" maoristudio.com 163790
74.7.227.128 - - [11/Nov/2025:11:07:58 -0300] "GET /use95?fileloc=//bin/zipnote&path=//bin HTTP/1.1" 200 111332 "-" "Mozilla/5.0 AppleWebKit/537.36 (KHTML, like Gecko; compatible; GPTBot/1.3; +https://openai.com/gptbot)" maoristudio.com 279005
74.7.227.128 - - [11/Nov/2025:11:08:00 -0300] "GET /boy41?path=//usr HTTP/1.1" 200 26927 "-" "Mozilla/5.0 AppleWebKit/537.36 (KHTML, like Gecko; compatible; GPTBot/1.3; +https://openai.com/gptbot)" maoristudio.com 194285
74.7.227.128 - - [11/Nov/2025:11:08:01 -0300] "GET /now78?path=//lib/python3.9 HTTP/1.1" 200 14123 "-" "Mozilla/5.0 AppleWebKit/537.36 (KHTML, like Gecko; compatible; GPTBot/1.3; +https://openai.com/gptbot)" maoristudio.com 289741
74.7.227.128 - - [11/Nov/2025:11:08:02 -0300] "GET /sky32?fileloc=//bin/stty&path=//bin HTTP/1.1" 200 124501 "-" "Mozilla/5.0 AppleWebKit/537.36 (KHTML, like Gecko; compatible; GPTBot/1.3; +https://openai.com/gptbot)" maoristudio.com 202786
74.7.227.128 - - [11/Nov/2025:11:08:04 -0300] "GET /dig39?path=//run HTTP/1.1" 200 29755 "-" "Mozilla/5.0 AppleWebKit/537.36 (KHTML, like Gecko; compatible; GPTBot/1.3; +https://openai.com/gptbot)" maoristudio.com 209833
74.7.227.128 - - [11/Nov/2025:11:08:05 -0300] "GET /sky32?path=//lib/modules-load.d HTTP/1.1" 200 14249 "-" "Mozilla/5.0 AppleWebKit/537.36 (KHTML, like Gecko; compatible; GPTBot/1.3; +https://openai.com/gptbot)" maoristudio.com 238104
74.7.227.128 - - [11/Nov/2025:11:08:06 -0300] "GET /joy21?path=//run HTTP/1.1" 200 29755 "-" "Mozilla/5.0 AppleWebKit/537.36 (KHTML, like Gecko; compatible; GPTBot/1.3; +https://openai.com/gptbot)" maoristudio.com 234869
74.7.227.128 - - [11/Nov/2025:11:08:07 -0300] "GET /of54?path=//sbin HTTP/1.1" 200 61855 "-" "Mozilla/5.0 AppleWebKit/537.36 (KHTML, like Gecko; compatible; GPTBot/1.3; +https://openai.com/gptbot)" maoristudio.com 234426
74.7.227.128 - - [11/Nov/2025:11:08:09 -0300] "GET /bow69?path=//run HTTP/1.1" 200 29755 "-" "Mozilla/5.0 AppleWebKit/537.36 (KHTML, like Gecko; compatible; GPTBot/1.3; +https://openai.com/gptbot)" maoristudio.com 150832
74.7.227.128 - - [11/Nov/2025:11:08:10 -0300] "GET /bid80?path=//run HTTP/1.1" 200 29755 "-" "Mozilla/5.0 AppleWebKit/537.36 (KHTML, like Gecko; compatible; GPTBot/1.3; +https://openai.com/gptbot)" maoristudio.com 209972
100.29.164.178 - - [11/Nov/2025:11:08:13 -0300] "GET /?path=//proc/self/root/usr/share/autoconf HTTP/1.1" 200 22933 "-" "Mozilla/5.0 AppleWebKit/537.36 (KHTML, like Gecko; compatible; Amazonbot/0.1; +https://developer.amazon.com/support/amazonbot) Chrome/119.0.6045.214 Safari/537.36" maoristudio.com 288296
74.7.227.128 - - [11/Nov/2025:11:08:11 -0300] "GET /joy21?path=//bin HTTP/1.1" 200 665055 "-" "Mozilla/5.0 AppleWebKit/537.36 (KHTML, like Gecko; compatible; GPTBot/1.3; +https://openai.com/gptbot)" maoristudio.com 7399599
74.7.227.128 - - [11/Nov/2025:11:08:19 -0300] "GET /mud45?path=//lib HTTP/1.1" 200 61010 "-" "Mozilla/5.0 AppleWebKit/537.36 (KHTML, like Gecko; compatible; GPTBot/1.3; +https://openai.com/gptbot)" maoristudio.com 299019
74.7.227.128 - - [11/Nov/2025:11:08:20 -0300] "GET /sky32?fileloc=//bin/grotty&path=//bin HTTP/1.1" 200 200031 "-" "Mozilla/5.0 AppleWebKit/537.36 (KHTML, like Gecko; compatible; GPTBot/1.3; +https://openai.com/gptbot)" maoristudio.com 1336792
74.7.227.128 - - [11/Nov/2025:11:08:22 -0300] "GET /use95?path=//lib/sysctl.d HTTP/1.1" 200 22947 "-" "Mozilla/5.0 AppleWebKit/537.36 (KHTML, like Gecko; compatible; GPTBot/1.3; +https://openai.com/gptbot)" maoristudio.com 356147
74.7.227.128 - - [11/Nov/2025:11:08:23 -0300] "GET /me62?path=//sbin HTTP/1.1" 200 61855 "-" "Mozilla/5.0 AppleWebKit/537.36 (KHTML, like Gecko; compatible; GPTBot/1.3; +https://openai.com/gptbot)" maoristudio.com 316405
74.7.227.128 - - [11/Nov/2025:11:08:25 -0300] "GET /cue86?path=//lib HTTP/1.1" 200 61010 "-" "Mozilla/5.0 AppleWebKit/537.36 (KHTML, like Gecko; compatible; GPTBot/1.3; +https://openai.com/gptbot)" maoristudio.com 423247
54.84.93.8 - - [11/Nov/2025:11:08:25 -0300] "GET /?path=//proc/thread-self/root/usr/lib/kbd HTTP/1.1" 200 18581 "-" "Mozilla/5.0 AppleWebKit/537.36 (KHTML, like Gecko; compatible; Amazonbot/0.1; +https://developer.amazon.com/support/amazonbot) Chrome/119.0.6045.214 Safari/537.36" maoristudio.com 146986
74.7.227.128 - - [11/Nov/2025:11:08:26 -0300] "GET /mud45?path=//bin HTTP/1.1" 200 665055 "-" "Mozilla/5.0 AppleWebKit/537.36 (KHTML, like Gecko; compatible; GPTBot/1.3; +https://openai.com/gptbot)" maoristudio.com 5469564
74.7.227.128 - - [11/Nov/2025:11:08:34 -0300] "GET /bow76?fileloc=//run/atd.pid&path=//run HTTP/1.1" 200 12319 "-" "Mozilla/5.0 AppleWebKit/537.36 (KHTML, like Gecko; compatible; GPTBot/1.3; +https://openai.com/gptbot)" maoristudio.com 322156
74.7.227.128 - - [11/Nov/2025:11:08:35 -0300] "GET /dry85?path=//bin HTTP/1.1" 200 665055 "-" "Mozilla/5.0 AppleWebKit/537.36 (KHTML, like Gecko; compatible; GPTBot/1.3; +https://openai.com/gptbot)" maoristudio.com 3501153
74.7.227.128 - - [11/Nov/2025:11:08:39 -0300] "GET /go34?path=//sbin HTTP/1.1" 200 61855 "-" "Mozilla/5.0 AppleWebKit/537.36 (KHTML, like Gecko; compatible; GPTBot/1.3; +https://openai.com/gptbot)" maoristudio.com 197757
74.7.227.128 - - [11/Nov/2025:11:08:41 -0300] "GET /fix40?path=//run HTTP/1.1" 200 29755 "-" "Mozilla/5.0 AppleWebKit/537.36 (KHTML, like Gecko; compatible; GPTBot/1.3; +https://openai.com/gptbot)" maoristudio.com 254911
74.7.227.128 - - [11/Nov/2025:11:08:42 -0300] "GET /joy21?path=//lib HTTP/1.1" 200 61010 "-" "Mozilla/5.0 AppleWebKit/537.36 (KHTML, like Gecko; compatible; GPTBot/1.3; +https://openai.com/gptbot)" maoristudio.com 221721
173.208.176.202 - - [11/Nov/2025:11:07:18 -0300] "GET /wp-includes/qq5da787/index.php?id=775696 HTTP/1.1" 200 - "http://maoristudio.com/wp-includes/qq5da787/index.php?id=775696" "Mozilla/5.0 (Windows NT 10.0; Win64; x64) AppleWebKit/537.36 (KHTML, like Gecko) Chrome/58.0.3029.110 Safari/537.3" maoristudio.com 88456547
74.7.227.128 - - [11/Nov/2025:11:08:43 -0300] "GET /death235?path=//bin HTTP/1.1" 200 665055 "-" "Mozilla/5.0 AppleWebKit/537.36 (KHTML, like Gecko; compatible; GPTBot/1.3; +https://openai.com/gptbot)" maoristudio.com 8204378
74.7.227.128 - - [11/Nov/2025:11:08:53 -0300] "GET /Internet85?kg=40201 HTTP/1.1" 200 87388 "-" "Mozilla/5.0 AppleWebKit/537.36 (KHTML, like Gecko; compatible; GPTBot/1.3; +https://openai.com/gptbot)" maoristudio.com 207280
74.7.227.128 - - [11/Nov/2025:11:08:55 -0300] "GET /bid80?path=//run/faillock HTTP/1.1" 200 12771 "-" "Mozilla/5.0 AppleWebKit/537.36 (KHTML, like Gecko; compatible; GPTBot/1.3; +https://openai.com/gptbot)" maoristudio.com 211150
74.7.227.128 - - [11/Nov/2025:11:08:56 -0300] "GET /me62?fileloc=//sbin/ddns-confgen&path=//sbin HTTP/1.1" 200 45584 "-" "Mozilla/5.0 AppleWebKit/537.36 (KHTML, like Gecko; compatible; GPTBot/1.3; +https://openai.com/gptbot)" maoristudio.com 223571
74.7.227.128 - - [11/Nov/2025:11:08:57 -0300] "GET /cue86?path=//lib/python3.9 HTTP/1.1" 200 14123 "-" "Mozilla/5.0 AppleWebKit/537.36 (KHTML, like Gecko; compatible; GPTBot/1.3; +https://openai.com/gptbot)" maoristudio.com 187679
74.7.227.128 - - [11/Nov/2025:11:08:58 -0300] "GET /death235?path=//usr HTTP/1.1" 200 26927 "-" "Mozilla/5.0 AppleWebKit/537.36 (KHTML, like Gecko; compatible; GPTBot/1.3; +https://openai.com/gptbot)" maoristudio.com 209706
74.7.227.128 - - [11/Nov/2025:11:08:59 -0300] "GET /death235?fileloc=//bin/sort&path=//bin HTTP/1.1" 200 186993 "-" "Mozilla/5.0 AppleWebKit/537.36 (KHTML, like Gecko; compatible; GPTBot/1.3; +https://openai.com/gptbot)" maoristudio.com 186831
44.221.180.179 - - [11/Nov/2025:11:09:00 -0300] "GET /?path=//proc/thread-self/root/lib/.build-id/60 HTTP/1.1" 200 21228 "-" "Mozilla/5.0 AppleWebKit/537.36 (KHTML, like Gecko; compatible; Amazonbot/0.1; +https://developer.amazon.com/support/amazonbot) Chrome/119.0.6045.214 Safari/537.36" maoristudio.com 253547
173.208.176.202 - - [11/Nov/2025:11:07:34 -0300] "GET /wp-content/ade7e187/edit.php?id=798844 HTTP/1.1" 200 - "http://maoristudio.com/wp-content/ade7e187/edit.php?id=798844" "Mozilla/5.0 (Windows NT 10.0; Win64; x64) AppleWebKit/537.36 (KHTML, like Gecko) Chrome/58.0.3029.110 Safari/537.3" maoristudio.com 87979411
74.7.227.128 - - [11/Nov/2025:11:09:02 -0300] "GET /death235?path=//lib HTTP/1.1" 200 61010 "-" "Mozilla/5.0 AppleWebKit/537.36 (KHTML, like Gecko; compatible; GPTBot/1.3; +https://openai.com/gptbot)" maoristudio.com 266684
74.7.227.128 - - [11/Nov/2025:11:09:03 -0300] "GET /death235?fileloc=//bin/tail&path=//bin HTTP/1.1" 200 115754 "-" "Mozilla/5.0 AppleWebKit/537.36 (KHTML, like Gecko; compatible; GPTBot/1.3; +https://openai.com/gptbot)" maoristudio.com 199991
74.7.227.128 - - [11/Nov/2025:11:09:05 -0300] "GET /death235?fileloc=//bin/fc-cache&path=//bin HTTP/1.1" 200 12487 "-" "Mozilla/5.0 AppleWebKit/537.36 (KHTML, like Gecko; compatible; GPTBot/1.3; +https://openai.com/gptbot)" maoristudio.com 157326
74.7.227.128 - - [11/Nov/2025:11:09:06 -0300] "GET /death235?fileloc=//bin/enchant-lsmod&path=//bin HTTP/1.1" 200 30919 "-" "Mozilla/5.0 AppleWebKit/537.36 (KHTML, like Gecko; compatible; GPTBot/1.3; +https://openai.com/gptbot)" maoristudio.com 131868
45.89.70.31 - - [11/Nov/2025:11:09:07 -0300] "GET / HTTP/1.0" 200 87388 "http://maoristudio.com/" "Mozilla/5.0 (Windows NT 10.0; Win64; x64) AppleWebKit/537.36 (KHTML, like Gecko) Chrome/130.0.0.0 Safari/537.36" maoristudio.com 181545
74.7.227.128 - - [11/Nov/2025:11:09:07 -0300] "GET /mud45?fileloc=//bin/vdir&path=//bin HTTP/1.1" 200 222556 "-" "Mozilla/5.0 AppleWebKit/537.36 (KHTML, like Gecko; compatible; GPTBot/1.3; +https://openai.com/gptbot)" maoristudio.com 1199641
74.7.227.128 - - [11/Nov/2025:11:09:10 -0300] "GET /death235?fileloc=//bin/renew-dummy-cert&path=//bin HTTP/1.1" 200 13126 "-" "Mozilla/5.0 AppleWebKit/537.36 (KHTML, like Gecko; compatible; GPTBot/1.3; +https://openai.com/gptbot)" maoristudio.com 188241
74.7.227.128 - - [11/Nov/2025:11:09:11 -0300] "GET /Canadian86?kg=43872 HTTP/1.1" 200 87388 "-" "Mozilla/5.0 AppleWebKit/537.36 (KHTML, like Gecko; compatible; GPTBot/1.3; +https://openai.com/gptbot)" maoristudio.com 194712
3.94.40.182 - - [11/Nov/2025:11:09:13 -0300] "GET /?path=//usr/lib/debug/usr/.dwz HTTP/1.1" 200 12897 "-" "Mozilla/5.0 AppleWebKit/537.36 (KHTML, like Gecko; compatible; Amazonbot/0.1; +https://developer.amazon.com/support/amazonbot) Chrome/119.0.6045.214 Safari/537.36" maoristudio.com 180919
74.7.227.128 - - [11/Nov/2025:11:09:13 -0300] "GET /ski250?fileloc=//lib64/libImath-3_1.so.29&path=//lib64 HTTP/1.1" 200 558677 "-" "Mozilla/5.0 AppleWebKit/537.36 (KHTML, like Gecko; compatible; GPTBot/1.3; +https://openai.com/gptbot)" maoristudio.com 5697298
74.7.227.128 - - [11/Nov/2025:11:09:20 -0300] "GET /AM237?kg=11501 HTTP/1.1" 200 87388 "-" "Mozilla/5.0 AppleWebKit/537.36 (KHTML, like Gecko; compatible; GPTBot/1.3; +https://openai.com/gptbot)" maoristudio.com 210903
74.7.227.128 - - [11/Nov/2025:11:09:21 -0300] "GET /Mr163?kg=39483 HTTP/1.1" 200 87388 "-" "Mozilla/5.0 AppleWebKit/537.36 (KHTML, like Gecko; compatible; GPTBot/1.3; +https://openai.com/gptbot)" maoristudio.com 151778
74.7.227.128 - - [11/Nov/2025:11:09:22 -0300] "GET /off97?fileloc=//lib64/libinih.so.49&path=//lib64 HTTP/1.1" 200 30707 "-" "Mozilla/5.0 AppleWebKit/537.36 (KHTML, like Gecko; compatible; GPTBot/1.3; +https://openai.com/gptbot)" maoristudio.com 187072
74.7.227.128 - - [11/Nov/2025:11:09:23 -0300] "GET /add207?fileloc=//lib64/libldap.so.2&path=//lib64 HTTP/1.1" 200 651028 "-" "Mozilla/5.0 AppleWebKit/537.36 (KHTML, like Gecko; compatible; GPTBot/1.3; +https://openai.com/gptbot)" maoristudio.com 3640588
74.7.227.128 - - [11/Nov/2025:11:09:29 -0300] "GET /Israeli185?path=/ HTTP/1.1" 200 30489 "-" "Mozilla/5.0 AppleWebKit/537.36 (KHTML, like Gecko; compatible; GPTBot/1.3; +https://openai.com/gptbot)" maoristudio.com 190468
74.7.227.128 - - [11/Nov/2025:11:09:30 -0300] "GET /AM237?path=/ HTTP/1.1" 200 30489 "-" "Mozilla/5.0 AppleWebKit/537.36 (KHTML, like Gecko; compatible; GPTBot/1.3; +https://openai.com/gptbot)" maoristudio.com 185553
74.7.227.128 - - [11/Nov/2025:11:09:31 -0300] "GET /bay264?fileloc=//lib64/libwebp.so.7&path=//lib64 HTTP/1.1" 200 728894 "-" "Mozilla/5.0 AppleWebKit/537.36 (KHTML, like Gecko; compatible; GPTBot/1.3; +https://openai.com/gptbot)" maoristudio.com 5770816
74.7.227.128 - - [11/Nov/2025:11:09:38 -0300] "GET /to82?fileloc=//lib64/libnftnl.so.11&path=//lib64 HTTP/1.1" 200 347109 "-" "Mozilla/5.0 AppleWebKit/537.36 (KHTML, like Gecko; compatible; GPTBot/1.3; +https://openai.com/gptbot)" maoristudio.com 2119755
74.7.227.128 - - [11/Nov/2025:11:09:42 -0300] "GET /Mr163?path=/ HTTP/1.1" 200 30489 "-" "Mozilla/5.0 AppleWebKit/537.36 (KHTML, like Gecko; compatible; GPTBot/1.3; +https://openai.com/gptbot)" maoristudio.com 245554
3.215.221.125 - - [11/Nov/2025:11:09:45 -0300] "GET /?path=//usr/share/locale/ve/LC_MESSAGES HTTP/1.1" 200 26512 "-" "Mozilla/5.0 AppleWebKit/537.36 (KHTML, like Gecko; compatible; Amazonbot/0.1; +https://developer.amazon.com/support/amazonbot) Chrome/119.0.6045.214 Safari/537.36" maoristudio.com 195783
43.153.10.13 - - [11/Nov/2025:11:09:46 -0300] "GET / HTTP/1.1" 200 87388 "-" "Mozilla/5.0 (iPhone; CPU iPhone OS 13_2_3 like Mac OS X) AppleWebKit/605.1.15 (KHTML, like Gecko) Version/13.0.3 Mobile/15E148 Safari/604.1" maoristudio.com 345913
74.7.227.128 - - [11/Nov/2025:11:09:43 -0300] "GET /dish32?fileloc=//lib64/libtcl8.6.so&path=//lib64 HTTP/1.1" 200 3112428 "-" "Mozilla/5.0 AppleWebKit/537.36 (KHTML, like Gecko; compatible; GPTBot/1.3; +https://openai.com/gptbot)" maoristudio.com 30031865
74.7.227.128 - - [11/Nov/2025:11:10:13 -0300] "GET /mate43?fileloc=//lib64/liblzo2.so.2&path=//lib64 HTTP/1.1" 200 222968 "-" "Mozilla/5.0 AppleWebKit/537.36 (KHTML, like Gecko; compatible; GPTBot/1.3; +https://openai.com/gptbot)" maoristudio.com 722524
74.7.227.128 - - [11/Nov/2025:11:10:17 -0300] "GET /AM237?path=//var HTTP/1.1" 200 29459 "-" "Mozilla/5.0 AppleWebKit/537.36 (KHTML, like Gecko; compatible; GPTBot/1.3; +https://openai.com/gptbot)" maoristudio.com 210599
