147.135.252.138 - - [11/Nov/2025:10:27:45 -0300] "GET /?fileloc=//lib/modules/5.14.0-570.52.1.el9_6.x86_64/kernel/drivers/i2c/busses/i2c-pca-platform.ko.xz&path=//lib/modules/5.14.0-570.52.1.el9_6.x86_64/kernel/drivers/i2c/busses HTTP/1.1" 200 21797 "-" "Mozilla/5.0 (compatible; MJ12bot/v1.4.8; http://mj12bot.com/)" maoristudio.com 237274
74.7.227.128 - - [11/Nov/2025:10:27:46 -0300] "GET /so20?fileloc=//proc/net/sockstat6&path=//proc/net HTTP/1.1" 200 12355 "-" "Mozilla/5.0 AppleWebKit/537.36 (KHTML, like Gecko; compatible; GPTBot/1.3; +https://openai.com/gptbot)" maoristudio.com 221939
74.7.227.128 - - [11/Nov/2025:10:27:48 -0300] "GET /so20?fileloc=//proc/net/ip6_flowlabel&path=//proc/net HTTP/1.1" 200 12359 "-" "Mozilla/5.0 AppleWebKit/537.36 (KHTML, like Gecko; compatible; GPTBot/1.3; +https://openai.com/gptbot)" maoristudio.com 330871
147.135.252.138 - - [11/Nov/2025:10:27:48 -0300] "GET /?fileloc=//lib/modules/5.14.0-570.52.1.el9_6.x86_64/kernel/drivers/i2c/busses/i2c-piix4.ko.xz&path=//lib/modules/5.14.0-570.52.1.el9_6.x86_64/kernel/drivers/i2c/busses HTTP/1.1" 200 33856 "-" "Mozilla/5.0 (compatible; MJ12bot/v1.4.8; http://mj12bot.com/)" maoristudio.com 366559
74.7.227.128 - - [11/Nov/2025:10:27:49 -0300] "GET /so20?fileloc=//proc/net/mcfilter6&path=//proc/net HTTP/1.1" 200 12355 "-" "Mozilla/5.0 AppleWebKit/537.36 (KHTML, like Gecko; compatible; GPTBot/1.3; +https://openai.com/gptbot)" maoristudio.com 286301
74.7.227.128 - - [11/Nov/2025:10:27:50 -0300] "GET /so20?fileloc=//proc/net/packet&path=//proc/net HTTP/1.1" 200 12352 "-" "Mozilla/5.0 AppleWebKit/537.36 (KHTML, like Gecko; compatible; GPTBot/1.3; +https://openai.com/gptbot)" maoristudio.com 230075
147.135.252.138 - - [11/Nov/2025:10:27:50 -0300] "GET /?fileloc=//lib/modules/5.14.0-570.52.1.el9_6.x86_64/kernel/drivers/i2c/busses/i2c-scmi.ko.xz&path=//lib/modules/5.14.0-570.52.1.el9_6.x86_64/kernel/drivers/i2c/busses HTTP/1.1" 200 23129 "-" "Mozilla/5.0 (compatible; MJ12bot/v1.4.8; http://mj12bot.com/)" maoristudio.com 220073
74.7.227.128 - - [11/Nov/2025:10:27:51 -0300] "GET /so20?fileloc=//proc/net/psched&path=//proc/net HTTP/1.1" 200 12352 "-" "Mozilla/5.0 AppleWebKit/537.36 (KHTML, like Gecko; compatible; GPTBot/1.3; +https://openai.com/gptbot)" maoristudio.com 199275
107.20.255.194 - - [11/Nov/2025:10:27:52 -0300] "GET /?path=//proc/self/root/proc/net/dev_snmp6 HTTP/1.1" 200 12971 "-" "Mozilla/5.0 AppleWebKit/537.36 (KHTML, like Gecko; compatible; Amazonbot/0.1; +https://developer.amazon.com/support/amazonbot) Chrome/119.0.6045.214 Safari/537.36" maoristudio.com 229375
147.135.252.138 - - [11/Nov/2025:10:27:52 -0300] "GET /?fileloc=//lib/modules/5.14.0-570.52.1.el9_6.x86_64/kernel/drivers/i2c/busses/i2c-simtec.ko.xz&path=//lib/modules/5.14.0-570.52.1.el9_6.x86_64/kernel/drivers/i2c/busses HTTP/1.1" 200 19202 "-" "Mozilla/5.0 (compatible; MJ12bot/v1.4.8; http://mj12bot.com/)" maoristudio.com 326312
74.7.227.128 - - [11/Nov/2025:10:27:52 -0300] "GET /so20?fileloc=//proc/net/rt6_stats&path=//proc/net HTTP/1.1" 200 12355 "-" "Mozilla/5.0 AppleWebKit/537.36 (KHTML, like Gecko; compatible; GPTBot/1.3; +https://openai.com/gptbot)" maoristudio.com 373936
74.7.227.128 - - [11/Nov/2025:10:27:53 -0300] "GET /so20?fileloc=//proc/net/netlink&path=//proc/net HTTP/1.1" 200 12353 "-" "Mozilla/5.0 AppleWebKit/537.36 (KHTML, like Gecko; compatible; GPTBot/1.3; +https://openai.com/gptbot)" maoristudio.com 357894
147.135.252.138 - - [11/Nov/2025:10:27:54 -0300] "GET /?fileloc=//lib/modules/5.14.0-570.52.1.el9_6.x86_64/kernel/drivers/i2c/busses/i2c-sis96x.ko.xz&path=//lib/modules/5.14.0-570.52.1.el9_6.x86_64/kernel/drivers/i2c/busses HTTP/1.1" 200 21640 "-" "Mozilla/5.0 (compatible; MJ12bot/v1.4.8; http://mj12bot.com/)" maoristudio.com 182191
74.7.227.128 - - [11/Nov/2025:10:27:55 -0300] "GET /so20?fileloc=//proc/net/udplite&path=//proc/net HTTP/1.1" 403 87387 "-" "Mozilla/5.0 AppleWebKit/537.36 (KHTML, like Gecko; compatible; GPTBot/1.3; +https://openai.com/gptbot)" maoristudio.com 285217
74.7.227.128 - - [11/Nov/2025:10:27:56 -0300] "GET /so20?fileloc=//proc/net/ipv6_route&path=//proc/net HTTP/1.1" 200 12356 "-" "Mozilla/5.0 AppleWebKit/537.36 (KHTML, like Gecko; compatible; GPTBot/1.3; +https://openai.com/gptbot)" maoristudio.com 252151
147.135.252.138 - - [11/Nov/2025:10:27:57 -0300] "GET /?fileloc=//lib/modules/5.14.0-570.52.1.el9_6.x86_64/kernel/drivers/i2c/busses/i2c-tiny-usb.ko.xz&path=//lib/modules/5.14.0-570.52.1.el9_6.x86_64/kernel/drivers/i2c/busses HTTP/1.1" 200 22318 "-" "Mozilla/5.0 (compatible; MJ12bot/v1.4.8; http://mj12bot.com/)" maoristudio.com 177277
74.7.227.128 - - [11/Nov/2025:10:27:57 -0300] "GET /so20?fileloc=//proc/net/mcfilter&path=//proc/net HTTP/1.1" 200 12354 "-" "Mozilla/5.0 AppleWebKit/537.36 (KHTML, like Gecko; compatible; GPTBot/1.3; +https://openai.com/gptbot)" maoristudio.com 249570
74.7.227.128 - - [11/Nov/2025:10:27:58 -0300] "GET /so20?fileloc=//proc/net/udplite6&path=//proc/net HTTP/1.1" 403 87388 "-" "Mozilla/5.0 AppleWebKit/537.36 (KHTML, like Gecko; compatible; GPTBot/1.3; +https://openai.com/gptbot)" maoristudio.com 473186
147.135.252.138 - - [11/Nov/2025:10:27:59 -0300] "GET /?fileloc=//lib/modules/5.14.0-570.52.1.el9_6.x86_64/kernel/drivers/i2c/busses/i2c-via.ko.xz&path=//lib/modules/5.14.0-570.52.1.el9_6.x86_64/kernel/drivers/i2c/busses HTTP/1.1" 200 19278 "-" "Mozilla/5.0 (compatible; MJ12bot/v1.4.8; http://mj12bot.com/)" maoristudio.com 196635
74.7.227.128 - - [11/Nov/2025:10:27:59 -0300] "GET /so20?fileloc=//proc/net/softnet_stat&path=//proc/net HTTP/1.1" 200 12358 "-" "Mozilla/5.0 AppleWebKit/537.36 (KHTML, like Gecko; compatible; GPTBot/1.3; +https://openai.com/gptbot)" maoristudio.com 291193
74.7.227.128 - - [11/Nov/2025:10:28:00 -0300] "GET /so20?fileloc=//proc/net/nf_conntrack&path=//proc/net HTTP/1.1" 200 12358 "-" "Mozilla/5.0 AppleWebKit/537.36 (KHTML, like Gecko; compatible; GPTBot/1.3; +https://openai.com/gptbot)" maoristudio.com 276692
147.135.252.138 - - [11/Nov/2025:10:28:01 -0300] "GET /?fileloc=//lib/modules/5.14.0-570.52.1.el9_6.x86_64/kernel/drivers/i2c/busses/i2c-viapro.ko.xz&path=//lib/modules/5.14.0-570.52.1.el9_6.x86_64/kernel/drivers/i2c/busses HTTP/1.1" 200 24111 "-" "Mozilla/5.0 (compatible; MJ12bot/v1.4.8; http://mj12bot.com/)" maoristudio.com 206435
74.7.227.128 - - [11/Nov/2025:10:28:01 -0300] "GET /so20?fileloc=//proc/net/sockstat&path=//proc/net HTTP/1.1" 200 12354 "-" "Mozilla/5.0 AppleWebKit/537.36 (KHTML, like Gecko; compatible; GPTBot/1.3; +https://openai.com/gptbot)" maoristudio.com 213925
74.7.227.128 - - [11/Nov/2025:10:28:03 -0300] "GET /so20?fileloc=//proc/net/ip6_mr_cache&path=//proc/net HTTP/1.1" 200 12358 "-" "Mozilla/5.0 AppleWebKit/537.36 (KHTML, like Gecko; compatible; GPTBot/1.3; +https://openai.com/gptbot)" maoristudio.com 173040
147.135.252.138 - - [11/Nov/2025:10:28:03 -0300] "GET /?fileloc=//lib/modules/5.14.0-570.52.1.el9_6.x86_64/kernel/drivers/i2c/muxes/i2c-mux-mlxcpld.ko.xz&path=//lib/modules/5.14.0-570.52.1.el9_6.x86_64/kernel/drivers/i2c/muxes HTTP/1.1" 200 19353 "-" "Mozilla/5.0 (compatible; MJ12bot/v1.4.8; http://mj12bot.com/)" maoristudio.com 220198
74.7.227.128 - - [11/Nov/2025:10:28:04 -0300] "GET /so20?fileloc=//proc/net/fib_triestat&path=//proc/net HTTP/1.1" 200 12358 "-" "Mozilla/5.0 AppleWebKit/537.36 (KHTML, like Gecko; compatible; GPTBot/1.3; +https://openai.com/gptbot)" maoristudio.com 218730
74.7.227.128 - - [11/Nov/2025:10:28:05 -0300] "GET /so20?fileloc=//proc/net/snmp&path=//proc/net HTTP/1.1" 200 12350 "-" "Mozilla/5.0 AppleWebKit/537.36 (KHTML, like Gecko; compatible; GPTBot/1.3; +https://openai.com/gptbot)" maoristudio.com 231731
147.135.252.138 - - [11/Nov/2025:10:28:05 -0300] "GET /?fileloc=//lib/modules/5.14.0-570.52.1.el9_6.x86_64/kernel/drivers/iio/accel/hid-sensor-accel-3d.ko.xz&path=//lib/modules/5.14.0-570.52.1.el9_6.x86_64/kernel/drivers/iio/accel HTTP/1.1" 200 27306 "-" "Mozilla/5.0 (compatible; MJ12bot/v1.4.8; http://mj12bot.com/)" maoristudio.com 264426
74.7.227.128 - - [11/Nov/2025:10:28:06 -0300] "GET /so20?fileloc=//proc/net/ptype&path=//proc/net HTTP/1.1" 200 12351 "-" "Mozilla/5.0 AppleWebKit/537.36 (KHTML, like Gecko; compatible; GPTBot/1.3; +https://openai.com/gptbot)" maoristudio.com 276021
74.7.227.128 - - [11/Nov/2025:10:28:07 -0300] "GET /so20?fileloc=//proc/net/tls_stat&path=//proc/net HTTP/1.1" 200 12354 "-" "Mozilla/5.0 AppleWebKit/537.36 (KHTML, like Gecko; compatible; GPTBot/1.3; +https://openai.com/gptbot)" maoristudio.com 218067
147.135.252.138 - - [11/Nov/2025:10:28:07 -0300] "GET /?fileloc=//lib/modules/5.14.0-570.52.1.el9_6.x86_64/kernel/drivers/iio/buffer/industrialio-triggered-buffer.ko.xz&path=//lib/modules/5.14.0-570.52.1.el9_6.x86_64/kernel/drivers/iio/buffer HTTP/1.1" 200 21844 "-" "Mozilla/5.0 (compatible; MJ12bot/v1.4.8; http://mj12bot.com/)" maoristudio.com 274094
74.7.227.128 - - [11/Nov/2025:10:28:08 -0300] "GET /so20?fileloc=//proc/net/icmp&path=//proc/net HTTP/1.1" 200 12350 "-" "Mozilla/5.0 AppleWebKit/537.36 (KHTML, like Gecko; compatible; GPTBot/1.3; +https://openai.com/gptbot)" maoristudio.com 239391
147.135.252.138 - - [11/Nov/2025:10:28:09 -0300] "GET /?fileloc=//lib/modules/5.14.0-570.52.1.el9_6.x86_64/kernel/drivers/iio/buffer/kfifo_buf.ko.xz&path=//lib/modules/5.14.0-570.52.1.el9_6.x86_64/kernel/drivers/iio/buffer HTTP/1.1" 200 24429 "-" "Mozilla/5.0 (compatible; MJ12bot/v1.4.8; http://mj12bot.com/)" maoristudio.com 246255
74.7.227.128 - - [11/Nov/2025:10:28:10 -0300] "GET /so20?fileloc=//proc/net/tcp6&path=//proc/net HTTP/1.1" 403 87388 "-" "Mozilla/5.0 AppleWebKit/537.36 (KHTML, like Gecko; compatible; GPTBot/1.3; +https://openai.com/gptbot)" maoristudio.com 358951
74.7.227.128 - - [11/Nov/2025:10:28:11 -0300] "GET /so20?fileloc=//proc/net/rt_cache&path=//proc/net HTTP/1.1" 200 12354 "-" "Mozilla/5.0 AppleWebKit/537.36 (KHTML, like Gecko; compatible; GPTBot/1.3; +https://openai.com/gptbot)" maoristudio.com 188191
147.135.252.138 - - [11/Nov/2025:10:28:12 -0300] "GET /?fileloc=//lib/modules/5.14.0-570.52.1.el9_6.x86_64/kernel/drivers/iio/gyro/hid-sensor-gyro-3d.ko.xz&path=//lib/modules/5.14.0-570.52.1.el9_6.x86_64/kernel/drivers/iio/gyro HTTP/1.1" 200 26786 "-" "Mozilla/5.0 (compatible; MJ12bot/v1.4.8; http://mj12bot.com/)" maoristudio.com 262476
74.7.227.128 - - [11/Nov/2025:10:28:12 -0300] "GET /so20?fileloc=//proc/net/route&path=//proc/net HTTP/1.1" 200 12351 "-" "Mozilla/5.0 AppleWebKit/537.36 (KHTML, like Gecko; compatible; GPTBot/1.3; +https://openai.com/gptbot)" maoristudio.com 293892
52.200.142.199 - - [11/Nov/2025:10:28:12 -0300] "GET /?path=//usr/share/locale/es_ES/LC_MESSAGES HTTP/1.1" 200 14437 "-" "Mozilla/5.0 AppleWebKit/537.36 (KHTML, like Gecko; compatible; Amazonbot/0.1; +https://developer.amazon.com/support/amazonbot) Chrome/119.0.6045.214 Safari/537.36" maoristudio.com 282784
74.7.227.128 - - [11/Nov/2025:10:28:13 -0300] "GET /so20?fileloc=//proc/net/raw6&path=//proc/net HTTP/1.1" 200 12516 "-" "Mozilla/5.0 AppleWebKit/537.36 (KHTML, like Gecko; compatible; GPTBot/1.3; +https://openai.com/gptbot)" maoristudio.com 165959
74.7.227.128 - - [11/Nov/2025:10:28:14 -0300] "GET /so20?fileloc=//proc/net/icmp6&path=//proc/net HTTP/1.1" 200 12351 "-" "Mozilla/5.0 AppleWebKit/537.36 (KHTML, like Gecko; compatible; GPTBot/1.3; +https://openai.com/gptbot)" maoristudio.com 187385
147.135.252.138 - - [11/Nov/2025:10:28:14 -0300] "GET /?fileloc=//lib/modules/5.14.0-570.52.1.el9_6.x86_64/kernel/drivers/iio/humidity/hid-sensor-humidity.ko.xz&path=//lib/modules/5.14.0-570.52.1.el9_6.x86_64/kernel/drivers/iio/humidity HTTP/1.1" 200 24547 "-" "Mozilla/5.0 (compatible; MJ12bot/v1.4.8; http://mj12bot.com/)" maoristudio.com 294319
74.7.227.128 - - [11/Nov/2025:10:28:15 -0300] "GET /so20?fileloc=//proc/net/snmp6&path=//proc/net HTTP/1.1" 200 12351 "-" "Mozilla/5.0 AppleWebKit/537.36 (KHTML, like Gecko; compatible; GPTBot/1.3; +https://openai.com/gptbot)" maoristudio.com 233512
74.7.227.128 - - [11/Nov/2025:10:28:16 -0300] "GET /so20?fileloc=//proc/net/igmp&path=//proc/net HTTP/1.1" 200 12350 "-" "Mozilla/5.0 AppleWebKit/537.36 (KHTML, like Gecko; compatible; GPTBot/1.3; +https://openai.com/gptbot)" maoristudio.com 239394
147.135.252.138 - - [11/Nov/2025:10:28:17 -0300] "GET /?fileloc=//lib/modules/5.14.0-570.52.1.el9_6.x86_64/kernel/drivers/iio/light/hid-sensor-als.ko.xz&path=//lib/modules/5.14.0-570.52.1.el9_6.x86_64/kernel/drivers/iio/light HTTP/1.1" 200 26593 "-" "Mozilla/5.0 (compatible; MJ12bot/v1.4.8; http://mj12bot.com/)" maoristudio.com 287927
74.7.227.128 - - [11/Nov/2025:10:28:18 -0300] "GET /so20?fileloc=//proc/net/udp6&path=//proc/net HTTP/1.1" 403 87388 "-" "Mozilla/5.0 AppleWebKit/537.36 (KHTML, like Gecko; compatible; GPTBot/1.3; +https://openai.com/gptbot)" maoristudio.com 454398
147.135.252.138 - - [11/Nov/2025:10:28:19 -0300] "GET /?fileloc=//lib/modules/5.14.0-570.52.1.el9_6.x86_64/kernel/drivers/iio/light/hid-sensor-prox.ko.xz&path=//lib/modules/5.14.0-570.52.1.el9_6.x86_64/kernel/drivers/iio/light HTTP/1.1" 200 25702 "-" "Mozilla/5.0 (compatible; MJ12bot/v1.4.8; http://mj12bot.com/)" maoristudio.com 202255
74.7.227.128 - - [11/Nov/2025:10:28:19 -0300] "GET /so20?fileloc=//proc/net/igmp6&path=//proc/net HTTP/1.1" 200 12351 "-" "Mozilla/5.0 AppleWebKit/537.36 (KHTML, like Gecko; compatible; GPTBot/1.3; +https://openai.com/gptbot)" maoristudio.com 294536
74.7.227.128 - - [11/Nov/2025:10:28:20 -0300] "GET /so20?fileloc=//proc/net/unix&path=//proc/net HTTP/1.1" 200 112989 "-" "Mozilla/5.0 AppleWebKit/537.36 (KHTML, like Gecko; compatible; GPTBot/1.3; +https://openai.com/gptbot)" maoristudio.com 288234
74.7.227.128 - - [11/Nov/2025:10:28:21 -0300] "GET /so20?fileloc=//proc/net/fib_trie&path=//proc/net HTTP/1.1" 200 12354 "-" "Mozilla/5.0 AppleWebKit/537.36 (KHTML, like Gecko; compatible; GPTBot/1.3; +https://openai.com/gptbot)" maoristudio.com 146369
147.135.252.138 - - [11/Nov/2025:10:28:21 -0300] "GET /?fileloc=//lib/modules/5.14.0-570.52.1.el9_6.x86_64/kernel/drivers/iio/magnetometer/hid-sensor-magn-3d.ko.xz&path=//lib/modules/5.14.0-570.52.1.el9_6.x86_64/kernel/drivers/iio/magnetometer HTTP/1.1" 200 28816 "-" "Mozilla/5.0 (compatible; MJ12bot/v1.4.8; http://mj12bot.com/)" maoristudio.com 238229
74.7.227.128 - - [11/Nov/2025:10:28:22 -0300] "GET /so20?fileloc=//proc/net/ip_mr_cache&path=//proc/net HTTP/1.1" 200 12357 "-" "Mozilla/5.0 AppleWebKit/537.36 (KHTML, like Gecko; compatible; GPTBot/1.3; +https://openai.com/gptbot)" maoristudio.com 168868
74.7.227.128 - - [11/Nov/2025:10:28:23 -0300] "GET /so20?fileloc=//proc/net/rt_acct&path=//proc/net HTTP/1.1" 200 12353 "-" "Mozilla/5.0 AppleWebKit/537.36 (KHTML, like Gecko; compatible; GPTBot/1.3; +https://openai.com/gptbot)" maoristudio.com 243067
147.135.252.138 - - [11/Nov/2025:10:28:23 -0300] "GET /?fileloc=//lib/modules/5.14.0-570.52.1.el9_6.x86_64/kernel/drivers/iio/orientation/hid-sensor-incl-3d.ko.xz&path=//lib/modules/5.14.0-570.52.1.el9_6.x86_64/kernel/drivers/iio/orientation HTTP/1.1" 200 26801 "-" "Mozilla/5.0 (compatible; MJ12bot/v1.4.8; http://mj12bot.com/)" maoristudio.com 236723
74.7.227.128 - - [11/Nov/2025:10:28:24 -0300] "GET /so20?fileloc=//proc/net/anycast6&path=//proc/net HTTP/1.1" 200 12354 "-" "Mozilla/5.0 AppleWebKit/537.36 (KHTML, like Gecko; compatible; GPTBot/1.3; +https://openai.com/gptbot)" maoristudio.com 212981
147.135.252.138 - - [11/Nov/2025:10:28:25 -0300] "GET /?fileloc=//lib/modules/5.14.0-570.52.1.el9_6.x86_64/kernel/drivers/iio/orientation/hid-sensor-rotation.ko.xz&path=//lib/modules/5.14.0-570.52.1.el9_6.x86_64/kernel/drivers/iio/orientation HTTP/1.1" 200 26771 "-" "Mozilla/5.0 (compatible; MJ12bot/v1.4.8; http://mj12bot.com/)" maoristudio.com 191112
74.7.227.128 - - [11/Nov/2025:10:28:26 -0300] "GET /so20?fileloc=//proc/net/ip_mr_vif&path=//proc/net HTTP/1.1" 200 12355 "-" "Mozilla/5.0 AppleWebKit/537.36 (KHTML, like Gecko; compatible; GPTBot/1.3; +https://openai.com/gptbot)" maoristudio.com 214074
74.7.227.128 - - [11/Nov/2025:10:28:27 -0300] "GET /man85?fileloc=//bin/h2xs&path=//bin HTTP/1.1" 200 80080 "-" "Mozilla/5.0 AppleWebKit/537.36 (KHTML, like Gecko; compatible; GPTBot/1.3; +https://openai.com/gptbot)" maoristudio.com 229356
147.135.252.138 - - [11/Nov/2025:10:28:28 -0300] "GET /?fileloc=//lib/modules/5.14.0-570.52.1.el9_6.x86_64/kernel/drivers/iio/pressure/hid-sensor-press.ko.xz&path=//lib/modules/5.14.0-570.52.1.el9_6.x86_64/kernel/drivers/iio/pressure HTTP/1.1" 200 26141 "-" "Mozilla/5.0 (compatible; MJ12bot/v1.4.8; http://mj12bot.com/)" maoristudio.com 244629
74.7.227.128 - - [11/Nov/2025:10:28:28 -0300] "GET /so20?fileloc=//proc/net/ip6_mr_vif&path=//proc/net HTTP/1.1" 200 12356 "-" "Mozilla/5.0 AppleWebKit/537.36 (KHTML, like Gecko; compatible; GPTBot/1.3; +https://openai.com/gptbot)" maoristudio.com 235177
74.7.227.128 - - [11/Nov/2025:10:28:29 -0300] "GET /so20?path=//proc/net/rpc HTTP/1.1" 200 12803 "-" "Mozilla/5.0 AppleWebKit/537.36 (KHTML, like Gecko; compatible; GPTBot/1.3; +https://openai.com/gptbot)" maoristudio.com 386088
147.135.252.138 - - [11/Nov/2025:10:28:30 -0300] "GET /?fileloc=//lib/modules/5.14.0-570.52.1.el9_6.x86_64/kernel/drivers/iio/temperature/hid-sensor-temperature.ko.xz&path=//lib/modules/5.14.0-570.52.1.el9_6.x86_64/kernel/drivers/iio/temperature HTTP/1.1" 200 24522 "-" "Mozilla/5.0 (compatible; MJ12bot/v1.4.8; http://mj12bot.com/)" maoristudio.com 262119
74.7.227.128 - - [11/Nov/2025:10:28:30 -0300] "GET /so20?fileloc=//proc/net/if_inet6&path=//proc/net HTTP/1.1" 200 12354 "-" "Mozilla/5.0 AppleWebKit/537.36 (KHTML, like Gecko; compatible; GPTBot/1.3; +https://openai.com/gptbot)" maoristudio.com 194926
74.7.227.128 - - [11/Nov/2025:10:28:32 -0300] "GET /man85?fileloc=//bin/bzip2recover&path=//bin HTTP/1.1" 200 32253 "-" "Mozilla/5.0 AppleWebKit/537.36 (KHTML, like Gecko; compatible; GPTBot/1.3; +https://openai.com/gptbot)" maoristudio.com 190099
147.135.252.138 - - [11/Nov/2025:10:28:32 -0300] "GET /?fileloc=//lib/modules/5.14.0-570.52.1.el9_6.x86_64/kernel/drivers/infiniband/core/ib_cm.ko.xz&path=//lib/modules/5.14.0-570.52.1.el9_6.x86_64/kernel/drivers/infiniband/core HTTP/1.1" 200 108112 "-" "Mozilla/5.0 (compatible; MJ12bot/v1.4.8; http://mj12bot.com/)" maoristudio.com 242323
74.7.227.128 - - [11/Nov/2025:10:28:33 -0300] "GET /bit78?path=//run HTTP/1.1" 200 29755 "-" "Mozilla/5.0 AppleWebKit/537.36 (KHTML, like Gecko; compatible; GPTBot/1.3; +https://openai.com/gptbot)" maoristudio.com 207875
74.7.227.128 - - [11/Nov/2025:10:28:34 -0300] "GET /cup84?path=//run HTTP/1.1" 200 29755 "-" "Mozilla/5.0 AppleWebKit/537.36 (KHTML, like Gecko; compatible; GPTBot/1.3; +https://openai.com/gptbot)" maoristudio.com 199789
74.7.227.128 - - [11/Nov/2025:10:28:35 -0300] "GET /joy21?path=//etc HTTP/1.1" 200 105890 "-" "Mozilla/5.0 AppleWebKit/537.36 (KHTML, like Gecko; compatible; GPTBot/1.3; +https://openai.com/gptbot)" maoristudio.com 210059
74.7.227.128 - - [11/Nov/2025:10:28:36 -0300] "GET /huh22?path=//lib HTTP/1.1" 200 61010 "-" "Mozilla/5.0 AppleWebKit/537.36 (KHTML, like Gecko; compatible; GPTBot/1.3; +https://openai.com/gptbot)" maoristudio.com 235395
74.7.227.128 - - [11/Nov/2025:10:28:37 -0300] "GET /dig39?path=//var HTTP/1.1" 200 29459 "-" "Mozilla/5.0 AppleWebKit/537.36 (KHTML, like Gecko; compatible; GPTBot/1.3; +https://openai.com/gptbot)" maoristudio.com 248781
74.7.227.128 - - [11/Nov/2025:10:28:39 -0300] "GET /so20?path=//root HTTP/1.1" 200 12729 "-" "Mozilla/5.0 AppleWebKit/537.36 (KHTML, like Gecko; compatible; GPTBot/1.3; +https://openai.com/gptbot)" maoristudio.com 209846
74.7.227.128 - - [11/Nov/2025:10:28:40 -0300] "GET /she10?path=//opt HTTP/1.1" 200 33687 "-" "Mozilla/5.0 AppleWebKit/537.36 (KHTML, like Gecko; compatible; GPTBot/1.3; +https://openai.com/gptbot)" maoristudio.com 195673
74.7.227.128 - - [11/Nov/2025:10:28:41 -0300] "GET /bow69?path=//lib HTTP/1.1" 200 61010 "-" "Mozilla/5.0 AppleWebKit/537.36 (KHTML, like Gecko; compatible; GPTBot/1.3; +https://openai.com/gptbot)" maoristudio.com 223646
74.7.227.128 - - [11/Nov/2025:10:28:42 -0300] "GET /fly95?path=//tmp HTTP/1.1" 200 12727 "-" "Mozilla/5.0 AppleWebKit/537.36 (KHTML, like Gecko; compatible; GPTBot/1.3; +https://openai.com/gptbot)" maoristudio.com 259185
147.135.252.138 - - [11/Nov/2025:10:28:37 -0300] "GET /?fileloc=//lib/modules/5.14.0-570.52.1.el9_6.x86_64/kernel/drivers/infiniband/core/ib_core.ko.xz&path=//lib/modules/5.14.0-570.52.1.el9_6.x86_64/kernel/drivers/infiniband/core HTTP/1.1" 200 372575 "-" "Mozilla/5.0 (compatible; MJ12bot/v1.4.8; http://mj12bot.com/)" maoristudio.com 6130639
74.7.227.128 - - [11/Nov/2025:10:28:43 -0300] "GET /fat11?path=//var HTTP/1.1" 200 29459 "-" "Mozilla/5.0 AppleWebKit/537.36 (KHTML, like Gecko; compatible; GPTBot/1.3; +https://openai.com/gptbot)" maoristudio.com 131474
74.7.227.128 - - [11/Nov/2025:10:28:44 -0300] "GET /ban29?path=//opt HTTP/1.1" 200 33687 "-" "Mozilla/5.0 AppleWebKit/537.36 (KHTML, like Gecko; compatible; GPTBot/1.3; +https://openai.com/gptbot)" maoristudio.com 137415
74.7.227.128 - - [11/Nov/2025:10:28:45 -0300] "GET /off97?path=//run HTTP/1.1" 200 29755 "-" "Mozilla/5.0 AppleWebKit/537.36 (KHTML, like Gecko; compatible; GPTBot/1.3; +https://openai.com/gptbot)" maoristudio.com 158851
74.7.227.128 - - [11/Nov/2025:10:28:47 -0300] "GET /joy21?fileloc=//etc/domainusers&path=//etc HTTP/1.1" 200 12315 "-" "Mozilla/5.0 AppleWebKit/537.36 (KHTML, like Gecko; compatible; GPTBot/1.3; +https://openai.com/gptbot)" maoristudio.com 174852
147.135.252.138 - - [11/Nov/2025:10:28:47 -0300] "GET /?fileloc=//lib/modules/5.14.0-570.52.1.el9_6.x86_64/kernel/drivers/infiniband/core/ib_umad.ko.xz&path=//lib/modules/5.14.0-570.52.1.el9_6.x86_64/kernel/drivers/infiniband/core HTTP/1.1" 200 48380 "-" "Mozilla/5.0 (compatible; MJ12bot/v1.4.8; http://mj12bot.com/)" maoristudio.com 163198
74.7.227.128 - - [11/Nov/2025:10:28:48 -0300] "GET /man85?path=//opt HTTP/1.1" 200 33687 "-" "Mozilla/5.0 AppleWebKit/537.36 (KHTML, like Gecko; compatible; GPTBot/1.3; +https://openai.com/gptbot)" maoristudio.com 113075
173.208.176.202 - - [11/Nov/2025:10:27:17 -0300] "GET /wp-content/ade7e187/edit.php?id=798844 HTTP/1.1" 200 - "http://maoristudio.com/wp-content/ade7e187/edit.php?id=798844" "Mozilla/5.0 (Windows NT 10.0; Win64; x64) AppleWebKit/537.36 (KHTML, like Gecko) Chrome/58.0.3029.110 Safari/537.3" maoristudio.com 90724661
74.7.227.128 - - [11/Nov/2025:10:28:49 -0300] "GET /bit78?path=//opt HTTP/1.1" 200 33687 "-" "Mozilla/5.0 AppleWebKit/537.36 (KHTML, like Gecko; compatible; GPTBot/1.3; +https://openai.com/gptbot)" maoristudio.com 109076
173.208.176.202 - - [11/Nov/2025:10:27:16 -0300] "GET /wp-includes/qq5da787/index.php?id=775696 HTTP/1.1" 200 - "http://maoristudio.com/wp-includes/qq5da787/index.php?id=775696" "Mozilla/5.0 (Windows NT 10.0; Win64; x64) AppleWebKit/537.36 (KHTML, like Gecko) Chrome/58.0.3029.110 Safari/537.3" maoristudio.com 94375551
74.7.227.128 - - [11/Nov/2025:10:28:50 -0300] "GET /tap56?path=//bin HTTP/1.1" 200 665055 "-" "Mozilla/5.0 AppleWebKit/537.36 (KHTML, like Gecko; compatible; GPTBot/1.3; +https://openai.com/gptbot)" maoristudio.com 615939
74.7.227.128 - - [11/Nov/2025:10:28:51 -0300] "GET /set89?path=//opt HTTP/1.1" 200 33687 "-" "Mozilla/5.0 AppleWebKit/537.36 (KHTML, like Gecko; compatible; GPTBot/1.3; +https://openai.com/gptbot)" maoristudio.com 117424
52.70.123.241 - - [11/Nov/2025:10:28:52 -0300] "GET /?path=//proc/thread-self/root/var/run/imunify360_user HTTP/1.1" 200 13021 "-" "Mozilla/5.0 AppleWebKit/537.36 (KHTML, like Gecko; compatible; Amazonbot/0.1; +https://developer.amazon.com/support/amazonbot) Chrome/119.0.6045.214 Safari/537.36" maoristudio.com 105957
147.135.252.138 - - [11/Nov/2025:10:28:50 -0300] "GET /?fileloc=//lib/modules/5.14.0-570.52.1.el9_6.x86_64/kernel/drivers/infiniband/core/ib_uverbs.ko.xz&path=//lib/modules/5.14.0-570.52.1.el9_6.x86_64/kernel/drivers/infiniband/core HTTP/1.1" 200 165907 "-" "Mozilla/5.0 (compatible; MJ12bot/v1.4.8; http://mj12bot.com/)" maoristudio.com 1920632
74.7.227.128 - - [11/Nov/2025:10:28:53 -0300] "GET /bow69?path=//lib/environment.d HTTP/1.1" 200 14259 "-" "Mozilla/5.0 AppleWebKit/537.36 (KHTML, like Gecko; compatible; GPTBot/1.3; +https://openai.com/gptbot)" maoristudio.com 116360
74.7.227.128 - - [11/Nov/2025:10:28:54 -0300] "GET /wet40?path=//run HTTP/1.1" 200 29755 "-" "Mozilla/5.0 AppleWebKit/537.36 (KHTML, like Gecko; compatible; GPTBot/1.3; +https://openai.com/gptbot)" maoristudio.com 127965
74.7.227.128 - - [11/Nov/2025:10:28:55 -0300] "GET /bow69?path=//lib/debug HTTP/1.1" 200 20569 "-" "Mozilla/5.0 AppleWebKit/537.36 (KHTML, like Gecko; compatible; GPTBot/1.3; +https://openai.com/gptbot)" maoristudio.com 124020
147.135.252.138 - - [11/Nov/2025:10:28:56 -0300] "GET /?fileloc=//lib/modules/5.14.0-570.52.1.el9_6.x86_64/kernel/drivers/infiniband/core/iw_cm.ko.xz&path=//lib/modules/5.14.0-570.52.1.el9_6.x86_64/kernel/drivers/infiniband/core HTTP/1.1" 200 61818 "-" "Mozilla/5.0 (compatible; MJ12bot/v1.4.8; http://mj12bot.com/)" maoristudio.com 127511
3.230.69.161 - - [11/Nov/2025:10:28:56 -0300] "GET /?path=//usr/share/locale/ja_JP/LC_MESSAGES HTTP/1.1" 200 15987 "-" "Mozilla/5.0 AppleWebKit/537.36 (KHTML, like Gecko; compatible; Amazonbot/0.1; +https://developer.amazon.com/support/amazonbot) Chrome/119.0.6045.214 Safari/537.36" maoristudio.com 176882
74.7.227.128 - - [11/Nov/2025:10:28:56 -0300] "GET /bit12?path=//var HTTP/1.1" 200 29459 "-" "Mozilla/5.0 AppleWebKit/537.36 (KHTML, like Gecko; compatible; GPTBot/1.3; +https://openai.com/gptbot)" maoristudio.com 189959
74.7.227.128 - - [11/Nov/2025:10:28:57 -0300] "GET /ban29?path=//etc HTTP/1.1" 200 105890 "-" "Mozilla/5.0 AppleWebKit/537.36 (KHTML, like Gecko; compatible; GPTBot/1.3; +https://openai.com/gptbot)" maoristudio.com 182939
74.7.227.128 - - [11/Nov/2025:10:28:58 -0300] "GET /sad46?path=//usr HTTP/1.1" 200 26927 "-" "Mozilla/5.0 AppleWebKit/537.36 (KHTML, like Gecko; compatible; GPTBot/1.3; +https://openai.com/gptbot)" maoristudio.com 212030
147.135.252.138 - - [11/Nov/2025:10:28:59 -0300] "GET /?fileloc=//lib/modules/5.14.0-570.52.1.el9_6.x86_64/kernel/drivers/infiniband/core/rdma_cm.ko.xz&path=//lib/modules/5.14.0-570.52.1.el9_6.x86_64/kernel/drivers/infiniband/core HTTP/1.1" 200 124472 "-" "Mozilla/5.0 (compatible; MJ12bot/v1.4.8; http://mj12bot.com/)" maoristudio.com 222240
74.7.227.128 - - [11/Nov/2025:10:28:59 -0300] "GET /who94?path=//lib HTTP/1.1" 200 61010 "-" "Mozilla/5.0 AppleWebKit/537.36 (KHTML, like Gecko; compatible; GPTBot/1.3; +https://openai.com/gptbot)" maoristudio.com 195519
74.7.227.128 - - [11/Nov/2025:10:29:01 -0300] "GET /cue86?path=//var HTTP/1.1" 200 29459 "-" "Mozilla/5.0 AppleWebKit/537.36 (KHTML, like Gecko; compatible; GPTBot/1.3; +https://openai.com/gptbot)" maoristudio.com 226983
74.7.227.128 - - [11/Nov/2025:10:29:02 -0300] "GET /tap56?fileloc=//bin/fc-cache-64&path=//bin HTTP/1.1" 200 41101 "-" "Mozilla/5.0 AppleWebKit/537.36 (KHTML, like Gecko; compatible; GPTBot/1.3; +https://openai.com/gptbot)" maoristudio.com 236070
147.135.252.138 - - [11/Nov/2025:10:29:03 -0300] "GET /?fileloc=//lib/modules/5.14.0-570.52.1.el9_6.x86_64/kernel/drivers/infiniband/core/rdma_ucm.ko.xz&path=//lib/modules/5.14.0-570.52.1.el9_6.x86_64/kernel/drivers/infiniband/core HTTP/1.1" 200 50375 "-" "Mozilla/5.0 (compatible; MJ12bot/v1.4.8; http://mj12bot.com/)" maoristudio.com 192048
74.7.227.128 - - [11/Nov/2025:10:29:03 -0300] "GET /tap56?fileloc=//bin/iconv&path=//bin HTTP/1.1" 200 107907 "-" "Mozilla/5.0 AppleWebKit/537.36 (KHTML, like Gecko; compatible; GPTBot/1.3; +https://openai.com/gptbot)" maoristudio.com 425665
74.7.227.128 - - [11/Nov/2025:10:29:04 -0300] "GET /per95?path=//bin HTTP/1.1" 200 665055 "-" "Mozilla/5.0 AppleWebKit/537.36 (KHTML, like Gecko; compatible; GPTBot/1.3; +https://openai.com/gptbot)" maoristudio.com 297026
147.135.252.138 - - [11/Nov/2025:10:29:05 -0300] "GET /?fileloc=//lib/modules/5.14.0-570.52.1.el9_6.x86_64/kernel/drivers/input/misc/apanel.ko.xz&path=//lib/modules/5.14.0-570.52.1.el9_6.x86_64/kernel/drivers/input/misc HTTP/1.1" 200 22007 "-" "Mozilla/5.0 (compatible; MJ12bot/v1.4.8; http://mj12bot.com/)" maoristudio.com 230562
74.7.227.128 - - [11/Nov/2025:10:29:05 -0300] "GET /bat78?path=//run HTTP/1.1" 200 29755 "-" "Mozilla/5.0 AppleWebKit/537.36 (KHTML, like Gecko; compatible; GPTBot/1.3; +https://openai.com/gptbot)" maoristudio.com 235583
74.7.227.128 - - [11/Nov/2025:10:29:06 -0300] "GET /art43?path=//etc HTTP/1.1" 200 105890 "-" "Mozilla/5.0 AppleWebKit/537.36 (KHTML, like Gecko; compatible; GPTBot/1.3; +https://openai.com/gptbot)" maoristudio.com 205962
147.135.252.138 - - [11/Nov/2025:10:29:07 -0300] "GET /?fileloc=//lib/modules/5.14.0-570.52.1.el9_6.x86_64/kernel/drivers/input/misc/ati_remote2.ko.xz&path=//lib/modules/5.14.0-570.52.1.el9_6.x86_64/kernel/drivers/input/misc HTTP/1.1" 200 32211 "-" "Mozilla/5.0 (compatible; MJ12bot/v1.4.8; http://mj12bot.com/)" maoristudio.com 200676
74.7.227.128 - - [11/Nov/2025:10:29:08 -0300] "GET /cup84?path=//opt HTTP/1.1" 200 33687 "-" "Mozilla/5.0 AppleWebKit/537.36 (KHTML, like Gecko; compatible; GPTBot/1.3; +https://openai.com/gptbot)" maoristudio.com 249019
74.7.227.128 - - [11/Nov/2025:10:29:09 -0300] "GET /off97?path=//tmp HTTP/1.1" 200 12727 "-" "Mozilla/5.0 AppleWebKit/537.36 (KHTML, like Gecko; compatible; GPTBot/1.3; +https://openai.com/gptbot)" maoristudio.com 206889
147.135.252.138 - - [11/Nov/2025:10:29:10 -0300] "GET /?fileloc=//lib/modules/5.14.0-570.52.1.el9_6.x86_64/kernel/drivers/input/misc/atlas_btns.ko.xz&path=//lib/modules/5.14.0-570.52.1.el9_6.x86_64/kernel/drivers/input/misc HTTP/1.1" 200 19647 "-" "Mozilla/5.0 (compatible; MJ12bot/v1.4.8; http://mj12bot.com/)" maoristudio.com 366098
74.7.227.128 - - [11/Nov/2025:10:29:10 -0300] "GET /ass29?path=//tmp HTTP/1.1" 200 12727 "-" "Mozilla/5.0 AppleWebKit/537.36 (KHTML, like Gecko; compatible; GPTBot/1.3; +https://openai.com/gptbot)" maoristudio.com 323958
74.7.227.128 - - [11/Nov/2025:10:29:11 -0300] "GET /eat64?path=//etc HTTP/1.1" 200 105890 "-" "Mozilla/5.0 AppleWebKit/537.36 (KHTML, like Gecko; compatible; GPTBot/1.3; +https://openai.com/gptbot)" maoristudio.com 248827
147.135.252.138 - - [11/Nov/2025:10:29:12 -0300] "GET /?fileloc=//lib/modules/5.14.0-570.52.1.el9_6.x86_64/kernel/drivers/input/misc/cm109.ko.xz&path=//lib/modules/5.14.0-570.52.1.el9_6.x86_64/kernel/drivers/input/misc HTTP/1.1" 200 29606 "-" "Mozilla/5.0 (compatible; MJ12bot/v1.4.8; http://mj12bot.com/)" maoristudio.com 212247
74.7.227.128 - - [11/Nov/2025:10:29:12 -0300] "GET /her57?path=//opt HTTP/1.1" 200 33687 "-" "Mozilla/5.0 AppleWebKit/537.36 (KHTML, like Gecko; compatible; GPTBot/1.3; +https://openai.com/gptbot)" maoristudio.com 285895
74.7.227.128 - - [11/Nov/2025:10:29:13 -0300] "GET /now78?path=//etc HTTP/1.1" 200 105890 "-" "Mozilla/5.0 AppleWebKit/537.36 (KHTML, like Gecko; compatible; GPTBot/1.3; +https://openai.com/gptbot)" maoristudio.com 187562
147.135.252.138 - - [11/Nov/2025:10:29:14 -0300] "GET /?fileloc=//lib/modules/5.14.0-570.52.1.el9_6.x86_64/kernel/drivers/input/misc/keyspan_remote.ko.xz&path=//lib/modules/5.14.0-570.52.1.el9_6.x86_64/kernel/drivers/input/misc HTTP/1.1" 200 25680 "-" "Mozilla/5.0 (compatible; MJ12bot/v1.4.8; http://mj12bot.com/)" maoristudio.com 219115
74.7.227.128 - - [11/Nov/2025:10:29:15 -0300] "GET /hit25?path=//run HTTP/1.1" 200 29755 "-" "Mozilla/5.0 AppleWebKit/537.36 (KHTML, like Gecko; compatible; GPTBot/1.3; +https://openai.com/gptbot)" maoristudio.com 190256
74.7.227.128 - - [11/Nov/2025:10:29:16 -0300] "GET /bat78?path=//tmp HTTP/1.1" 200 12727 "-" "Mozilla/5.0 AppleWebKit/537.36 (KHTML, like Gecko; compatible; GPTBot/1.3; +https://openai.com/gptbot)" maoristudio.com 254782
147.135.252.138 - - [11/Nov/2025:10:29:16 -0300] "GET /?fileloc=//lib/modules/5.14.0-570.52.1.el9_6.x86_64/kernel/drivers/input/misc/pcspkr.ko.xz&path=//lib/modules/5.14.0-570.52.1.el9_6.x86_64/kernel/drivers/input/misc HTTP/1.1" 200 18697 "-" "Mozilla/5.0 (compatible; MJ12bot/v1.4.8; http://mj12bot.com/)" maoristudio.com 268520
74.7.227.128 - - [11/Nov/2025:10:29:17 -0300] "GET /lay28?path=//run HTTP/1.1" 200 29755 "-" "Mozilla/5.0 AppleWebKit/537.36 (KHTML, like Gecko; compatible; GPTBot/1.3; +https://openai.com/gptbot)" maoristudio.com 239910
74.7.227.128 - - [11/Nov/2025:10:29:18 -0300] "GET /per95?fileloc=//bin/cloudlinux-awp-user&path=//bin HTTP/1.1" 200 14255 "-" "Mozilla/5.0 AppleWebKit/537.36 (KHTML, like Gecko; compatible; GPTBot/1.3; +https://openai.com/gptbot)" maoristudio.com 235733
147.135.252.138 - - [11/Nov/2025:10:29:18 -0300] "GET /?fileloc=//lib/modules/5.14.0-570.52.1.el9_6.x86_64/kernel/drivers/input/misc/powermate.ko.xz&path=//lib/modules/5.14.0-570.52.1.el9_6.x86_64/kernel/drivers/input/misc HTTP/1.1" 200 23717 "-" "Mozilla/5.0 (compatible; MJ12bot/v1.4.8; http://mj12bot.com/)" maoristudio.com 259074
74.7.227.128 - - [11/Nov/2025:10:29:19 -0300] "GET /per95?fileloc=//bin/patch&path=//bin HTTP/1.1" 200 317944 "-" "Mozilla/5.0 AppleWebKit/537.36 (KHTML, like Gecko; compatible; GPTBot/1.3; +https://openai.com/gptbot)" maoristudio.com 235615
147.135.252.138 - - [11/Nov/2025:10:29:20 -0300] "GET /?fileloc=//lib/modules/5.14.0-570.52.1.el9_6.x86_64/kernel/drivers/input/misc/rotary_encoder.ko.xz&path=//lib/modules/5.14.0-570.52.1.el9_6.x86_64/kernel/drivers/input/misc HTTP/1.1" 200 22474 "-" "Mozilla/5.0 (compatible; MJ12bot/v1.4.8; http://mj12bot.com/)" maoristudio.com 269197
74.7.227.128 - - [11/Nov/2025:10:29:20 -0300] "GET /per95?fileloc=//bin/paste&path=//bin HTTP/1.1" 200 62446 "-" "Mozilla/5.0 AppleWebKit/537.36 (KHTML, like Gecko; compatible; GPTBot/1.3; +https://openai.com/gptbot)" maoristudio.com 294787
74.7.227.128 - - [11/Nov/2025:10:29:22 -0300] "GET /per95?fileloc=//bin/h2xs&path=//bin HTTP/1.1" 200 80080 "-" "Mozilla/5.0 AppleWebKit/537.36 (KHTML, like Gecko; compatible; GPTBot/1.3; +https://openai.com/gptbot)" maoristudio.com 214800
147.135.252.138 - - [11/Nov/2025:10:29:23 -0300] "GET /?fileloc=//lib/modules/5.14.0-570.52.1.el9_6.x86_64/kernel/drivers/input/misc/uinput.ko.xz&path=//lib/modules/5.14.0-570.52.1.el9_6.x86_64/kernel/drivers/input/misc HTTP/1.1" 200 31434 "-" "Mozilla/5.0 (compatible; MJ12bot/v1.4.8; http://mj12bot.com/)" maoristudio.com 233460
74.7.227.128 - - [11/Nov/2025:10:29:23 -0300] "GET /art43?path=//etc/skel HTTP/1.1" 200 17000 "-" "Mozilla/5.0 AppleWebKit/537.36 (KHTML, like Gecko; compatible; GPTBot/1.3; +https://openai.com/gptbot)" maoristudio.com 219502
74.7.227.128 - - [11/Nov/2025:10:29:24 -0300] "GET /ass29?path=//bin HTTP/1.1" 200 665055 "-" "Mozilla/5.0 AppleWebKit/537.36 (KHTML, like Gecko; compatible; GPTBot/1.3; +https://openai.com/gptbot)" maoristudio.com 286335
147.135.252.138 - - [11/Nov/2025:10:29:25 -0300] "GET /?fileloc=//lib/modules/5.14.0-570.52.1.el9_6.x86_64/kernel/drivers/input/misc/xen-kbdfront.ko.xz&path=//lib/modules/5.14.0-570.52.1.el9_6.x86_64/kernel/drivers/input/misc HTTP/1.1" 200 25532 "-" "Mozilla/5.0 (compatible; MJ12bot/v1.4.8; http://mj12bot.com/)" maoristudio.com 185905
74.7.227.128 - - [11/Nov/2025:10:29:25 -0300] "GET /now78?fileloc=//etc/backupmxhosts&path=//etc HTTP/1.1" 200 12317 "-" "Mozilla/5.0 AppleWebKit/537.36 (KHTML, like Gecko; compatible; GPTBot/1.3; +https://openai.com/gptbot)" maoristudio.com 149410
74.7.227.128 - - [11/Nov/2025:10:29:26 -0300] "GET /cup94?path=//usr HTTP/1.1" 200 26927 "-" "Mozilla/5.0 AppleWebKit/537.36 (KHTML, like Gecko; compatible; GPTBot/1.3; +https://openai.com/gptbot)" maoristudio.com 187944
147.135.252.138 - - [11/Nov/2025:10:29:27 -0300] "GET /?fileloc=//lib/modules/5.14.0-570.52.1.el9_6.x86_64/kernel/drivers/input/misc/yealink.ko.xz&path=//lib/modules/5.14.0-570.52.1.el9_6.x86_64/kernel/drivers/input/misc HTTP/1.1" 200 30681 "-" "Mozilla/5.0 (compatible; MJ12bot/v1.4.8; http://mj12bot.com/)" maoristudio.com 435042
74.7.227.128 - - [11/Nov/2025:10:29:27 -0300] "GET /ask71?path=//tmp HTTP/1.1" 200 12727 "-" "Mozilla/5.0 AppleWebKit/537.36 (KHTML, like Gecko; compatible; GPTBot/1.3; +https://openai.com/gptbot)" maoristudio.com 241011
44.210.204.255 - - [11/Nov/2025:10:29:28 -0300] "GET /?path=//proc/self/root/lib/.build-id/52 HTTP/1.1" 200 22661 "-" "Mozilla/5.0 AppleWebKit/537.36 (KHTML, like Gecko; compatible; Amazonbot/0.1; +https://developer.amazon.com/support/amazonbot) Chrome/119.0.6045.214 Safari/537.36" maoristudio.com 206562
74.7.227.128 - - [11/Nov/2025:10:29:28 -0300] "GET /set89?path=//bin HTTP/1.1" 200 665055 "-" "Mozilla/5.0 AppleWebKit/537.36 (KHTML, like Gecko; compatible; GPTBot/1.3; +https://openai.com/gptbot)" maoristudio.com 249927
74.7.227.128 - - [11/Nov/2025:10:29:30 -0300] "GET /bid80?path=//var HTTP/1.1" 200 29459 "-" "Mozilla/5.0 AppleWebKit/537.36 (KHTML, like Gecko; compatible; GPTBot/1.3; +https://openai.com/gptbot)" maoristudio.com 195177
147.135.252.138 - - [11/Nov/2025:10:29:30 -0300] "GET /?fileloc=//lib/modules/5.14.0-570.52.1.el9_6.x86_64/kernel/drivers/input/mouse/appletouch.ko.xz&path=//lib/modules/5.14.0-570.52.1.el9_6.x86_64/kernel/drivers/input/mouse HTTP/1.1" 200 31325 "-" "Mozilla/5.0 (compatible; MJ12bot/v1.4.8; http://mj12bot.com/)" maoristudio.com 200050
74.7.227.128 - - [11/Nov/2025:10:29:31 -0300] "GET /gun55?path=//tmp HTTP/1.1" 200 12727 "-" "Mozilla/5.0 AppleWebKit/537.36 (KHTML, like Gecko; compatible; GPTBot/1.3; +https://openai.com/gptbot)" maoristudio.com 144012
147.135.252.138 - - [11/Nov/2025:10:29:32 -0300] "GET /?fileloc=//lib/modules/5.14.0-570.52.1.el9_6.x86_64/kernel/drivers/input/mouse/bcm5974.ko.xz&path=//lib/modules/5.14.0-570.52.1.el9_6.x86_64/kernel/drivers/input/mouse HTTP/1.1" 200 28452 "-" "Mozilla/5.0 (compatible; MJ12bot/v1.4.8; http://mj12bot.com/)" maoristudio.com 240834
74.7.227.128 - - [11/Nov/2025:10:29:32 -0300] "GET /bit78?path=//lib HTTP/1.1" 200 61010 "-" "Mozilla/5.0 AppleWebKit/537.36 (KHTML, like Gecko; compatible; GPTBot/1.3; +https://openai.com/gptbot)" maoristudio.com 314281
74.7.227.128 - - [11/Nov/2025:10:29:33 -0300] "GET /too83?path=//usr HTTP/1.1" 200 26927 "-" "Mozilla/5.0 AppleWebKit/537.36 (KHTML, like Gecko; compatible; GPTBot/1.3; +https://openai.com/gptbot)" maoristudio.com 217028
147.135.252.138 - - [11/Nov/2025:10:29:34 -0300] "GET /?fileloc=//lib/modules/5.14.0-570.52.1.el9_6.x86_64/kernel/drivers/input/mouse/cyapatp.ko.xz&path=//lib/modules/5.14.0-570.52.1.el9_6.x86_64/kernel/drivers/input/mouse HTTP/1.1" 200 73440 "-" "Mozilla/5.0 (compatible; MJ12bot/v1.4.8; http://mj12bot.com/)" maoristudio.com 236023
74.7.227.128 - - [11/Nov/2025:10:29:34 -0300] "GET /ass29?fileloc=//bin/nslookup&path=//bin HTTP/1.1" 200 176342 "-" "Mozilla/5.0 AppleWebKit/537.36 (KHTML, like Gecko; compatible; GPTBot/1.3; +https://openai.com/gptbot)" maoristudio.com 231738
74.7.227.128 - - [11/Nov/2025:10:29:35 -0300] "GET /ass29?fileloc=//bin/pod2usage&path=//bin HTTP/1.1" 200 17082 "-" "Mozilla/5.0 AppleWebKit/537.36 (KHTML, like Gecko; compatible; GPTBot/1.3; +https://openai.com/gptbot)" maoristudio.com 152209
74.7.227.128 - - [11/Nov/2025:10:29:37 -0300] "GET /gun55?path=//opt HTTP/1.1" 200 33687 "-" "Mozilla/5.0 AppleWebKit/537.36 (KHTML, like Gecko; compatible; GPTBot/1.3; +https://openai.com/gptbot)" maoristudio.com 198879
147.135.252.138 - - [11/Nov/2025:10:29:37 -0300] "GET /?fileloc=//lib/modules/5.14.0-570.52.1.el9_6.x86_64/kernel/drivers/input/mouse/elan_i2c.ko.xz&path=//lib/modules/5.14.0-570.52.1.el9_6.x86_64/kernel/drivers/input/mouse HTTP/1.1" 200 51940 "-" "Mozilla/5.0 (compatible; MJ12bot/v1.4.8; http://mj12bot.com/)" maoristudio.com 212488
74.7.227.128 - - [11/Nov/2025:10:29:38 -0300] "GET /boy41?path=//var HTTP/1.1" 200 29459 "-" "Mozilla/5.0 AppleWebKit/537.36 (KHTML, like Gecko; compatible; GPTBot/1.3; +https://openai.com/gptbot)" maoristudio.com 171676
74.7.227.128 - - [11/Nov/2025:10:29:39 -0300] "GET /pig76?path=//bin HTTP/1.1" 200 665055 "-" "Mozilla/5.0 AppleWebKit/537.36 (KHTML, like Gecko; compatible; GPTBot/1.3; +https://openai.com/gptbot)" maoristudio.com 419876
147.135.252.138 - - [11/Nov/2025:10:29:40 -0300] "GET /?fileloc=//lib/modules/5.14.0-570.52.1.el9_6.x86_64/kernel/drivers/input/mouse/sermouse.ko.xz&path=//lib/modules/5.14.0-570.52.1.el9_6.x86_64/kernel/drivers/input/mouse HTTP/1.1" 200 21027 "-" "Mozilla/5.0 (compatible; MJ12bot/v1.4.8; http://mj12bot.com/)" maoristudio.com 257206
74.7.227.128 - - [11/Nov/2025:10:29:40 -0300] "GET /set89?fileloc=//bin/nl&path=//bin HTTP/1.1" 200 175857 "-" "Mozilla/5.0 AppleWebKit/537.36 (KHTML, like Gecko; compatible; GPTBot/1.3; +https://openai.com/gptbot)" maoristudio.com 176370
74.7.227.128 - - [11/Nov/2025:10:29:41 -0300] "GET /set89?fileloc=//bin/c++&path=//bin HTTP/1.1" 200 12307 "-" "Mozilla/5.0 AppleWebKit/537.36 (KHTML, like Gecko; compatible; GPTBot/1.3; +https://openai.com/gptbot)" maoristudio.com 219288
147.135.252.138 - - [11/Nov/2025:10:29:42 -0300] "GET /?fileloc=//lib/modules/5.14.0-570.52.1.el9_6.x86_64/kernel/drivers/input/mouse/synaptics_i2c.ko.xz&path=//lib/modules/5.14.0-570.52.1.el9_6.x86_64/kernel/drivers/input/mouse HTTP/1.1" 200 24369 "-" "Mozilla/5.0 (compatible; MJ12bot/v1.4.8; http://mj12bot.com/)" maoristudio.com 156243
74.7.227.128 - - [11/Nov/2025:10:29:42 -0300] "GET /now78?path=//run HTTP/1.1" 200 29755 "-" "Mozilla/5.0 AppleWebKit/537.36 (KHTML, like Gecko; compatible; GPTBot/1.3; +https://openai.com/gptbot)" maoristudio.com 198813
74.7.227.128 - - [11/Nov/2025:10:29:44 -0300] "GET /man85?path=//tmp HTTP/1.1" 200 12727 "-" "Mozilla/5.0 AppleWebKit/537.36 (KHTML, like Gecko; compatible; GPTBot/1.3; +https://openai.com/gptbot)" maoristudio.com 191991
44.193.102.198 - - [11/Nov/2025:10:29:44 -0300] "GET /?path=//proc/thread-self/root/lib/.build-id/e5 HTTP/1.1" 200 32727 "-" "Mozilla/5.0 AppleWebKit/537.36 (KHTML, like Gecko; compatible; Amazonbot/0.1; +https://developer.amazon.com/support/amazonbot) Chrome/119.0.6045.214 Safari/537.36" maoristudio.com 328347
147.135.252.138 - - [11/Nov/2025:10:29:44 -0300] "GET /?fileloc=//lib/modules/5.14.0-570.52.1.el9_6.x86_64/kernel/drivers/input/mouse/synaptics_usb.ko.xz&path=//lib/modules/5.14.0-570.52.1.el9_6.x86_64/kernel/drivers/input/mouse HTTP/1.1" 200 24781 "-" "Mozilla/5.0 (compatible; MJ12bot/v1.4.8; http://mj12bot.com/)" maoristudio.com 287216
74.7.227.128 - - [11/Nov/2025:10:29:45 -0300] "GET /bow69?path=//bin HTTP/1.1" 200 665055 "-" "Mozilla/5.0 AppleWebKit/537.36 (KHTML, like Gecko; compatible; GPTBot/1.3; +https://openai.com/gptbot)" maoristudio.com 293447
74.7.227.128 - - [11/Nov/2025:10:29:46 -0300] "GET /bit12?path=//etc HTTP/1.1" 200 105890 "-" "Mozilla/5.0 AppleWebKit/537.36 (KHTML, like Gecko; compatible; GPTBot/1.3; +https://openai.com/gptbot)" maoristudio.com 196668
147.135.252.138 - - [11/Nov/2025:10:29:46 -0300] "GET /?fileloc=//lib/modules/5.14.0-570.52.1.el9_6.x86_64/kernel/drivers/input/mouse/vsxxxaa.ko.xz&path=//lib/modules/5.14.0-570.52.1.el9_6.x86_64/kernel/drivers/input/mouse HTTP/1.1" 200 23362 "-" "Mozilla/5.0 (compatible; MJ12bot/v1.4.8; http://mj12bot.com/)" maoristudio.com 235941
74.7.227.128 - - [11/Nov/2025:10:29:47 -0300] "GET /shy14?path=//run HTTP/1.1" 200 29755 "-" "Mozilla/5.0 AppleWebKit/537.36 (KHTML, like Gecko; compatible; GPTBot/1.3; +https://openai.com/gptbot)" maoristudio.com 182836
34.197.28.78 - - [11/Nov/2025:10:29:48 -0300] "GET /?path=//proc/self/root/usr/lib/sysusers.d HTTP/1.1" 200 29699 "-" "Mozilla/5.0 AppleWebKit/537.36 (KHTML, like Gecko; compatible; Amazonbot/0.1; +https://developer.amazon.com/support/amazonbot) Chrome/119.0.6045.214 Safari/537.36" maoristudio.com 226163
74.7.227.128 - - [11/Nov/2025:10:29:48 -0300] "GET /eat64?path=//tmp HTTP/1.1" 200 12727 "-" "Mozilla/5.0 AppleWebKit/537.36 (KHTML, like Gecko; compatible; GPTBot/1.3; +https://openai.com/gptbot)" maoristudio.com 194855
147.135.252.138 - - [11/Nov/2025:10:29:49 -0300] "GET /?fileloc=//lib/modules/5.14.0-570.52.1.el9_6.x86_64/kernel/drivers/input/rmi4/rmi_core.ko.xz&path=//lib/modules/5.14.0-570.52.1.el9_6.x86_64/kernel/drivers/input/rmi4 HTTP/1.1" 200 95612 "-" "Mozilla/5.0 (compatible; MJ12bot/v1.4.8; http://mj12bot.com/)" maoristudio.com 281435
74.7.227.128 - - [11/Nov/2025:10:29:49 -0300] "GET /off97?path=//usr HTTP/1.1" 200 26927 "-" "Mozilla/5.0 AppleWebKit/537.36 (KHTML, like Gecko; compatible; GPTBot/1.3; +https://openai.com/gptbot)" maoristudio.com 201264
74.7.227.128 - - [11/Nov/2025:10:29:51 -0300] "GET /pig76?fileloc=//bin/ls&path=//bin HTTP/1.1" 200 222576 "-" "Mozilla/5.0 AppleWebKit/537.36 (KHTML, like Gecko; compatible; GPTBot/1.3; +https://openai.com/gptbot)" maoristudio.com 244757
74.7.227.128 - - [11/Nov/2025:10:29:52 -0300] "GET /pig76?fileloc=//bin/numfmt&path=//bin HTTP/1.1" 200 96666 "-" "Mozilla/5.0 AppleWebKit/537.36 (KHTML, like Gecko; compatible; GPTBot/1.3; +https://openai.com/gptbot)" maoristudio.com 248462
147.135.252.138 - - [11/Nov/2025:10:29:52 -0300] "GET /?fileloc=//lib/modules/5.14.0-570.52.1.el9_6.x86_64/kernel/drivers/input/rmi4/rmi_i2c.ko.xz&path=//lib/modules/5.14.0-570.52.1.el9_6.x86_64/kernel/drivers/input/rmi4 HTTP/1.1" 200 23253 "-" "Mozilla/5.0 (compatible; MJ12bot/v1.4.8; http://mj12bot.com/)" maoristudio.com 334421
18.210.58.238 - - [11/Nov/2025:10:29:52 -0300] "GET /?path=//opt/cloudlinux/alt-php81/root/etc/php-fpm.d HTTP/1.1" 200 14600 "-" "Mozilla/5.0 AppleWebKit/537.36 (KHTML, like Gecko; compatible; Amazonbot/0.1; +https://developer.amazon.com/support/amazonbot) Chrome/119.0.6045.214 Safari/537.36" maoristudio.com 372792
74.7.227.128 - - [11/Nov/2025:10:29:53 -0300] "GET /pig76?fileloc=//bin/fc-validate&path=//bin HTTP/1.1" 200 30951 "-" "Mozilla/5.0 AppleWebKit/537.36 (KHTML, like Gecko; compatible; GPTBot/1.3; +https://openai.com/gptbot)" maoristudio.com 259095
74.7.227.128 - - [11/Nov/2025:10:29:54 -0300] "GET /pig76?fileloc=//bin/xsltproc&path=//bin HTTP/1.1" 200 52531 "-" "Mozilla/5.0 AppleWebKit/537.36 (KHTML, like Gecko; compatible; GPTBot/1.3; +https://openai.com/gptbot)" maoristudio.com 239551
147.135.252.138 - - [11/Nov/2025:10:29:55 -0300] "GET /?fileloc=//lib/modules/5.14.0-570.52.1.el9_6.x86_64/kernel/drivers/input/rmi4/rmi_smbus.ko.xz&path=//lib/modules/5.14.0-570.52.1.el9_6.x86_64/kernel/drivers/input/rmi4 HTTP/1.1" 200 23821 "-" "Mozilla/5.0 (compatible; MJ12bot/v1.4.8; http://mj12bot.com/)" maoristudio.com 315856
74.7.227.128 - - [11/Nov/2025:10:29:55 -0300] "GET /top59?path=//lib HTTP/1.1" 200 61010 "-" "Mozilla/5.0 AppleWebKit/537.36 (KHTML, like Gecko; compatible; GPTBot/1.3; +https://openai.com/gptbot)" maoristudio.com 512634
74.7.227.128 - - [11/Nov/2025:10:29:56 -0300] "GET /bat78?path=//var HTTP/1.1" 200 29459 "-" "Mozilla/5.0 AppleWebKit/537.36 (KHTML, like Gecko; compatible; GPTBot/1.3; +https://openai.com/gptbot)" maoristudio.com 185584
3.224.104.67 - - [11/Nov/2025:10:29:57 -0300] "GET /?path=//usr/lib/firmware/atusb HTTP/1.1" 200 17330 "-" "Mozilla/5.0 AppleWebKit/537.36 (KHTML, like Gecko; compatible; Amazonbot/0.1; +https://developer.amazon.com/support/amazonbot) Chrome/119.0.6045.214 Safari/537.36" maoristudio.com 238275
74.7.227.128 - - [11/Nov/2025:10:29:58 -0300] "GET /bow69?fileloc=//bin/fc-cache-64&path=//bin HTTP/1.1" 200 41101 "-" "Mozilla/5.0 AppleWebKit/537.36 (KHTML, like Gecko; compatible; GPTBot/1.3; +https://openai.com/gptbot)" maoristudio.com 252219
147.135.252.138 - - [11/Nov/2025:10:29:58 -0300] "GET /?fileloc=//lib/modules/5.14.0-570.52.1.el9_6.x86_64/kernel/drivers/input/rmi4/rmi_spi.ko.xz&path=//lib/modules/5.14.0-570.52.1.el9_6.x86_64/kernel/drivers/input/rmi4 HTTP/1.1" 200 24712 "-" "Mozilla/5.0 (compatible; MJ12bot/v1.4.8; http://mj12bot.com/)" maoristudio.com 270672
74.7.227.128 - - [11/Nov/2025:10:29:59 -0300] "GET /bit12?path=//etc/cl.php.d HTTP/1.1" 200 32856 "-" "Mozilla/5.0 AppleWebKit/537.36 (KHTML, like Gecko; compatible; GPTBot/1.3; +https://openai.com/gptbot)" maoristudio.com 197894
74.7.227.128 - - [11/Nov/2025:10:30:00 -0300] "GET /so20?path=//sbin HTTP/1.1" 200 61855 "-" "Mozilla/5.0 AppleWebKit/537.36 (KHTML, like Gecko; compatible; GPTBot/1.3; +https://openai.com/gptbot)" maoristudio.com 212297
44.221.105.234 - - [11/Nov/2025:10:30:00 -0300] "GET /?path=//proc/thread-self/root/var/imunify360/files HTTP/1.1" 200 14423 "-" "Mozilla/5.0 AppleWebKit/537.36 (KHTML, like Gecko; compatible; Amazonbot/0.1; +https://developer.amazon.com/support/amazonbot) Chrome/119.0.6045.214 Safari/537.36" maoristudio.com 233762
74.7.227.128 - - [11/Nov/2025:10:30:01 -0300] "GET /me62?path=//root HTTP/1.1" 200 12729 "-" "Mozilla/5.0 AppleWebKit/537.36 (KHTML, like Gecko; compatible; GPTBot/1.3; +https://openai.com/gptbot)" maoristudio.com 653935
74.7.227.128 - - [11/Nov/2025:10:30:02 -0300] "GET /why59?path=//bin HTTP/1.1" 200 665055 "-" "Mozilla/5.0 AppleWebKit/537.36 (KHTML, like Gecko; compatible; GPTBot/1.3; +https://openai.com/gptbot)" maoristudio.com 495172
147.135.252.138 - - [11/Nov/2025:10:30:03 -0300] "GET /?fileloc=//lib/modules/5.14.0-570.52.1.el9_6.x86_64/kernel/drivers/input/serio/altera_ps2.ko.xz&path=//lib/modules/5.14.0-570.52.1.el9_6.x86_64/kernel/drivers/input/serio HTTP/1.1" 200 19450 "-" "Mozilla/5.0 (compatible; MJ12bot/v1.4.8; http://mj12bot.com/)" maoristudio.com 330983
74.7.227.128 - - [11/Nov/2025:10:30:03 -0300] "GET /sad46?path=//run HTTP/1.1" 200 29755 "-" "Mozilla/5.0 AppleWebKit/537.36 (KHTML, like Gecko; compatible; GPTBot/1.3; +https://openai.com/gptbot)" maoristudio.com 275949
74.7.227.128 - - [11/Nov/2025:10:30:05 -0300] "GET /hit25?path=//lib HTTP/1.1" 200 61010 "-" "Mozilla/5.0 AppleWebKit/537.36 (KHTML, like Gecko; compatible; GPTBot/1.3; +https://openai.com/gptbot)" maoristudio.com 266384
147.135.252.138 - - [11/Nov/2025:10:30:05 -0300] "GET /?fileloc=//lib/modules/5.14.0-570.52.1.el9_6.x86_64/kernel/drivers/input/serio/arc_ps2.ko.xz&path=//lib/modules/5.14.0-570.52.1.el9_6.x86_64/kernel/drivers/input/serio HTTP/1.1" 200 21342 "-" "Mozilla/5.0 (compatible; MJ12bot/v1.4.8; http://mj12bot.com/)" maoristudio.com 459128
