74.7.227.128 - - [11/Nov/2025:10:19:05 -0300] "GET /drama97?path=/ HTTP/1.1" 200 30489 "-" "Mozilla/5.0 AppleWebKit/537.36 (KHTML, like Gecko; compatible; GPTBot/1.3; +https://openai.com/gptbot)" maoristudio.com 255889
74.7.227.128 - - [11/Nov/2025:10:19:06 -0300] "GET /vocal44?path=/ HTTP/1.1" 200 30489 "-" "Mozilla/5.0 AppleWebKit/537.36 (KHTML, like Gecko; compatible; GPTBot/1.3; +https://openai.com/gptbot)" maoristudio.com 195579
74.7.227.128 - - [11/Nov/2025:10:19:08 -0300] "GET /watch32?path=/ HTTP/1.1" 200 30489 "-" "Mozilla/5.0 AppleWebKit/537.36 (KHTML, like Gecko; compatible; GPTBot/1.3; +https://openai.com/gptbot)" maoristudio.com 218865
74.7.227.128 - - [11/Nov/2025:10:19:09 -0300] "GET /sight93?path=/ HTTP/1.1" 200 30489 "-" "Mozilla/5.0 AppleWebKit/537.36 (KHTML, like Gecko; compatible; GPTBot/1.3; +https://openai.com/gptbot)" maoristudio.com 246915
74.7.227.128 - - [11/Nov/2025:10:19:10 -0300] "GET /shell87?path=/ HTTP/1.1" 200 30489 "-" "Mozilla/5.0 AppleWebKit/537.36 (KHTML, like Gecko; compatible; GPTBot/1.3; +https://openai.com/gptbot)" maoristudio.com 241089
74.7.227.128 - - [11/Nov/2025:10:19:11 -0300] "GET /drift11?path=/ HTTP/1.1" 200 30489 "-" "Mozilla/5.0 AppleWebKit/537.36 (KHTML, like Gecko; compatible; GPTBot/1.3; +https://openai.com/gptbot)" maoristudio.com 257923
74.7.227.128 - - [11/Nov/2025:10:19:12 -0300] "GET /coast42?path=//dev HTTP/1.1" 200 18041 "-" "Mozilla/5.0 AppleWebKit/537.36 (KHTML, like Gecko; compatible; GPTBot/1.3; +https://openai.com/gptbot)" maoristudio.com 258572
74.7.227.128 - - [11/Nov/2025:10:19:13 -0300] "GET /bench55?path=/ HTTP/1.1" 200 30489 "-" "Mozilla/5.0 AppleWebKit/537.36 (KHTML, like Gecko; compatible; GPTBot/1.3; +https://openai.com/gptbot)" maoristudio.com 213220
74.7.227.128 - - [11/Nov/2025:10:19:15 -0300] "GET /event76?path=/ HTTP/1.1" 200 30489 "-" "Mozilla/5.0 AppleWebKit/537.36 (KHTML, like Gecko; compatible; GPTBot/1.3; +https://openai.com/gptbot)" maoristudio.com 151494
74.7.227.128 - - [11/Nov/2025:10:19:16 -0300] "GET /march36?path=/ HTTP/1.1" 200 30489 "-" "Mozilla/5.0 AppleWebKit/537.36 (KHTML, like Gecko; compatible; GPTBot/1.3; +https://openai.com/gptbot)" maoristudio.com 206359
74.7.227.128 - - [11/Nov/2025:10:19:17 -0300] "GET /phone24?path=/ HTTP/1.1" 200 30489 "-" "Mozilla/5.0 AppleWebKit/537.36 (KHTML, like Gecko; compatible; GPTBot/1.3; +https://openai.com/gptbot)" maoristudio.com 194885
173.208.176.202 - - [11/Nov/2025:10:17:47 -0300] "GET /wp-includes/qq5da787/index.php?id=775696 HTTP/1.1" 200 - "http://maoristudio.com/wp-includes/qq5da787/index.php?id=775696" "Mozilla/5.0 (Windows NT 10.0; Win64; x64) AppleWebKit/537.36 (KHTML, like Gecko) Chrome/58.0.3029.110 Safari/537.3" maoristudio.com 90441079
74.7.227.128 - - [11/Nov/2025:10:19:18 -0300] "GET /match94?path=/ HTTP/1.1" 200 30489 "-" "Mozilla/5.0 AppleWebKit/537.36 (KHTML, like Gecko; compatible; GPTBot/1.3; +https://openai.com/gptbot)" maoristudio.com 158054
74.7.227.128 - - [11/Nov/2025:10:19:19 -0300] "GET /honor53?path=/ HTTP/1.1" 200 30489 "-" "Mozilla/5.0 AppleWebKit/537.36 (KHTML, like Gecko; compatible; GPTBot/1.3; +https://openai.com/gptbot)" maoristudio.com 373650
74.7.227.128 - - [11/Nov/2025:10:19:20 -0300] "GET /level70?path=/ HTTP/1.1" 200 30489 "-" "Mozilla/5.0 AppleWebKit/537.36 (KHTML, like Gecko; compatible; GPTBot/1.3; +https://openai.com/gptbot)" maoristudio.com 141470
74.7.227.128 - - [11/Nov/2025:10:19:22 -0300] "GET /chill27?path=/ HTTP/1.1" 200 30489 "-" "Mozilla/5.0 AppleWebKit/537.36 (KHTML, like Gecko; compatible; GPTBot/1.3; +https://openai.com/gptbot)" maoristudio.com 176574
74.7.227.128 - - [11/Nov/2025:10:19:23 -0300] "GET /teach35?path=/ HTTP/1.1" 200 30489 "-" "Mozilla/5.0 AppleWebKit/537.36 (KHTML, like Gecko; compatible; GPTBot/1.3; +https://openai.com/gptbot)" maoristudio.com 169074
74.7.227.128 - - [11/Nov/2025:10:19:24 -0300] "GET /trial62?path=/ HTTP/1.1" 200 30489 "-" "Mozilla/5.0 AppleWebKit/537.36 (KHTML, like Gecko; compatible; GPTBot/1.3; +https://openai.com/gptbot)" maoristudio.com 116035
74.7.227.128 - - [11/Nov/2025:10:19:25 -0300] "GET /trace16?path=/ HTTP/1.1" 200 30489 "-" "Mozilla/5.0 AppleWebKit/537.36 (KHTML, like Gecko; compatible; GPTBot/1.3; +https://openai.com/gptbot)" maoristudio.com 208302
74.7.227.128 - - [11/Nov/2025:10:19:26 -0300] "GET /grasp79?path=/ HTTP/1.1" 200 30489 "-" "Mozilla/5.0 AppleWebKit/537.36 (KHTML, like Gecko; compatible; GPTBot/1.3; +https://openai.com/gptbot)" maoristudio.com 153886
74.7.227.128 - - [11/Nov/2025:10:19:27 -0300] "GET /shift36?path=/ HTTP/1.1" 200 30489 "-" "Mozilla/5.0 AppleWebKit/537.36 (KHTML, like Gecko; compatible; GPTBot/1.3; +https://openai.com/gptbot)" maoristudio.com 131036
74.7.227.128 - - [11/Nov/2025:10:19:29 -0300] "GET /visit70?path=/ HTTP/1.1" 200 30489 "-" "Mozilla/5.0 AppleWebKit/537.36 (KHTML, like Gecko; compatible; GPTBot/1.3; +https://openai.com/gptbot)" maoristudio.com 118257
74.7.227.128 - - [11/Nov/2025:10:19:30 -0300] "GET /honor53?path=//home HTTP/1.1" 200 14072 "-" "Mozilla/5.0 AppleWebKit/537.36 (KHTML, like Gecko; compatible; GPTBot/1.3; +https://openai.com/gptbot)" maoristudio.com 148092
74.7.227.128 - - [11/Nov/2025:10:19:31 -0300] "GET /piece82?path=/ HTTP/1.1" 200 30489 "-" "Mozilla/5.0 AppleWebKit/537.36 (KHTML, like Gecko; compatible; GPTBot/1.3; +https://openai.com/gptbot)" maoristudio.com 150958
173.208.176.202 - - [11/Nov/2025:10:17:57 -0300] "GET /wp-content/ade7e187/edit.php?id=798844 HTTP/1.1" 200 - "http://maoristudio.com/wp-content/ade7e187/edit.php?id=798844" "Mozilla/5.0 (Windows NT 10.0; Win64; x64) AppleWebKit/537.36 (KHTML, like Gecko) Chrome/58.0.3029.110 Safari/537.3" maoristudio.com 93948474
74.7.227.128 - - [11/Nov/2025:10:19:32 -0300] "GET /might12?path=/ HTTP/1.1" 200 30489 "-" "Mozilla/5.0 AppleWebKit/537.36 (KHTML, like Gecko; compatible; GPTBot/1.3; +https://openai.com/gptbot)" maoristudio.com 335954
74.7.227.128 - - [11/Nov/2025:10:19:33 -0300] "GET /faint86?path=/ HTTP/1.1" 200 30489 "-" "Mozilla/5.0 AppleWebKit/537.36 (KHTML, like Gecko; compatible; GPTBot/1.3; +https://openai.com/gptbot)" maoristudio.com 158235
74.7.227.128 - - [11/Nov/2025:10:19:34 -0300] "GET /plant26?path=/ HTTP/1.1" 200 30489 "-" "Mozilla/5.0 AppleWebKit/537.36 (KHTML, like Gecko; compatible; GPTBot/1.3; +https://openai.com/gptbot)" maoristudio.com 193989
74.7.227.128 - - [11/Nov/2025:10:19:35 -0300] "GET /beach49?path=/ HTTP/1.1" 200 30489 "-" "Mozilla/5.0 AppleWebKit/537.36 (KHTML, like Gecko; compatible; GPTBot/1.3; +https://openai.com/gptbot)" maoristudio.com 234985
74.7.227.128 - - [11/Nov/2025:10:19:37 -0300] "GET /actor73?path=/ HTTP/1.1" 200 30489 "-" "Mozilla/5.0 AppleWebKit/537.36 (KHTML, like Gecko; compatible; GPTBot/1.3; +https://openai.com/gptbot)" maoristudio.com 618343
74.7.227.128 - - [11/Nov/2025:10:19:38 -0300] "GET /chain54?path=/ HTTP/1.1" 200 30489 "-" "Mozilla/5.0 AppleWebKit/537.36 (KHTML, like Gecko; compatible; GPTBot/1.3; +https://openai.com/gptbot)" maoristudio.com 242546
74.7.227.128 - - [11/Nov/2025:10:19:39 -0300] "GET /spell62?path=/ HTTP/1.1" 200 30489 "-" "Mozilla/5.0 AppleWebKit/537.36 (KHTML, like Gecko; compatible; GPTBot/1.3; +https://openai.com/gptbot)" maoristudio.com 375797
74.7.227.128 - - [11/Nov/2025:10:19:40 -0300] "GET /trace75?path=/ HTTP/1.1" 200 30489 "-" "Mozilla/5.0 AppleWebKit/537.36 (KHTML, like Gecko; compatible; GPTBot/1.3; +https://openai.com/gptbot)" maoristudio.com 330973
100.28.118.16 - - [11/Nov/2025:10:19:40 -0300] "GET /?path=//proc/self/root/opt/cpanel/ea-php81 HTTP/1.1" 200 15848 "-" "Mozilla/5.0 AppleWebKit/537.36 (KHTML, like Gecko; compatible; Amazonbot/0.1; +https://developer.amazon.com/support/amazonbot) Chrome/119.0.6045.214 Safari/537.36" maoristudio.com 180737
74.7.227.128 - - [11/Nov/2025:10:19:41 -0300] "GET /shark39?path=/ HTTP/1.1" 200 30489 "-" "Mozilla/5.0 AppleWebKit/537.36 (KHTML, like Gecko; compatible; GPTBot/1.3; +https://openai.com/gptbot)" maoristudio.com 218556
74.7.227.128 - - [11/Nov/2025:10:19:42 -0300] "GET /sheet95?path=/ HTTP/1.1" 200 30489 "-" "Mozilla/5.0 AppleWebKit/537.36 (KHTML, like Gecko; compatible; GPTBot/1.3; +https://openai.com/gptbot)" maoristudio.com 289828
74.7.227.128 - - [11/Nov/2025:10:19:43 -0300] "GET /alarm44?path=/ HTTP/1.1" 200 30489 "-" "Mozilla/5.0 AppleWebKit/537.36 (KHTML, like Gecko; compatible; GPTBot/1.3; +https://openai.com/gptbot)" maoristudio.com 253814
74.7.227.128 - - [11/Nov/2025:10:19:45 -0300] "GET /shade96?path=/ HTTP/1.1" 200 30489 "-" "Mozilla/5.0 AppleWebKit/537.36 (KHTML, like Gecko; compatible; GPTBot/1.3; +https://openai.com/gptbot)" maoristudio.com 294938
74.7.227.128 - - [11/Nov/2025:10:19:46 -0300] "GET /reply44?path=/ HTTP/1.1" 200 30489 "-" "Mozilla/5.0 AppleWebKit/537.36 (KHTML, like Gecko; compatible; GPTBot/1.3; +https://openai.com/gptbot)" maoristudio.com 180677
74.7.227.128 - - [11/Nov/2025:10:19:47 -0300] "GET /speak16?path=/ HTTP/1.1" 200 30489 "-" "Mozilla/5.0 AppleWebKit/537.36 (KHTML, like Gecko; compatible; GPTBot/1.3; +https://openai.com/gptbot)" maoristudio.com 201502
74.7.227.128 - - [11/Nov/2025:10:19:48 -0300] "GET /loyal23?path=/ HTTP/1.1" 200 30489 "-" "Mozilla/5.0 AppleWebKit/537.36 (KHTML, like Gecko; compatible; GPTBot/1.3; +https://openai.com/gptbot)" maoristudio.com 186871
74.7.227.128 - - [11/Nov/2025:10:19:49 -0300] "GET /party41?path=/ HTTP/1.1" 200 30489 "-" "Mozilla/5.0 AppleWebKit/537.36 (KHTML, like Gecko; compatible; GPTBot/1.3; +https://openai.com/gptbot)" maoristudio.com 203773
147.135.252.138 - - [11/Nov/2025:10:19:50 -0300] "GET /robots.txt HTTP/1.1" 200 369 "-" "Mozilla/5.0 (compatible; MJ12bot/v1.4.8; http://mj12bot.com/)" maoristudio.com 1829
74.7.227.128 - - [11/Nov/2025:10:19:50 -0300] "GET /stack67?path=/ HTTP/1.1" 200 30489 "-" "Mozilla/5.0 AppleWebKit/537.36 (KHTML, like Gecko; compatible; GPTBot/1.3; +https://openai.com/gptbot)" maoristudio.com 270907
74.7.227.128 - - [11/Nov/2025:10:19:52 -0300] "GET /silly11?path=/ HTTP/1.1" 200 30489 "-" "Mozilla/5.0 AppleWebKit/537.36 (KHTML, like Gecko; compatible; GPTBot/1.3; +https://openai.com/gptbot)" maoristudio.com 214961
74.7.227.128 - - [11/Nov/2025:10:19:53 -0300] "GET /onion49?path=/ HTTP/1.1" 200 30489 "-" "Mozilla/5.0 AppleWebKit/537.36 (KHTML, like Gecko; compatible; GPTBot/1.3; +https://openai.com/gptbot)" maoristudio.com 217879
74.7.227.128 - - [11/Nov/2025:10:19:54 -0300] "GET /aware48?path=/ HTTP/1.1" 200 30489 "-" "Mozilla/5.0 AppleWebKit/537.36 (KHTML, like Gecko; compatible; GPTBot/1.3; +https://openai.com/gptbot)" maoristudio.com 422230
74.7.227.128 - - [11/Nov/2025:10:19:55 -0300] "GET /later50?path=/ HTTP/1.1" 200 30489 "-" "Mozilla/5.0 AppleWebKit/537.36 (KHTML, like Gecko; compatible; GPTBot/1.3; +https://openai.com/gptbot)" maoristudio.com 174312
74.7.227.128 - - [11/Nov/2025:10:19:56 -0300] "GET /class92?path=/ HTTP/1.1" 200 30489 "-" "Mozilla/5.0 AppleWebKit/537.36 (KHTML, like Gecko; compatible; GPTBot/1.3; +https://openai.com/gptbot)" maoristudio.com 196758
3.220.70.171 - - [11/Nov/2025:10:19:56 -0300] "GET /?path=//proc/self/root/lib/.build-id/d7 HTTP/1.1" 200 33961 "-" "Mozilla/5.0 AppleWebKit/537.36 (KHTML, like Gecko; compatible; Amazonbot/0.1; +https://developer.amazon.com/support/amazonbot) Chrome/119.0.6045.214 Safari/537.36" maoristudio.com 459619
147.135.252.138 - - [11/Nov/2025:10:19:55 -0300] "GET /?fileloc=//bin/cpp&path=//bin HTTP/1.1" 200 1521460 "-" "Mozilla/5.0 (compatible; MJ12bot/v1.4.8; http://mj12bot.com/)" maoristudio.com 2058239
74.7.227.128 - - [11/Nov/2025:10:19:57 -0300] "GET /jet263?fileloc=//proc/meminfo&path=//proc HTTP/1.1" 403 87388 "-" "Mozilla/5.0 AppleWebKit/537.36 (KHTML, like Gecko; compatible; GPTBot/1.3; +https://openai.com/gptbot)" maoristudio.com 476931
74.7.227.128 - - [11/Nov/2025:10:19:59 -0300] "GET /dry158?fileloc=//proc/cpuinfo&path=//proc HTTP/1.1" 403 87388 "-" "Mozilla/5.0 AppleWebKit/537.36 (KHTML, like Gecko; compatible; GPTBot/1.3; +https://openai.com/gptbot)" maoristudio.com 411921
74.7.227.128 - - [11/Nov/2025:10:20:00 -0300] "GET /lots104?fileloc=//proc/mdstat&path=//proc HTTP/1.1" 200 12313 "-" "Mozilla/5.0 AppleWebKit/537.36 (KHTML, like Gecko; compatible; GPTBot/1.3; +https://openai.com/gptbot)" maoristudio.com 238061
18.214.251.19 - - [11/Nov/2025:10:20:01 -0300] "GET /?path=//opt/cpanel/ea-php82/root/var/nis HTTP/1.1" 200 12984 "-" "Mozilla/5.0 AppleWebKit/537.36 (KHTML, like Gecko; compatible; Amazonbot/0.1; +https://developer.amazon.com/support/amazonbot) Chrome/119.0.6045.214 Safari/537.36" maoristudio.com 287757
74.7.227.128 - - [11/Nov/2025:10:20:01 -0300] "GET /loyal23?path=//usr HTTP/1.1" 200 26927 "-" "Mozilla/5.0 AppleWebKit/537.36 (KHTML, like Gecko; compatible; GPTBot/1.3; +https://openai.com/gptbot)" maoristudio.com 481248
74.7.227.128 - - [11/Nov/2025:10:20:02 -0300] "GET /miss118?fileloc=//proc/mdstat&path=//proc HTTP/1.1" 200 12313 "-" "Mozilla/5.0 AppleWebKit/537.36 (KHTML, like Gecko; compatible; GPTBot/1.3; +https://openai.com/gptbot)" maoristudio.com 239941
147.135.252.138 - - [11/Nov/2025:10:20:03 -0300] "GET /?fileloc=//etc/pki/ca-trust/extracted/pem/directory-hash/244b5494.0&path=//etc/pki/ca-trust/extracted/pem/directory-hash HTTP/1.1" 200 14004 "-" "Mozilla/5.0 (compatible; MJ12bot/v1.4.8; http://mj12bot.com/)" maoristudio.com 222094
74.7.227.128 - - [11/Nov/2025:10:20:03 -0300] "GET /charge21?fileloc=/home/maoristu4c3dbd03/public_html/google346bac590c7c3e89.html&path=/home/maoristu4c3dbd03/public_html HTTP/1.1" 200 12541 "-" "Mozilla/5.0 AppleWebKit/537.36 (KHTML, like Gecko; compatible; GPTBot/1.3; +https://openai.com/gptbot)" maoristudio.com 489923
74.7.227.128 - - [11/Nov/2025:10:20:04 -0300] "GET /stock15?fileloc=/home/maoristu4c3dbd03/public_html/google346bac590c7c3e89.html&path=/home/maoristu4c3dbd03/public_html HTTP/1.1" 200 12541 "-" "Mozilla/5.0 AppleWebKit/537.36 (KHTML, like Gecko; compatible; GPTBot/1.3; +https://openai.com/gptbot)" maoristudio.com 332156
34.231.156.59 - - [11/Nov/2025:10:20:04 -0300] "GET /?path=//opt/cpanel/ea-php84/root/usr/var HTTP/1.1" 200 18460 "-" "Mozilla/5.0 AppleWebKit/537.36 (KHTML, like Gecko; compatible; Amazonbot/0.1; +https://developer.amazon.com/support/amazonbot) Chrome/119.0.6045.214 Safari/537.36" maoristudio.com 279543
74.7.227.128 - - [11/Nov/2025:10:20:05 -0300] "GET /later50?path=//sbin HTTP/1.1" 200 61855 "-" "Mozilla/5.0 AppleWebKit/537.36 (KHTML, like Gecko; compatible; GPTBot/1.3; +https://openai.com/gptbot)" maoristudio.com 258908
74.7.227.128 - - [11/Nov/2025:10:20:06 -0300] "GET /east28?fileloc=//lib64/libSvtAv1Dec.so.0&path=//lib64 HTTP/1.1" 200 3031486 "-" "Mozilla/5.0 AppleWebKit/537.36 (KHTML, like Gecko; compatible; GPTBot/1.3; +https://openai.com/gptbot)" maoristudio.com 1998053
74.7.227.128 - - [11/Nov/2025:10:20:09 -0300] "GET /frequent16?fileloc=/home/maoristu4c3dbd03/public_html/google346bac590c7c3e89.html&path=/home/maoristu4c3dbd03/public_html HTTP/1.1" 200 12541 "-" "Mozilla/5.0 AppleWebKit/537.36 (KHTML, like Gecko; compatible; GPTBot/1.3; +https://openai.com/gptbot)" maoristudio.com 167052
3.210.114.189 - - [11/Nov/2025:10:20:09 -0300] "GET /?path=//proc/thread-self/root/lib/firmware/rockchip HTTP/1.1" 200 14577 "-" "Mozilla/5.0 AppleWebKit/537.36 (KHTML, like Gecko; compatible; Amazonbot/0.1; +https://developer.amazon.com/support/amazonbot) Chrome/119.0.6045.214 Safari/537.36" maoristudio.com 209673
147.135.252.138 - - [11/Nov/2025:10:20:08 -0300] "GET /?fileloc=//lib/modules/5.14.0-503.11.1.el9_5.x86_64/kernel/drivers/net/wireless/broadcom/brcm80211/brcmsmac/brcmsmac.ko.xz&path=//lib/modules/5.14.0-503.11.1.el9_5.x86_64/kernel/drivers/net/wireless/broadcom/brcm80211/brcmsmac HTTP/1.1" 200 440431 "-" "Mozilla/5.0 (compatible; MJ12bot/v1.4.8; http://mj12bot.com/)" maoristudio.com 2064222
74.7.227.128 - - [11/Nov/2025:10:20:10 -0300] "GET /sky106?path=//home HTTP/1.1" 200 14072 "-" "Mozilla/5.0 AppleWebKit/537.36 (KHTML, like Gecko; compatible; GPTBot/1.3; +https://openai.com/gptbot)" maoristudio.com 233794
74.7.227.128 - - [11/Nov/2025:10:20:11 -0300] "GET /dry246?path=//home HTTP/1.1" 200 14072 "-" "Mozilla/5.0 AppleWebKit/537.36 (KHTML, like Gecko; compatible; GPTBot/1.3; +https://openai.com/gptbot)" maoristudio.com 189322
54.156.55.147 - - [11/Nov/2025:10:20:12 -0300] "GET /?path=//usr/lib64/python3.9/multiprocessing/dummy HTTP/1.1" 200 17487 "-" "Mozilla/5.0 AppleWebKit/537.36 (KHTML, like Gecko; compatible; Amazonbot/0.1; +https://developer.amazon.com/support/amazonbot) Chrome/119.0.6045.214 Safari/537.36" maoristudio.com 189049
74.7.227.128 - - [11/Nov/2025:10:20:12 -0300] "GET /scan153?path=//home HTTP/1.1" 200 14072 "-" "Mozilla/5.0 AppleWebKit/537.36 (KHTML, like Gecko; compatible; GPTBot/1.3; +https://openai.com/gptbot)" maoristudio.com 217044
45.61.186.220 - - [11/Nov/2025:10:20:13 -0300] "GET /wp-login.php HTTP/1.1" 200 305 "https://www.google.com/" "Mozilla/5.0 (Windows NT 10.0; Win64; x64) AppleWebKit/537.36 (KHTML, like Gecko) Chrome/118.0.5993.117 Safari/537.36" maoristudio.com 400182
74.7.227.128 - - [11/Nov/2025:10:20:13 -0300] "GET /tuck257?path=//home HTTP/1.1" 200 14072 "-" "Mozilla/5.0 AppleWebKit/537.36 (KHTML, like Gecko; compatible; GPTBot/1.3; +https://openai.com/gptbot)" maoristudio.com 227956
74.7.227.128 - - [11/Nov/2025:10:20:14 -0300] "GET /bowl219?path=//home HTTP/1.1" 200 14072 "-" "Mozilla/5.0 AppleWebKit/537.36 (KHTML, like Gecko; compatible; GPTBot/1.3; +https://openai.com/gptbot)" maoristudio.com 282632
74.7.227.128 - - [11/Nov/2025:10:20:16 -0300] "GET /card250?path=//home HTTP/1.1" 200 14072 "-" "Mozilla/5.0 AppleWebKit/537.36 (KHTML, like Gecko; compatible; GPTBot/1.3; +https://openai.com/gptbot)" maoristudio.com 251074
74.7.227.128 - - [11/Nov/2025:10:20:17 -0300] "GET /king155?path=//home HTTP/1.1" 200 14072 "-" "Mozilla/5.0 AppleWebKit/537.36 (KHTML, like Gecko; compatible; GPTBot/1.3; +https://openai.com/gptbot)" maoristudio.com 220037
74.7.227.128 - - [11/Nov/2025:10:20:18 -0300] "GET /only127?path=//home HTTP/1.1" 200 14072 "-" "Mozilla/5.0 AppleWebKit/537.36 (KHTML, like Gecko; compatible; GPTBot/1.3; +https://openai.com/gptbot)" maoristudio.com 207839
147.135.252.138 - - [11/Nov/2025:10:20:19 -0300] "GET /?fileloc=//lib/modules/5.14.0-503.11.1.el9_5.x86_64/kernel/drivers/net/wireless/realtek/rtlwifi/rtl8723ae/rtl8723ae.ko.xz&path=//lib/modules/5.14.0-503.11.1.el9_5.x86_64/kernel/drivers/net/wireless/realtek/rtlwifi/rtl8723ae HTTP/1.1" 200 148432 "-" "Mozilla/5.0 (compatible; MJ12bot/v1.4.8; http://mj12bot.com/)" maoristudio.com 580586
74.7.227.128 - - [11/Nov/2025:10:20:19 -0300] "GET /six147?path=//home HTTP/1.1" 200 14072 "-" "Mozilla/5.0 AppleWebKit/537.36 (KHTML, like Gecko; compatible; GPTBot/1.3; +https://openai.com/gptbot)" maoristudio.com 199907
18.214.138.148 - - [11/Nov/2025:10:20:20 -0300] "GET /?path=//proc/self/root/lib/.build-id/15 HTTP/1.1" 200 25889 "-" "Mozilla/5.0 AppleWebKit/537.36 (KHTML, like Gecko; compatible; Amazonbot/0.1; +https://developer.amazon.com/support/amazonbot) Chrome/119.0.6045.214 Safari/537.36" maoristudio.com 206799
74.7.227.128 - - [11/Nov/2025:10:20:20 -0300] "GET /born169?path=//home HTTP/1.1" 200 14072 "-" "Mozilla/5.0 AppleWebKit/537.36 (KHTML, like Gecko; compatible; GPTBot/1.3; +https://openai.com/gptbot)" maoristudio.com 201372
74.7.227.128 - - [11/Nov/2025:10:20:21 -0300] "GET /dawn247?path=//home HTTP/1.1" 200 14072 "-" "Mozilla/5.0 AppleWebKit/537.36 (KHTML, like Gecko; compatible; GPTBot/1.3; +https://openai.com/gptbot)" maoristudio.com 255280
74.7.227.128 - - [11/Nov/2025:10:20:23 -0300] "GET /news179?path=//home HTTP/1.1" 200 14072 "-" "Mozilla/5.0 AppleWebKit/537.36 (KHTML, like Gecko; compatible; GPTBot/1.3; +https://openai.com/gptbot)" maoristudio.com 206330
147.135.252.138 - - [11/Nov/2025:10:20:24 -0300] "GET /?fileloc=//lib/modules/5.14.0-503.11.1.el9_5.x86_64/kernel/drivers/net/wireless/realtek/rtlwifi/rtl8723be/rtl8723be.ko.xz&path=//lib/modules/5.14.0-503.11.1.el9_5.x86_64/kernel/drivers/net/wireless/realtek/rtlwifi/rtl8723be HTTP/1.1" 200 153649 "-" "Mozilla/5.0 (compatible; MJ12bot/v1.4.8; http://mj12bot.com/)" maoristudio.com 177787
74.7.227.128 - - [11/Nov/2025:10:20:24 -0300] "GET /lift271?path=//home HTTP/1.1" 200 14072 "-" "Mozilla/5.0 AppleWebKit/537.36 (KHTML, like Gecko; compatible; GPTBot/1.3; +https://openai.com/gptbot)" maoristudio.com 266301
74.7.227.128 - - [11/Nov/2025:10:20:25 -0300] "GET /sail231?path=//home HTTP/1.1" 200 14072 "-" "Mozilla/5.0 AppleWebKit/537.36 (KHTML, like Gecko; compatible; GPTBot/1.3; +https://openai.com/gptbot)" maoristudio.com 186827
74.7.227.128 - - [11/Nov/2025:10:20:26 -0300] "GET /ski250?path=//home HTTP/1.1" 200 14072 "-" "Mozilla/5.0 AppleWebKit/537.36 (KHTML, like Gecko; compatible; GPTBot/1.3; +https://openai.com/gptbot)" maoristudio.com 250354
74.7.227.128 - - [11/Nov/2025:10:20:27 -0300] "GET /dry158?path=//home HTTP/1.1" 200 14072 "-" "Mozilla/5.0 AppleWebKit/537.36 (KHTML, like Gecko; compatible; GPTBot/1.3; +https://openai.com/gptbot)" maoristudio.com 194681
147.135.252.138 - - [11/Nov/2025:10:20:28 -0300] "GET /?fileloc=//lib/modules/5.14.0-503.11.1.el9_5.x86_64/kernel/drivers/net/wireless/realtek/rtlwifi/rtl8723com/rtl8723-common.ko.xz&path=//lib/modules/5.14.0-503.11.1.el9_5.x86_64/kernel/drivers/net/wireless/realtek/rtlwifi/rtl8723com HTTP/1.1" 200 69139 "-" "Mozilla/5.0 (compatible; MJ12bot/v1.4.8; http://mj12bot.com/)" maoristudio.com 232373
74.7.227.128 - - [11/Nov/2025:10:20:28 -0300] "GET /century164021197.html?path=/home/maoristu4c3dbd03/public_html/wp-content HTTP/1.1" 200 43440 "-" "Mozilla/5.0 AppleWebKit/537.36 (KHTML, like Gecko; compatible; GPTBot/1.3; +https://openai.com/gptbot)" maoristudio.com 248882
74.7.227.128 - - [11/Nov/2025:10:20:29 -0300] "GET /view243?path=//home HTTP/1.1" 200 14072 "-" "Mozilla/5.0 AppleWebKit/537.36 (KHTML, like Gecko; compatible; GPTBot/1.3; +https://openai.com/gptbot)" maoristudio.com 215766
74.7.227.128 - - [11/Nov/2025:10:20:31 -0300] "GET /defender224042315.html?path=/home/maoristu4c3dbd03/public_html/wp-content HTTP/1.1" 200 43440 "-" "Mozilla/5.0 AppleWebKit/537.36 (KHTML, like Gecko; compatible; GPTBot/1.3; +https://openai.com/gptbot)" maoristudio.com 239659
74.7.227.128 - - [11/Nov/2025:10:20:32 -0300] "GET /chapter012034205.html?path=/home/maoristu4c3dbd03/public_html/wp-content HTTP/1.1" 200 43440 "-" "Mozilla/5.0 AppleWebKit/537.36 (KHTML, like Gecko; compatible; GPTBot/1.3; +https://openai.com/gptbot)" maoristudio.com 235001
147.135.252.138 - - [11/Nov/2025:10:20:32 -0300] "GET /?fileloc=//lib/modules/5.14.0-503.11.1.el9_5.x86_64/kernel/drivers/net/wireless/realtek/rtlwifi/rtl8821ae/rtl8821ae.ko.xz&path=//lib/modules/5.14.0-503.11.1.el9_5.x86_64/kernel/drivers/net/wireless/realtek/rtlwifi/rtl8821ae HTTP/1.1" 200 208630 "-" "Mozilla/5.0 (compatible; MJ12bot/v1.4.8; http://mj12bot.com/)" maoristudio.com 257140
74.7.227.128 - - [11/Nov/2025:10:20:33 -0300] "GET /century051042510.html?path=/home/maoristu4c3dbd03/public_html/wp-content HTTP/1.1" 200 43440 "-" "Mozilla/5.0 AppleWebKit/537.36 (KHTML, like Gecko; compatible; GPTBot/1.3; +https://openai.com/gptbot)" maoristudio.com 208083
74.7.227.128 - - [11/Nov/2025:10:20:34 -0300] "GET /restore275029748.html?path=/home/maoristu4c3dbd03/public_html/wp-content HTTP/1.1" 200 43440 "-" "Mozilla/5.0 AppleWebKit/537.36 (KHTML, like Gecko; compatible; GPTBot/1.3; +https://openai.com/gptbot)" maoristudio.com 237056
74.7.227.128 - - [11/Nov/2025:10:20:35 -0300] "GET /molecule050012915.html?path=/home/maoristu4c3dbd03/public_html/wp-content HTTP/1.1" 200 43440 "-" "Mozilla/5.0 AppleWebKit/537.36 (KHTML, like Gecko; compatible; GPTBot/1.3; +https://openai.com/gptbot)" maoristudio.com 176218
74.7.227.128 - - [11/Nov/2025:10:20:36 -0300] "GET /accurate114024051.html?path=/home/maoristu4c3dbd03/public_html/wp-content HTTP/1.1" 200 43440 "-" "Mozilla/5.0 AppleWebKit/537.36 (KHTML, like Gecko; compatible; GPTBot/1.3; +https://openai.com/gptbot)" maoristudio.com 178086
147.135.252.138 - - [11/Nov/2025:10:20:37 -0300] "GET /?fileloc=//lib/modules/5.14.0-503.11.1.el9_5.x86_64/kernel/drivers/net/wireless/realtek/rtw88/rtw88_core.ko.xz&path=//lib/modules/5.14.0-503.11.1.el9_5.x86_64/kernel/drivers/net/wireless/realtek/rtw88 HTTP/1.1" 200 236147 "-" "Mozilla/5.0 (compatible; MJ12bot/v1.4.8; http://mj12bot.com/)" maoristudio.com 327821
74.7.227.128 - - [11/Nov/2025:10:20:38 -0300] "GET /exposure122006457.html?path=/home/maoristu4c3dbd03/public_html/wp-content HTTP/1.1" 200 43440 "-" "Mozilla/5.0 AppleWebKit/537.36 (KHTML, like Gecko; compatible; GPTBot/1.3; +https://openai.com/gptbot)" maoristudio.com 184120
74.7.227.128 - - [11/Nov/2025:10:20:39 -0300] "GET /fucking025034644.html?path=/home/maoristu4c3dbd03/public_html/wp-content HTTP/1.1" 200 43440 "-" "Mozilla/5.0 AppleWebKit/537.36 (KHTML, like Gecko; compatible; GPTBot/1.3; +https://openai.com/gptbot)" maoristudio.com 177679
74.7.227.128 - - [11/Nov/2025:10:20:40 -0300] "GET /romance204008133.html?path=/home/maoristu4c3dbd03/public_html/wp-content HTTP/1.1" 200 43440 "-" "Mozilla/5.0 AppleWebKit/537.36 (KHTML, like Gecko; compatible; GPTBot/1.3; +https://openai.com/gptbot)" maoristudio.com 226137
3.213.46.222 - - [11/Nov/2025:10:20:40 -0300] "GET /?path=//opt/alt/php74/var/lib/php HTTP/1.1" 200 14317 "-" "Mozilla/5.0 AppleWebKit/537.36 (KHTML, like Gecko; compatible; Amazonbot/0.1; +https://developer.amazon.com/support/amazonbot) Chrome/119.0.6045.214 Safari/537.36" maoristudio.com 488956
74.7.227.128 - - [11/Nov/2025:10:20:41 -0300] "GET /profile095044358.html?path=/home/maoristu4c3dbd03/public_html/wp-content HTTP/1.1" 200 43440 "-" "Mozilla/5.0 AppleWebKit/537.36 (KHTML, like Gecko; compatible; GPTBot/1.3; +https://openai.com/gptbot)" maoristudio.com 2818082
44.196.118.6 - - [11/Nov/2025:10:20:44 -0300] "GET /?path=//proc/self/root/lib/.build-id/04 HTTP/1.1" 200 30738 "-" "Mozilla/5.0 AppleWebKit/537.36 (KHTML, like Gecko; compatible; Amazonbot/0.1; +https://developer.amazon.com/support/amazonbot) Chrome/119.0.6045.214 Safari/537.36" maoristudio.com 220822
74.7.227.128 - - [11/Nov/2025:10:20:44 -0300] "GET /dignity209012632.html?path=/home/maoristu4c3dbd03/public_html/wp-content HTTP/1.1" 200 43440 "-" "Mozilla/5.0 AppleWebKit/537.36 (KHTML, like Gecko; compatible; GPTBot/1.3; +https://openai.com/gptbot)" maoristudio.com 277060
147.135.252.138 - - [11/Nov/2025:10:20:40 -0300] "GET /?fileloc=//lib/modules/5.14.0-503.11.1.el9_5.x86_64/kernel/kernel/kheaders.ko.xz&path=//lib/modules/5.14.0-503.11.1.el9_5.x86_64/kernel/kernel HTTP/1.1" 200 7468496 "-" "Mozilla/5.0 (compatible; MJ12bot/v1.4.8; http://mj12bot.com/)" maoristudio.com 4951413
74.7.227.128 - - [11/Nov/2025:10:20:45 -0300] "GET /careful122002779.html?path=/home/maoristu4c3dbd03/public_html/wp-content HTTP/1.1" 200 43440 "-" "Mozilla/5.0 AppleWebKit/537.36 (KHTML, like Gecko; compatible; GPTBot/1.3; +https://openai.com/gptbot)" maoristudio.com 274847
74.7.227.128 - - [11/Nov/2025:10:20:47 -0300] "GET /entitle097047506.html?path=/home/maoristu4c3dbd03/public_html/wp-content HTTP/1.1" 200 43440 "-" "Mozilla/5.0 AppleWebKit/537.36 (KHTML, like Gecko; compatible; GPTBot/1.3; +https://openai.com/gptbot)" maoristudio.com 252688
74.7.227.128 - - [11/Nov/2025:10:20:48 -0300] "GET /nothing164037449.html?path=/home/maoristu4c3dbd03/public_html/wp-content HTTP/1.1" 200 43440 "-" "Mozilla/5.0 AppleWebKit/537.36 (KHTML, like Gecko; compatible; GPTBot/1.3; +https://openai.com/gptbot)" maoristudio.com 270152
74.7.227.128 - - [11/Nov/2025:10:20:49 -0300] "GET /socially196027265.html?path=/home/maoristu4c3dbd03/public_html/wp-content HTTP/1.1" 200 43440 "-" "Mozilla/5.0 AppleWebKit/537.36 (KHTML, like Gecko; compatible; GPTBot/1.3; +https://openai.com/gptbot)" maoristudio.com 200907
74.7.227.128 - - [11/Nov/2025:10:20:50 -0300] "GET /accurate114024051.html?path=/home/maoristu4c3dbd03/public_html/wp-content/webp-express HTTP/1.1" 200 20499 "-" "Mozilla/5.0 AppleWebKit/537.36 (KHTML, like Gecko; compatible; GPTBot/1.3; +https://openai.com/gptbot)" maoristudio.com 170037
147.135.252.138 - - [11/Nov/2025:10:20:50 -0300] "GET /?fileloc=//lib/modules/5.14.0-503.11.1.el9_5.x86_64/kernel/sound/soc/amd/acp/snd-amd-sdw-acpi.ko.xz&path=//lib/modules/5.14.0-503.11.1.el9_5.x86_64/kernel/sound/soc/amd/acp HTTP/1.1" 200 18232 "-" "Mozilla/5.0 (compatible; MJ12bot/v1.4.8; http://mj12bot.com/)" maoristudio.com 143740
74.7.227.128 - - [11/Nov/2025:10:20:51 -0300] "GET /pig76?fileloc=//lib64/libcairo-script-interpreter.so.2&path=//lib64 HTTP/1.1" 200 245144 "-" "Mozilla/5.0 AppleWebKit/537.36 (KHTML, like Gecko; compatible; GPTBot/1.3; +https://openai.com/gptbot)" maoristudio.com 334428
23.21.250.48 - - [11/Nov/2025:10:20:52 -0300] "GET /?path=//opt/cloudlinux/alt-php83/root/etc/php.d HTTP/1.1" 200 16089 "-" "Mozilla/5.0 AppleWebKit/537.36 (KHTML, like Gecko; compatible; Amazonbot/0.1; +https://developer.amazon.com/support/amazonbot) Chrome/119.0.6045.214 Safari/537.36" maoristudio.com 168347
74.7.227.128 - - [11/Nov/2025:10:20:52 -0300] "GET /Israeli39?kg=26999 HTTP/1.1" 200 87388 "-" "Mozilla/5.0 AppleWebKit/537.36 (KHTML, like Gecko; compatible; GPTBot/1.3; +https://openai.com/gptbot)" maoristudio.com 158062
147.135.252.138 - - [11/Nov/2025:10:20:54 -0300] "GET /?fileloc=//lib/modules/5.14.0-503.11.1.el9_5.x86_64/kernel/sound/soc/amd/ps/snd-pci-ps.ko.xz&path=//lib/modules/5.14.0-503.11.1.el9_5.x86_64/kernel/sound/soc/amd/ps HTTP/1.1" 200 35758 "-" "Mozilla/5.0 (compatible; MJ12bot/v1.4.8; http://mj12bot.com/)" maoristudio.com 207670
74.7.227.128 - - [11/Nov/2025:10:20:54 -0300] "GET /dock63?fileloc=//lib64/libsamba-hostconfig.so.0.0.1&path=//lib64 HTTP/1.1" 200 306477 "-" "Mozilla/5.0 AppleWebKit/537.36 (KHTML, like Gecko; compatible; GPTBot/1.3; +https://openai.com/gptbot)" maoristudio.com 412326
74.7.227.128 - - [11/Nov/2025:10:20:55 -0300] "GET /bend24?fileloc=//lib64/libunwind-coredump.so.0.0.0&path=//lib64 HTTP/1.1" 200 38000 "-" "Mozilla/5.0 AppleWebKit/537.36 (KHTML, like Gecko; compatible; GPTBot/1.3; +https://openai.com/gptbot)" maoristudio.com 217065
74.7.227.128 - - [11/Nov/2025:10:20:56 -0300] "GET /bind56?fileloc=//lib64/libbabeltrace-ctf-metadata.so.1&path=//lib64 HTTP/1.1" 200 30393 "-" "Mozilla/5.0 AppleWebKit/537.36 (KHTML, like Gecko; compatible; GPTBot/1.3; +https://openai.com/gptbot)" maoristudio.com 174010
173.208.176.202 - - [11/Nov/2025:10:19:23 -0300] "GET /wp-includes/qq5da787/index.php?id=775696 HTTP/1.1" 200 - "http://maoristudio.com/wp-includes/qq5da787/index.php?id=775696" "Mozilla/5.0 (Windows NT 10.0; Win64; x64) AppleWebKit/537.36 (KHTML, like Gecko) Chrome/58.0.3029.110 Safari/537.3" maoristudio.com 94568022
74.7.227.128 - - [11/Nov/2025:10:20:57 -0300] "GET /entitle097047506.html?path=/home/maoristu4c3dbd03/public_html/wp-content/wpvivid_uploads HTTP/1.1" 200 14502 "-" "Mozilla/5.0 AppleWebKit/537.36 (KHTML, like Gecko; compatible; GPTBot/1.3; +https://openai.com/gptbot)" maoristudio.com 195144
74.7.227.128 - - [11/Nov/2025:10:20:58 -0300] "GET /upon19?fileloc=//lib64/libsamba-hostconfig.so.0.0.1&path=//lib64 HTTP/1.1" 200 306477 "-" "Mozilla/5.0 AppleWebKit/537.36 (KHTML, like Gecko; compatible; GPTBot/1.3; +https://openai.com/gptbot)" maoristudio.com 151886
74.7.227.128 - - [11/Nov/2025:10:20:59 -0300] "GET /paper296?fileloc=//bin/sha384sum&path=//bin HTTP/1.1" 200 68450 "-" "Mozilla/5.0 AppleWebKit/537.36 (KHTML, like Gecko; compatible; GPTBot/1.3; +https://openai.com/gptbot)" maoristudio.com 175608
173.208.176.202 - - [11/Nov/2025:10:19:32 -0300] "GET /wp-content/ade7e187/edit.php?id=798844 HTTP/1.1" 200 - "http://maoristudio.com/wp-content/ade7e187/edit.php?id=798844" "Mozilla/5.0 (Windows NT 10.0; Win64; x64) AppleWebKit/537.36 (KHTML, like Gecko) Chrome/58.0.3029.110 Safari/537.3" maoristudio.com 87722345
74.7.227.128 - - [11/Nov/2025:10:21:00 -0300] "GET /huh22?fileloc=//lib64/libbabeltrace-dummy.so.1.0.0&path=//lib64 HTTP/1.1" 200 29959 "-" "Mozilla/5.0 AppleWebKit/537.36 (KHTML, like Gecko; compatible; GPTBot/1.3; +https://openai.com/gptbot)" maoristudio.com 124900
74.7.227.128 - - [11/Nov/2025:10:21:02 -0300] "GET /risky217?fileloc=//bin/sha512sum&path=//bin HTTP/1.1" 200 68516 "-" "Mozilla/5.0 AppleWebKit/537.36 (KHTML, like Gecko; compatible; GPTBot/1.3; +https://openai.com/gptbot)" maoristudio.com 205961
74.7.227.128 - - [11/Nov/2025:10:21:03 -0300] "GET /offer109?fileloc=//bin/sha224sum&path=//bin HTTP/1.1" 200 68516 "-" "Mozilla/5.0 AppleWebKit/537.36 (KHTML, like Gecko; compatible; GPTBot/1.3; +https://openai.com/gptbot)" maoristudio.com 185897
147.135.252.138 - - [11/Nov/2025:10:21:03 -0300] "GET /?fileloc=//lib/modules/5.14.0-503.11.1.el9_5.x86_64/kernel/sound/soc/amd/ps/snd-ps-sdw-dma.ko.xz&path=//lib/modules/5.14.0-503.11.1.el9_5.x86_64/kernel/sound/soc/amd/ps HTTP/1.1" 200 44120 "-" "Mozilla/5.0 (compatible; MJ12bot/v1.4.8; http://mj12bot.com/)" maoristudio.com 187313
74.7.227.128 - - [11/Nov/2025:10:21:04 -0300] "GET /cooperative152?kg=1786 HTTP/1.1" 200 87388 "-" "Mozilla/5.0 AppleWebKit/537.36 (KHTML, like Gecko; compatible; GPTBot/1.3; +https://openai.com/gptbot)" maoristudio.com 240777
3.81.253.213 - - [11/Nov/2025:10:21:04 -0300] "GET /?path=//proc/self/root/usr/include/ncursesw HTTP/1.1" 200 43210 "-" "Mozilla/5.0 AppleWebKit/537.36 (KHTML, like Gecko; compatible; Amazonbot/0.1; +https://developer.amazon.com/support/amazonbot) Chrome/119.0.6045.214 Safari/537.36" maoristudio.com 411683
74.7.227.128 - - [11/Nov/2025:10:21:05 -0300] "GET /radio281?fileloc=//bin/sha384sum&path=//bin HTTP/1.1" 200 68450 "-" "Mozilla/5.0 AppleWebKit/537.36 (KHTML, like Gecko; compatible; GPTBot/1.3; +https://openai.com/gptbot)" maoristudio.com 239827
74.7.227.128 - - [11/Nov/2025:10:21:06 -0300] "GET /demographic255?kg=9717 HTTP/1.1" 200 87388 "-" "Mozilla/5.0 AppleWebKit/537.36 (KHTML, like Gecko; compatible; GPTBot/1.3; +https://openai.com/gptbot)" maoristudio.com 291195
74.7.227.128 - - [11/Nov/2025:10:21:07 -0300] "GET /first49?path=/ HTTP/1.1" 200 30489 "-" "Mozilla/5.0 AppleWebKit/537.36 (KHTML, like Gecko; compatible; GPTBot/1.3; +https://openai.com/gptbot)" maoristudio.com 262935
147.135.252.138 - - [11/Nov/2025:10:21:07 -0300] "GET /?fileloc=//lib/modules/5.14.0-503.11.1.el9_5.x86_64/kernel/sound/soc/amd/ps/snd-soc-ps-mach.ko.xz&path=//lib/modules/5.14.0-503.11.1.el9_5.x86_64/kernel/sound/soc/amd/ps HTTP/1.1" 200 33397 "-" "Mozilla/5.0 (compatible; MJ12bot/v1.4.8; http://mj12bot.com/)" maoristudio.com 241803
74.7.227.128 - - [11/Nov/2025:10:21:09 -0300] "GET /sustainable258?kg=1860 HTTP/1.1" 200 87387 "-" "Mozilla/5.0 AppleWebKit/537.36 (KHTML, like Gecko; compatible; GPTBot/1.3; +https://openai.com/gptbot)" maoristudio.com 309803
74.7.227.128 - - [11/Nov/2025:10:21:10 -0300] "GET /occur75?path=/ HTTP/1.1" 200 30489 "-" "Mozilla/5.0 AppleWebKit/537.36 (KHTML, like Gecko; compatible; GPTBot/1.3; +https://openai.com/gptbot)" maoristudio.com 209079
74.7.227.128 - - [11/Nov/2025:10:21:11 -0300] "GET /aisle73?path=/ HTTP/1.1" 200 30489 "-" "Mozilla/5.0 AppleWebKit/537.36 (KHTML, like Gecko; compatible; GPTBot/1.3; +https://openai.com/gptbot)" maoristudio.com 222411
147.135.252.138 - - [11/Nov/2025:10:21:11 -0300] "GET /?fileloc=//lib/modules/5.14.0-503.11.1.el9_5.x86_64/kernel/sound/soc/amd/renoir/snd-acp3x-pdm-dma.ko.xz&path=//lib/modules/5.14.0-503.11.1.el9_5.x86_64/kernel/sound/soc/amd/renoir HTTP/1.1" 200 39050 "-" "Mozilla/5.0 (compatible; MJ12bot/v1.4.8; http://mj12bot.com/)" maoristudio.com 261505
74.7.227.128 - - [11/Nov/2025:10:21:12 -0300] "GET /stone80?path=/ HTTP/1.1" 200 30489 "-" "Mozilla/5.0 AppleWebKit/537.36 (KHTML, like Gecko; compatible; GPTBot/1.3; +https://openai.com/gptbot)" maoristudio.com 291064
74.7.227.128 - - [11/Nov/2025:10:21:13 -0300] "GET /maybe68?path=/ HTTP/1.1" 200 30489 "-" "Mozilla/5.0 AppleWebKit/537.36 (KHTML, like Gecko; compatible; GPTBot/1.3; +https://openai.com/gptbot)" maoristudio.com 269430
74.7.227.128 - - [11/Nov/2025:10:21:14 -0300] "GET /large31?path=/ HTTP/1.1" 200 30489 "-" "Mozilla/5.0 AppleWebKit/537.36 (KHTML, like Gecko; compatible; GPTBot/1.3; +https://openai.com/gptbot)" maoristudio.com 252556
147.135.252.138 - - [11/Nov/2025:10:21:15 -0300] "GET /?fileloc=//lib/modules/5.14.0-503.11.1.el9_5.x86_64/kernel/sound/soc/amd/renoir/snd-acp3x-rn.ko.xz&path=//lib/modules/5.14.0-503.11.1.el9_5.x86_64/kernel/sound/soc/amd/renoir HTTP/1.1" 200 33531 "-" "Mozilla/5.0 (compatible; MJ12bot/v1.4.8; http://mj12bot.com/)" maoristudio.com 215238
74.7.227.128 - - [11/Nov/2025:10:21:15 -0300] "GET /rebel80?path=/ HTTP/1.1" 200 30489 "-" "Mozilla/5.0 AppleWebKit/537.36 (KHTML, like Gecko; compatible; GPTBot/1.3; +https://openai.com/gptbot)" maoristudio.com 268873
74.7.227.128 - - [11/Nov/2025:10:21:16 -0300] "GET /bunch31?path=/ HTTP/1.1" 200 30489 "-" "Mozilla/5.0 AppleWebKit/537.36 (KHTML, like Gecko; compatible; GPTBot/1.3; +https://openai.com/gptbot)" maoristudio.com 220836
74.7.227.128 - - [11/Nov/2025:10:21:18 -0300] "GET /inner81?path=/ HTTP/1.1" 200 30489 "-" "Mozilla/5.0 AppleWebKit/537.36 (KHTML, like Gecko; compatible; GPTBot/1.3; +https://openai.com/gptbot)" maoristudio.com 213872
74.7.227.128 - - [11/Nov/2025:10:21:19 -0300] "GET /first47?path=/ HTTP/1.1" 200 30489 "-" "Mozilla/5.0 AppleWebKit/537.36 (KHTML, like Gecko; compatible; GPTBot/1.3; +https://openai.com/gptbot)" maoristudio.com 367797
147.135.252.138 - - [11/Nov/2025:10:21:19 -0300] "GET /?fileloc=//lib/modules/5.14.0-503.11.1.el9_5.x86_64/kernel/sound/soc/amd/renoir/snd-rn-pci-acp3x.ko.xz&path=//lib/modules/5.14.0-503.11.1.el9_5.x86_64/kernel/sound/soc/amd/renoir HTTP/1.1" 200 23600 "-" "Mozilla/5.0 (compatible; MJ12bot/v1.4.8; http://mj12bot.com/)" maoristudio.com 230246
74.7.227.128 - - [11/Nov/2025:10:21:20 -0300] "GET /exist54?path=/ HTTP/1.1" 200 30489 "-" "Mozilla/5.0 AppleWebKit/537.36 (KHTML, like Gecko; compatible; GPTBot/1.3; +https://openai.com/gptbot)" maoristudio.com 181582
74.7.227.128 - - [11/Nov/2025:10:21:21 -0300] "GET /rider74?path=/ HTTP/1.1" 200 30489 "-" "Mozilla/5.0 AppleWebKit/537.36 (KHTML, like Gecko; compatible; GPTBot/1.3; +https://openai.com/gptbot)" maoristudio.com 256121
74.7.227.128 - - [11/Nov/2025:10:21:22 -0300] "GET /river95?path=/ HTTP/1.1" 200 30489 "-" "Mozilla/5.0 AppleWebKit/537.36 (KHTML, like Gecko; compatible; GPTBot/1.3; +https://openai.com/gptbot)" maoristudio.com 307462
147.135.252.138 - - [11/Nov/2025:10:21:23 -0300] "GET /?fileloc=//lib/modules/5.14.0-503.11.1.el9_5.x86_64/kernel/sound/soc/amd/vangogh/snd-acp5x-i2s.ko.xz&path=//lib/modules/5.14.0-503.11.1.el9_5.x86_64/kernel/sound/soc/amd/vangogh HTTP/1.1" 200 37028 "-" "Mozilla/5.0 (compatible; MJ12bot/v1.4.8; http://mj12bot.com/)" maoristudio.com 194729
74.7.227.128 - - [11/Nov/2025:10:21:23 -0300] "GET /river51?path=/ HTTP/1.1" 200 30489 "-" "Mozilla/5.0 AppleWebKit/537.36 (KHTML, like Gecko; compatible; GPTBot/1.3; +https://openai.com/gptbot)" maoristudio.com 207847
74.7.227.128 - - [11/Nov/2025:10:21:25 -0300] "GET /album35?path=/ HTTP/1.1" 200 30489 "-" "Mozilla/5.0 AppleWebKit/537.36 (KHTML, like Gecko; compatible; GPTBot/1.3; +https://openai.com/gptbot)" maoristudio.com 270456
74.7.227.128 - - [11/Nov/2025:10:21:26 -0300] "GET /fruit34?path=/ HTTP/1.1" 200 30489 "-" "Mozilla/5.0 AppleWebKit/537.36 (KHTML, like Gecko; compatible; GPTBot/1.3; +https://openai.com/gptbot)" maoristudio.com 247991
147.135.252.138 - - [11/Nov/2025:10:21:26 -0300] "GET /?fileloc=//lib/modules/5.14.0-503.11.1.el9_5.x86_64/kernel/sound/soc/amd/vangogh/snd-soc-acp5x-mach.ko.xz&path=//lib/modules/5.14.0-503.11.1.el9_5.x86_64/kernel/sound/soc/amd/vangogh HTTP/1.1" 200 39926 "-" "Mozilla/5.0 (compatible; MJ12bot/v1.4.8; http://mj12bot.com/)" maoristudio.com 269423
74.7.227.128 - - [11/Nov/2025:10:21:27 -0300] "GET /flesh45?path=/ HTTP/1.1" 200 30489 "-" "Mozilla/5.0 AppleWebKit/537.36 (KHTML, like Gecko; compatible; GPTBot/1.3; +https://openai.com/gptbot)" maoristudio.com 199707
74.7.227.128 - - [11/Nov/2025:10:21:28 -0300] "GET /shelf47?path=/ HTTP/1.1" 200 30489 "-" "Mozilla/5.0 AppleWebKit/537.36 (KHTML, like Gecko; compatible; GPTBot/1.3; +https://openai.com/gptbot)" maoristudio.com 226280
74.7.227.128 - - [11/Nov/2025:10:21:29 -0300] "GET /imply17?path=/ HTTP/1.1" 200 30489 "-" "Mozilla/5.0 AppleWebKit/537.36 (KHTML, like Gecko; compatible; GPTBot/1.3; +https://openai.com/gptbot)" maoristudio.com 219105
74.7.227.128 - - [11/Nov/2025:10:21:30 -0300] "GET /first47?path=//proc HTTP/1.1" 200 103671 "-" "Mozilla/5.0 AppleWebKit/537.36 (KHTML, like Gecko; compatible; GPTBot/1.3; +https://openai.com/gptbot)" maoristudio.com 211162
147.135.252.138 - - [11/Nov/2025:10:21:30 -0300] "GET /?fileloc=//lib/modules/5.14.0-503.11.1.el9_5.x86_64/kernel/sound/soc/amd/yc/snd-acp6x-pdm-dma.ko.xz&path=//lib/modules/5.14.0-503.11.1.el9_5.x86_64/kernel/sound/soc/amd/yc HTTP/1.1" 200 38282 "-" "Mozilla/5.0 (compatible; MJ12bot/v1.4.8; http://mj12bot.com/)" maoristudio.com 233339
74.7.227.128 - - [11/Nov/2025:10:21:31 -0300] "GET /valid57?path=/ HTTP/1.1" 200 30489 "-" "Mozilla/5.0 AppleWebKit/537.36 (KHTML, like Gecko; compatible; GPTBot/1.3; +https://openai.com/gptbot)" maoristudio.com 182126
74.7.227.128 - - [11/Nov/2025:10:21:33 -0300] "GET /scope50?path=/ HTTP/1.1" 200 30489 "-" "Mozilla/5.0 AppleWebKit/537.36 (KHTML, like Gecko; compatible; GPTBot/1.3; +https://openai.com/gptbot)" maoristudio.com 238895
74.7.227.128 - - [11/Nov/2025:10:21:34 -0300] "GET /lobby32?path=/ HTTP/1.1" 200 30489 "-" "Mozilla/5.0 AppleWebKit/537.36 (KHTML, like Gecko; compatible; GPTBot/1.3; +https://openai.com/gptbot)" maoristudio.com 410615
147.135.252.138 - - [11/Nov/2025:10:21:34 -0300] "GET /?fileloc=//lib/modules/5.14.0-503.11.1.el9_5.x86_64/kernel/sound/soc/amd/yc/snd-pci-acp6x.ko.xz&path=//lib/modules/5.14.0-503.11.1.el9_5.x86_64/kernel/sound/soc/amd/yc HTTP/1.1" 200 26783 "-" "Mozilla/5.0 (compatible; MJ12bot/v1.4.8; http://mj12bot.com/)" maoristudio.com 264485
74.7.227.128 - - [11/Nov/2025:10:21:35 -0300] "GET /alike65?path=/ HTTP/1.1" 200 30489 "-" "Mozilla/5.0 AppleWebKit/537.36 (KHTML, like Gecko; compatible; GPTBot/1.3; +https://openai.com/gptbot)" maoristudio.com 246449
74.7.227.128 - - [11/Nov/2025:10:21:36 -0300] "GET /blank51?path=/ HTTP/1.1" 200 30489 "-" "Mozilla/5.0 AppleWebKit/537.36 (KHTML, like Gecko; compatible; GPTBot/1.3; +https://openai.com/gptbot)" maoristudio.com 166941
74.7.227.128 - - [11/Nov/2025:10:21:37 -0300] "GET /trend23?path=/ HTTP/1.1" 200 30489 "-" "Mozilla/5.0 AppleWebKit/537.36 (KHTML, like Gecko; compatible; GPTBot/1.3; +https://openai.com/gptbot)" maoristudio.com 224311
147.135.252.138 - - [11/Nov/2025:10:21:38 -0300] "GET /?fileloc=//lib/modules/5.14.0-503.11.1.el9_5.x86_64/kernel/sound/soc/amd/yc/snd-soc-acp6x-mach.ko.xz&path=//lib/modules/5.14.0-503.11.1.el9_5.x86_64/kernel/sound/soc/amd/yc HTTP/1.1" 200 35691 "-" "Mozilla/5.0 (compatible; MJ12bot/v1.4.8; http://mj12bot.com/)" maoristudio.com 235903
74.7.227.128 - - [11/Nov/2025:10:21:38 -0300] "GET /lunch26?path=/ HTTP/1.1" 200 30489 "-" "Mozilla/5.0 AppleWebKit/537.36 (KHTML, like Gecko; compatible; GPTBot/1.3; +https://openai.com/gptbot)" maoristudio.com 161683
74.7.227.128 - - [11/Nov/2025:10:21:40 -0300] "GET /blood46?path=/ HTTP/1.1" 200 30489 "-" "Mozilla/5.0 AppleWebKit/537.36 (KHTML, like Gecko; compatible; GPTBot/1.3; +https://openai.com/gptbot)" maoristudio.com 205624
74.7.227.128 - - [11/Nov/2025:10:21:41 -0300] "GET /labor96?path=/ HTTP/1.1" 200 30489 "-" "Mozilla/5.0 AppleWebKit/537.36 (KHTML, like Gecko; compatible; GPTBot/1.3; +https://openai.com/gptbot)" maoristudio.com 287744
74.7.227.128 - - [11/Nov/2025:10:21:42 -0300] "GET /first47?path=//proc/net HTTP/1.1" 200 85336 "-" "Mozilla/5.0 AppleWebKit/537.36 (KHTML, like Gecko; compatible; GPTBot/1.3; +https://openai.com/gptbot)" maoristudio.com 208911
147.135.252.138 - - [11/Nov/2025:10:21:43 -0300] "GET /?fileloc=//lib/modules/5.14.0-503.11.1.el9_5.x86_64/kernel/sound/soc/intel/atom/snd-soc-sst-atom-hifi2-platform.ko.xz&path=//lib/modules/5.14.0-503.11.1.el9_5.x86_64/kernel/sound/soc/intel/atom HTTP/1.1" 200 82604 "-" "Mozilla/5.0 (compatible; MJ12bot/v1.4.8; http://mj12bot.com/)" maoristudio.com 204885
74.7.227.128 - - [11/Nov/2025:10:21:43 -0300] "GET /blame97?path=/ HTTP/1.1" 200 30489 "-" "Mozilla/5.0 AppleWebKit/537.36 (KHTML, like Gecko; compatible; GPTBot/1.3; +https://openai.com/gptbot)" maoristudio.com 178548
74.7.227.128 - - [11/Nov/2025:10:21:44 -0300] "GET /brave39?path=/ HTTP/1.1" 200 30489 "-" "Mozilla/5.0 AppleWebKit/537.36 (KHTML, like Gecko; compatible; GPTBot/1.3; +https://openai.com/gptbot)" maoristudio.com 195118
74.7.227.128 - - [11/Nov/2025:10:21:45 -0300] "GET /scare72?path=/ HTTP/1.1" 200 30489 "-" "Mozilla/5.0 AppleWebKit/537.36 (KHTML, like Gecko; compatible; GPTBot/1.3; +https://openai.com/gptbot)" maoristudio.com 261777
74.7.227.128 - - [11/Nov/2025:10:21:47 -0300] "GET /shrug89?path=/ HTTP/1.1" 200 30489 "-" "Mozilla/5.0 AppleWebKit/537.36 (KHTML, like Gecko; compatible; GPTBot/1.3; +https://openai.com/gptbot)" maoristudio.com 217833
147.135.252.138 - - [11/Nov/2025:10:21:47 -0300] "GET /?fileloc=//lib/modules/5.14.0-503.11.1.el9_5.x86_64/kernel/sound/soc/intel/boards/snd-skl_nau88l25_max98357a.ko.xz&path=//lib/modules/5.14.0-503.11.1.el9_5.x86_64/kernel/sound/soc/intel/boards HTTP/1.1" 200 42307 "-" "Mozilla/5.0 (compatible; MJ12bot/v1.4.8; http://mj12bot.com/)" maoristudio.com 258737
74.7.227.128 - - [11/Nov/2025:10:21:48 -0300] "GET /quite23?path=/ HTTP/1.1" 200 30489 "-" "Mozilla/5.0 AppleWebKit/537.36 (KHTML, like Gecko; compatible; GPTBot/1.3; +https://openai.com/gptbot)" maoristudio.com 192894
74.7.227.128 - - [11/Nov/2025:10:21:49 -0300] "GET /value98?path=/ HTTP/1.1" 200 30489 "-" "Mozilla/5.0 AppleWebKit/537.36 (KHTML, like Gecko; compatible; GPTBot/1.3; +https://openai.com/gptbot)" maoristudio.com 312188
74.7.227.128 - - [11/Nov/2025:10:21:50 -0300] "GET /scale75?path=/ HTTP/1.1" 200 30489 "-" "Mozilla/5.0 AppleWebKit/537.36 (KHTML, like Gecko; compatible; GPTBot/1.3; +https://openai.com/gptbot)" maoristudio.com 219881
74.7.227.128 - - [11/Nov/2025:10:21:51 -0300] "GET /squad42?path=/ HTTP/1.1" 200 30489 "-" "Mozilla/5.0 AppleWebKit/537.36 (KHTML, like Gecko; compatible; GPTBot/1.3; +https://openai.com/gptbot)" maoristudio.com 163845
147.135.252.138 - - [11/Nov/2025:10:21:51 -0300] "GET /?fileloc=//lib/modules/5.14.0-503.11.1.el9_5.x86_64/kernel/sound/soc/intel/boards/snd-soc-bdw-rt286.ko.xz&path=//lib/modules/5.14.0-503.11.1.el9_5.x86_64/kernel/sound/soc/intel/boards HTTP/1.1" 200 37954 "-" "Mozilla/5.0 (compatible; MJ12bot/v1.4.8; http://mj12bot.com/)" maoristudio.com 262948
74.7.227.128 - - [11/Nov/2025:10:21:52 -0300] "GET /maybe37?path=/ HTTP/1.1" 200 30489 "-" "Mozilla/5.0 AppleWebKit/537.36 (KHTML, like Gecko; compatible; GPTBot/1.3; +https://openai.com/gptbot)" maoristudio.com 354654
74.7.227.128 - - [11/Nov/2025:10:21:53 -0300] "GET /first47?fileloc=//proc/net/ip_mr_cache&path=//proc/net HTTP/1.1" 200 12357 "-" "Mozilla/5.0 AppleWebKit/537.36 (KHTML, like Gecko; compatible; GPTBot/1.3; +https://openai.com/gptbot)" maoristudio.com 197914
74.7.227.128 - - [11/Nov/2025:10:21:55 -0300] "GET /first47?fileloc=//proc/net/rt_acct&path=//proc/net HTTP/1.1" 200 12353 "-" "Mozilla/5.0 AppleWebKit/537.36 (KHTML, like Gecko; compatible; GPTBot/1.3; +https://openai.com/gptbot)" maoristudio.com 218254
147.135.252.138 - - [11/Nov/2025:10:21:55 -0300] "GET /?fileloc=//lib/modules/5.14.0-503.11.1.el9_5.x86_64/kernel/sound/soc/intel/boards/snd-soc-cml_rt1011_rt5682.ko.xz&path=//lib/modules/5.14.0-503.11.1.el9_5.x86_64/kernel/sound/soc/intel/boards HTTP/1.1" 200 43303 "-" "Mozilla/5.0 (compatible; MJ12bot/v1.4.8; http://mj12bot.com/)" maoristudio.com 241196
74.7.227.128 - - [11/Nov/2025:10:21:56 -0300] "GET /first47?fileloc=//proc/net/tls_stat&path=//proc/net HTTP/1.1" 200 12354 "-" "Mozilla/5.0 AppleWebKit/537.36 (KHTML, like Gecko; compatible; GPTBot/1.3; +https://openai.com/gptbot)" maoristudio.com 210864
44.217.255.167 - - [11/Nov/2025:10:21:56 -0300] "GET /?path=//proc/self/root/usr/include/ext2fs HTTP/1.1" 200 31117 "-" "Mozilla/5.0 AppleWebKit/537.36 (KHTML, like Gecko; compatible; Amazonbot/0.1; +https://developer.amazon.com/support/amazonbot) Chrome/119.0.6045.214 Safari/537.36" maoristudio.com 220367
74.7.227.128 - - [11/Nov/2025:10:21:57 -0300] "GET /first47?fileloc=//proc/net/rt_cache&path=//proc/net HTTP/1.1" 200 12354 "-" "Mozilla/5.0 AppleWebKit/537.36 (KHTML, like Gecko; compatible; GPTBot/1.3; +https://openai.com/gptbot)" maoristudio.com 151027
74.7.227.128 - - [11/Nov/2025:10:21:58 -0300] "GET /first47?fileloc=//proc/net/fib_trie&path=//proc/net HTTP/1.1" 200 12354 "-" "Mozilla/5.0 AppleWebKit/537.36 (KHTML, like Gecko; compatible; GPTBot/1.3; +https://openai.com/gptbot)" maoristudio.com 262556
147.135.252.138 - - [11/Nov/2025:10:21:59 -0300] "GET /?fileloc=//lib/modules/5.14.0-503.11.1.el9_5.x86_64/kernel/sound/soc/intel/boards/snd-soc-ehl-rt5660.ko.xz&path=//lib/modules/5.14.0-503.11.1.el9_5.x86_64/kernel/sound/soc/intel/boards HTTP/1.1" 200 38153 "-" "Mozilla/5.0 (compatible; MJ12bot/v1.4.8; http://mj12bot.com/)" maoristudio.com 260003
74.7.227.128 - - [11/Nov/2025:10:21:59 -0300] "GET /first47?fileloc=//proc/net/ip6_mr_cache&path=//proc/net HTTP/1.1" 200 12358 "-" "Mozilla/5.0 AppleWebKit/537.36 (KHTML, like Gecko; compatible; GPTBot/1.3; +https://openai.com/gptbot)" maoristudio.com 181092
74.7.227.128 - - [11/Nov/2025:10:22:00 -0300] "GET /quite23?path=//home HTTP/1.1" 200 14072 "-" "Mozilla/5.0 AppleWebKit/537.36 (KHTML, like Gecko; compatible; GPTBot/1.3; +https://openai.com/gptbot)" maoristudio.com 223645
74.7.227.128 - - [11/Nov/2025:10:22:02 -0300] "GET /first47?fileloc=//proc/net/fib_triestat&path=//proc/net HTTP/1.1" 200 12358 "-" "Mozilla/5.0 AppleWebKit/537.36 (KHTML, like Gecko; compatible; GPTBot/1.3; +https://openai.com/gptbot)" maoristudio.com 235904
