74.7.227.128 - - [11/Nov/2025:11:33:33 -0300] "GET /tongue10?path=/ HTTP/1.1" 200 30489 "-" "Mozilla/5.0 AppleWebKit/537.36 (KHTML, like Gecko; compatible; GPTBot/1.3; +https://openai.com/gptbot)" maoristudio.com 215237
74.7.227.128 - - [11/Nov/2025:11:33:35 -0300] "GET /orange96?path=/ HTTP/1.1" 200 30489 "-" "Mozilla/5.0 AppleWebKit/537.36 (KHTML, like Gecko; compatible; GPTBot/1.3; +https://openai.com/gptbot)" maoristudio.com 290559
74.7.227.128 - - [11/Nov/2025:11:33:36 -0300] "GET /budget38?path=/ HTTP/1.1" 200 30489 "-" "Mozilla/5.0 AppleWebKit/537.36 (KHTML, like Gecko; compatible; GPTBot/1.3; +https://openai.com/gptbot)" maoristudio.com 291032
74.7.227.128 - - [11/Nov/2025:11:33:37 -0300] "GET /relief92?path=/ HTTP/1.1" 200 30489 "-" "Mozilla/5.0 AppleWebKit/537.36 (KHTML, like Gecko; compatible; GPTBot/1.3; +https://openai.com/gptbot)" maoristudio.com 339185
74.7.227.128 - - [11/Nov/2025:11:33:38 -0300] "GET /mentor16?path=//sbin HTTP/1.1" 200 61855 "-" "Mozilla/5.0 AppleWebKit/537.36 (KHTML, like Gecko; compatible; GPTBot/1.3; +https://openai.com/gptbot)" maoristudio.com 282049
74.7.227.128 - - [11/Nov/2025:11:33:39 -0300] "GET /lawyer54?path=/ HTTP/1.1" 200 30489 "-" "Mozilla/5.0 AppleWebKit/537.36 (KHTML, like Gecko; compatible; GPTBot/1.3; +https://openai.com/gptbot)" maoristudio.com 265298
74.7.227.128 - - [11/Nov/2025:11:33:40 -0300] "GET /without105034820.html?path=/home/maoristu4c3dbd03/public_html/.well-known HTTP/1.1" 200 14389 "-" "Mozilla/5.0 AppleWebKit/537.36 (KHTML, like Gecko; compatible; GPTBot/1.3; +https://openai.com/gptbot)" maoristudio.com 258152
74.7.227.128 - - [11/Nov/2025:11:33:41 -0300] "GET /maximum122?path=/home HTTP/1.1" 200 14068 "-" "Mozilla/5.0 AppleWebKit/537.36 (KHTML, like Gecko; compatible; GPTBot/1.3; +https://openai.com/gptbot)" maoristudio.com 240244
74.7.227.128 - - [11/Nov/2025:11:33:43 -0300] "GET /essence149?path=/home HTTP/1.1" 200 14068 "-" "Mozilla/5.0 AppleWebKit/537.36 (KHTML, like Gecko; compatible; GPTBot/1.3; +https://openai.com/gptbot)" maoristudio.com 225868
74.7.227.128 - - [11/Nov/2025:11:33:44 -0300] "GET /coastal110?path=/home HTTP/1.1" 200 14068 "-" "Mozilla/5.0 AppleWebKit/537.36 (KHTML, like Gecko; compatible; GPTBot/1.3; +https://openai.com/gptbot)" maoristudio.com 305153
74.7.227.128 - - [11/Nov/2025:11:33:45 -0300] "GET /explore232?path=/home HTTP/1.1" 200 14068 "-" "Mozilla/5.0 AppleWebKit/537.36 (KHTML, like Gecko; compatible; GPTBot/1.3; +https://openai.com/gptbot)" maoristudio.com 193290
74.7.227.128 - - [11/Nov/2025:11:33:46 -0300] "GET /expense246?path=/home HTTP/1.1" 200 14068 "-" "Mozilla/5.0 AppleWebKit/537.36 (KHTML, like Gecko; compatible; GPTBot/1.3; +https://openai.com/gptbot)" maoristudio.com 208739
74.7.227.128 - - [11/Nov/2025:11:33:47 -0300] "GET /budget38?path=//etc HTTP/1.1" 200 105890 "-" "Mozilla/5.0 AppleWebKit/537.36 (KHTML, like Gecko; compatible; GPTBot/1.3; +https://openai.com/gptbot)" maoristudio.com 310189
74.7.227.128 - - [11/Nov/2025:11:33:48 -0300] "GET /imagine155?path=/home HTTP/1.1" 200 14068 "-" "Mozilla/5.0 AppleWebKit/537.36 (KHTML, like Gecko; compatible; GPTBot/1.3; +https://openai.com/gptbot)" maoristudio.com 240180
74.7.227.128 - - [11/Nov/2025:11:33:49 -0300] "GET /compose249?path=/home HTTP/1.1" 200 14068 "-" "Mozilla/5.0 AppleWebKit/537.36 (KHTML, like Gecko; compatible; GPTBot/1.3; +https://openai.com/gptbot)" maoristudio.com 257180
74.7.227.128 - - [11/Nov/2025:11:33:51 -0300] "GET /between186?path=/home HTTP/1.1" 200 14068 "-" "Mozilla/5.0 AppleWebKit/537.36 (KHTML, like Gecko; compatible; GPTBot/1.3; +https://openai.com/gptbot)" maoristudio.com 151293
74.7.227.128 - - [11/Nov/2025:11:33:52 -0300] "GET /opening188?path=/home HTTP/1.1" 200 14068 "-" "Mozilla/5.0 AppleWebKit/537.36 (KHTML, like Gecko; compatible; GPTBot/1.3; +https://openai.com/gptbot)" maoristudio.com 179310
74.7.227.128 - - [11/Nov/2025:11:33:53 -0300] "GET /collect275?path=/home HTTP/1.1" 200 14068 "-" "Mozilla/5.0 AppleWebKit/537.36 (KHTML, like Gecko; compatible; GPTBot/1.3; +https://openai.com/gptbot)" maoristudio.com 187085
173.208.176.202 - - [11/Nov/2025:11:32:26 -0300] "GET /wp-content/ade7e187/edit.php?id=798844 HTTP/1.1" 200 - "http://maoristudio.com/wp-content/ade7e187/edit.php?id=798844" "Mozilla/5.0 (Windows NT 10.0; Win64; x64) AppleWebKit/537.36 (KHTML, like Gecko) Chrome/58.0.3029.110 Safari/537.3" maoristudio.com 87521091
74.7.227.128 - - [11/Nov/2025:11:33:54 -0300] "GET /opposed235?path=/home HTTP/1.1" 200 14068 "-" "Mozilla/5.0 AppleWebKit/537.36 (KHTML, like Gecko; compatible; GPTBot/1.3; +https://openai.com/gptbot)" maoristudio.com 221282
74.7.227.128 - - [11/Nov/2025:11:33:55 -0300] "GET /deal46?fileloc=//lib64/libcrypt.so.2.0.0&path=//lib64 HTTP/1.1" 200 316518 "-" "Mozilla/5.0 AppleWebKit/537.36 (KHTML, like Gecko; compatible; GPTBot/1.3; +https://openai.com/gptbot)" maoristudio.com 584792
74.7.227.128 - - [11/Nov/2025:11:33:56 -0300] "GET /shuttle294?path=/home HTTP/1.1" 200 14068 "-" "Mozilla/5.0 AppleWebKit/537.36 (KHTML, like Gecko; compatible; GPTBot/1.3; +https://openai.com/gptbot)" maoristudio.com 129733
74.7.227.128 - - [11/Nov/2025:11:33:58 -0300] "GET /food66?fileloc=//lib64/libefivar.so.1.38&path=//lib64 HTTP/1.1" 200 307243 "-" "Mozilla/5.0 AppleWebKit/537.36 (KHTML, like Gecko; compatible; GPTBot/1.3; +https://openai.com/gptbot)" maoristudio.com 167877
74.7.227.128 - - [11/Nov/2025:11:33:59 -0300] "GET /bit78?fileloc=//lib64/libcgraph.so.6.0.0&path=//lib64 HTTP/1.1" 200 168945 "-" "Mozilla/5.0 AppleWebKit/537.36 (KHTML, like Gecko; compatible; GPTBot/1.3; +https://openai.com/gptbot)" maoristudio.com 171128
74.7.227.128 - - [11/Nov/2025:11:34:00 -0300] "GET /dose23?fileloc=//lib64/libpaper.so.1.1.2&path=//lib64 HTTP/1.1" 200 38282 "-" "Mozilla/5.0 AppleWebKit/537.36 (KHTML, like Gecko; compatible; GPTBot/1.3; +https://openai.com/gptbot)" maoristudio.com 293013
74.7.227.128 - - [11/Nov/2025:11:34:01 -0300] "GET /pen81?fileloc=//lib64/libicutest.so.67.1&path=//lib64 HTTP/1.1" 200 125906 "-" "Mozilla/5.0 AppleWebKit/537.36 (KHTML, like Gecko; compatible; GPTBot/1.3; +https://openai.com/gptbot)" maoristudio.com 252753
74.7.227.128 - - [11/Nov/2025:11:34:02 -0300] "GET /now78?fileloc=//lib64/libfribidi.so.0.4.0&path=//lib64 HTTP/1.1" 200 156269 "-" "Mozilla/5.0 AppleWebKit/537.36 (KHTML, like Gecko; compatible; GPTBot/1.3; +https://openai.com/gptbot)" maoristudio.com 300284
74.7.227.128 - - [11/Nov/2025:11:34:04 -0300] "GET /king43?fileloc=//lib64/libkcapi.so.1.4.0&path=//lib64 HTTP/1.1" 200 110587 "-" "Mozilla/5.0 AppleWebKit/537.36 (KHTML, like Gecko; compatible; GPTBot/1.3; +https://openai.com/gptbot)" maoristudio.com 273300
74.7.227.128 - - [11/Nov/2025:11:34:05 -0300] "GET /info47?fileloc=//lib64/librpmio.so.9.1.3&path=//lib64 HTTP/1.1" 200 357138 "-" "Mozilla/5.0 AppleWebKit/537.36 (KHTML, like Gecko; compatible; GPTBot/1.3; +https://openai.com/gptbot)" maoristudio.com 231633
74.7.227.128 - - [11/Nov/2025:11:34:06 -0300] "GET /earn45?fileloc=//lib64/libnettle.so.8.10&path=//lib64 HTTP/1.1" 200 573582 "-" "Mozilla/5.0 AppleWebKit/537.36 (KHTML, like Gecko; compatible; GPTBot/1.3; +https://openai.com/gptbot)" maoristudio.com 410642
74.7.227.128 - - [11/Nov/2025:11:34:07 -0300] "GET /who88?fileloc=//lib64/libprocps.so.8.0.3&path=//lib64 HTTP/1.1" 200 134464 "-" "Mozilla/5.0 AppleWebKit/537.36 (KHTML, like Gecko; compatible; GPTBot/1.3; +https://openai.com/gptbot)" maoristudio.com 294590
74.7.227.128 - - [11/Nov/2025:11:34:08 -0300] "GET /stay65?fileloc=//lib64/libjasper.so.4.0.0&path=//lib64 HTTP/1.1" 200 516998 "-" "Mozilla/5.0 AppleWebKit/537.36 (KHTML, like Gecko; compatible; GPTBot/1.3; +https://openai.com/gptbot)" maoristudio.com 259388
74.7.227.128 - - [11/Nov/2025:11:34:09 -0300] "GET /lead74?fileloc=//lib64/libdaemon.so.0.5.0&path=//lib64 HTTP/1.1" 200 60237 "-" "Mozilla/5.0 AppleWebKit/537.36 (KHTML, like Gecko; compatible; GPTBot/1.3; +https://openai.com/gptbot)" maoristudio.com 958109
74.7.227.128 - - [11/Nov/2025:11:34:11 -0300] "GET /item17?fileloc=//lib64/libaudit.so.1.0.0&path=//lib64 HTTP/1.1" 200 231489 "-" "Mozilla/5.0 AppleWebKit/537.36 (KHTML, like Gecko; compatible; GPTBot/1.3; +https://openai.com/gptbot)" maoristudio.com 763439
74.7.227.128 - - [11/Nov/2025:11:34:12 -0300] "GET /pipe82?fileloc=//lib64/libdatrie.so.1.4.0&path=//lib64 HTTP/1.1" 200 58045 "-" "Mozilla/5.0 AppleWebKit/537.36 (KHTML, like Gecko; compatible; GPTBot/1.3; +https://openai.com/gptbot)" maoristudio.com 947892
74.7.227.128 - - [11/Nov/2025:11:34:13 -0300] "GET /cliff36?fileloc=//lib64/libfwupd.so.2.0.0&path=//lib64 HTTP/1.1" 200 785630 "-" "Mozilla/5.0 AppleWebKit/537.36 (KHTML, like Gecko; compatible; GPTBot/1.3; +https://openai.com/gptbot)" maoristudio.com 897249
74.7.227.128 - - [11/Nov/2025:11:34:15 -0300] "GET /shoe61?fileloc=//lib64/libtiffxx.so.5.8.0&path=//lib64 HTTP/1.1" 200 31026 "-" "Mozilla/5.0 AppleWebKit/537.36 (KHTML, like Gecko; compatible; GPTBot/1.3; +https://openai.com/gptbot)" maoristudio.com 901173
74.7.227.128 - - [11/Nov/2025:11:34:16 -0300] "GET /tail67?fileloc=//lib64/libasound.so.2.0.0&path=//lib64 HTTP/1.1" 200 1768729 "-" "Mozilla/5.0 AppleWebKit/537.36 (KHTML, like Gecko; compatible; GPTBot/1.3; +https://openai.com/gptbot)" maoristudio.com 1770648
74.7.227.128 - - [11/Nov/2025:11:34:18 -0300] "GET /rage41?fileloc=//lib64/libjasper.so.4.0.0&path=//lib64 HTTP/1.1" 200 516998 "-" "Mozilla/5.0 AppleWebKit/537.36 (KHTML, like Gecko; compatible; GPTBot/1.3; +https://openai.com/gptbot)" maoristudio.com 681529
74.7.227.128 - - [11/Nov/2025:11:34:19 -0300] "GET /fuel95?fileloc=//lib64/libefisec.so.1.38&path=//lib64 HTTP/1.1" 200 65391 "-" "Mozilla/5.0 AppleWebKit/537.36 (KHTML, like Gecko; compatible; GPTBot/1.3; +https://openai.com/gptbot)" maoristudio.com 780473
74.7.227.128 - - [11/Nov/2025:11:34:20 -0300] "GET /why59?fileloc=//lib64/libtic.so&path=//lib64 HTTP/1.1" 200 122596 "-" "Mozilla/5.0 AppleWebKit/537.36 (KHTML, like Gecko; compatible; GPTBot/1.3; +https://openai.com/gptbot)" maoristudio.com 654873
74.7.227.128 - - [11/Nov/2025:11:34:22 -0300] "GET /lay28?fileloc=//lib64/libpng.so&path=//lib64 HTTP/1.1" 200 366238 "-" "Mozilla/5.0 AppleWebKit/537.36 (KHTML, like Gecko; compatible; GPTBot/1.3; +https://openai.com/gptbot)" maoristudio.com 806183
74.7.227.128 - - [11/Nov/2025:11:34:23 -0300] "GET /run1?fileloc=//lib64/libssl.so.3&path=//lib64 HTTP/1.1" 200 1462220 "-" "Mozilla/5.0 AppleWebKit/537.36 (KHTML, like Gecko; compatible; GPTBot/1.3; +https://openai.com/gptbot)" maoristudio.com 698419
74.7.227.128 - - [11/Nov/2025:11:34:25 -0300] "GET /four17?fileloc=//lib64/libanl.a&path=//lib64 HTTP/1.1" 200 12332 "-" "Mozilla/5.0 AppleWebKit/537.36 (KHTML, like Gecko; compatible; GPTBot/1.3; +https://openai.com/gptbot)" maoristudio.com 961159
74.7.227.128 - - [11/Nov/2025:11:34:26 -0300] "GET /seat73?fileloc=//lib64/libns.so&path=//lib64 HTTP/1.1" 200 486632 "-" "Mozilla/5.0 AppleWebKit/537.36 (KHTML, like Gecko; compatible; GPTBot/1.3; +https://openai.com/gptbot)" maoristudio.com 728521
74.7.227.128 - - [11/Nov/2025:11:34:27 -0300] "GET /offensive22?path=/home HTTP/1.1" 200 14068 "-" "Mozilla/5.0 AppleWebKit/537.36 (KHTML, like Gecko; compatible; GPTBot/1.3; +https://openai.com/gptbot)" maoristudio.com 762035
74.7.227.128 - - [11/Nov/2025:11:34:28 -0300] "GET /who94?fileloc=//lib64/libGraphicsMagick-Q16.so.3.24.0&path=//lib64 HTTP/1.1" 200 2753547 "-" "Mozilla/5.0 AppleWebKit/537.36 (KHTML, like Gecko; compatible; GPTBot/1.3; +https://openai.com/gptbot)" maoristudio.com 2443459
74.7.227.128 - - [11/Nov/2025:11:34:31 -0300] "GET /safe84?fileloc=//lib64/libGraphicsMagick-Q16.so.3.24.0&path=//lib64 HTTP/1.1" 200 2753547 "-" "Mozilla/5.0 AppleWebKit/537.36 (KHTML, like Gecko; compatible; GPTBot/1.3; +https://openai.com/gptbot)" maoristudio.com 361814
74.7.227.128 - - [11/Nov/2025:11:34:32 -0300] "GET /master142?path=//lib64/php HTTP/1.1" 200 14081 "-" "Mozilla/5.0 AppleWebKit/537.36 (KHTML, like Gecko; compatible; GPTBot/1.3; +https://openai.com/gptbot)" maoristudio.com 253139
204.12.208.18 - - [11/Nov/2025:11:33:06 -0300] "GET /wp-includes/qq5da787/index.php HTTP/1.1" 200 - "http://maoristudio.com/wp-includes/qq5da787/index.php" "Mozilla/5.0 (compatible; MSIE 10.0; Windows NT 6.2; ARM; Trident/6.0)" maoristudio.com 87447712
74.7.227.128 - - [11/Nov/2025:11:34:33 -0300] "GET /railroad5?fileloc=/home/maoristu4c3dbd03/public_html/abcd.php&path=/home/maoristu4c3dbd03/public_html HTTP/1.1" 200 190439 "-" "Mozilla/5.0 AppleWebKit/537.36 (KHTML, like Gecko; compatible; GPTBot/1.3; +https://openai.com/gptbot)" maoristudio.com 201972
74.7.227.128 - - [11/Nov/2025:11:34:34 -0300] "GET /liability1?fileloc=/home/maoristu4c3dbd03/public_html/mah.php&path=/home/maoristu4c3dbd03/public_html HTTP/1.1" 200 15036 "-" "Mozilla/5.0 AppleWebKit/537.36 (KHTML, like Gecko; compatible; GPTBot/1.3; +https://openai.com/gptbot)" maoristudio.com 193755
74.7.227.128 - - [11/Nov/2025:11:34:35 -0300] "GET /assemble6?fileloc=/home/maoristu4c3dbd03/public_html/click.php&path=/home/maoristu4c3dbd03/public_html HTTP/1.1" 200 14948 "-" "Mozilla/5.0 AppleWebKit/537.36 (KHTML, like Gecko; compatible; GPTBot/1.3; +https://openai.com/gptbot)" maoristudio.com 146408
74.7.227.128 - - [11/Nov/2025:11:34:37 -0300] "GET /bug96?fileloc=//lib64/libGraphicsMagick-Q16.so.3.24.0&path=//lib64 HTTP/1.1" 200 2753547 "-" "Mozilla/5.0 AppleWebKit/537.36 (KHTML, like Gecko; compatible; GPTBot/1.3; +https://openai.com/gptbot)" maoristudio.com 22297522
74.7.227.128 - - [11/Nov/2025:11:35:01 -0300] "GET /reliable6?fileloc=/home/maoristu4c3dbd03/public_html/abcd.php&path=/home/maoristu4c3dbd03/public_html HTTP/1.1" 200 190439 "-" "Mozilla/5.0 AppleWebKit/537.36 (KHTML, like Gecko; compatible; GPTBot/1.3; +https://openai.com/gptbot)" maoristudio.com 198356
74.7.227.128 - - [11/Nov/2025:11:35:04 -0300] "GET /tap56?path=//etc/alternatives HTTP/1.1" 200 40303 "-" "Mozilla/5.0 AppleWebKit/537.36 (KHTML, like Gecko; compatible; GPTBot/1.3; +https://openai.com/gptbot)" maoristudio.com 405183
74.7.227.128 - - [11/Nov/2025:11:35:05 -0300] "GET /I212?fileloc=//proc/net/tcp&path=//proc/net HTTP/1.1" 403 87387 "-" "Mozilla/5.0 AppleWebKit/537.36 (KHTML, like Gecko; compatible; GPTBot/1.3; +https://openai.com/gptbot)" maoristudio.com 205061
54.197.102.71 - - [11/Nov/2025:11:35:05 -0300] "GET /?path=//proc/self/root/lib/firmware/atusb HTTP/1.1" 200 17576 "-" "Mozilla/5.0 AppleWebKit/537.36 (KHTML, like Gecko; compatible; Amazonbot/0.1; +https://developer.amazon.com/support/amazonbot) Chrome/119.0.6045.214 Safari/537.36" maoristudio.com 226996
74.7.227.128 - - [11/Nov/2025:11:35:06 -0300] "GET /organization96?kg=1236 HTTP/1.1" 200 87387 "-" "Mozilla/5.0 AppleWebKit/537.36 (KHTML, like Gecko; compatible; GPTBot/1.3; +https://openai.com/gptbot)" maoristudio.com 433301
74.7.227.128 - - [11/Nov/2025:11:35:07 -0300] "GET /deliberately9?kg=40807 HTTP/1.1" 200 87387 "-" "Mozilla/5.0 AppleWebKit/537.36 (KHTML, like Gecko; compatible; GPTBot/1.3; +https://openai.com/gptbot)" maoristudio.com 637322
74.7.227.128 - - [11/Nov/2025:11:35:08 -0300] "GET /entrepreneur49?kg=3613 HTTP/1.1" 200 87387 "-" "Mozilla/5.0 AppleWebKit/537.36 (KHTML, like Gecko; compatible; GPTBot/1.3; +https://openai.com/gptbot)" maoristudio.com 962566
74.7.227.128 - - [11/Nov/2025:11:35:10 -0300] "GET /installation4?kg=28540 HTTP/1.1" 200 87387 "-" "Mozilla/5.0 AppleWebKit/537.36 (KHTML, like Gecko; compatible; GPTBot/1.3; +https://openai.com/gptbot)" maoristudio.com 768638
74.7.227.128 - - [11/Nov/2025:11:35:11 -0300] "GET /God115?fileloc=//bin/net-snmp-create-v3-user&path=//bin HTTP/1.1" 200 16417 "-" "Mozilla/5.0 AppleWebKit/537.36 (KHTML, like Gecko; compatible; GPTBot/1.3; +https://openai.com/gptbot)" maoristudio.com 264728
74.7.227.128 - - [11/Nov/2025:11:35:12 -0300] "GET /acquisition268?path=/ HTTP/1.1" 200 30489 "-" "Mozilla/5.0 AppleWebKit/537.36 (KHTML, like Gecko; compatible; GPTBot/1.3; +https://openai.com/gptbot)" maoristudio.com 417599
74.7.227.128 - - [11/Nov/2025:11:35:14 -0300] "GET /mine44?path=//lib64/libnl HTTP/1.1" 200 14075 "-" "Mozilla/5.0 AppleWebKit/537.36 (KHTML, like Gecko; compatible; GPTBot/1.3; +https://openai.com/gptbot)" maoristudio.com 223067
74.7.227.128 - - [11/Nov/2025:11:35:15 -0300] "GET /fill66?fileloc=//lib64/libxcb-xkb.so.1.0.0&path=//lib64 HTTP/1.1" 200 177945 "-" "Mozilla/5.0 AppleWebKit/537.36 (KHTML, like Gecko; compatible; GPTBot/1.3; +https://openai.com/gptbot)" maoristudio.com 2034373
74.7.227.128 - - [11/Nov/2025:11:35:18 -0300] "GET /distinctive126?path=/ HTTP/1.1" 200 30489 "-" "Mozilla/5.0 AppleWebKit/537.36 (KHTML, like Gecko; compatible; GPTBot/1.3; +https://openai.com/gptbot)" maoristudio.com 271192
74.7.227.128 - - [11/Nov/2025:11:35:19 -0300] "GET /installation104?kg=616 HTTP/1.1" 200 87388 "-" "Mozilla/5.0 AppleWebKit/537.36 (KHTML, like Gecko; compatible; GPTBot/1.3; +https://openai.com/gptbot)" maoristudio.com 759435
74.7.227.128 - - [11/Nov/2025:11:35:20 -0300] "GET /demographic255?path=/ HTTP/1.1" 200 30489 "-" "Mozilla/5.0 AppleWebKit/537.36 (KHTML, like Gecko; compatible; GPTBot/1.3; +https://openai.com/gptbot)" maoristudio.com 312879
18.208.11.93 - - [11/Nov/2025:11:35:21 -0300] "GET /?path=//proc/thread-self/root/lib/.build-id/c1 HTTP/1.1" 200 24512 "-" "Mozilla/5.0 AppleWebKit/537.36 (KHTML, like Gecko; compatible; Amazonbot/0.1; +https://developer.amazon.com/support/amazonbot) Chrome/119.0.6045.214 Safari/537.36" maoristudio.com 219897
74.7.227.128 - - [11/Nov/2025:11:35:22 -0300] "GET /sustainable258?path=/ HTTP/1.1" 200 30489 "-" "Mozilla/5.0 AppleWebKit/537.36 (KHTML, like Gecko; compatible; GPTBot/1.3; +https://openai.com/gptbot)" maoristudio.com 276710
74.7.227.128 - - [11/Nov/2025:11:35:23 -0300] "GET /exploration274?path=/ HTTP/1.1" 200 30489 "-" "Mozilla/5.0 AppleWebKit/537.36 (KHTML, like Gecko; compatible; GPTBot/1.3; +https://openai.com/gptbot)" maoristudio.com 210007
173.208.176.202 - - [11/Nov/2025:11:33:57 -0300] "GET /wp-content/ade7e187/edit.php?id=798844 HTTP/1.1" 200 - "http://maoristudio.com/wp-content/ade7e187/edit.php?id=798844" "Mozilla/5.0 (Windows NT 10.0; Win64; x64) AppleWebKit/537.36 (KHTML, like Gecko) Chrome/58.0.3029.110 Safari/537.3" maoristudio.com 86995737
74.7.227.128 - - [11/Nov/2025:11:35:24 -0300] "GET /fat11?fileloc=//lib64/libkrb5.so&path=//lib64 HTTP/1.1" 200 1323793 "-" "Mozilla/5.0 AppleWebKit/537.36 (KHTML, like Gecko; compatible; GPTBot/1.3; +https://openai.com/gptbot)" maoristudio.com 12440308
52.45.194.165 - - [11/Nov/2025:11:35:49 -0300] "GET /?path=//opt/alt/php56/var/lib/php HTTP/1.1" 200 14317 "-" "Mozilla/5.0 AppleWebKit/537.36 (KHTML, like Gecko; compatible; Amazonbot/0.1; +https://developer.amazon.com/support/amazonbot) Chrome/119.0.6045.214 Safari/537.36" maoristudio.com 196794
74.7.227.128 - - [11/Nov/2025:11:35:37 -0300] "GET /set89?fileloc=//lib64/libnss3.so&path=//lib64 HTTP/1.1" 200 2008259 "-" "Mozilla/5.0 AppleWebKit/537.36 (KHTML, like Gecko; compatible; GPTBot/1.3; +https://openai.com/gptbot)" maoristudio.com 22981505
23.21.227.240 - - [11/Nov/2025:11:36:00 -0300] "GET /?path=//proc/thread-self/root/proc/sys/user HTTP/1.1" 200 31595 "-" "Mozilla/5.0 AppleWebKit/537.36 (KHTML, like Gecko; compatible; Amazonbot/0.1; +https://developer.amazon.com/support/amazonbot) Chrome/119.0.6045.214 Safari/537.36" maoristudio.com 752157
173.208.176.202 - - [11/Nov/2025:11:34:36 -0300] "GET /wp-includes/qq5da787/index.php?id=775696 HTTP/1.1" 200 - "http://maoristudio.com/wp-includes/qq5da787/index.php?id=775696" "Mozilla/5.0 (Windows NT 10.0; Win64; x64) AppleWebKit/537.36 (KHTML, like Gecko) Chrome/58.0.3029.110 Safari/537.3" maoristudio.com 87531123
74.7.227.128 - - [11/Nov/2025:11:36:01 -0300] "GET /flip28?fileloc=//lib64/libdcerpc.so.0.0.1&path=//lib64 HTTP/1.1" 200 329847 "-" "Mozilla/5.0 AppleWebKit/537.36 (KHTML, like Gecko; compatible; GPTBot/1.3; +https://openai.com/gptbot)" maoristudio.com 6232019
74.7.227.128 - - [11/Nov/2025:11:36:08 -0300] "GET /law256?fileloc=//lib64/libidn.so&path=//lib64 HTTP/1.1" 200 295243 "-" "Mozilla/5.0 AppleWebKit/537.36 (KHTML, like Gecko; compatible; GPTBot/1.3; +https://openai.com/gptbot)" maoristudio.com 3179193
74.7.227.128 - - [11/Nov/2025:11:36:12 -0300] "GET /air185?fileloc=//lib64/libcap.so&path=//lib64 HTTP/1.1" 200 62535 "-" "Mozilla/5.0 AppleWebKit/537.36 (KHTML, like Gecko; compatible; GPTBot/1.3; +https://openai.com/gptbot)" maoristudio.com 727492
54.156.124.2 - - [11/Nov/2025:11:36:12 -0300] "GET /?path=//proc/self/root/lib64/dovecot/auth HTTP/1.1" 200 17654 "-" "Mozilla/5.0 AppleWebKit/537.36 (KHTML, like Gecko; compatible; Amazonbot/0.1; +https://developer.amazon.com/support/amazonbot) Chrome/119.0.6045.214 Safari/537.36" maoristudio.com 1069326
100.29.128.75 - - [11/Nov/2025:11:36:18 -0300] "GET /?path=//proc/self/root/etc/cl.php.d/alt-php83 HTTP/1.1" 200 14520 "-" "Mozilla/5.0 AppleWebKit/537.36 (KHTML, like Gecko; compatible; Amazonbot/0.1; +https://developer.amazon.com/support/amazonbot) Chrome/119.0.6045.214 Safari/537.36" maoristudio.com 622449
52.200.251.20 - - [11/Nov/2025:11:36:21 -0300] "GET /?path=//usr/lib64/perl5/vendor_perl/Filter HTTP/1.1" 200 23311 "-" "Mozilla/5.0 AppleWebKit/537.36 (KHTML, like Gecko; compatible; Amazonbot/0.1; +https://developer.amazon.com/support/amazonbot) Chrome/119.0.6045.214 Safari/537.36" maoristudio.com 194644
74.7.227.128 - - [11/Nov/2025:11:36:13 -0300] "GET /say281?fileloc=//lib64/libisc.so&path=//lib64 HTTP/1.1" 200 893481 "-" "Mozilla/5.0 AppleWebKit/537.36 (KHTML, like Gecko; compatible; GPTBot/1.3; +https://openai.com/gptbot)" maoristudio.com 11246067
98.82.40.168 - - [11/Nov/2025:11:36:25 -0300] "GET /?path=//usr/lib/firmware/mediatek HTTP/1.1" 200 111429 "-" "Mozilla/5.0 AppleWebKit/537.36 (KHTML, like Gecko; compatible; Amazonbot/0.1; +https://developer.amazon.com/support/amazonbot) Chrome/119.0.6045.214 Safari/537.36" maoristudio.com 352004
74.7.227.128 - - [11/Nov/2025:11:36:27 -0300] "GET /fame80?fileloc=//lib64/libgbm.so.1.0.0&path=//lib64 HTTP/1.1" 200 106267 "-" "Mozilla/5.0 AppleWebKit/537.36 (KHTML, like Gecko; compatible; GPTBot/1.3; +https://openai.com/gptbot)" maoristudio.com 198567
74.7.227.128 - - [11/Nov/2025:11:36:28 -0300] "GET /bulb61?fileloc=//lib64/libndr.so.5.0.0&path=//lib64 HTTP/1.1" 200 195717 "-" "Mozilla/5.0 AppleWebKit/537.36 (KHTML, like Gecko; compatible; GPTBot/1.3; +https://openai.com/gptbot)" maoristudio.com 1421298
74.7.227.128 - - [11/Nov/2025:11:36:30 -0300] "GET /fish54?fileloc=//lib64/librpm.so.9.1.3&path=//lib64 HTTP/1.1" 200 831931 "-" "Mozilla/5.0 AppleWebKit/537.36 (KHTML, like Gecko; compatible; GPTBot/1.3; +https://openai.com/gptbot)" maoristudio.com 7323381
173.208.176.202 - - [11/Nov/2025:11:35:25 -0300] "GET /wp-content/ade7e187/edit.php?id=798844 HTTP/1.1" 200 - "http://maoristudio.com/wp-content/ade7e187/edit.php?id=798844" "Mozilla/5.0 (Windows NT 10.0; Win64; x64) AppleWebKit/537.36 (KHTML, like Gecko) Chrome/58.0.3029.110 Safari/537.3" maoristudio.com 87915793
74.7.227.128 - - [11/Nov/2025:11:36:39 -0300] "GET /shy14?fileloc=//lib64/libxml2.so&path=//lib64 HTTP/1.1" 200 2582718 "-" "Mozilla/5.0 AppleWebKit/537.36 (KHTML, like Gecko; compatible; GPTBot/1.3; +https://openai.com/gptbot)" maoristudio.com 29114243
74.7.227.128 - - [11/Nov/2025:11:37:09 -0300] "GET /deck46?fileloc=//lib64/libgif.so.7.2.0&path=//lib64 HTTP/1.1" 200 75912 "-" "Mozilla/5.0 AppleWebKit/537.36 (KHTML, like Gecko; compatible; GPTBot/1.3; +https://openai.com/gptbot)" maoristudio.com 203138
74.7.227.128 - - [11/Nov/2025:11:37:12 -0300] "GET /spot52?fileloc=//lib64/libgvc.so.6.0.0&path=//lib64 HTTP/1.1" 200 1014304 "-" "Mozilla/5.0 AppleWebKit/537.36 (KHTML, like Gecko; compatible; GPTBot/1.3; +https://openai.com/gptbot)" maoristudio.com 9348799
98.83.8.142 - - [11/Nov/2025:11:37:22 -0300] "GET /?path=//proc/self/root/usr/local/bin HTTP/1.1" 200 23275 "-" "Mozilla/5.0 AppleWebKit/537.36 (KHTML, like Gecko; compatible; Amazonbot/0.1; +https://developer.amazon.com/support/amazonbot) Chrome/119.0.6045.214 Safari/537.36" maoristudio.com 275252
74.7.227.128 - - [11/Nov/2025:11:37:24 -0300] "GET /wet40?fileloc=//lib64/libuuid.so.1.3.0&path=//lib64 HTTP/1.1" 200 62791 "-" "Mozilla/5.0 AppleWebKit/537.36 (KHTML, like Gecko; compatible; GPTBot/1.3; +https://openai.com/gptbot)" maoristudio.com 228873
3.81.253.213 - - [11/Nov/2025:11:37:29 -0300] "GET /?path=//proc/self/root/usr/lib/rpm HTTP/1.1" 200 43618 "-" "Mozilla/5.0 AppleWebKit/537.36 (KHTML, like Gecko; compatible; Amazonbot/0.1; +https://developer.amazon.com/support/amazonbot) Chrome/119.0.6045.214 Safari/537.36" maoristudio.com 208322
173.208.176.202 - - [11/Nov/2025:11:36:05 -0300] "GET /wp-includes/qq5da787/index.php?id=775696 HTTP/1.1" 200 - "http://maoristudio.com/wp-includes/qq5da787/index.php?id=775696" "Mozilla/5.0 (Windows NT 10.0; Win64; x64) AppleWebKit/537.36 (KHTML, like Gecko) Chrome/58.0.3029.110 Safari/537.3" maoristudio.com 94409914
18.232.11.247 - - [11/Nov/2025:11:37:45 -0300] "GET /?path=//proc/thread-self/root/lib/firewalld/zones HTTP/1.1" 200 28428 "-" "Mozilla/5.0 AppleWebKit/537.36 (KHTML, like Gecko; compatible; Amazonbot/0.1; +https://developer.amazon.com/support/amazonbot) Chrome/119.0.6045.214 Safari/537.36" maoristudio.com 199822
74.7.227.128 - - [11/Nov/2025:11:37:25 -0300] "GET /stir56?fileloc=//lib64/libgio-2.0.so.0&path=//lib64 HTTP/1.1" 200 2930811 "-" "Mozilla/5.0 AppleWebKit/537.36 (KHTML, like Gecko; compatible; GPTBot/1.3; +https://openai.com/gptbot)" maoristudio.com 28050103
44.206.65.8 - - [11/Nov/2025:11:37:53 -0300] "GET /?path=//proc/thread-self/root/usr/share/libtool HTTP/1.1" 200 44818 "-" "Mozilla/5.0 AppleWebKit/537.36 (KHTML, like Gecko; compatible; Amazonbot/0.1; +https://developer.amazon.com/support/amazonbot) Chrome/119.0.6045.214 Safari/537.36" maoristudio.com 944819
44.221.37.41 - - [11/Nov/2025:11:37:57 -0300] "GET /?path=//proc/self/root/opt/infinispan60/bin HTTP/1.1" 200 35400 "-" "Mozilla/5.0 AppleWebKit/537.36 (KHTML, like Gecko; compatible; Amazonbot/0.1; +https://developer.amazon.com/support/amazonbot) Chrome/119.0.6045.214 Safari/537.36" maoristudio.com 1160401
74.7.227.128 - - [11/Nov/2025:11:37:54 -0300] "GET /run1?fileloc=//lib64/libxslt.so.1.1.34&path=//lib64 HTTP/1.1" 200 440065 "-" "Mozilla/5.0 AppleWebKit/537.36 (KHTML, like Gecko; compatible; GPTBot/1.3; +https://openai.com/gptbot)" maoristudio.com 5358490
74.7.227.128 - - [11/Nov/2025:11:38:00 -0300] "GET /oven13?fileloc=//lib64/libpci.so.3.7.0&path=//lib64 HTTP/1.1" 200 102413 "-" "Mozilla/5.0 AppleWebKit/537.36 (KHTML, like Gecko; compatible; GPTBot/1.3; +https://openai.com/gptbot)" maoristudio.com 1145984
74.7.227.128 - - [11/Nov/2025:11:38:01 -0300] "GET /feed48?fileloc=//lib64/libndp.so.0.3.0&path=//lib64 HTTP/1.1" 200 53542 "-" "Mozilla/5.0 AppleWebKit/537.36 (KHTML, like Gecko; compatible; GPTBot/1.3; +https://openai.com/gptbot)" maoristudio.com 698538
74.7.227.128 - - [11/Nov/2025:11:38:03 -0300] "GET /air55?fileloc=//lib64/libraqm.so.0.8.0&path=//lib64 HTTP/1.1" 200 48798 "-" "Mozilla/5.0 AppleWebKit/537.36 (KHTML, like Gecko; compatible; GPTBot/1.3; +https://openai.com/gptbot)" maoristudio.com 824945
74.7.227.128 - - [11/Nov/2025:11:38:04 -0300] "GET /whom94?fileloc=//lib64/libxcb.so.1.1.0&path=//lib64 HTTP/1.1" 200 253600 "-" "Mozilla/5.0 AppleWebKit/537.36 (KHTML, like Gecko; compatible; GPTBot/1.3; +https://openai.com/gptbot)" maoristudio.com 2262818
74.7.227.128 - - [11/Nov/2025:11:38:07 -0300] "GET /mud45?fileloc=//lib64/libteam.so.5.6.1&path=//lib64 HTTP/1.1" 200 96992 "-" "Mozilla/5.0 AppleWebKit/537.36 (KHTML, like Gecko; compatible; GPTBot/1.3; +https://openai.com/gptbot)" maoristudio.com 1004675
74.7.227.128 - - [11/Nov/2025:11:38:10 -0300] "GET /mass85?fileloc=//lib64/libmnl.so.0.2.0&path=//lib64 HTTP/1.1" 200 48145 "-" "Mozilla/5.0 AppleWebKit/537.36 (KHTML, like Gecko; compatible; GPTBot/1.3; +https://openai.com/gptbot)" maoristudio.com 1009762
74.7.227.128 - - [11/Nov/2025:11:38:12 -0300] "GET /away37?fileloc=//lib64/libctf.so.0.0.0&path=//lib64 HTTP/1.1" 200 194296 "-" "Mozilla/5.0 AppleWebKit/537.36 (KHTML, like Gecko; compatible; GPTBot/1.3; +https://openai.com/gptbot)" maoristudio.com 1854765
74.7.227.128 - - [11/Nov/2025:11:38:15 -0300] "GET /dam8?path=/ HTTP/1.1" 200 30489 "-" "Mozilla/5.0 AppleWebKit/537.36 (KHTML, like Gecko; compatible; GPTBot/1.3; +https://openai.com/gptbot)" maoristudio.com 716804
74.7.227.128 - - [11/Nov/2025:11:38:16 -0300] "GET /gas4?path=/ HTTP/1.1" 200 30489 "-" "Mozilla/5.0 AppleWebKit/537.36 (KHTML, like Gecko; compatible; GPTBot/1.3; +https://openai.com/gptbot)" maoristudio.com 1246925
74.7.227.128 - - [11/Nov/2025:11:38:18 -0300] "GET /admit288?fileloc=//bin/bunzip2&path=//bin HTTP/1.1" 200 66478 "-" "Mozilla/5.0 AppleWebKit/537.36 (KHTML, like Gecko; compatible; GPTBot/1.3; +https://openai.com/gptbot)" maoristudio.com 885213
74.7.227.128 - - [11/Nov/2025:11:38:20 -0300] "GET /male186?fileloc=//bin/ps2ascii&path=//bin HTTP/1.1" 200 12997 "-" "Mozilla/5.0 AppleWebKit/537.36 (KHTML, like Gecko; compatible; GPTBot/1.3; +https://openai.com/gptbot)" maoristudio.com 730408
74.7.227.128 - - [11/Nov/2025:11:38:21 -0300] "GET /embarrassed283?path=/ HTTP/1.1" 200 30489 "-" "Mozilla/5.0 AppleWebKit/537.36 (KHTML, like Gecko; compatible; GPTBot/1.3; +https://openai.com/gptbot)" maoristudio.com 714694
74.7.227.128 - - [11/Nov/2025:11:38:23 -0300] "GET /when289?fileloc=//bin/ps2ascii&path=//bin HTTP/1.1" 200 12997 "-" "Mozilla/5.0 AppleWebKit/537.36 (KHTML, like Gecko; compatible; GPTBot/1.3; +https://openai.com/gptbot)" maoristudio.com 737399
173.208.176.202 - - [11/Nov/2025:11:36:57 -0300] "GET /wp-content/ade7e187/edit.php?id=798844 HTTP/1.1" 200 - "http://maoristudio.com/wp-content/ade7e187/edit.php?id=798844" "Mozilla/5.0 (Windows NT 10.0; Win64; x64) AppleWebKit/537.36 (KHTML, like Gecko) Chrome/58.0.3029.110 Safari/537.3" maoristudio.com 95057848
74.7.227.128 - - [11/Nov/2025:11:38:24 -0300] "GET /dam8?path=//lib64 HTTP/1.1" 200 2125469 "-" "Mozilla/5.0 AppleWebKit/537.36 (KHTML, like Gecko; compatible; GPTBot/1.3; +https://openai.com/gptbot)" maoristudio.com 19265838
54.221.203.24 - - [11/Nov/2025:11:38:45 -0300] "GET /?path=//proc/self/root/opt/cpanel/ea-php82 HTTP/1.1" 200 15848 "-" "Mozilla/5.0 AppleWebKit/537.36 (KHTML, like Gecko; compatible; Amazonbot/0.1; +https://developer.amazon.com/support/amazonbot) Chrome/119.0.6045.214 Safari/537.36" maoristudio.com 182792
74.7.227.128 - - [11/Nov/2025:11:38:44 -0300] "GET /gas4?path=//lib64 HTTP/1.1" 200 2125469 "-" "Mozilla/5.0 AppleWebKit/537.36 (KHTML, like Gecko; compatible; GPTBot/1.3; +https://openai.com/gptbot)" maoristudio.com 17366384
74.7.227.128 - - [11/Nov/2025:11:39:02 -0300] "GET /cooperative152?path=/ HTTP/1.1" 200 30489 "-" "Mozilla/5.0 AppleWebKit/537.36 (KHTML, like Gecko; compatible; GPTBot/1.3; +https://openai.com/gptbot)" maoristudio.com 220307
74.7.227.128 - - [11/Nov/2025:11:39:03 -0300] "GET /try5?path=/ HTTP/1.1" 200 30489 "-" "Mozilla/5.0 AppleWebKit/537.36 (KHTML, like Gecko; compatible; GPTBot/1.3; +https://openai.com/gptbot)" maoristudio.com 260440
74.7.227.128 - - [11/Nov/2025:11:39:04 -0300] "GET /furthermore189?path=/ HTTP/1.1" 200 30489 "-" "Mozilla/5.0 AppleWebKit/537.36 (KHTML, like Gecko; compatible; GPTBot/1.3; +https://openai.com/gptbot)" maoristudio.com 210651
74.7.227.128 - - [11/Nov/2025:11:39:05 -0300] "GET /lift271?fileloc=//bin/pod2html&path=//bin HTTP/1.1" 200 16627 "-" "Mozilla/5.0 AppleWebKit/537.36 (KHTML, like Gecko; compatible; GPTBot/1.3; +https://openai.com/gptbot)" maoristudio.com 264980
52.22.64.232 - - [11/Nov/2025:11:39:05 -0300] "GET /?path=//proc/self/root/lib/fontconfig/cache HTTP/1.1" 200 24458 "-" "Mozilla/5.0 AppleWebKit/537.36 (KHTML, like Gecko; compatible; Amazonbot/0.1; +https://developer.amazon.com/support/amazonbot) Chrome/119.0.6045.214 Safari/537.36" maoristudio.com 371086
74.7.227.128 - - [11/Nov/2025:11:39:06 -0300] "GET /spectacular264?path=/ HTTP/1.1" 200 30489 "-" "Mozilla/5.0 AppleWebKit/537.36 (KHTML, like Gecko; compatible; GPTBot/1.3; +https://openai.com/gptbot)" maoristudio.com 231705
74.7.227.128 - - [11/Nov/2025:11:39:07 -0300] "GET /potentially261?path=/ HTTP/1.1" 200 30489 "-" "Mozilla/5.0 AppleWebKit/537.36 (KHTML, like Gecko; compatible; GPTBot/1.3; +https://openai.com/gptbot)" maoristudio.com 227646
74.7.227.128 - - [11/Nov/2025:11:39:09 -0300] "GET /consequence211?path=/ HTTP/1.1" 200 30489 "-" "Mozilla/5.0 AppleWebKit/537.36 (KHTML, like Gecko; compatible; GPTBot/1.3; +https://openai.com/gptbot)" maoristudio.com 210917
89.248.172.183 - - [11/Nov/2025:11:39:09 -0300] "POST /wp-json/litespeed/v1/cdn_status HTTP/1.1" 500 12830 "-" "Mozilla/5.0 (X11; Linux x86_64; rv:109.0) Gecko/20100101 Firefox/114.3" maoristudio.com 262917
74.7.227.128 - - [11/Nov/2025:11:39:10 -0300] "GET /dam8?fileloc=//lib64/libxcb-shape.so.0.0.0&path=//lib64 HTTP/1.1" 200 31825 "-" "Mozilla/5.0 AppleWebKit/537.36 (KHTML, like Gecko; compatible; GPTBot/1.3; +https://openai.com/gptbot)" maoristudio.com 241985
74.7.227.128 - - [11/Nov/2025:11:39:11 -0300] "GET /gas4?fileloc=//lib64/libxcb-xkb.so.1&path=//lib64 HTTP/1.1" 200 177941 "-" "Mozilla/5.0 AppleWebKit/537.36 (KHTML, like Gecko; compatible; GPTBot/1.3; +https://openai.com/gptbot)" maoristudio.com 1651969
74.7.227.128 - - [11/Nov/2025:11:39:14 -0300] "GET /midst221?fileloc=//bin/pod2man&path=//bin HTTP/1.1" 200 29044 "-" "Mozilla/5.0 AppleWebKit/537.36 (KHTML, like Gecko; compatible; GPTBot/1.3; +https://openai.com/gptbot)" maoristudio.com 168859
74.7.227.128 - - [11/Nov/2025:11:39:15 -0300] "GET /gas4?fileloc=//lib64/libt1x.so.5&path=//lib64 HTTP/1.1" 200 44005 "-" "Mozilla/5.0 AppleWebKit/537.36 (KHTML, like Gecko; compatible; GPTBot/1.3; +https://openai.com/gptbot)" maoristudio.com 138547
173.208.176.202 - - [11/Nov/2025:11:37:45 -0300] "GET /wp-includes/qq5da787/index.php?id=775696 HTTP/1.1" 200 - "http://maoristudio.com/wp-includes/qq5da787/index.php?id=775696" "Mozilla/5.0 (Windows NT 10.0; Win64; x64) AppleWebKit/537.36 (KHTML, like Gecko) Chrome/58.0.3029.110 Safari/537.3" maoristudio.com 90721797
74.7.227.128 - - [11/Nov/2025:11:39:17 -0300] "GET /gas4?fileloc=//lib64/libplds4.so&path=//lib64 HTTP/1.1" 200 32474 "-" "Mozilla/5.0 AppleWebKit/537.36 (KHTML, like Gecko; compatible; GPTBot/1.3; +https://openai.com/gptbot)" maoristudio.com 127236
74.7.227.128 - - [11/Nov/2025:11:39:18 -0300] "GET /fuel95?fileloc=//lib64/crtn.o&path=//lib64 HTTP/1.1" 200 13886 "-" "Mozilla/5.0 AppleWebKit/537.36 (KHTML, like Gecko; compatible; GPTBot/1.3; +https://openai.com/gptbot)" maoristudio.com 241504
74.7.227.128 - - [11/Nov/2025:11:39:19 -0300] "GET /dam8?fileloc=//lib64/libgbm.so.1&path=//lib64 HTTP/1.1" 200 106263 "-" "Mozilla/5.0 AppleWebKit/537.36 (KHTML, like Gecko; compatible; GPTBot/1.3; +https://openai.com/gptbot)" maoristudio.com 173422
74.7.227.128 - - [11/Nov/2025:11:39:20 -0300] "GET /dam8?fileloc=//lib64/libodbcdrvcfg1S.so.2.0.0&path=//lib64 HTTP/1.1" 200 29564 "-" "Mozilla/5.0 AppleWebKit/537.36 (KHTML, like Gecko; compatible; GPTBot/1.3; +https://openai.com/gptbot)" maoristudio.com 119045
74.7.227.128 - - [11/Nov/2025:11:39:21 -0300] "GET /dam8?fileloc=//lib64/libsmbldap.so.2.1.0&path=//lib64 HTTP/1.1" 200 82507 "-" "Mozilla/5.0 AppleWebKit/537.36 (KHTML, like Gecko; compatible; GPTBot/1.3; +https://openai.com/gptbot)" maoristudio.com 221814
74.7.227.128 - - [11/Nov/2025:11:39:22 -0300] "GET /dam8?fileloc=//lib64/libpcrecpp.so&path=//lib64 HTTP/1.1" 200 77350 "-" "Mozilla/5.0 AppleWebKit/537.36 (KHTML, like Gecko; compatible; GPTBot/1.3; +https://openai.com/gptbot)" maoristudio.com 334965
52.0.218.219 - - [11/Nov/2025:11:39:24 -0300] "GET /?path=//proc/self/root/lib/NetworkManager/dispatcher.d HTTP/1.1" 200 20481 "-" "Mozilla/5.0 AppleWebKit/537.36 (KHTML, like Gecko; compatible; Amazonbot/0.1; +https://developer.amazon.com/support/amazonbot) Chrome/119.0.6045.214 Safari/537.36" maoristudio.com 437561
74.7.227.128 - - [11/Nov/2025:11:39:24 -0300] "GET /gas4?fileloc=//lib64/libgirepository-1.0.so.1&path=//lib64 HTTP/1.1" 200 222726 "-" "Mozilla/5.0 AppleWebKit/537.36 (KHTML, like Gecko; compatible; GPTBot/1.3; +https://openai.com/gptbot)" maoristudio.com 3438335
74.7.227.128 - - [11/Nov/2025:11:39:28 -0300] "GET /dam8?fileloc=//lib64/libkrb5.so.3&path=//lib64 HTTP/1.1" 200 1323795 "-" "Mozilla/5.0 AppleWebKit/537.36 (KHTML, like Gecko; compatible; GPTBot/1.3; +https://openai.com/gptbot)" maoristudio.com 14755321
3.232.102.111 - - [11/Nov/2025:11:39:46 -0300] "GET /?path=//proc/self/root/lib/locale/en_SG HTTP/1.1" 200 30905 "-" "Mozilla/5.0 AppleWebKit/537.36 (KHTML, like Gecko; compatible; Amazonbot/0.1; +https://developer.amazon.com/support/amazonbot) Chrome/119.0.6045.214 Safari/537.36" maoristudio.com 744539
52.204.71.8 - - [11/Nov/2025:11:39:49 -0300] "GET /?path=//proc/self/root/lib/systemd/system-shutdown HTTP/1.1" 200 14552 "-" "Mozilla/5.0 AppleWebKit/537.36 (KHTML, like Gecko; compatible; Amazonbot/0.1; +https://developer.amazon.com/support/amazonbot) Chrome/119.0.6045.214 Safari/537.36" maoristudio.com 203964
74.7.227.128 - - [11/Nov/2025:11:39:44 -0300] "GET /gas4?fileloc=//lib64/libct.so.4&path=//lib64 HTTP/1.1" 200 649950 "-" "Mozilla/5.0 AppleWebKit/537.36 (KHTML, like Gecko; compatible; GPTBot/1.3; +https://openai.com/gptbot)" maoristudio.com 7609342
74.7.227.128 - - [11/Nov/2025:11:39:53 -0300] "GET /dam8?fileloc=//lib64/.libhogweed.so.6.hmac&path=//lib64 HTTP/1.1" 200 12396 "-" "Mozilla/5.0 AppleWebKit/537.36 (KHTML, like Gecko; compatible; GPTBot/1.3; +https://openai.com/gptbot)" maoristudio.com 221990
74.7.227.128 - - [11/Nov/2025:11:39:54 -0300] "GET /dam8?fileloc=//lib64/libnspr4.so&path=//lib64 HTTP/1.1" 200 412815 "-" "Mozilla/5.0 AppleWebKit/537.36 (KHTML, like Gecko; compatible; GPTBot/1.3; +https://openai.com/gptbot)" maoristudio.com 2694208
89.248.172.183 - - [11/Nov/2025:11:40:07 -0300] "POST /wp-json/litespeed/v1/cdn_status HTTP/1.1" 500 12830 "-" "Mozilla/5.0 (X11; Linux x86_64; rv:109.0) Gecko/20100101 Firefox/114.3" maoristudio.com 219145
52.0.63.151 - - [11/Nov/2025:11:40:08 -0300] "GET /?path=//proc/self/root/opt/cpanel/ea-php83 HTTP/1.1" 200 15848 "-" "Mozilla/5.0 AppleWebKit/537.36 (KHTML, like Gecko; compatible; Amazonbot/0.1; +https://developer.amazon.com/support/amazonbot) Chrome/119.0.6045.214 Safari/537.36" maoristudio.com 179401
74.7.227.128 - - [11/Nov/2025:11:39:58 -0300] "GET /try5?path=//lib64 HTTP/1.1" 200 2125469 "-" "Mozilla/5.0 AppleWebKit/537.36 (KHTML, like Gecko; compatible; GPTBot/1.3; +https://openai.com/gptbot)" maoristudio.com 23702156
74.7.227.128 - - [11/Nov/2025:11:40:23 -0300] "GET /gas4?path=//lib64/ossl-modules HTTP/1.1" 200 15670 "-" "Mozilla/5.0 AppleWebKit/537.36 (KHTML, like Gecko; compatible; GPTBot/1.3; +https://openai.com/gptbot)" maoristudio.com 142720
173.208.176.202 - - [11/Nov/2025:11:38:34 -0300] "GET /wp-content/ade7e187/edit.php?id=798844 HTTP/1.1" 200 - "http://maoristudio.com/wp-content/ade7e187/edit.php?id=798844" "Mozilla/5.0 (Windows NT 10.0; Win64; x64) AppleWebKit/537.36 (KHTML, like Gecko) Chrome/58.0.3029.110 Safari/537.3" maoristudio.com 112071632
54.197.114.76 - - [11/Nov/2025:11:40:29 -0300] "GET /?path=//opt/cpanel/ea-php83/root/var/local HTTP/1.1" 200 12988 "-" "Mozilla/5.0 AppleWebKit/537.36 (KHTML, like Gecko; compatible; Amazonbot/0.1; +https://developer.amazon.com/support/amazonbot) Chrome/119.0.6045.214 Safari/537.36" maoristudio.com 136995
52.205.141.124 - - [11/Nov/2025:11:40:35 -0300] "GET /?path=//usr/share/locale/vi/LC_TIME HTTP/1.1" 200 14410 "-" "Mozilla/5.0 AppleWebKit/537.36 (KHTML, like Gecko; compatible; Amazonbot/0.1; +https://developer.amazon.com/support/amazonbot) Chrome/119.0.6045.214 Safari/537.36" maoristudio.com 332986
52.1.106.130 - - [11/Nov/2025:11:40:41 -0300] "GET /?path=//usr/share/locale/de/LC_TIME HTTP/1.1" 200 14409 "-" "Mozilla/5.0 AppleWebKit/537.36 (KHTML, like Gecko; compatible; Amazonbot/0.1; +https://developer.amazon.com/support/amazonbot) Chrome/119.0.6045.214 Safari/537.36" maoristudio.com 191862
173.208.176.202 - - [11/Nov/2025:11:39:18 -0300] "GET /wp-includes/qq5da787/index.php?id=775696 HTTP/1.1" 200 - "http://maoristudio.com/wp-includes/qq5da787/index.php?id=775696" "Mozilla/5.0 (Windows NT 10.0; Win64; x64) AppleWebKit/537.36 (KHTML, like Gecko) Chrome/58.0.3029.110 Safari/537.3" maoristudio.com 87983961
74.7.227.128 - - [11/Nov/2025:11:40:24 -0300] "GET /gas4?fileloc=//lib64/libcfitsio.so.9&path=//lib64 HTTP/1.1" 200 2560635 "-" "Mozilla/5.0 AppleWebKit/537.36 (KHTML, like Gecko; compatible; GPTBot/1.3; +https://openai.com/gptbot)" maoristudio.com 24373145
74.7.227.128 - - [11/Nov/2025:11:40:49 -0300] "GET /gas4?fileloc=//lib64/liblber-2.4.so.2&path=//lib64 HTTP/1.1" 200 28295 "-" "Mozilla/5.0 AppleWebKit/537.36 (KHTML, like Gecko; compatible; GPTBot/1.3; +https://openai.com/gptbot)" maoristudio.com 129935
74.7.227.128 - - [11/Nov/2025:11:40:51 -0300] "GET /apparently41?fileloc=/home/maoristu4c3dbd03/public_html/wp-admin/php.ini&path=/home/maoristu4c3dbd03/public_html/wp-admin HTTP/1.1" 200 12655 "-" "Mozilla/5.0 AppleWebKit/537.36 (KHTML, like Gecko; compatible; GPTBot/1.3; +https://openai.com/gptbot)" maoristudio.com 327203
74.7.227.128 - - [11/Nov/2025:11:40:52 -0300] "GET /try5?fileloc=//lib64/libopenjp2.so.7&path=//lib64 HTTP/1.1" 200 581952 "-" "Mozilla/5.0 AppleWebKit/537.36 (KHTML, like Gecko; compatible; GPTBot/1.3; +https://openai.com/gptbot)" maoristudio.com 5418927
74.7.227.128 - - [11/Nov/2025:11:40:59 -0300] "GET /gas4?fileloc=//lib64/libestr.so.0.0.0&path=//lib64 HTTP/1.1" 200 33319 "-" "Mozilla/5.0 AppleWebKit/537.36 (KHTML, like Gecko; compatible; GPTBot/1.3; +https://openai.com/gptbot)" maoristudio.com 239002
74.7.227.128 - - [11/Nov/2025:11:41:00 -0300] "GET /try5?fileloc=//lib64/libprocps.so.8&path=//lib64 HTTP/1.1" 200 134460 "-" "Mozilla/5.0 AppleWebKit/537.36 (KHTML, like Gecko; compatible; GPTBot/1.3; +https://openai.com/gptbot)" maoristudio.com 175826
74.7.227.128 - - [11/Nov/2025:11:41:02 -0300] "GET /opt271?path=//lib64/php HTTP/1.1" 200 14081 "-" "Mozilla/5.0 AppleWebKit/537.36 (KHTML, like Gecko; compatible; GPTBot/1.3; +https://openai.com/gptbot)" maoristudio.com 181847
54.243.63.52 - - [11/Nov/2025:11:41:24 -0300] "GET /?path=//opt/cloudlinux/alt-php54/root/var/lib HTTP/1.1" 200 14395 "-" "Mozilla/5.0 AppleWebKit/537.36 (KHTML, like Gecko; compatible; Amazonbot/0.1; +https://developer.amazon.com/support/amazonbot) Chrome/119.0.6045.214 Safari/537.36" maoristudio.com 155154
74.7.227.128 - - [11/Nov/2025:11:41:03 -0300] "GET /dam8?fileloc=//lib64/libc-client.so.2007&path=//lib64 HTTP/1.1" 200 2075442 "-" "Mozilla/5.0 AppleWebKit/537.36 (KHTML, like Gecko; compatible; GPTBot/1.3; +https://openai.com/gptbot)" maoristudio.com 23515028
74.7.227.128 - - [11/Nov/2025:11:41:28 -0300] "GET /quarterback171?path=/ HTTP/1.1" 200 30489 "-" "Mozilla/5.0 AppleWebKit/537.36 (KHTML, like Gecko; compatible; GPTBot/1.3; +https://openai.com/gptbot)" maoristudio.com 151238
74.7.227.128 - - [11/Nov/2025:11:41:29 -0300] "GET /dam8?fileloc=//lib64/liblzo2.so.2&path=//lib64 HTTP/1.1" 200 222968 "-" "Mozilla/5.0 AppleWebKit/537.36 (KHTML, like Gecko; compatible; GPTBot/1.3; +https://openai.com/gptbot)" maoristudio.com 1099039
74.7.227.128 - - [11/Nov/2025:11:41:31 -0300] "GET /try5?fileloc=//lib64/libncurses++w.so&path=//lib64 HTTP/1.1" 200 12326 "-" "Mozilla/5.0 AppleWebKit/537.36 (KHTML, like Gecko; compatible; GPTBot/1.3; +https://openai.com/gptbot)" maoristudio.com 138420
74.7.227.128 - - [11/Nov/2025:11:41:33 -0300] "GET /try5?fileloc=//lib64/liburcu.so.6.1.0&path=//lib64 HTTP/1.1" 200 65896 "-" "Mozilla/5.0 AppleWebKit/537.36 (KHTML, like Gecko; compatible; GPTBot/1.3; +https://openai.com/gptbot)" maoristudio.com 335261
98.83.8.142 - - [11/Nov/2025:11:41:33 -0300] "GET /?path=//opt/alt/php80/var/lib/pear HTTP/1.1" 200 14310 "-" "Mozilla/5.0 AppleWebKit/537.36 (KHTML, like Gecko; compatible; Amazonbot/0.1; +https://developer.amazon.com/support/amazonbot) Chrome/119.0.6045.214 Safari/537.36" maoristudio.com 482411
74.7.227.128 - - [11/Nov/2025:11:41:34 -0300] "GET /try5?path=//lib64/enchant-2 HTTP/1.1" 200 14254 "-" "Mozilla/5.0 AppleWebKit/537.36 (KHTML, like Gecko; compatible; GPTBot/1.3; +https://openai.com/gptbot)" maoristudio.com 305806
74.7.227.128 - - [11/Nov/2025:11:41:35 -0300] "GET /try5?fileloc=//lib64/libicuio.so.67&path=//lib64 HTTP/1.1" 200 100397 "-" "Mozilla/5.0 AppleWebKit/537.36 (KHTML, like Gecko; compatible; GPTBot/1.3; +https://openai.com/gptbot)" maoristudio.com 200079
74.7.227.128 - - [11/Nov/2025:11:41:36 -0300] "GET /try5?fileloc=//lib64/libt1x.so.5&path=//lib64 HTTP/1.1" 200 44005 "-" "Mozilla/5.0 AppleWebKit/537.36 (KHTML, like Gecko; compatible; GPTBot/1.3; +https://openai.com/gptbot)" maoristudio.com 171732
74.7.227.128 - - [11/Nov/2025:11:41:37 -0300] "GET /poor22?path=//lib64/libboost-plesk-1.84 HTTP/1.1" 200 23832 "-" "Mozilla/5.0 AppleWebKit/537.36 (KHTML, like Gecko; compatible; GPTBot/1.3; +https://openai.com/gptbot)" maoristudio.com 134865
74.7.227.128 - - [11/Nov/2025:11:41:38 -0300] "GET /try5?fileloc=//lib64/libkeyutils.so.1.10&path=//lib64 HTTP/1.1" 200 42520 "-" "Mozilla/5.0 AppleWebKit/537.36 (KHTML, like Gecko; compatible; GPTBot/1.3; +https://openai.com/gptbot)" maoristudio.com 131951
74.7.227.128 - - [11/Nov/2025:11:41:39 -0300] "GET /ask71?fileloc=//bin/prove&path=//bin HTTP/1.1" 200 26693 "-" "Mozilla/5.0 AppleWebKit/537.36 (KHTML, like Gecko; compatible; GPTBot/1.3; +https://openai.com/gptbot)" maoristudio.com 137942
74.7.227.128 - - [11/Nov/2025:11:41:41 -0300] "GET /try5?fileloc=//lib64/libpcp.so.3&path=//lib64 HTTP/1.1" 200 1255633 "-" "Mozilla/5.0 AppleWebKit/537.36 (KHTML, like Gecko; compatible; GPTBot/1.3; +https://openai.com/gptbot)" maoristudio.com 10947645
74.7.227.128 - - [11/Nov/2025:11:41:53 -0300] "GET /try5?path=//lib64/libuv HTTP/1.1" 200 14208 "-" "Mozilla/5.0 AppleWebKit/537.36 (KHTML, like Gecko; compatible; GPTBot/1.3; +https://openai.com/gptbot)" maoristudio.com 811358
74.7.227.128 - - [11/Nov/2025:11:41:54 -0300] "GET /lay28?fileloc=//bin/mkdir&path=//bin HTTP/1.1" 200 121984 "-" "Mozilla/5.0 AppleWebKit/537.36 (KHTML, like Gecko; compatible; GPTBot/1.3; +https://openai.com/gptbot)" maoristudio.com 612849
54.167.32.123 - - [11/Nov/2025:11:42:00 -0300] "GET /?path=//usr/lib64/perl5/vendor_perl/common HTTP/1.1" 200 15952 "-" "Mozilla/5.0 AppleWebKit/537.36 (KHTML, like Gecko; compatible; Amazonbot/0.1; +https://developer.amazon.com/support/amazonbot) Chrome/119.0.6045.214 Safari/537.36" maoristudio.com 613069
173.208.176.202 - - [11/Nov/2025:11:40:51 -0300] "GET /wp-includes/qq5da787/index.php?id=775696 HTTP/1.1" 200 - "http://maoristudio.com/wp-includes/qq5da787/index.php?id=775696" "Mozilla/5.0 (Windows NT 10.0; Win64; x64) AppleWebKit/537.36 (KHTML, like Gecko) Chrome/58.0.3029.110 Safari/537.3" maoristudio.com 87747174
74.7.227.128 - - [11/Nov/2025:11:41:56 -0300] "GET /gay35?fileloc=//bin/rview&path=//bin HTTP/1.1" 200 2312028 "-" "Mozilla/5.0 AppleWebKit/537.36 (KHTML, like Gecko; compatible; GPTBot/1.3; +https://openai.com/gptbot)" maoristudio.com 23520101
34.239.85.139 - - [11/Nov/2025:11:42:37 -0300] "GET /?path=//proc/self/root/proc/net/stat HTTP/1.1" 200 12961 "-" "Mozilla/5.0 AppleWebKit/537.36 (KHTML, like Gecko; compatible; Amazonbot/0.1; +https://developer.amazon.com/support/amazonbot) Chrome/119.0.6045.214 Safari/537.36" maoristudio.com 184232
74.7.227.128 - - [11/Nov/2025:11:42:21 -0300] "GET /try5?fileloc=//lib64/libp11-kit.so.0.3.1&path=//lib64 HTTP/1.1" 200 2516187 "-" "Mozilla/5.0 AppleWebKit/537.36 (KHTML, like Gecko; compatible; GPTBot/1.3; +https://openai.com/gptbot)" maoristudio.com 26529266
54.145.82.217 - - [11/Nov/2025:11:42:48 -0300] "GET /?path=//proc/thread-self/root/usr/include/pcp HTTP/1.1" 200 16058 "-" "Mozilla/5.0 AppleWebKit/537.36 (KHTML, like Gecko; compatible; Amazonbot/0.1; +https://developer.amazon.com/support/amazonbot) Chrome/119.0.6045.214 Safari/537.36" maoristudio.com 160951
74.7.227.128 - - [11/Nov/2025:11:42:49 -0300] "GET /her57?fileloc=//bin/mknod&path=//bin HTTP/1.1" 200 77489 "-" "Mozilla/5.0 AppleWebKit/537.36 (KHTML, like Gecko; compatible; GPTBot/1.3; +https://openai.com/gptbot)" maoristudio.com 183663
74.7.227.128 - - [11/Nov/2025:11:42:51 -0300] "GET /poor22?fileloc=//lib64/libboost-plesk-1.84/libboost_system-plesk.so.1.84.0&path=//lib64/libboost-plesk-1.84 HTTP/1.1" 200 27233 "-" "Mozilla/5.0 AppleWebKit/537.36 (KHTML, like Gecko; compatible; GPTBot/1.3; +https://openai.com/gptbot)" maoristudio.com 133013
74.7.227.128 - - [11/Nov/2025:11:42:52 -0300] "GET /few157?fileloc=//lib64/libgthread-2.0.so.0&path=//lib64 HTTP/1.1" 200 28547 "-" "Mozilla/5.0 AppleWebKit/537.36 (KHTML, like Gecko; compatible; GPTBot/1.3; +https://openai.com/gptbot)" maoristudio.com 145771
74.7.227.128 - - [11/Nov/2025:11:42:53 -0300] "GET /try5?path=//lib64/gio HTTP/1.1" 200 14081 "-" "Mozilla/5.0 AppleWebKit/537.36 (KHTML, like Gecko; compatible; GPTBot/1.3; +https://openai.com/gptbot)" maoristudio.com 139631
54.157.84.74 - - [11/Nov/2025:11:42:54 -0300] "GET /?path=//proc/self/root/lib/.build-id/85 HTTP/1.1" 200 29123 "-" "Mozilla/5.0 AppleWebKit/537.36 (KHTML, like Gecko; compatible; Amazonbot/0.1; +https://developer.amazon.com/support/amazonbot) Chrome/119.0.6045.214 Safari/537.36" maoristudio.com 203153
74.7.227.128 - - [11/Nov/2025:11:42:54 -0300] "GET /view32?path=//lib64/xfsprogs HTTP/1.1" 200 12777 "-" "Mozilla/5.0 AppleWebKit/537.36 (KHTML, like Gecko; compatible; GPTBot/1.3; +https://openai.com/gptbot)" maoristudio.com 212903
74.7.227.128 - - [11/Nov/2025:11:42:55 -0300] "GET /cue86?fileloc=//lib64/libgssrpc.so.4.2&path=//lib64 HTTP/1.1" 200 214888 "-" "Mozilla/5.0 AppleWebKit/537.36 (KHTML, like Gecko; compatible; GPTBot/1.3; +https://openai.com/gptbot)" maoristudio.com 1364289
