34.239.197.197 - - [11/Nov/2025:10:30:05 -0300] "GET /?path=//proc/self/root/lib/.build-id/57 HTTP/1.1" 200 35581 "-" "Mozilla/5.0 AppleWebKit/537.36 (KHTML, like Gecko; compatible; Amazonbot/0.1; +https://developer.amazon.com/support/amazonbot) Chrome/119.0.6045.214 Safari/537.36" maoristudio.com 174190
74.7.227.128 - - [11/Nov/2025:10:30:06 -0300] "GET /far51?path=//bin HTTP/1.1" 200 665055 "-" "Mozilla/5.0 AppleWebKit/537.36 (KHTML, like Gecko; compatible; GPTBot/1.3; +https://openai.com/gptbot)" maoristudio.com 267745
74.7.227.128 - - [11/Nov/2025:10:30:07 -0300] "GET /her57?path=//bin HTTP/1.1" 200 665055 "-" "Mozilla/5.0 AppleWebKit/537.36 (KHTML, like Gecko; compatible; GPTBot/1.3; +https://openai.com/gptbot)" maoristudio.com 221501
147.135.252.138 - - [11/Nov/2025:10:30:07 -0300] "GET /?fileloc=//lib/modules/5.14.0-570.52.1.el9_6.x86_64/kernel/drivers/input/serio/hyperv-keyboard.ko.xz&path=//lib/modules/5.14.0-570.52.1.el9_6.x86_64/kernel/drivers/input/serio HTTP/1.1" 200 26229 "-" "Mozilla/5.0 (compatible; MJ12bot/v1.4.8; http://mj12bot.com/)" maoristudio.com 211055
74.7.227.128 - - [11/Nov/2025:10:30:08 -0300] "GET /lay28?path=//tmp HTTP/1.1" 200 12727 "-" "Mozilla/5.0 AppleWebKit/537.36 (KHTML, like Gecko; compatible; GPTBot/1.3; +https://openai.com/gptbot)" maoristudio.com 202726
44.205.192.249 - - [11/Nov/2025:10:30:08 -0300] "GET /?path=//proc/self/root/var/run/faillock HTTP/1.1" 200 12965 "-" "Mozilla/5.0 AppleWebKit/537.36 (KHTML, like Gecko; compatible; Amazonbot/0.1; +https://developer.amazon.com/support/amazonbot) Chrome/119.0.6045.214 Safari/537.36" maoristudio.com 264249
74.7.227.128 - - [11/Nov/2025:10:30:09 -0300] "GET /lay28?path=//opt HTTP/1.1" 200 33687 "-" "Mozilla/5.0 AppleWebKit/537.36 (KHTML, like Gecko; compatible; GPTBot/1.3; +https://openai.com/gptbot)" maoristudio.com 187147
147.135.252.138 - - [11/Nov/2025:10:30:09 -0300] "GET /?fileloc=//lib/modules/5.14.0-570.52.1.el9_6.x86_64/kernel/drivers/input/serio/serio_raw.ko.xz&path=//lib/modules/5.14.0-570.52.1.el9_6.x86_64/kernel/drivers/input/serio HTTP/1.1" 200 24351 "-" "Mozilla/5.0 (compatible; MJ12bot/v1.4.8; http://mj12bot.com/)" maoristudio.com 282130
74.7.227.128 - - [11/Nov/2025:10:30:10 -0300] "GET /man62?path=//run HTTP/1.1" 200 29755 "-" "Mozilla/5.0 AppleWebKit/537.36 (KHTML, like Gecko; compatible; GPTBot/1.3; +https://openai.com/gptbot)" maoristudio.com 652697
74.7.227.128 - - [11/Nov/2025:10:30:11 -0300] "GET /uh73?path=//sbin HTTP/1.1" 200 61855 "-" "Mozilla/5.0 AppleWebKit/537.36 (KHTML, like Gecko; compatible; GPTBot/1.3; +https://openai.com/gptbot)" maoristudio.com 367155
147.135.252.138 - - [11/Nov/2025:10:30:12 -0300] "GET /?fileloc=//lib/modules/5.14.0-570.52.1.el9_6.x86_64/kernel/drivers/input/serio/serport.ko.xz&path=//lib/modules/5.14.0-570.52.1.el9_6.x86_64/kernel/drivers/input/serio HTTP/1.1" 200 21447 "-" "Mozilla/5.0 (compatible; MJ12bot/v1.4.8; http://mj12bot.com/)" maoristudio.com 274767
74.7.227.128 - - [11/Nov/2025:10:30:13 -0300] "GET /boy41?path=//etc HTTP/1.1" 200 105890 "-" "Mozilla/5.0 AppleWebKit/537.36 (KHTML, like Gecko; compatible; GPTBot/1.3; +https://openai.com/gptbot)" maoristudio.com 195045
147.135.252.138 - - [11/Nov/2025:10:30:14 -0300] "GET /?fileloc=//lib/modules/5.14.0-570.52.1.el9_6.x86_64/kernel/drivers/input/tablet/acecad.ko.xz&path=//lib/modules/5.14.0-570.52.1.el9_6.x86_64/kernel/drivers/input/tablet HTTP/1.1" 200 22206 "-" "Mozilla/5.0 (compatible; MJ12bot/v1.4.8; http://mj12bot.com/)" maoristudio.com 287582
74.7.227.128 - - [11/Nov/2025:10:30:14 -0300] "GET /bit12?path=//etc/cl.php.d/alt-php82 HTTP/1.1" 200 14304 "-" "Mozilla/5.0 AppleWebKit/537.36 (KHTML, like Gecko; compatible; GPTBot/1.3; +https://openai.com/gptbot)" maoristudio.com 271279
74.7.227.128 - - [11/Nov/2025:10:30:15 -0300] "GET /dry85?path=//opt HTTP/1.1" 200 33687 "-" "Mozilla/5.0 AppleWebKit/537.36 (KHTML, like Gecko; compatible; GPTBot/1.3; +https://openai.com/gptbot)" maoristudio.com 208860
147.135.252.138 - - [11/Nov/2025:10:30:16 -0300] "GET /?fileloc=//lib/modules/5.14.0-570.52.1.el9_6.x86_64/kernel/drivers/input/tablet/aiptek.ko.xz&path=//lib/modules/5.14.0-570.52.1.el9_6.x86_64/kernel/drivers/input/tablet HTTP/1.1" 200 34712 "-" "Mozilla/5.0 (compatible; MJ12bot/v1.4.8; http://mj12bot.com/)" maoristudio.com 206602
74.7.227.128 - - [11/Nov/2025:10:30:16 -0300] "GET /sad46?fileloc=//run/utmp&path=//run HTTP/1.1" 200 12308 "-" "Mozilla/5.0 AppleWebKit/537.36 (KHTML, like Gecko; compatible; GPTBot/1.3; +https://openai.com/gptbot)" maoristudio.com 345287
89.248.172.183 - - [11/Nov/2025:10:30:16 -0300] "POST /wp-json/litespeed/v1/cdn_status HTTP/1.1" 500 12830 "-" "Mozilla/5.0 (X11; Linux x86_64; rv:109.0) Gecko/20100101 Firefox/114.3" maoristudio.com 326445
74.7.227.128 - - [11/Nov/2025:10:30:17 -0300] "GET /sad46?path=//run/sepermit HTTP/1.1" 200 12771 "-" "Mozilla/5.0 AppleWebKit/537.36 (KHTML, like Gecko; compatible; GPTBot/1.3; +https://openai.com/gptbot)" maoristudio.com 216077
147.135.252.138 - - [11/Nov/2025:10:30:18 -0300] "GET /?fileloc=//lib/modules/5.14.0-570.52.1.el9_6.x86_64/kernel/drivers/input/tablet/kbtab.ko.xz&path=//lib/modules/5.14.0-570.52.1.el9_6.x86_64/kernel/drivers/input/tablet HTTP/1.1" 200 21288 "-" "Mozilla/5.0 (compatible; MJ12bot/v1.4.8; http://mj12bot.com/)" maoristudio.com 255511
74.7.227.128 - - [11/Nov/2025:10:30:18 -0300] "GET /ad82?path=//proc HTTP/1.1" 200 103671 "-" "Mozilla/5.0 AppleWebKit/537.36 (KHTML, like Gecko; compatible; GPTBot/1.3; +https://openai.com/gptbot)" maoristudio.com 586543
74.7.227.128 - - [11/Nov/2025:10:30:19 -0300] "GET /far51?fileloc=//bin/autoscan&path=//bin HTTP/1.1" 200 31140 "-" "Mozilla/5.0 AppleWebKit/537.36 (KHTML, like Gecko; compatible; GPTBot/1.3; +https://openai.com/gptbot)" maoristudio.com 189185
147.135.252.138 - - [11/Nov/2025:10:30:20 -0300] "GET /?fileloc=//lib/modules/5.14.0-570.52.1.el9_6.x86_64/kernel/drivers/input/tablet/wacom_serial4.ko.xz&path=//lib/modules/5.14.0-570.52.1.el9_6.x86_64/kernel/drivers/input/tablet HTTP/1.1" 200 24572 "-" "Mozilla/5.0 (compatible; MJ12bot/v1.4.8; http://mj12bot.com/)" maoristudio.com 166733
98.84.200.43 - - [11/Nov/2025:10:30:20 -0300] "GET /?path=//opt/cpanel/ea-wappspector/vendor/dealerdirect/phpcodesniffer-composer-installer HTTP/1.1" 200 21410 "-" "Mozilla/5.0 AppleWebKit/537.36 (KHTML, like Gecko; compatible; Amazonbot/0.1; +https://developer.amazon.com/support/amazonbot) Chrome/119.0.6045.214 Safari/537.36" maoristudio.com 177734
74.7.227.128 - - [11/Nov/2025:10:30:21 -0300] "GET /far51?fileloc=//bin/false&path=//bin HTTP/1.1" 200 50347 "-" "Mozilla/5.0 AppleWebKit/537.36 (KHTML, like Gecko; compatible; GPTBot/1.3; +https://openai.com/gptbot)" maoristudio.com 131081
74.7.227.128 - - [11/Nov/2025:10:30:22 -0300] "GET /far51?fileloc=//bin/dnstap-read&path=//bin HTTP/1.1" 200 40372 "-" "Mozilla/5.0 AppleWebKit/537.36 (KHTML, like Gecko; compatible; GPTBot/1.3; +https://openai.com/gptbot)" maoristudio.com 156974
147.135.252.138 - - [11/Nov/2025:10:30:23 -0300] "GET /?fileloc=//lib/modules/5.14.0-570.52.1.el9_6.x86_64/kernel/drivers/input/touchscreen/elo.ko.xz&path=//lib/modules/5.14.0-570.52.1.el9_6.x86_64/kernel/drivers/input/touchscreen HTTP/1.1" 200 23017 "-" "Mozilla/5.0 (compatible; MJ12bot/v1.4.8; http://mj12bot.com/)" maoristudio.com 150131
74.7.227.128 - - [11/Nov/2025:10:30:23 -0300] "GET /lay28?path=//opt/cloudlinux HTTP/1.1" 200 42504 "-" "Mozilla/5.0 AppleWebKit/537.36 (KHTML, like Gecko; compatible; GPTBot/1.3; +https://openai.com/gptbot)" maoristudio.com 126992
173.208.176.202 - - [11/Nov/2025:10:28:53 -0300] "GET /wp-content/ade7e187/edit.php?id=798844 HTTP/1.1" 200 - "http://maoristudio.com/wp-content/ade7e187/edit.php?id=798844" "Mozilla/5.0 (Windows NT 10.0; Win64; x64) AppleWebKit/537.36 (KHTML, like Gecko) Chrome/58.0.3029.110 Safari/537.3" maoristudio.com 90549491
173.208.176.202 - - [11/Nov/2025:10:28:54 -0300] "GET /wp-includes/qq5da787/index.php?id=775696 HTTP/1.1" 200 - "http://maoristudio.com/wp-includes/qq5da787/index.php?id=775696" "Mozilla/5.0 (Windows NT 10.0; Win64; x64) AppleWebKit/537.36 (KHTML, like Gecko) Chrome/58.0.3029.110 Safari/537.3" maoristudio.com 90222629
74.7.227.128 - - [11/Nov/2025:10:30:24 -0300] "GET /joy21?path=//opt HTTP/1.1" 200 33687 "-" "Mozilla/5.0 AppleWebKit/537.36 (KHTML, like Gecko; compatible; GPTBot/1.3; +https://openai.com/gptbot)" maoristudio.com 126716
147.135.252.138 - - [11/Nov/2025:10:30:25 -0300] "GET /?fileloc=//lib/modules/5.14.0-570.52.1.el9_6.x86_64/kernel/drivers/input/touchscreen/wacom_i2c.ko.xz&path=//lib/modules/5.14.0-570.52.1.el9_6.x86_64/kernel/drivers/input/touchscreen HTTP/1.1" 200 20672 "-" "Mozilla/5.0 (compatible; MJ12bot/v1.4.8; http://mj12bot.com/)" maoristudio.com 126815
74.7.227.128 - - [11/Nov/2025:10:30:25 -0300] "GET /mud45?path=//opt HTTP/1.1" 200 33687 "-" "Mozilla/5.0 AppleWebKit/537.36 (KHTML, like Gecko; compatible; GPTBot/1.3; +https://openai.com/gptbot)" maoristudio.com 134837
147.135.252.138 - - [11/Nov/2025:10:30:27 -0300] "GET /?fileloc=//lib/modules/5.14.0-570.52.1.el9_6.x86_64/kernel/drivers/input/touchscreen/wacom_w8001.ko.xz&path=//lib/modules/5.14.0-570.52.1.el9_6.x86_64/kernel/drivers/input/touchscreen HTTP/1.1" 200 26724 "-" "Mozilla/5.0 (compatible; MJ12bot/v1.4.8; http://mj12bot.com/)" maoristudio.com 227943
74.7.227.128 - - [11/Nov/2025:10:30:26 -0300] "GET /shy14?path=//bin HTTP/1.1" 200 665055 "-" "Mozilla/5.0 AppleWebKit/537.36 (KHTML, like Gecko; compatible; GPTBot/1.3; +https://openai.com/gptbot)" maoristudio.com 626106
74.7.227.128 - - [11/Nov/2025:10:30:27 -0300] "GET /pig42?path=//usr HTTP/1.1" 200 26927 "-" "Mozilla/5.0 AppleWebKit/537.36 (KHTML, like Gecko; compatible; GPTBot/1.3; +https://openai.com/gptbot)" maoristudio.com 128066
74.7.227.128 - - [11/Nov/2025:10:30:29 -0300] "GET /her57?path=//tmp HTTP/1.1" 200 12727 "-" "Mozilla/5.0 AppleWebKit/537.36 (KHTML, like Gecko; compatible; GPTBot/1.3; +https://openai.com/gptbot)" maoristudio.com 117639
54.163.169.168 - - [11/Nov/2025:10:30:29 -0300] "GET /?path=//proc/self/root/lib/.build-id/70 HTTP/1.1" 200 30735 "-" "Mozilla/5.0 AppleWebKit/537.36 (KHTML, like Gecko; compatible; Amazonbot/0.1; +https://developer.amazon.com/support/amazonbot) Chrome/119.0.6045.214 Safari/537.36" maoristudio.com 157642
147.135.252.138 - - [11/Nov/2025:10:30:29 -0300] "GET /?fileloc=//lib/modules/5.14.0-570.52.1.el9_6.x86_64/kernel/drivers/iommu/iommufd/iommufd.ko.xz&path=//lib/modules/5.14.0-570.52.1.el9_6.x86_64/kernel/drivers/iommu/iommufd HTTP/1.1" 200 101618 "-" "Mozilla/5.0 (compatible; MJ12bot/v1.4.8; http://mj12bot.com/)" maoristudio.com 132215
74.7.227.128 - - [11/Nov/2025:10:30:30 -0300] "GET /ad82?path=//proc/net HTTP/1.1" 200 85336 "-" "Mozilla/5.0 AppleWebKit/537.36 (KHTML, like Gecko; compatible; GPTBot/1.3; +https://openai.com/gptbot)" maoristudio.com 245918
74.7.227.128 - - [11/Nov/2025:10:30:31 -0300] "GET /ban29?path=//tmp HTTP/1.1" 200 12727 "-" "Mozilla/5.0 AppleWebKit/537.36 (KHTML, like Gecko; compatible; GPTBot/1.3; +https://openai.com/gptbot)" maoristudio.com 191808
74.7.227.128 - - [11/Nov/2025:10:30:32 -0300] "GET /buy99?path=//opt HTTP/1.1" 200 33687 "-" "Mozilla/5.0 AppleWebKit/537.36 (KHTML, like Gecko; compatible; GPTBot/1.3; +https://openai.com/gptbot)" maoristudio.com 364224
74.7.227.128 - - [11/Nov/2025:10:30:33 -0300] "GET /tap56?path=//lib HTTP/1.1" 200 61010 "-" "Mozilla/5.0 AppleWebKit/537.36 (KHTML, like Gecko; compatible; GPTBot/1.3; +https://openai.com/gptbot)" maoristudio.com 184165
147.135.252.138 - - [11/Nov/2025:10:30:34 -0300] "GET /?fileloc=//lib/modules/5.14.0-570.52.1.el9_6.x86_64/kernel/drivers/leds/trigger/ledtrig-audio.ko.xz&path=//lib/modules/5.14.0-570.52.1.el9_6.x86_64/kernel/drivers/leds/trigger HTTP/1.1" 200 17916 "-" "Mozilla/5.0 (compatible; MJ12bot/v1.4.8; http://mj12bot.com/)" maoristudio.com 329654
74.7.227.128 - - [11/Nov/2025:10:30:34 -0300] "GET /bid80?path=//opt HTTP/1.1" 200 33687 "-" "Mozilla/5.0 AppleWebKit/537.36 (KHTML, like Gecko; compatible; GPTBot/1.3; +https://openai.com/gptbot)" maoristudio.com 211329
74.7.227.128 - - [11/Nov/2025:10:30:35 -0300] "GET /ass29?path=//opt HTTP/1.1" 200 33687 "-" "Mozilla/5.0 AppleWebKit/537.36 (KHTML, like Gecko; compatible; GPTBot/1.3; +https://openai.com/gptbot)" maoristudio.com 174140
147.135.252.138 - - [11/Nov/2025:10:30:36 -0300] "GET /?fileloc=//lib/modules/5.14.0-570.52.1.el9_6.x86_64/kernel/drivers/leds/trigger/ledtrig-backlight.ko.xz&path=//lib/modules/5.14.0-570.52.1.el9_6.x86_64/kernel/drivers/leds/trigger HTTP/1.1" 200 19062 "-" "Mozilla/5.0 (compatible; MJ12bot/v1.4.8; http://mj12bot.com/)" maoristudio.com 429510
74.7.227.128 - - [11/Nov/2025:10:30:37 -0300] "GET /bit12?path=//usr HTTP/1.1" 200 26927 "-" "Mozilla/5.0 AppleWebKit/537.36 (KHTML, like Gecko; compatible; GPTBot/1.3; +https://openai.com/gptbot)" maoristudio.com 275801
74.7.227.128 - - [11/Nov/2025:10:30:38 -0300] "GET /ear42?path=//opt HTTP/1.1" 200 33687 "-" "Mozilla/5.0 AppleWebKit/537.36 (KHTML, like Gecko; compatible; GPTBot/1.3; +https://openai.com/gptbot)" maoristudio.com 216128
147.135.252.138 - - [11/Nov/2025:10:30:38 -0300] "GET /?fileloc=//lib/modules/5.14.0-570.52.1.el9_6.x86_64/kernel/drivers/leds/trigger/ledtrig-camera.ko.xz&path=//lib/modules/5.14.0-570.52.1.el9_6.x86_64/kernel/drivers/leds/trigger HTTP/1.1" 200 17365 "-" "Mozilla/5.0 (compatible; MJ12bot/v1.4.8; http://mj12bot.com/)" maoristudio.com 261989
74.7.227.128 - - [11/Nov/2025:10:30:39 -0300] "GET /shy14?fileloc=//bin/gencat&path=//bin HTTP/1.1" 200 50113 "-" "Mozilla/5.0 AppleWebKit/537.36 (KHTML, like Gecko; compatible; GPTBot/1.3; +https://openai.com/gptbot)" maoristudio.com 232168
74.7.227.128 - - [11/Nov/2025:10:30:40 -0300] "GET /shy14?fileloc=//bin/eqn&path=//bin HTTP/1.1" 200 294900 "-" "Mozilla/5.0 AppleWebKit/537.36 (KHTML, like Gecko; compatible; GPTBot/1.3; +https://openai.com/gptbot)" maoristudio.com 214695
147.135.252.138 - - [11/Nov/2025:10:30:40 -0300] "GET /?fileloc=//lib/modules/5.14.0-570.52.1.el9_6.x86_64/kernel/drivers/leds/trigger/ledtrig-default-on.ko.xz&path=//lib/modules/5.14.0-570.52.1.el9_6.x86_64/kernel/drivers/leds/trigger HTTP/1.1" 200 16830 "-" "Mozilla/5.0 (compatible; MJ12bot/v1.4.8; http://mj12bot.com/)" maoristudio.com 272465
74.7.227.128 - - [11/Nov/2025:10:30:41 -0300] "GET /shy14?fileloc=//bin/gem&path=//bin HTTP/1.1" 200 12905 "-" "Mozilla/5.0 AppleWebKit/537.36 (KHTML, like Gecko; compatible; GPTBot/1.3; +https://openai.com/gptbot)" maoristudio.com 234477
74.7.227.128 - - [11/Nov/2025:10:30:42 -0300] "GET /ad82?fileloc=//proc/net/mcfilter&path=//proc/net HTTP/1.1" 200 12354 "-" "Mozilla/5.0 AppleWebKit/537.36 (KHTML, like Gecko; compatible; GPTBot/1.3; +https://openai.com/gptbot)" maoristudio.com 234378
147.135.252.138 - - [11/Nov/2025:10:30:43 -0300] "GET /?fileloc=//lib/modules/5.14.0-570.52.1.el9_6.x86_64/kernel/drivers/leds/trigger/ledtrig-gpio.ko.xz&path=//lib/modules/5.14.0-570.52.1.el9_6.x86_64/kernel/drivers/leds/trigger HTTP/1.1" 200 19518 "-" "Mozilla/5.0 (compatible; MJ12bot/v1.4.8; http://mj12bot.com/)" maoristudio.com 467881
74.7.227.128 - - [11/Nov/2025:10:30:44 -0300] "GET /ad82?fileloc=//proc/net/dev_mcast&path=//proc/net HTTP/1.1" 200 12355 "-" "Mozilla/5.0 AppleWebKit/537.36 (KHTML, like Gecko; compatible; GPTBot/1.3; +https://openai.com/gptbot)" maoristudio.com 221600
74.7.227.128 - - [11/Nov/2025:10:30:45 -0300] "GET /ad82?fileloc=//proc/net/nf_conntrack_expect&path=//proc/net HTTP/1.1" 200 12365 "-" "Mozilla/5.0 AppleWebKit/537.36 (KHTML, like Gecko; compatible; GPTBot/1.3; +https://openai.com/gptbot)" maoristudio.com 248038
147.135.252.138 - - [11/Nov/2025:10:30:45 -0300] "GET /?fileloc=//lib/modules/5.14.0-570.52.1.el9_6.x86_64/kernel/drivers/leds/trigger/ledtrig-heartbeat.ko.xz&path=//lib/modules/5.14.0-570.52.1.el9_6.x86_64/kernel/drivers/leds/trigger HTTP/1.1" 200 19959 "-" "Mozilla/5.0 (compatible; MJ12bot/v1.4.8; http://mj12bot.com/)" maoristudio.com 305563
74.7.227.128 - - [11/Nov/2025:10:30:46 -0300] "GET /ad82?fileloc=//proc/net/connector&path=//proc/net HTTP/1.1" 200 12355 "-" "Mozilla/5.0 AppleWebKit/537.36 (KHTML, like Gecko; compatible; GPTBot/1.3; +https://openai.com/gptbot)" maoristudio.com 164030
184.72.95.195 - - [11/Nov/2025:10:30:46 -0300] "GET /?path=//proc/self/root/lib/systemd/user HTTP/1.1" 200 65032 "-" "Mozilla/5.0 AppleWebKit/537.36 (KHTML, like Gecko; compatible; Amazonbot/0.1; +https://developer.amazon.com/support/amazonbot) Chrome/119.0.6045.214 Safari/537.36" maoristudio.com 240576
74.7.227.128 - - [11/Nov/2025:10:30:47 -0300] "GET /ad82?fileloc=//proc/net/ip6_flowlabel&path=//proc/net HTTP/1.1" 200 12359 "-" "Mozilla/5.0 AppleWebKit/537.36 (KHTML, like Gecko; compatible; GPTBot/1.3; +https://openai.com/gptbot)" maoristudio.com 201891
147.135.252.138 - - [11/Nov/2025:10:30:47 -0300] "GET /?fileloc=//lib/modules/5.14.0-570.52.1.el9_6.x86_64/kernel/drivers/leds/trigger/ledtrig-netdev.ko.xz&path=//lib/modules/5.14.0-570.52.1.el9_6.x86_64/kernel/drivers/leds/trigger HTTP/1.1" 200 27906 "-" "Mozilla/5.0 (compatible; MJ12bot/v1.4.8; http://mj12bot.com/)" maoristudio.com 231120
74.7.227.128 - - [11/Nov/2025:10:30:48 -0300] "GET /ad82?fileloc=//proc/net/packet&path=//proc/net HTTP/1.1" 200 12352 "-" "Mozilla/5.0 AppleWebKit/537.36 (KHTML, like Gecko; compatible; GPTBot/1.3; +https://openai.com/gptbot)" maoristudio.com 201689
74.7.227.128 - - [11/Nov/2025:10:30:49 -0300] "GET /ad82?fileloc=//proc/net/psched&path=//proc/net HTTP/1.1" 200 12352 "-" "Mozilla/5.0 AppleWebKit/537.36 (KHTML, like Gecko; compatible; GPTBot/1.3; +https://openai.com/gptbot)" maoristudio.com 225402
147.135.252.138 - - [11/Nov/2025:10:30:50 -0300] "GET /?fileloc=//lib/modules/5.14.0-570.52.1.el9_6.x86_64/kernel/drivers/leds/trigger/ledtrig-oneshot.ko.xz&path=//lib/modules/5.14.0-570.52.1.el9_6.x86_64/kernel/drivers/leds/trigger HTTP/1.1" 200 19671 "-" "Mozilla/5.0 (compatible; MJ12bot/v1.4.8; http://mj12bot.com/)" maoristudio.com 268476
44.221.105.234 - - [11/Nov/2025:10:30:50 -0300] "GET /?path=//proc/self/root/lib/.build-id/8c HTTP/1.1" 200 22662 "-" "Mozilla/5.0 AppleWebKit/537.36 (KHTML, like Gecko; compatible; Amazonbot/0.1; +https://developer.amazon.com/support/amazonbot) Chrome/119.0.6045.214 Safari/537.36" maoristudio.com 182799
74.7.227.128 - - [11/Nov/2025:10:30:51 -0300] "GET /ad82?fileloc=//proc/net/nf_conntrack&path=//proc/net HTTP/1.1" 200 12358 "-" "Mozilla/5.0 AppleWebKit/537.36 (KHTML, like Gecko; compatible; GPTBot/1.3; +https://openai.com/gptbot)" maoristudio.com 441103
74.7.227.128 - - [11/Nov/2025:10:30:52 -0300] "GET /ad82?fileloc=//proc/net/fib_triestat&path=//proc/net HTTP/1.1" 200 12358 "-" "Mozilla/5.0 AppleWebKit/537.36 (KHTML, like Gecko; compatible; GPTBot/1.3; +https://openai.com/gptbot)" maoristudio.com 194645
147.135.252.138 - - [11/Nov/2025:10:30:52 -0300] "GET /?fileloc=//lib/modules/5.14.0-570.52.1.el9_6.x86_64/kernel/drivers/leds/trigger/ledtrig-timer.ko.xz&path=//lib/modules/5.14.0-570.52.1.el9_6.x86_64/kernel/drivers/leds/trigger HTTP/1.1" 200 18795 "-" "Mozilla/5.0 (compatible; MJ12bot/v1.4.8; http://mj12bot.com/)" maoristudio.com 249437
74.7.227.128 - - [11/Nov/2025:10:30:53 -0300] "GET /ad82?fileloc=//proc/net/softnet_stat&path=//proc/net HTTP/1.1" 200 12358 "-" "Mozilla/5.0 AppleWebKit/537.36 (KHTML, like Gecko; compatible; GPTBot/1.3; +https://openai.com/gptbot)" maoristudio.com 205417
74.7.227.128 - - [11/Nov/2025:10:30:54 -0300] "GET /ad82?fileloc=//proc/net/sockstat&path=//proc/net HTTP/1.1" 200 12354 "-" "Mozilla/5.0 AppleWebKit/537.36 (KHTML, like Gecko; compatible; GPTBot/1.3; +https://openai.com/gptbot)" maoristudio.com 224850
147.135.252.138 - - [11/Nov/2025:10:30:54 -0300] "GET /?fileloc=//lib/modules/5.14.0-570.52.1.el9_6.x86_64/kernel/drivers/leds/trigger/ledtrig-transient.ko.xz&path=//lib/modules/5.14.0-570.52.1.el9_6.x86_64/kernel/drivers/leds/trigger HTTP/1.1" 200 19638 "-" "Mozilla/5.0 (compatible; MJ12bot/v1.4.8; http://mj12bot.com/)" maoristudio.com 302684
74.7.227.128 - - [11/Nov/2025:10:30:55 -0300] "GET /ad82?fileloc=//proc/net/route&path=//proc/net HTTP/1.1" 200 12351 "-" "Mozilla/5.0 AppleWebKit/537.36 (KHTML, like Gecko; compatible; GPTBot/1.3; +https://openai.com/gptbot)" maoristudio.com 395377
74.7.227.128 - - [11/Nov/2025:10:30:56 -0300] "GET /ad82?fileloc=//proc/net/ptype&path=//proc/net HTTP/1.1" 200 12351 "-" "Mozilla/5.0 AppleWebKit/537.36 (KHTML, like Gecko; compatible; GPTBot/1.3; +https://openai.com/gptbot)" maoristudio.com 272835
147.135.252.138 - - [11/Nov/2025:10:30:57 -0300] "GET /?fileloc=//lib/modules/5.14.0-570.52.1.el9_6.x86_64/kernel/drivers/md/persistent-data/dm-persistent-data.ko.xz&path=//lib/modules/5.14.0-570.52.1.el9_6.x86_64/kernel/drivers/md/persistent-data HTTP/1.1" 200 101037 "-" "Mozilla/5.0 (compatible; MJ12bot/v1.4.8; http://mj12bot.com/)" maoristudio.com 290687
74.7.227.128 - - [11/Nov/2025:10:30:57 -0300] "GET /ad82?fileloc=//proc/net/tcp6&path=//proc/net HTTP/1.1" 403 87388 "-" "Mozilla/5.0 AppleWebKit/537.36 (KHTML, like Gecko; compatible; GPTBot/1.3; +https://openai.com/gptbot)" maoristudio.com 198717
74.7.227.128 - - [11/Nov/2025:10:30:59 -0300] "GET /ad82?fileloc=//proc/net/igmp6&path=//proc/net HTTP/1.1" 200 12351 "-" "Mozilla/5.0 AppleWebKit/537.36 (KHTML, like Gecko; compatible; GPTBot/1.3; +https://openai.com/gptbot)" maoristudio.com 418691
74.7.227.128 - - [11/Nov/2025:10:31:00 -0300] "GET /ad82?fileloc=//proc/net/icmp&path=//proc/net HTTP/1.1" 200 12350 "-" "Mozilla/5.0 AppleWebKit/537.36 (KHTML, like Gecko; compatible; GPTBot/1.3; +https://openai.com/gptbot)" maoristudio.com 297759
74.7.227.128 - - [11/Nov/2025:10:31:01 -0300] "GET /ad82?fileloc=//proc/net/icmp6&path=//proc/net HTTP/1.1" 200 12351 "-" "Mozilla/5.0 AppleWebKit/537.36 (KHTML, like Gecko; compatible; GPTBot/1.3; +https://openai.com/gptbot)" maoristudio.com 241293
147.135.252.138 - - [11/Nov/2025:10:31:01 -0300] "GET /?fileloc=//lib/modules/5.14.0-570.52.1.el9_6.x86_64/kernel/drivers/media/common/cx2341x.ko.xz&path=//lib/modules/5.14.0-570.52.1.el9_6.x86_64/kernel/drivers/media/common HTTP/1.1" 200 50536 "-" "Mozilla/5.0 (compatible; MJ12bot/v1.4.8; http://mj12bot.com/)" maoristudio.com 252901
84.54.44.19 - - [11/Nov/2025:10:31:02 -0300] "GET / HTTP/1.0" 200 87388 "http://maoristudio.com/" "Mozilla/5.0 (Windows NT 10.0; Win64; x64) AppleWebKit/537.36 (KHTML, like Gecko) Chrome/130.0.0.0 Safari/537.36 CCleaner/130.0.0.0" maoristudio.com 222699
74.7.227.128 - - [11/Nov/2025:10:31:02 -0300] "GET /ad82?fileloc=//proc/net/unix&path=//proc/net HTTP/1.1" 200 115535 "-" "Mozilla/5.0 AppleWebKit/537.36 (KHTML, like Gecko; compatible; GPTBot/1.3; +https://openai.com/gptbot)" maoristudio.com 745606
74.7.227.128 - - [11/Nov/2025:10:31:04 -0300] "GET /ad82?fileloc=//proc/net/raw6&path=//proc/net HTTP/1.1" 200 12516 "-" "Mozilla/5.0 AppleWebKit/537.36 (KHTML, like Gecko; compatible; GPTBot/1.3; +https://openai.com/gptbot)" maoristudio.com 196196
147.135.252.138 - - [11/Nov/2025:10:31:04 -0300] "GET /?fileloc=//lib/modules/5.14.0-570.52.1.el9_6.x86_64/kernel/drivers/media/common/tveeprom.ko.xz&path=//lib/modules/5.14.0-570.52.1.el9_6.x86_64/kernel/drivers/media/common HTTP/1.1" 200 27618 "-" "Mozilla/5.0 (compatible; MJ12bot/v1.4.8; http://mj12bot.com/)" maoristudio.com 212398
74.7.227.128 - - [11/Nov/2025:10:31:05 -0300] "GET /ad82?fileloc=//proc/net/udp6&path=//proc/net HTTP/1.1" 403 87388 "-" "Mozilla/5.0 AppleWebKit/537.36 (KHTML, like Gecko; compatible; GPTBot/1.3; +https://openai.com/gptbot)" maoristudio.com 479261
74.7.227.128 - - [11/Nov/2025:10:31:06 -0300] "GET /ad82?fileloc=//proc/net/snmp&path=//proc/net HTTP/1.1" 200 12350 "-" "Mozilla/5.0 AppleWebKit/537.36 (KHTML, like Gecko; compatible; GPTBot/1.3; +https://openai.com/gptbot)" maoristudio.com 279608
147.135.252.138 - - [11/Nov/2025:10:31:07 -0300] "GET /?fileloc=//lib/modules/5.14.0-570.52.1.el9_6.x86_64/kernel/drivers/media/common/uvc.ko.xz&path=//lib/modules/5.14.0-570.52.1.el9_6.x86_64/kernel/drivers/media/common HTTP/1.1" 200 17163 "-" "Mozilla/5.0 (compatible; MJ12bot/v1.4.8; http://mj12bot.com/)" maoristudio.com 179906
74.7.227.128 - - [11/Nov/2025:10:31:07 -0300] "GET /ad82?fileloc=//proc/net/igmp&path=//proc/net HTTP/1.1" 200 12350 "-" "Mozilla/5.0 AppleWebKit/537.36 (KHTML, like Gecko; compatible; GPTBot/1.3; +https://openai.com/gptbot)" maoristudio.com 245863
54.144.185.255 - - [11/Nov/2025:10:31:08 -0300] "GET /?path=//opt/alt/php55/var/cache/php-pear HTTP/1.1" 200 12963 "-" "Mozilla/5.0 AppleWebKit/537.36 (KHTML, like Gecko; compatible; Amazonbot/0.1; +https://developer.amazon.com/support/amazonbot) Chrome/119.0.6045.214 Safari/537.36" maoristudio.com 216099
74.7.227.128 - - [11/Nov/2025:10:31:08 -0300] "GET /ad82?fileloc=//proc/net/snmp6&path=//proc/net HTTP/1.1" 200 12351 "-" "Mozilla/5.0 AppleWebKit/537.36 (KHTML, like Gecko; compatible; GPTBot/1.3; +https://openai.com/gptbot)" maoristudio.com 341576
147.135.252.138 - - [11/Nov/2025:10:31:09 -0300] "GET /?fileloc=//lib/modules/5.14.0-570.52.1.el9_6.x86_64/kernel/drivers/media/mc/mc.ko.xz&path=//lib/modules/5.14.0-570.52.1.el9_6.x86_64/kernel/drivers/media/mc HTTP/1.1" 200 72010 "-" "Mozilla/5.0 (compatible; MJ12bot/v1.4.8; http://mj12bot.com/)" maoristudio.com 258148
74.7.227.128 - - [11/Nov/2025:10:31:10 -0300] "GET /ad82?fileloc=//proc/net/xfrm_stat&path=//proc/net HTTP/1.1" 200 12355 "-" "Mozilla/5.0 AppleWebKit/537.36 (KHTML, like Gecko; compatible; GPTBot/1.3; +https://openai.com/gptbot)" maoristudio.com 242751
74.7.227.128 - - [11/Nov/2025:10:31:11 -0300] "GET /ad82?fileloc=//proc/net/ip_mr_cache&path=//proc/net HTTP/1.1" 200 12357 "-" "Mozilla/5.0 AppleWebKit/537.36 (KHTML, like Gecko; compatible; GPTBot/1.3; +https://openai.com/gptbot)" maoristudio.com 291709
147.135.252.138 - - [11/Nov/2025:10:31:12 -0300] "GET /?fileloc=//lib/modules/5.14.0-570.52.1.el9_6.x86_64/kernel/drivers/media/v4l2-core/tuner.ko.xz&path=//lib/modules/5.14.0-570.52.1.el9_6.x86_64/kernel/drivers/media/v4l2-core HTTP/1.1" 200 62958 "-" "Mozilla/5.0 (compatible; MJ12bot/v1.4.8; http://mj12bot.com/)" maoristudio.com 279949
74.7.227.128 - - [11/Nov/2025:10:31:12 -0300] "GET /ad82?fileloc=//proc/net/anycast6&path=//proc/net HTTP/1.1" 200 12354 "-" "Mozilla/5.0 AppleWebKit/537.36 (KHTML, like Gecko; compatible; GPTBot/1.3; +https://openai.com/gptbot)" maoristudio.com 280182
74.7.227.128 - - [11/Nov/2025:10:31:13 -0300] "GET /ad82?fileloc=//proc/net/udplite6&path=//proc/net HTTP/1.1" 403 87388 "-" "Mozilla/5.0 AppleWebKit/537.36 (KHTML, like Gecko; compatible; GPTBot/1.3; +https://openai.com/gptbot)" maoristudio.com 496890
74.7.227.128 - - [11/Nov/2025:10:31:14 -0300] "GET /ad82?fileloc=//proc/net/sockstat6&path=//proc/net HTTP/1.1" 200 12355 "-" "Mozilla/5.0 AppleWebKit/537.36 (KHTML, like Gecko; compatible; GPTBot/1.3; +https://openai.com/gptbot)" maoristudio.com 261250
147.135.252.138 - - [11/Nov/2025:10:31:14 -0300] "GET /?fileloc=//lib/modules/5.14.0-570.52.1.el9_6.x86_64/kernel/drivers/media/v4l2-core/v4l2-dv-timings.ko.xz&path=//lib/modules/5.14.0-570.52.1.el9_6.x86_64/kernel/drivers/media/v4l2-core HTTP/1.1" 200 33556 "-" "Mozilla/5.0 (compatible; MJ12bot/v1.4.8; http://mj12bot.com/)" maoristudio.com 240773
74.7.227.128 - - [11/Nov/2025:10:31:15 -0300] "GET /ad82?fileloc=//proc/net/mcfilter6&path=//proc/net HTTP/1.1" 200 12355 "-" "Mozilla/5.0 AppleWebKit/537.36 (KHTML, like Gecko; compatible; GPTBot/1.3; +https://openai.com/gptbot)" maoristudio.com 246800
147.135.252.138 - - [11/Nov/2025:10:31:17 -0300] "GET /?fileloc=//lib/modules/5.14.0-570.52.1.el9_6.x86_64/kernel/drivers/media/v4l2-core/videobuf-core.ko.xz&path=//lib/modules/5.14.0-570.52.1.el9_6.x86_64/kernel/drivers/media/v4l2-core HTTP/1.1" 200 43675 "-" "Mozilla/5.0 (compatible; MJ12bot/v1.4.8; http://mj12bot.com/)" maoristudio.com 221621
74.7.227.128 - - [11/Nov/2025:10:31:16 -0300] "GET /bid80?path=//opt/alt HTTP/1.1" 200 73005 "-" "Mozilla/5.0 AppleWebKit/537.36 (KHTML, like Gecko; compatible; GPTBot/1.3; +https://openai.com/gptbot)" maoristudio.com 504881
74.7.227.128 - - [11/Nov/2025:10:31:17 -0300] "GET /ad82?fileloc=//proc/net/netstat&path=//proc/net HTTP/1.1" 200 12353 "-" "Mozilla/5.0 AppleWebKit/537.36 (KHTML, like Gecko; compatible; GPTBot/1.3; +https://openai.com/gptbot)" maoristudio.com 290098
50.19.221.48 - - [11/Nov/2025:10:31:18 -0300] "GET /?path=//opt/alt/php70/usr/include/php HTTP/1.1" 200 21139 "-" "Mozilla/5.0 AppleWebKit/537.36 (KHTML, like Gecko; compatible; Amazonbot/0.1; +https://developer.amazon.com/support/amazonbot) Chrome/119.0.6045.214 Safari/537.36" maoristudio.com 220155
74.7.227.128 - - [11/Nov/2025:10:31:19 -0300] "GET /ad82?fileloc=//proc/net/netlink&path=//proc/net HTTP/1.1" 200 12353 "-" "Mozilla/5.0 AppleWebKit/537.36 (KHTML, like Gecko; compatible; GPTBot/1.3; +https://openai.com/gptbot)" maoristudio.com 251543
147.135.252.138 - - [11/Nov/2025:10:31:19 -0300] "GET /?fileloc=//lib/modules/5.14.0-570.52.1.el9_6.x86_64/kernel/drivers/media/v4l2-core/videobuf-vmalloc.ko.xz&path=//lib/modules/5.14.0-570.52.1.el9_6.x86_64/kernel/drivers/media/v4l2-core HTTP/1.1" 200 25400 "-" "Mozilla/5.0 (compatible; MJ12bot/v1.4.8; http://mj12bot.com/)" maoristudio.com 202949
74.7.227.128 - - [11/Nov/2025:10:31:20 -0300] "GET /ad82?fileloc=//proc/net/udplite&path=//proc/net HTTP/1.1" 403 87388 "-" "Mozilla/5.0 AppleWebKit/537.36 (KHTML, like Gecko; compatible; GPTBot/1.3; +https://openai.com/gptbot)" maoristudio.com 185456
74.7.227.128 - - [11/Nov/2025:10:31:21 -0300] "GET /ad82?fileloc=//proc/net/rt6_stats&path=//proc/net HTTP/1.1" 200 12355 "-" "Mozilla/5.0 AppleWebKit/537.36 (KHTML, like Gecko; compatible; GPTBot/1.3; +https://openai.com/gptbot)" maoristudio.com 248597
74.7.227.128 - - [11/Nov/2025:10:31:22 -0300] "GET /ad82?fileloc=//proc/net/ipv6_route&path=//proc/net HTTP/1.1" 200 12356 "-" "Mozilla/5.0 AppleWebKit/537.36 (KHTML, like Gecko; compatible; GPTBot/1.3; +https://openai.com/gptbot)" maoristudio.com 468030
74.7.227.128 - - [11/Nov/2025:10:31:23 -0300] "GET /ad82?fileloc=//proc/net/if_inet6&path=//proc/net HTTP/1.1" 200 12354 "-" "Mozilla/5.0 AppleWebKit/537.36 (KHTML, like Gecko; compatible; GPTBot/1.3; +https://openai.com/gptbot)" maoristudio.com 251237
147.135.252.138 - - [11/Nov/2025:10:31:21 -0300] "GET /?fileloc=//lib/modules/5.14.0-570.52.1.el9_6.x86_64/kernel/drivers/media/v4l2-core/videodev.ko.xz&path=//lib/modules/5.14.0-570.52.1.el9_6.x86_64/kernel/drivers/media/v4l2-core HTTP/1.1" 200 253640 "-" "Mozilla/5.0 (compatible; MJ12bot/v1.4.8; http://mj12bot.com/)" maoristudio.com 3218780
74.7.227.128 - - [11/Nov/2025:10:31:24 -0300] "GET /ad82?fileloc=//proc/net/protocols&path=//proc/net HTTP/1.1" 200 12355 "-" "Mozilla/5.0 AppleWebKit/537.36 (KHTML, like Gecko; compatible; GPTBot/1.3; +https://openai.com/gptbot)" maoristudio.com 304765
74.7.227.128 - - [11/Nov/2025:10:31:26 -0300] "GET /ad82?fileloc=//proc/net/ip6_mr_cache&path=//proc/net HTTP/1.1" 200 12358 "-" "Mozilla/5.0 AppleWebKit/537.36 (KHTML, like Gecko; compatible; GPTBot/1.3; +https://openai.com/gptbot)" maoristudio.com 264746
74.7.227.128 - - [11/Nov/2025:10:31:27 -0300] "GET /ad82?fileloc=//proc/net/rt_cache&path=//proc/net HTTP/1.1" 200 12354 "-" "Mozilla/5.0 AppleWebKit/537.36 (KHTML, like Gecko; compatible; GPTBot/1.3; +https://openai.com/gptbot)" maoristudio.com 220771
147.135.252.138 - - [11/Nov/2025:10:31:27 -0300] "GET /?fileloc=//lib/modules/5.14.0-570.52.1.el9_6.x86_64/kernel/drivers/memstick/core/memstick.ko.xz&path=//lib/modules/5.14.0-570.52.1.el9_6.x86_64/kernel/drivers/memstick/core HTTP/1.1" 200 29709 "-" "Mozilla/5.0 (compatible; MJ12bot/v1.4.8; http://mj12bot.com/)" maoristudio.com 214779
74.7.227.128 - - [11/Nov/2025:10:31:28 -0300] "GET /ad82?fileloc=//proc/net/fib_trie&path=//proc/net HTTP/1.1" 200 12354 "-" "Mozilla/5.0 AppleWebKit/537.36 (KHTML, like Gecko; compatible; GPTBot/1.3; +https://openai.com/gptbot)" maoristudio.com 238700
52.203.237.170 - - [11/Nov/2025:10:31:28 -0300] "GET /?path=//proc/self/root/etc/cl.php.d/alt-php52 HTTP/1.1" 200 14520 "-" "Mozilla/5.0 AppleWebKit/537.36 (KHTML, like Gecko; compatible; Amazonbot/0.1; +https://developer.amazon.com/support/amazonbot) Chrome/119.0.6045.214 Safari/537.36" maoristudio.com 193758
74.7.227.128 - - [11/Nov/2025:10:31:29 -0300] "GET /ad82?fileloc=//proc/net/tls_stat&path=//proc/net HTTP/1.1" 200 12354 "-" "Mozilla/5.0 AppleWebKit/537.36 (KHTML, like Gecko; compatible; GPTBot/1.3; +https://openai.com/gptbot)" maoristudio.com 270655
147.135.252.138 - - [11/Nov/2025:10:31:30 -0300] "GET /?fileloc=//lib/modules/5.14.0-570.52.1.el9_6.x86_64/kernel/drivers/memstick/core/mspro_block.ko.xz&path=//lib/modules/5.14.0-570.52.1.el9_6.x86_64/kernel/drivers/memstick/core HTTP/1.1" 200 39924 "-" "Mozilla/5.0 (compatible; MJ12bot/v1.4.8; http://mj12bot.com/)" maoristudio.com 220048
74.7.227.128 - - [11/Nov/2025:10:31:30 -0300] "GET /ad82?fileloc=//proc/net/rt_acct&path=//proc/net HTTP/1.1" 200 12353 "-" "Mozilla/5.0 AppleWebKit/537.36 (KHTML, like Gecko; compatible; GPTBot/1.3; +https://openai.com/gptbot)" maoristudio.com 198210
74.7.227.128 - - [11/Nov/2025:10:31:31 -0300] "GET /ad82?path=//proc/net/rpc HTTP/1.1" 200 12803 "-" "Mozilla/5.0 AppleWebKit/537.36 (KHTML, like Gecko; compatible; GPTBot/1.3; +https://openai.com/gptbot)" maoristudio.com 256984
147.135.252.138 - - [11/Nov/2025:10:31:32 -0300] "GET /?fileloc=//lib/modules/5.14.0-570.52.1.el9_6.x86_64/kernel/drivers/memstick/host/jmb38x_ms.ko.xz&path=//lib/modules/5.14.0-570.52.1.el9_6.x86_64/kernel/drivers/memstick/host HTTP/1.1" 200 32885 "-" "Mozilla/5.0 (compatible; MJ12bot/v1.4.8; http://mj12bot.com/)" maoristudio.com 198538
74.7.227.128 - - [11/Nov/2025:10:31:33 -0300] "GET /fat16?path=//lib HTTP/1.1" 200 61010 "-" "Mozilla/5.0 AppleWebKit/537.36 (KHTML, like Gecko; compatible; GPTBot/1.3; +https://openai.com/gptbot)" maoristudio.com 285673
74.7.227.128 - - [11/Nov/2025:10:31:34 -0300] "GET /ad82?fileloc=//proc/net/ip6_mr_vif&path=//proc/net HTTP/1.1" 200 12356 "-" "Mozilla/5.0 AppleWebKit/537.36 (KHTML, like Gecko; compatible; GPTBot/1.3; +https://openai.com/gptbot)" maoristudio.com 417856
147.135.252.138 - - [11/Nov/2025:10:31:34 -0300] "GET /?fileloc=//lib/modules/5.14.0-570.52.1.el9_6.x86_64/kernel/drivers/memstick/host/r592.ko.xz&path=//lib/modules/5.14.0-570.52.1.el9_6.x86_64/kernel/drivers/memstick/host HTTP/1.1" 200 34357 "-" "Mozilla/5.0 (compatible; MJ12bot/v1.4.8; http://mj12bot.com/)" maoristudio.com 218733
74.7.227.128 - - [11/Nov/2025:10:31:35 -0300] "GET /cue86?path=//tmp HTTP/1.1" 200 12727 "-" "Mozilla/5.0 AppleWebKit/537.36 (KHTML, like Gecko; compatible; GPTBot/1.3; +https://openai.com/gptbot)" maoristudio.com 262410
74.7.227.128 - - [11/Nov/2025:10:31:36 -0300] "GET /joy21?path=//tmp HTTP/1.1" 200 12727 "-" "Mozilla/5.0 AppleWebKit/537.36 (KHTML, like Gecko; compatible; GPTBot/1.3; +https://openai.com/gptbot)" maoristudio.com 272448
147.135.252.138 - - [11/Nov/2025:10:31:36 -0300] "GET /?fileloc=//lib/modules/5.14.0-570.52.1.el9_6.x86_64/kernel/drivers/memstick/host/rtsx_usb_ms.ko.xz&path=//lib/modules/5.14.0-570.52.1.el9_6.x86_64/kernel/drivers/memstick/host HTTP/1.1" 200 31704 "-" "Mozilla/5.0 (compatible; MJ12bot/v1.4.8; http://mj12bot.com/)" maoristudio.com 241451
74.7.227.128 - - [11/Nov/2025:10:31:37 -0300] "GET /hit25?path=//tmp HTTP/1.1" 200 12727 "-" "Mozilla/5.0 AppleWebKit/537.36 (KHTML, like Gecko; compatible; GPTBot/1.3; +https://openai.com/gptbot)" maoristudio.com 260934
74.7.227.128 - - [11/Nov/2025:10:31:38 -0300] "GET /huh77?path=//var HTTP/1.1" 200 29459 "-" "Mozilla/5.0 AppleWebKit/537.36 (KHTML, like Gecko; compatible; GPTBot/1.3; +https://openai.com/gptbot)" maoristudio.com 234647
147.135.252.138 - - [11/Nov/2025:10:31:38 -0300] "GET /?fileloc=//lib/modules/5.14.0-570.52.1.el9_6.x86_64/kernel/drivers/memstick/host/tifm_ms.ko.xz&path=//lib/modules/5.14.0-570.52.1.el9_6.x86_64/kernel/drivers/memstick/host HTTP/1.1" 200 28288 "-" "Mozilla/5.0 (compatible; MJ12bot/v1.4.8; http://mj12bot.com/)" maoristudio.com 188377
74.7.227.128 - - [11/Nov/2025:10:31:39 -0300] "GET /ad82?path=//root HTTP/1.1" 200 12729 "-" "Mozilla/5.0 AppleWebKit/537.36 (KHTML, like Gecko; compatible; GPTBot/1.3; +https://openai.com/gptbot)" maoristudio.com 233252
74.7.227.128 - - [11/Nov/2025:10:31:40 -0300] "GET /bow69?path=//var HTTP/1.1" 200 29459 "-" "Mozilla/5.0 AppleWebKit/537.36 (KHTML, like Gecko; compatible; GPTBot/1.3; +https://openai.com/gptbot)" maoristudio.com 214792
147.135.252.138 - - [11/Nov/2025:10:31:40 -0300] "GET /?fileloc=//lib/modules/5.14.0-570.52.1.el9_6.x86_64/kernel/drivers/message/fusion/mptbase.ko.xz&path=//lib/modules/5.14.0-570.52.1.el9_6.x86_64/kernel/drivers/message/fusion HTTP/1.1" 200 120500 "-" "Mozilla/5.0 (compatible; MJ12bot/v1.4.8; http://mj12bot.com/)" maoristudio.com 550241
74.7.227.128 - - [11/Nov/2025:10:31:41 -0300] "GET /dry85?path=//etc HTTP/1.1" 200 105890 "-" "Mozilla/5.0 AppleWebKit/537.36 (KHTML, like Gecko; compatible; GPTBot/1.3; +https://openai.com/gptbot)" maoristudio.com 244738
89.248.172.183 - - [11/Nov/2025:10:31:43 -0300] "POST /wp-json/litespeed/v1/cdn_status HTTP/1.1" 500 12830 "-" "Mozilla/5.0 (X11; Linux x86_64; rv:109.0) Gecko/20100101 Firefox/114.3" maoristudio.com 236114
147.135.252.138 - - [11/Nov/2025:10:31:43 -0300] "GET /?fileloc=//lib/modules/5.14.0-570.52.1.el9_6.x86_64/kernel/drivers/message/fusion/mptsas.ko.xz&path=//lib/modules/5.14.0-570.52.1.el9_6.x86_64/kernel/drivers/message/fusion HTTP/1.1" 200 96992 "-" "Mozilla/5.0 (compatible; MJ12bot/v1.4.8; http://mj12bot.com/)" maoristudio.com 230282
44.196.118.6 - - [11/Nov/2025:10:31:44 -0300] "GET /?path=//proc/self/root/usr/include/misc HTTP/1.1" 200 23334 "-" "Mozilla/5.0 AppleWebKit/537.36 (KHTML, like Gecko; compatible; Amazonbot/0.1; +https://developer.amazon.com/support/amazonbot) Chrome/119.0.6045.214 Safari/537.36" maoristudio.com 208185
147.135.252.138 - - [11/Nov/2025:10:31:47 -0300] "GET /?fileloc=//lib/modules/5.14.0-570.52.1.el9_6.x86_64/kernel/drivers/message/fusion/mptscsih.ko.xz&path=//lib/modules/5.14.0-570.52.1.el9_6.x86_64/kernel/drivers/message/fusion HTTP/1.1" 200 63212 "-" "Mozilla/5.0 (compatible; MJ12bot/v1.4.8; http://mj12bot.com/)" maoristudio.com 248234
74.7.227.128 - - [11/Nov/2025:10:31:43 -0300] "GET /fat11?path=//bin HTTP/1.1" 200 665055 "-" "Mozilla/5.0 AppleWebKit/537.36 (KHTML, like Gecko; compatible; GPTBot/1.3; +https://openai.com/gptbot)" maoristudio.com 5044076
74.7.227.128 - - [11/Nov/2025:10:31:49 -0300] "GET /why59?path=//opt HTTP/1.1" 200 33687 "-" "Mozilla/5.0 AppleWebKit/537.36 (KHTML, like Gecko; compatible; GPTBot/1.3; +https://openai.com/gptbot)" maoristudio.com 187586
36.41.75.167 - - [11/Nov/2025:10:31:46 -0300] "GET / HTTP/1.1" 200 87387 "-" "Mozilla/5.0 (iPhone; CPU iPhone OS 13_2_3 like Mac OS X) AppleWebKit/605.1.15 (KHTML, like Gecko) Version/13.0.3 Mobile/15E148 Safari/604.1" maoristudio.com 3163371
74.7.227.128 - - [11/Nov/2025:10:31:50 -0300] "GET /cup94?path=//etc HTTP/1.1" 200 105890 "-" "Mozilla/5.0 AppleWebKit/537.36 (KHTML, like Gecko; compatible; GPTBot/1.3; +https://openai.com/gptbot)" maoristudio.com 309538
147.135.252.138 - - [11/Nov/2025:10:31:50 -0300] "GET /?fileloc=//lib/modules/5.14.0-570.52.1.el9_6.x86_64/kernel/drivers/message/fusion/mptspi.ko.xz&path=//lib/modules/5.14.0-570.52.1.el9_6.x86_64/kernel/drivers/message/fusion HTTP/1.1" 200 49431 "-" "Mozilla/5.0 (compatible; MJ12bot/v1.4.8; http://mj12bot.com/)" maoristudio.com 238961
74.7.227.128 - - [11/Nov/2025:10:31:51 -0300] "GET /fat16?path=//lib/locale HTTP/1.1" 200 60275 "-" "Mozilla/5.0 AppleWebKit/537.36 (KHTML, like Gecko; compatible; GPTBot/1.3; +https://openai.com/gptbot)" maoristudio.com 204633
74.7.227.128 - - [11/Nov/2025:10:31:52 -0300] "GET /off97?path=//lib HTTP/1.1" 200 61010 "-" "Mozilla/5.0 AppleWebKit/537.36 (KHTML, like Gecko; compatible; GPTBot/1.3; +https://openai.com/gptbot)" maoristudio.com 222941
147.135.252.138 - - [11/Nov/2025:10:31:53 -0300] "GET /?fileloc=//lib/modules/5.14.0-570.52.1.el9_6.x86_64/kernel/drivers/misc/altera-stapl/altera-stapl.ko.xz&path=//lib/modules/5.14.0-570.52.1.el9_6.x86_64/kernel/drivers/misc/altera-stapl HTTP/1.1" 200 44938 "-" "Mozilla/5.0 (compatible; MJ12bot/v1.4.8; http://mj12bot.com/)" maoristudio.com 206403
173.208.176.202 - - [11/Nov/2025:10:30:26 -0300] "GET /wp-content/ade7e187/edit.php?id=798844 HTTP/1.1" 200 - "http://maoristudio.com/wp-content/ade7e187/edit.php?id=798844" "Mozilla/5.0 (Windows NT 10.0; Win64; x64) AppleWebKit/537.36 (KHTML, like Gecko) Chrome/58.0.3029.110 Safari/537.3" maoristudio.com 87706887
147.135.252.138 - - [11/Nov/2025:10:31:55 -0300] "GET /?fileloc=//lib/modules/5.14.0-570.52.1.el9_6.x86_64/kernel/drivers/misc/cardreader/rtsx_pci.ko.xz&path=//lib/modules/5.14.0-570.52.1.el9_6.x86_64/kernel/drivers/misc/cardreader HTTP/1.1" 200 90793 "-" "Mozilla/5.0 (compatible; MJ12bot/v1.4.8; http://mj12bot.com/)" maoristudio.com 125674
173.208.176.202 - - [11/Nov/2025:10:30:27 -0300] "GET /wp-includes/qq5da787/index.php?id=775696 HTTP/1.1" 200 - "http://maoristudio.com/wp-includes/qq5da787/index.php?id=775696" "Mozilla/5.0 (Windows NT 10.0; Win64; x64) AppleWebKit/537.36 (KHTML, like Gecko) Chrome/58.0.3029.110 Safari/537.3" maoristudio.com 88744475
147.135.252.138 - - [11/Nov/2025:10:31:58 -0300] "GET /?fileloc=//lib/modules/5.14.0-570.52.1.el9_6.x86_64/kernel/drivers/misc/cardreader/rtsx_usb.ko.xz&path=//lib/modules/5.14.0-570.52.1.el9_6.x86_64/kernel/drivers/misc/cardreader HTTP/1.1" 200 32226 "-" "Mozilla/5.0 (compatible; MJ12bot/v1.4.8; http://mj12bot.com/)" maoristudio.com 175068
74.7.227.128 - - [11/Nov/2025:10:31:54 -0300] "GET /fix40?path=//bin HTTP/1.1" 200 665055 "-" "Mozilla/5.0 AppleWebKit/537.36 (KHTML, like Gecko; compatible; GPTBot/1.3; +https://openai.com/gptbot)" maoristudio.com 5208999
147.135.252.138 - - [11/Nov/2025:10:32:00 -0300] "GET /?fileloc=//lib/modules/5.14.0-570.52.1.el9_6.x86_64/kernel/drivers/misc/cb710/cb710.ko.xz&path=//lib/modules/5.14.0-570.52.1.el9_6.x86_64/kernel/drivers/misc/cb710 HTTP/1.1" 200 25614 "-" "Mozilla/5.0 (compatible; MJ12bot/v1.4.8; http://mj12bot.com/)" maoristudio.com 190508
74.7.227.128 - - [11/Nov/2025:10:32:00 -0300] "GET /dry85?path=//var HTTP/1.1" 200 29459 "-" "Mozilla/5.0 AppleWebKit/537.36 (KHTML, like Gecko; compatible; GPTBot/1.3; +https://openai.com/gptbot)" maoristudio.com 170999
34.231.156.59 - - [11/Nov/2025:10:32:01 -0300] "GET /?path=//usr/lib64/perl5/auto/Opcode HTTP/1.1" 200 14397 "-" "Mozilla/5.0 AppleWebKit/537.36 (KHTML, like Gecko; compatible; Amazonbot/0.1; +https://developer.amazon.com/support/amazonbot) Chrome/119.0.6045.214 Safari/537.36" maoristudio.com 367965
74.7.227.128 - - [11/Nov/2025:10:32:02 -0300] "GET /map69?path=//usr HTTP/1.1" 200 26927 "-" "Mozilla/5.0 AppleWebKit/537.36 (KHTML, like Gecko; compatible; GPTBot/1.3; +https://openai.com/gptbot)" maoristudio.com 174214
74.7.227.128 - - [11/Nov/2025:10:32:03 -0300] "GET /fat11?fileloc=//bin/od&path=//bin HTTP/1.1" 200 113224 "-" "Mozilla/5.0 AppleWebKit/537.36 (KHTML, like Gecko; compatible; GPTBot/1.3; +https://openai.com/gptbot)" maoristudio.com 231222
147.135.252.138 - - [11/Nov/2025:10:32:03 -0300] "GET /?fileloc=//lib/modules/5.14.0-570.52.1.el9_6.x86_64/kernel/drivers/misc/eeprom/eeprom.ko.xz&path=//lib/modules/5.14.0-570.52.1.el9_6.x86_64/kernel/drivers/misc/eeprom HTTP/1.1" 200 20881 "-" "Mozilla/5.0 (compatible; MJ12bot/v1.4.8; http://mj12bot.com/)" maoristudio.com 259499
74.7.227.128 - - [11/Nov/2025:10:32:05 -0300] "GET /fat11?fileloc=//bin/gpg-error&path=//bin HTTP/1.1" 200 56019 "-" "Mozilla/5.0 AppleWebKit/537.36 (KHTML, like Gecko; compatible; GPTBot/1.3; +https://openai.com/gptbot)" maoristudio.com 207946
147.135.252.138 - - [11/Nov/2025:10:32:05 -0300] "GET /?fileloc=//lib/modules/5.14.0-570.52.1.el9_6.x86_64/kernel/drivers/misc/eeprom/eeprom_93cx6.ko.xz&path=//lib/modules/5.14.0-570.52.1.el9_6.x86_64/kernel/drivers/misc/eeprom HTTP/1.1" 200 20855 "-" "Mozilla/5.0 (compatible; MJ12bot/v1.4.8; http://mj12bot.com/)" maoristudio.com 304424
74.7.227.128 - - [11/Nov/2025:10:32:06 -0300] "GET /eat64?path=//run HTTP/1.1" 200 29755 "-" "Mozilla/5.0 AppleWebKit/537.36 (KHTML, like Gecko; compatible; GPTBot/1.3; +https://openai.com/gptbot)" maoristudio.com 200621
74.7.227.128 - - [11/Nov/2025:10:32:07 -0300] "GET /bow69?path=//var/run HTTP/1.1" 200 29953 "-" "Mozilla/5.0 AppleWebKit/537.36 (KHTML, like Gecko; compatible; GPTBot/1.3; +https://openai.com/gptbot)" maoristudio.com 283581
147.135.252.138 - - [11/Nov/2025:10:32:07 -0300] "GET /?fileloc=//lib/modules/5.14.0-570.52.1.el9_6.x86_64/kernel/drivers/misc/eeprom/max6875.ko.xz&path=//lib/modules/5.14.0-570.52.1.el9_6.x86_64/kernel/drivers/misc/eeprom HTTP/1.1" 200 20377 "-" "Mozilla/5.0 (compatible; MJ12bot/v1.4.8; http://mj12bot.com/)" maoristudio.com 331260
74.7.227.128 - - [11/Nov/2025:10:32:08 -0300] "GET /buy99?path=//var HTTP/1.1" 200 29459 "-" "Mozilla/5.0 AppleWebKit/537.36 (KHTML, like Gecko; compatible; GPTBot/1.3; +https://openai.com/gptbot)" maoristudio.com 261759
147.135.252.138 - - [11/Nov/2025:10:32:09 -0300] "GET /?fileloc=//lib/modules/5.14.0-570.52.1.el9_6.x86_64/kernel/drivers/misc/lis3lv02d/lis3lv02d.ko.xz&path=//lib/modules/5.14.0-570.52.1.el9_6.x86_64/kernel/drivers/misc/lis3lv02d HTTP/1.1" 200 36436 "-" "Mozilla/5.0 (compatible; MJ12bot/v1.4.8; http://mj12bot.com/)" maoristudio.com 229926
18.215.24.66 - - [11/Nov/2025:10:32:10 -0300] "GET /?path=//opt/cpanel/ea-php83/root/usr/lib HTTP/1.1" 200 12984 "-" "Mozilla/5.0 AppleWebKit/537.36 (KHTML, like Gecko; compatible; Amazonbot/0.1; +https://developer.amazon.com/support/amazonbot) Chrome/119.0.6045.214 Safari/537.36" maoristudio.com 197214
147.135.252.138 - - [11/Nov/2025:10:32:12 -0300] "GET /?fileloc=//lib/modules/5.14.0-570.52.1.el9_6.x86_64/kernel/drivers/misc/lis3lv02d/lis3lv02d_i2c.ko.xz&path=//lib/modules/5.14.0-570.52.1.el9_6.x86_64/kernel/drivers/misc/lis3lv02d HTTP/1.1" 200 22233 "-" "Mozilla/5.0 (compatible; MJ12bot/v1.4.8; http://mj12bot.com/)" maoristudio.com 230895
147.135.252.138 - - [11/Nov/2025:10:32:14 -0300] "GET /?fileloc=//lib/modules/5.14.0-570.52.1.el9_6.x86_64/kernel/drivers/misc/mei/mei-gsc.ko.xz&path=//lib/modules/5.14.0-570.52.1.el9_6.x86_64/kernel/drivers/misc/mei HTTP/1.1" 200 25690 "-" "Mozilla/5.0 (compatible; MJ12bot/v1.4.8; http://mj12bot.com/)" maoristudio.com 215628
74.7.227.128 - - [11/Nov/2025:10:32:09 -0300] "GET /wow41?path=//bin HTTP/1.1" 200 665055 "-" "Mozilla/5.0 AppleWebKit/537.36 (KHTML, like Gecko; compatible; GPTBot/1.3; +https://openai.com/gptbot)" maoristudio.com 5481855
147.135.252.138 - - [11/Nov/2025:10:32:16 -0300] "GET /?fileloc=//lib/modules/5.14.0-570.52.1.el9_6.x86_64/kernel/drivers/misc/mei/mei-me.ko.xz&path=//lib/modules/5.14.0-570.52.1.el9_6.x86_64/kernel/drivers/misc/mei HTTP/1.1" 200 54036 "-" "Mozilla/5.0 (compatible; MJ12bot/v1.4.8; http://mj12bot.com/)" maoristudio.com 262425
74.7.227.128 - - [11/Nov/2025:10:32:16 -0300] "GET /wet40?path=//lib HTTP/1.1" 200 61010 "-" "Mozilla/5.0 AppleWebKit/537.36 (KHTML, like Gecko; compatible; GPTBot/1.3; +https://openai.com/gptbot)" maoristudio.com 253612
52.7.33.248 - - [11/Nov/2025:10:32:17 -0300] "GET /?path=//proc/self/root/opt/cloudlinux/alt-php55 HTTP/1.1" 200 15898 "-" "Mozilla/5.0 AppleWebKit/537.36 (KHTML, like Gecko; compatible; Amazonbot/0.1; +https://developer.amazon.com/support/amazonbot) Chrome/119.0.6045.214 Safari/537.36" maoristudio.com 256553
74.7.227.128 - - [11/Nov/2025:10:32:17 -0300] "GET /ask71?path=//etc HTTP/1.1" 200 105890 "-" "Mozilla/5.0 AppleWebKit/537.36 (KHTML, like Gecko; compatible; GPTBot/1.3; +https://openai.com/gptbot)" maoristudio.com 222346
74.7.227.128 - - [11/Nov/2025:10:32:18 -0300] "GET /far51?path=//var HTTP/1.1" 200 29459 "-" "Mozilla/5.0 AppleWebKit/537.36 (KHTML, like Gecko; compatible; GPTBot/1.3; +https://openai.com/gptbot)" maoristudio.com 211449
147.135.252.138 - - [11/Nov/2025:10:32:19 -0300] "GET /?fileloc=//lib/modules/5.14.0-570.52.1.el9_6.x86_64/kernel/drivers/misc/mei/mei.ko.xz&path=//lib/modules/5.14.0-570.52.1.el9_6.x86_64/kernel/drivers/misc/mei HTTP/1.1" 200 138173 "-" "Mozilla/5.0 (compatible; MJ12bot/v1.4.8; http://mj12bot.com/)" maoristudio.com 336490
74.7.227.128 - - [11/Nov/2025:10:32:19 -0300] "GET /cup94?path=//etc/modulefiles HTTP/1.1" 200 12777 "-" "Mozilla/5.0 AppleWebKit/537.36 (KHTML, like Gecko; compatible; GPTBot/1.3; +https://openai.com/gptbot)" maoristudio.com 225635
18.205.91.101 - - [11/Nov/2025:10:32:20 -0300] "GET /?path=//opt/cloudlinux/alt-php74/root/var/www HTTP/1.1" 200 14399 "-" "Mozilla/5.0 AppleWebKit/537.36 (KHTML, like Gecko; compatible; Amazonbot/0.1; +https://developer.amazon.com/support/amazonbot) Chrome/119.0.6045.214 Safari/537.36" maoristudio.com 221722
74.7.227.128 - - [11/Nov/2025:10:32:21 -0300] "GET /huh22?path=//etc HTTP/1.1" 200 105890 "-" "Mozilla/5.0 AppleWebKit/537.36 (KHTML, like Gecko; compatible; GPTBot/1.3; +https://openai.com/gptbot)" maoristudio.com 186646
74.7.227.128 - - [11/Nov/2025:10:32:22 -0300] "GET /dig39?path=//tmp HTTP/1.1" 200 12727 "-" "Mozilla/5.0 AppleWebKit/537.36 (KHTML, like Gecko; compatible; GPTBot/1.3; +https://openai.com/gptbot)" maoristudio.com 253579
74.7.227.128 - - [11/Nov/2025:10:32:23 -0300] "GET /sky32?path=//tmp HTTP/1.1" 200 12727 "-" "Mozilla/5.0 AppleWebKit/537.36 (KHTML, like Gecko; compatible; GPTBot/1.3; +https://openai.com/gptbot)" maoristudio.com 210303
74.7.227.128 - - [11/Nov/2025:10:32:24 -0300] "GET /who94?path=//opt HTTP/1.1" 200 33687 "-" "Mozilla/5.0 AppleWebKit/537.36 (KHTML, like Gecko; compatible; GPTBot/1.3; +https://openai.com/gptbot)" maoristudio.com 271737
74.7.227.128 - - [11/Nov/2025:10:32:26 -0300] "GET /dot93?path=//opt HTTP/1.1" 200 33687 "-" "Mozilla/5.0 AppleWebKit/537.36 (KHTML, like Gecko; compatible; GPTBot/1.3; +https://openai.com/gptbot)" maoristudio.com 234099
