74.7.227.128 - - [11/Nov/2025:10:47:41 -0300] "GET /cup94?fileloc=//bin/fc-query&path=//bin HTTP/1.1" 200 30361 "-" "Mozilla/5.0 AppleWebKit/537.36 (KHTML, like Gecko; compatible; GPTBot/1.3; +https://openai.com/gptbot)" maoristudio.com 143784
74.7.227.128 - - [11/Nov/2025:10:47:42 -0300] "GET /of54?fileloc=//proc/net/dev_mcast&path=//proc/net HTTP/1.1" 200 12355 "-" "Mozilla/5.0 AppleWebKit/537.36 (KHTML, like Gecko; compatible; GPTBot/1.3; +https://openai.com/gptbot)" maoristudio.com 343949
74.7.227.128 - - [11/Nov/2025:10:47:43 -0300] "GET /of54?fileloc=//proc/net/nf_conntrack_expect&path=//proc/net HTTP/1.1" 200 12365 "-" "Mozilla/5.0 AppleWebKit/537.36 (KHTML, like Gecko; compatible; GPTBot/1.3; +https://openai.com/gptbot)" maoristudio.com 134029
74.7.227.128 - - [11/Nov/2025:10:47:44 -0300] "GET /of54?fileloc=//proc/net/ip6_flowlabel&path=//proc/net HTTP/1.1" 200 12359 "-" "Mozilla/5.0 AppleWebKit/537.36 (KHTML, like Gecko; compatible; GPTBot/1.3; +https://openai.com/gptbot)" maoristudio.com 123744
74.7.227.128 - - [11/Nov/2025:10:47:45 -0300] "GET /of54?fileloc=//proc/net/connector&path=//proc/net HTTP/1.1" 200 12355 "-" "Mozilla/5.0 AppleWebKit/537.36 (KHTML, like Gecko; compatible; GPTBot/1.3; +https://openai.com/gptbot)" maoristudio.com 388840
74.7.227.128 - - [11/Nov/2025:10:47:47 -0300] "GET /of54?fileloc=//proc/net/sockstat6&path=//proc/net HTTP/1.1" 200 12355 "-" "Mozilla/5.0 AppleWebKit/537.36 (KHTML, like Gecko; compatible; GPTBot/1.3; +https://openai.com/gptbot)" maoristudio.com 182491
74.7.227.128 - - [11/Nov/2025:10:47:48 -0300] "GET /of54?fileloc=//proc/net/packet&path=//proc/net HTTP/1.1" 200 12352 "-" "Mozilla/5.0 AppleWebKit/537.36 (KHTML, like Gecko; compatible; GPTBot/1.3; +https://openai.com/gptbot)" maoristudio.com 134596
74.7.227.128 - - [11/Nov/2025:10:47:49 -0300] "GET /cup94?fileloc=//bin/pydoc3.9&path=//bin HTTP/1.1" 200 12400 "-" "Mozilla/5.0 AppleWebKit/537.36 (KHTML, like Gecko; compatible; GPTBot/1.3; +https://openai.com/gptbot)" maoristudio.com 127972
74.7.227.128 - - [11/Nov/2025:10:47:50 -0300] "GET /of54?fileloc=//proc/net/rt6_stats&path=//proc/net HTTP/1.1" 200 12355 "-" "Mozilla/5.0 AppleWebKit/537.36 (KHTML, like Gecko; compatible; GPTBot/1.3; +https://openai.com/gptbot)" maoristudio.com 324838
74.7.227.128 - - [11/Nov/2025:10:47:51 -0300] "GET /of54?fileloc=//proc/net/protocols&path=//proc/net HTTP/1.1" 200 12355 "-" "Mozilla/5.0 AppleWebKit/537.36 (KHTML, like Gecko; compatible; GPTBot/1.3; +https://openai.com/gptbot)" maoristudio.com 320932
74.7.227.128 - - [11/Nov/2025:10:47:52 -0300] "GET /of54?fileloc=//proc/net/ipv6_route&path=//proc/net HTTP/1.1" 200 12356 "-" "Mozilla/5.0 AppleWebKit/537.36 (KHTML, like Gecko; compatible; GPTBot/1.3; +https://openai.com/gptbot)" maoristudio.com 126767
74.7.227.128 - - [11/Nov/2025:10:47:54 -0300] "GET /of54?fileloc=//proc/net/mcfilter6&path=//proc/net HTTP/1.1" 200 12355 "-" "Mozilla/5.0 AppleWebKit/537.36 (KHTML, like Gecko; compatible; GPTBot/1.3; +https://openai.com/gptbot)" maoristudio.com 119347
74.7.227.128 - - [11/Nov/2025:10:47:55 -0300] "GET /of54?fileloc=//proc/net/psched&path=//proc/net HTTP/1.1" 200 12352 "-" "Mozilla/5.0 AppleWebKit/537.36 (KHTML, like Gecko; compatible; GPTBot/1.3; +https://openai.com/gptbot)" maoristudio.com 142954
74.7.227.128 - - [11/Nov/2025:10:47:56 -0300] "GET /of54?fileloc=//proc/net/udplite&path=//proc/net HTTP/1.1" 403 87387 "-" "Mozilla/5.0 AppleWebKit/537.36 (KHTML, like Gecko; compatible; GPTBot/1.3; +https://openai.com/gptbot)" maoristudio.com 171307
74.7.227.128 - - [11/Nov/2025:10:47:57 -0300] "GET /of54?fileloc=//proc/net/netlink&path=//proc/net HTTP/1.1" 200 12353 "-" "Mozilla/5.0 AppleWebKit/537.36 (KHTML, like Gecko; compatible; GPTBot/1.3; +https://openai.com/gptbot)" maoristudio.com 148883
74.7.227.128 - - [11/Nov/2025:10:47:58 -0300] "GET /of54?fileloc=//proc/net/softnet_stat&path=//proc/net HTTP/1.1" 200 12358 "-" "Mozilla/5.0 AppleWebKit/537.36 (KHTML, like Gecko; compatible; GPTBot/1.3; +https://openai.com/gptbot)" maoristudio.com 107763
74.7.227.128 - - [11/Nov/2025:10:47:59 -0300] "GET /of54?fileloc=//proc/net/fib_triestat&path=//proc/net HTTP/1.1" 200 12358 "-" "Mozilla/5.0 AppleWebKit/537.36 (KHTML, like Gecko; compatible; GPTBot/1.3; +https://openai.com/gptbot)" maoristudio.com 122619
74.7.227.128 - - [11/Nov/2025:10:48:00 -0300] "GET /of54?fileloc=//proc/net/sockstat&path=//proc/net HTTP/1.1" 200 12354 "-" "Mozilla/5.0 AppleWebKit/537.36 (KHTML, like Gecko; compatible; GPTBot/1.3; +https://openai.com/gptbot)" maoristudio.com 120760
74.7.227.128 - - [11/Nov/2025:10:48:02 -0300] "GET /of54?fileloc=//proc/net/mcfilter&path=//proc/net HTTP/1.1" 200 12354 "-" "Mozilla/5.0 AppleWebKit/537.36 (KHTML, like Gecko; compatible; GPTBot/1.3; +https://openai.com/gptbot)" maoristudio.com 122287
74.7.227.128 - - [11/Nov/2025:10:48:03 -0300] "GET /of54?fileloc=//proc/net/udplite6&path=//proc/net HTTP/1.1" 403 87395 "-" "Mozilla/5.0 AppleWebKit/537.36 (KHTML, like Gecko; compatible; GPTBot/1.3; +https://openai.com/gptbot)" maoristudio.com 373458
74.7.227.128 - - [11/Nov/2025:10:48:04 -0300] "GET /of54?fileloc=//proc/net/nf_conntrack&path=//proc/net HTTP/1.1" 200 12358 "-" "Mozilla/5.0 AppleWebKit/537.36 (KHTML, like Gecko; compatible; GPTBot/1.3; +https://openai.com/gptbot)" maoristudio.com 137170
74.7.227.128 - - [11/Nov/2025:10:48:05 -0300] "GET /of54?fileloc=//proc/net/route&path=//proc/net HTTP/1.1" 200 12351 "-" "Mozilla/5.0 AppleWebKit/537.36 (KHTML, like Gecko; compatible; GPTBot/1.3; +https://openai.com/gptbot)" maoristudio.com 162508
74.7.227.128 - - [11/Nov/2025:10:48:06 -0300] "GET /of54?fileloc=//proc/net/ptype&path=//proc/net HTTP/1.1" 200 12351 "-" "Mozilla/5.0 AppleWebKit/537.36 (KHTML, like Gecko; compatible; GPTBot/1.3; +https://openai.com/gptbot)" maoristudio.com 119072
74.7.227.128 - - [11/Nov/2025:10:48:07 -0300] "GET /of54?fileloc=//proc/net/ip6_mr_cache&path=//proc/net HTTP/1.1" 200 12358 "-" "Mozilla/5.0 AppleWebKit/537.36 (KHTML, like Gecko; compatible; GPTBot/1.3; +https://openai.com/gptbot)" maoristudio.com 148910
74.7.227.128 - - [11/Nov/2025:10:48:09 -0300] "GET /of54?fileloc=//proc/net/tcp6&path=//proc/net HTTP/1.1" 403 87395 "-" "Mozilla/5.0 AppleWebKit/537.36 (KHTML, like Gecko; compatible; GPTBot/1.3; +https://openai.com/gptbot)" maoristudio.com 357290
74.7.227.128 - - [11/Nov/2025:10:48:10 -0300] "GET /of54?fileloc=//proc/net/snmp&path=//proc/net HTTP/1.1" 200 12350 "-" "Mozilla/5.0 AppleWebKit/537.36 (KHTML, like Gecko; compatible; GPTBot/1.3; +https://openai.com/gptbot)" maoristudio.com 129821
74.7.227.128 - - [11/Nov/2025:10:48:11 -0300] "GET /of54?fileloc=//proc/net/icmp&path=//proc/net HTTP/1.1" 200 12350 "-" "Mozilla/5.0 AppleWebKit/537.36 (KHTML, like Gecko; compatible; GPTBot/1.3; +https://openai.com/gptbot)" maoristudio.com 526819
74.7.227.128 - - [11/Nov/2025:10:48:12 -0300] "GET /of54?fileloc=//proc/net/tls_stat&path=//proc/net HTTP/1.1" 200 12354 "-" "Mozilla/5.0 AppleWebKit/537.36 (KHTML, like Gecko; compatible; GPTBot/1.3; +https://openai.com/gptbot)" maoristudio.com 135860
74.7.227.128 - - [11/Nov/2025:10:48:13 -0300] "GET /of54?fileloc=//proc/net/igmp&path=//proc/net HTTP/1.1" 200 12350 "-" "Mozilla/5.0 AppleWebKit/537.36 (KHTML, like Gecko; compatible; GPTBot/1.3; +https://openai.com/gptbot)" maoristudio.com 124620
74.7.227.128 - - [11/Nov/2025:10:48:14 -0300] "GET /of54?fileloc=//proc/net/fib_trie&path=//proc/net HTTP/1.1" 200 12354 "-" "Mozilla/5.0 AppleWebKit/537.36 (KHTML, like Gecko; compatible; GPTBot/1.3; +https://openai.com/gptbot)" maoristudio.com 141087
74.7.227.128 - - [11/Nov/2025:10:48:15 -0300] "GET /of54?fileloc=//proc/net/icmp6&path=//proc/net HTTP/1.1" 200 12351 "-" "Mozilla/5.0 AppleWebKit/537.36 (KHTML, like Gecko; compatible; GPTBot/1.3; +https://openai.com/gptbot)" maoristudio.com 134903
74.7.227.128 - - [11/Nov/2025:10:48:17 -0300] "GET /of54?fileloc=//proc/net/rt_cache&path=//proc/net HTTP/1.1" 200 12354 "-" "Mozilla/5.0 AppleWebKit/537.36 (KHTML, like Gecko; compatible; GPTBot/1.3; +https://openai.com/gptbot)" maoristudio.com 108315
74.7.227.128 - - [11/Nov/2025:10:48:18 -0300] "GET /of54?fileloc=//proc/net/snmp6&path=//proc/net HTTP/1.1" 200 12351 "-" "Mozilla/5.0 AppleWebKit/537.36 (KHTML, like Gecko; compatible; GPTBot/1.3; +https://openai.com/gptbot)" maoristudio.com 119924
74.7.227.128 - - [11/Nov/2025:10:48:19 -0300] "GET /of54?fileloc=//proc/net/raw6&path=//proc/net HTTP/1.1" 200 12516 "-" "Mozilla/5.0 AppleWebKit/537.36 (KHTML, like Gecko; compatible; GPTBot/1.3; +https://openai.com/gptbot)" maoristudio.com 123786
3.215.59.93 - - [11/Nov/2025:10:48:20 -0300] "GET /?path=//proc/self/root/lib/tuned/balanced-battery HTTP/1.1" 200 14528 "-" "Mozilla/5.0 AppleWebKit/537.36 (KHTML, like Gecko; compatible; Amazonbot/0.1; +https://developer.amazon.com/support/amazonbot) Chrome/119.0.6045.214 Safari/537.36" maoristudio.com 154436
74.7.227.128 - - [11/Nov/2025:10:48:20 -0300] "GET /of54?fileloc=//proc/net/igmp6&path=//proc/net HTTP/1.1" 200 12351 "-" "Mozilla/5.0 AppleWebKit/537.36 (KHTML, like Gecko; compatible; GPTBot/1.3; +https://openai.com/gptbot)" maoristudio.com 142492
74.7.227.128 - - [11/Nov/2025:10:48:21 -0300] "GET /of54?fileloc=//proc/net/udp6&path=//proc/net HTTP/1.1" 403 87395 "-" "Mozilla/5.0 AppleWebKit/537.36 (KHTML, like Gecko; compatible; GPTBot/1.3; +https://openai.com/gptbot)" maoristudio.com 360151
74.7.227.128 - - [11/Nov/2025:10:48:22 -0300] "GET /of54?fileloc=//proc/net/xfrm_stat&path=//proc/net HTTP/1.1" 200 12355 "-" "Mozilla/5.0 AppleWebKit/537.36 (KHTML, like Gecko; compatible; GPTBot/1.3; +https://openai.com/gptbot)" maoristudio.com 123117
74.7.227.128 - - [11/Nov/2025:10:48:24 -0300] "GET /of54?fileloc=//proc/net/ip_mr_cache&path=//proc/net HTTP/1.1" 200 12357 "-" "Mozilla/5.0 AppleWebKit/537.36 (KHTML, like Gecko; compatible; GPTBot/1.3; +https://openai.com/gptbot)" maoristudio.com 114896
74.7.227.128 - - [11/Nov/2025:10:48:25 -0300] "GET /of54?fileloc=//proc/net/unix&path=//proc/net HTTP/1.1" 200 117372 "-" "Mozilla/5.0 AppleWebKit/537.36 (KHTML, like Gecko; compatible; GPTBot/1.3; +https://openai.com/gptbot)" maoristudio.com 363285
74.7.227.128 - - [11/Nov/2025:10:48:26 -0300] "GET /of54?fileloc=//proc/net/rt_acct&path=//proc/net HTTP/1.1" 200 12353 "-" "Mozilla/5.0 AppleWebKit/537.36 (KHTML, like Gecko; compatible; GPTBot/1.3; +https://openai.com/gptbot)" maoristudio.com 123567
74.7.227.128 - - [11/Nov/2025:10:48:27 -0300] "GET /of54?fileloc=//proc/net/ip6_mr_vif&path=//proc/net HTTP/1.1" 200 12356 "-" "Mozilla/5.0 AppleWebKit/537.36 (KHTML, like Gecko; compatible; GPTBot/1.3; +https://openai.com/gptbot)" maoristudio.com 130103
74.7.227.128 - - [11/Nov/2025:10:48:28 -0300] "GET /of54?fileloc=//proc/net/anycast6&path=//proc/net HTTP/1.1" 200 12354 "-" "Mozilla/5.0 AppleWebKit/537.36 (KHTML, like Gecko; compatible; GPTBot/1.3; +https://openai.com/gptbot)" maoristudio.com 120733
74.7.227.128 - - [11/Nov/2025:10:48:29 -0300] "GET /of54?fileloc=//proc/net/if_inet6&path=//proc/net HTTP/1.1" 200 12354 "-" "Mozilla/5.0 AppleWebKit/537.36 (KHTML, like Gecko; compatible; GPTBot/1.3; +https://openai.com/gptbot)" maoristudio.com 161164
74.7.227.128 - - [11/Nov/2025:10:48:30 -0300] "GET /of54?fileloc=//proc/net/netstat&path=//proc/net HTTP/1.1" 200 12353 "-" "Mozilla/5.0 AppleWebKit/537.36 (KHTML, like Gecko; compatible; GPTBot/1.3; +https://openai.com/gptbot)" maoristudio.com 134005
74.7.227.128 - - [11/Nov/2025:10:48:32 -0300] "GET /cup94?fileloc=//bin/ps2epsi&path=//bin HTTP/1.1" 200 13803 "-" "Mozilla/5.0 AppleWebKit/537.36 (KHTML, like Gecko; compatible; GPTBot/1.3; +https://openai.com/gptbot)" maoristudio.com 125777
74.7.227.128 - - [11/Nov/2025:10:48:33 -0300] "GET /of54?path=//proc/net/rpc HTTP/1.1" 200 12803 "-" "Mozilla/5.0 AppleWebKit/537.36 (KHTML, like Gecko; compatible; GPTBot/1.3; +https://openai.com/gptbot)" maoristudio.com 168167
74.7.227.128 - - [11/Nov/2025:10:48:34 -0300] "GET /of54?fileloc=//proc/net/ip_mr_vif&path=//proc/net HTTP/1.1" 200 12355 "-" "Mozilla/5.0 AppleWebKit/537.36 (KHTML, like Gecko; compatible; GPTBot/1.3; +https://openai.com/gptbot)" maoristudio.com 130956
74.7.227.128 - - [11/Nov/2025:10:48:35 -0300] "GET /wow41?path=//lib HTTP/1.1" 200 61010 "-" "Mozilla/5.0 AppleWebKit/537.36 (KHTML, like Gecko; compatible; GPTBot/1.3; +https://openai.com/gptbot)" maoristudio.com 345916
74.7.227.128 - - [11/Nov/2025:10:48:36 -0300] "GET /her57?path=//lib HTTP/1.1" 200 61010 "-" "Mozilla/5.0 AppleWebKit/537.36 (KHTML, like Gecko; compatible; GPTBot/1.3; +https://openai.com/gptbot)" maoristudio.com 119267
74.7.227.128 - - [11/Nov/2025:10:48:38 -0300] "GET /gay35?path=//var HTTP/1.1" 200 29459 "-" "Mozilla/5.0 AppleWebKit/537.36 (KHTML, like Gecko; compatible; GPTBot/1.3; +https://openai.com/gptbot)" maoristudio.com 166936
74.7.227.128 - - [11/Nov/2025:10:48:39 -0300] "GET /pen81?path=//run HTTP/1.1" 200 29755 "-" "Mozilla/5.0 AppleWebKit/537.36 (KHTML, like Gecko; compatible; GPTBot/1.3; +https://openai.com/gptbot)" maoristudio.com 219324
74.7.227.128 - - [11/Nov/2025:10:48:40 -0300] "GET /bug96?path=//lib HTTP/1.1" 200 61010 "-" "Mozilla/5.0 AppleWebKit/537.36 (KHTML, like Gecko; compatible; GPTBot/1.3; +https://openai.com/gptbot)" maoristudio.com 201887
74.7.227.128 - - [11/Nov/2025:10:48:41 -0300] "GET /huh22?path=//usr HTTP/1.1" 200 26927 "-" "Mozilla/5.0 AppleWebKit/537.36 (KHTML, like Gecko; compatible; GPTBot/1.3; +https://openai.com/gptbot)" maoristudio.com 171012
74.7.227.128 - - [11/Nov/2025:10:48:43 -0300] "GET /pen81?path=//tmp HTTP/1.1" 200 12727 "-" "Mozilla/5.0 AppleWebKit/537.36 (KHTML, like Gecko; compatible; GPTBot/1.3; +https://openai.com/gptbot)" maoristudio.com 158226
204.12.208.18 - - [11/Nov/2025:10:48:43 -0300] "GET /wp-includes/qq5da787/index.php HTTP/1.1" 200 6 "http://maoristudio.com/wp-includes/qq5da787/index.php" "Mozilla/4.0 (compatible; MSIE 7.0; Windows NT 5.1; SV1)" maoristudio.com 346755
74.7.227.128 - - [11/Nov/2025:10:48:44 -0300] "GET /man85?path=//var HTTP/1.1" 200 29459 "-" "Mozilla/5.0 AppleWebKit/537.36 (KHTML, like Gecko; compatible; GPTBot/1.3; +https://openai.com/gptbot)" maoristudio.com 182874
34.197.28.78 - - [11/Nov/2025:10:48:44 -0300] "GET /?path=//opt/cpanel/ea-wappspector/vendor/guzzlehttp/psr7 HTTP/1.1" 200 20746 "-" "Mozilla/5.0 AppleWebKit/537.36 (KHTML, like Gecko; compatible; Amazonbot/0.1; +https://developer.amazon.com/support/amazonbot) Chrome/119.0.6045.214 Safari/537.36" maoristudio.com 233392
74.7.227.128 - - [11/Nov/2025:10:48:45 -0300] "GET /shy59?path=//var HTTP/1.1" 200 29459 "-" "Mozilla/5.0 AppleWebKit/537.36 (KHTML, like Gecko; compatible; GPTBot/1.3; +https://openai.com/gptbot)" maoristudio.com 173419
107.189.14.208 - - [11/Nov/2025:10:48:45 -0300] "GET /wp-login.php HTTP/1.1" 200 87388 "-" "Mozilla/5.0 (Macintosh; Intel Mac OS X 10_8_5) AppleWebKit/537.77.4 (KHTML, like Gecko) Version/6.1.5 Safari/537.77.4" maoristudio.com 664527
74.7.227.128 - - [11/Nov/2025:10:48:46 -0300] "GET /dry85?path=//tmp HTTP/1.1" 200 12727 "-" "Mozilla/5.0 AppleWebKit/537.36 (KHTML, like Gecko; compatible; GPTBot/1.3; +https://openai.com/gptbot)" maoristudio.com 197678
74.7.227.128 - - [11/Nov/2025:10:48:47 -0300] "GET /huh77?path=//usr HTTP/1.1" 200 26927 "-" "Mozilla/5.0 AppleWebKit/537.36 (KHTML, like Gecko; compatible; GPTBot/1.3; +https://openai.com/gptbot)" maoristudio.com 192881
74.7.227.128 - - [11/Nov/2025:10:48:48 -0300] "GET /wow41?path=//lib/rpm HTTP/1.1" 200 41923 "-" "Mozilla/5.0 AppleWebKit/537.36 (KHTML, like Gecko; compatible; GPTBot/1.3; +https://openai.com/gptbot)" maoristudio.com 229184
74.7.227.128 - - [11/Nov/2025:10:48:50 -0300] "GET /wow41?path=//lib/dracut HTTP/1.1" 200 31239 "-" "Mozilla/5.0 AppleWebKit/537.36 (KHTML, like Gecko; compatible; GPTBot/1.3; +https://openai.com/gptbot)" maoristudio.com 188708
74.7.227.128 - - [11/Nov/2025:10:48:51 -0300] "GET /map69?path=//bin HTTP/1.1" 200 665055 "-" "Mozilla/5.0 AppleWebKit/537.36 (KHTML, like Gecko; compatible; GPTBot/1.3; +https://openai.com/gptbot)" maoristudio.com 8020983
74.7.227.128 - - [11/Nov/2025:10:49:00 -0300] "GET /gay35?path=//tmp HTTP/1.1" 200 12727 "-" "Mozilla/5.0 AppleWebKit/537.36 (KHTML, like Gecko; compatible; GPTBot/1.3; +https://openai.com/gptbot)" maoristudio.com 254006
74.7.227.128 - - [11/Nov/2025:10:49:01 -0300] "GET /air55?path=//bin HTTP/1.1" 200 665055 "-" "Mozilla/5.0 AppleWebKit/537.36 (KHTML, like Gecko; compatible; GPTBot/1.3; +https://openai.com/gptbot)" maoristudio.com 5064570
74.7.227.128 - - [11/Nov/2025:10:49:08 -0300] "GET /top59?path=//var HTTP/1.1" 200 29459 "-" "Mozilla/5.0 AppleWebKit/537.36 (KHTML, like Gecko; compatible; GPTBot/1.3; +https://openai.com/gptbot)" maoristudio.com 213486
52.203.237.170 - - [11/Nov/2025:10:49:09 -0300] "GET /?path=//usr/share/locale/ru/LC_MESSAGES HTTP/1.1" 200 146794 "-" "Mozilla/5.0 AppleWebKit/537.36 (KHTML, like Gecko; compatible; Amazonbot/0.1; +https://developer.amazon.com/support/amazonbot) Chrome/119.0.6045.214 Safari/537.36" maoristudio.com 274642
74.7.227.128 - - [11/Nov/2025:10:49:09 -0300] "GET /pen81?path=//var HTTP/1.1" 200 29459 "-" "Mozilla/5.0 AppleWebKit/537.36 (KHTML, like Gecko; compatible; GPTBot/1.3; +https://openai.com/gptbot)" maoristudio.com 126758
74.7.227.128 - - [11/Nov/2025:10:49:11 -0300] "GET /wow41?path=//opt HTTP/1.1" 200 33687 "-" "Mozilla/5.0 AppleWebKit/537.36 (KHTML, like Gecko; compatible; GPTBot/1.3; +https://openai.com/gptbot)" maoristudio.com 158139
74.7.227.128 - - [11/Nov/2025:10:49:12 -0300] "GET /fat16?path=//opt HTTP/1.1" 200 33687 "-" "Mozilla/5.0 AppleWebKit/537.36 (KHTML, like Gecko; compatible; GPTBot/1.3; +https://openai.com/gptbot)" maoristudio.com 169006
74.7.227.128 - - [11/Nov/2025:10:49:13 -0300] "GET /who88?path=//lib HTTP/1.1" 200 61010 "-" "Mozilla/5.0 AppleWebKit/537.36 (KHTML, like Gecko; compatible; GPTBot/1.3; +https://openai.com/gptbot)" maoristudio.com 253681
74.7.227.128 - - [11/Nov/2025:10:49:14 -0300] "GET /man62?path=//usr HTTP/1.1" 200 26927 "-" "Mozilla/5.0 AppleWebKit/537.36 (KHTML, like Gecko; compatible; GPTBot/1.3; +https://openai.com/gptbot)" maoristudio.com 173092
74.7.227.128 - - [11/Nov/2025:10:49:15 -0300] "GET /ask71?path=//usr HTTP/1.1" 200 26927 "-" "Mozilla/5.0 AppleWebKit/537.36 (KHTML, like Gecko; compatible; GPTBot/1.3; +https://openai.com/gptbot)" maoristudio.com 164470
74.7.227.128 - - [11/Nov/2025:10:49:17 -0300] "GET /ask71?path=//lib HTTP/1.1" 200 61010 "-" "Mozilla/5.0 AppleWebKit/537.36 (KHTML, like Gecko; compatible; GPTBot/1.3; +https://openai.com/gptbot)" maoristudio.com 371723
74.7.227.128 - - [11/Nov/2025:10:49:18 -0300] "GET /fly95?path=//lib HTTP/1.1" 200 61010 "-" "Mozilla/5.0 AppleWebKit/537.36 (KHTML, like Gecko; compatible; GPTBot/1.3; +https://openai.com/gptbot)" maoristudio.com 154533
3.227.180.70 - - [11/Nov/2025:10:49:24 -0300] "GET /?path=//usr/lib/firmware/xe HTTP/1.1" 200 24760 "-" "Mozilla/5.0 AppleWebKit/537.36 (KHTML, like Gecko; compatible; Amazonbot/0.1; +https://developer.amazon.com/support/amazonbot) Chrome/119.0.6045.214 Safari/537.36" maoristudio.com 326807
74.7.227.128 - - [11/Nov/2025:10:49:19 -0300] "GET /now78?path=//bin HTTP/1.1" 200 665055 "-" "Mozilla/5.0 AppleWebKit/537.36 (KHTML, like Gecko; compatible; GPTBot/1.3; +https://openai.com/gptbot)" maoristudio.com 6399662
74.7.227.128 - - [11/Nov/2025:10:49:27 -0300] "GET /huh77?path=//run HTTP/1.1" 200 29755 "-" "Mozilla/5.0 AppleWebKit/537.36 (KHTML, like Gecko; compatible; GPTBot/1.3; +https://openai.com/gptbot)" maoristudio.com 169154
74.7.227.128 - - [11/Nov/2025:10:49:28 -0300] "GET /shy59?path=//run HTTP/1.1" 200 29755 "-" "Mozilla/5.0 AppleWebKit/537.36 (KHTML, like Gecko; compatible; GPTBot/1.3; +https://openai.com/gptbot)" maoristudio.com 187178
74.7.227.128 - - [11/Nov/2025:10:49:29 -0300] "GET /pig76?path=//tmp HTTP/1.1" 200 12727 "-" "Mozilla/5.0 AppleWebKit/537.36 (KHTML, like Gecko; compatible; GPTBot/1.3; +https://openai.com/gptbot)" maoristudio.com 182526
74.7.227.128 - - [11/Nov/2025:10:49:30 -0300] "GET /mud45?path=//tmp HTTP/1.1" 200 12727 "-" "Mozilla/5.0 AppleWebKit/537.36 (KHTML, like Gecko; compatible; GPTBot/1.3; +https://openai.com/gptbot)" maoristudio.com 183626
74.7.227.128 - - [11/Nov/2025:10:49:31 -0300] "GET /ask71?path=//run HTTP/1.1" 200 29755 "-" "Mozilla/5.0 AppleWebKit/537.36 (KHTML, like Gecko; compatible; GPTBot/1.3; +https://openai.com/gptbot)" maoristudio.com 200035
74.7.227.128 - - [11/Nov/2025:10:49:32 -0300] "GET /ass29?path=//usr HTTP/1.1" 200 26927 "-" "Mozilla/5.0 AppleWebKit/537.36 (KHTML, like Gecko; compatible; GPTBot/1.3; +https://openai.com/gptbot)" maoristudio.com 232230
74.7.227.128 - - [11/Nov/2025:10:49:34 -0300] "GET /wet40?path=//usr HTTP/1.1" 200 26927 "-" "Mozilla/5.0 AppleWebKit/537.36 (KHTML, like Gecko; compatible; GPTBot/1.3; +https://openai.com/gptbot)" maoristudio.com 173871
74.7.227.128 - - [11/Nov/2025:10:49:35 -0300] "GET /fat11?path=//run HTTP/1.1" 200 29755 "-" "Mozilla/5.0 AppleWebKit/537.36 (KHTML, like Gecko; compatible; GPTBot/1.3; +https://openai.com/gptbot)" maoristudio.com 241908
74.7.227.128 - - [11/Nov/2025:10:49:36 -0300] "GET /bid80?path=//etc HTTP/1.1" 200 105890 "-" "Mozilla/5.0 AppleWebKit/537.36 (KHTML, like Gecko; compatible; GPTBot/1.3; +https://openai.com/gptbot)" maoristudio.com 167846
204.12.208.18 - - [11/Nov/2025:10:48:23 -0300] "GET /wp-includes/qq5da787/index.php HTTP/1.1" 200 - "http://maoristudio.com/wp-includes/qq5da787/index.php" "Mozilla/4.0 (compatible; MSIE 7.0; Windows NT 5.1)" maoristudio.com 90682235
54.166.104.83 - - [11/Nov/2025:10:50:00 -0300] "GET /?path=//proc/self/root/lib64/apache2/modules HTTP/1.1" 200 82461 "-" "Mozilla/5.0 AppleWebKit/537.36 (KHTML, like Gecko; compatible; Amazonbot/0.1; +https://developer.amazon.com/support/amazonbot) Chrome/119.0.6045.214 Safari/537.36" maoristudio.com 118680
74.7.227.128 - - [11/Nov/2025:10:49:38 -0300] "GET /now78?fileloc=//bin/strace&path=//bin HTTP/1.1" 200 2952853 "-" "Mozilla/5.0 AppleWebKit/537.36 (KHTML, like Gecko; compatible; GPTBot/1.3; +https://openai.com/gptbot)" maoristudio.com 28753403
74.7.227.128 - - [11/Nov/2025:10:50:07 -0300] "GET /now78?fileloc=//bin/bzless&path=//bin HTTP/1.1" 200 13876 "-" "Mozilla/5.0 AppleWebKit/537.36 (KHTML, like Gecko; compatible; GPTBot/1.3; +https://openai.com/gptbot)" maoristudio.com 136237
74.7.227.128 - - [11/Nov/2025:10:50:09 -0300] "GET /ear42?path=//lib HTTP/1.1" 200 61010 "-" "Mozilla/5.0 AppleWebKit/537.36 (KHTML, like Gecko; compatible; GPTBot/1.3; +https://openai.com/gptbot)" maoristudio.com 145961
74.7.227.128 - - [11/Nov/2025:10:50:10 -0300] "GET /now78?fileloc=//bin/xxd&path=//bin HTTP/1.1" 200 38675 "-" "Mozilla/5.0 AppleWebKit/537.36 (KHTML, like Gecko; compatible; GPTBot/1.3; +https://openai.com/gptbot)" maoristudio.com 163814
74.7.227.128 - - [11/Nov/2025:10:50:11 -0300] "GET /ass29?path=//usr/bin HTTP/1.1" 200 672673 "-" "Mozilla/5.0 AppleWebKit/537.36 (KHTML, like Gecko; compatible; GPTBot/1.3; +https://openai.com/gptbot)" maoristudio.com 4686195
3.224.104.67 - - [11/Nov/2025:10:50:16 -0300] "GET /?path=//usr/share/locale/zh-Hans/LC_MESSAGES HTTP/1.1" 200 12937 "-" "Mozilla/5.0 AppleWebKit/537.36 (KHTML, like Gecko; compatible; Amazonbot/0.1; +https://developer.amazon.com/support/amazonbot) Chrome/119.0.6045.214 Safari/537.36" maoristudio.com 155165
74.7.227.128 - - [11/Nov/2025:10:50:17 -0300] "GET /now78?fileloc=//bin/ps2pdf14&path=//bin HTTP/1.1" 200 12591 "-" "Mozilla/5.0 AppleWebKit/537.36 (KHTML, like Gecko; compatible; GPTBot/1.3; +https://openai.com/gptbot)" maoristudio.com 110928
74.7.227.128 - - [11/Nov/2025:10:50:18 -0300] "GET /dot93?path=//var HTTP/1.1" 200 29459 "-" "Mozilla/5.0 AppleWebKit/537.36 (KHTML, like Gecko; compatible; GPTBot/1.3; +https://openai.com/gptbot)" maoristudio.com 147520
74.7.227.128 - - [11/Nov/2025:10:50:19 -0300] "GET /air55?path=//var HTTP/1.1" 200 29459 "-" "Mozilla/5.0 AppleWebKit/537.36 (KHTML, like Gecko; compatible; GPTBot/1.3; +https://openai.com/gptbot)" maoristudio.com 191484
3.212.205.90 - - [11/Nov/2025:10:50:24 -0300] "GET /?path=//opt/cpanel/ea-php81/root/usr/share HTTP/1.1" 200 54570 "-" "Mozilla/5.0 AppleWebKit/537.36 (KHTML, like Gecko; compatible; Amazonbot/0.1; +https://developer.amazon.com/support/amazonbot) Chrome/119.0.6045.214 Safari/537.36" maoristudio.com 129183
204.12.252.98 - - [11/Nov/2025:10:50:25 -0300] "GET /wp-content/ade7e187/edit.php HTTP/1.1" 200 6 "http://maoristudio.com/wp-content/ade7e187/edit.php" "Mozilla/5.0 (Windows NT 10.0; Win64; x64) AppleWebKit/537.36 (KHTML, like Gecko) Chrome/58.0.3029.110 Safari/537.3" maoristudio.com 364385
74.7.227.128 - - [11/Nov/2025:10:50:20 -0300] "GET /huh77?path=//bin HTTP/1.1" 200 665055 "-" "Mozilla/5.0 AppleWebKit/537.36 (KHTML, like Gecko; compatible; GPTBot/1.3; +https://openai.com/gptbot)" maoristudio.com 5894628
74.7.227.128 - - [11/Nov/2025:10:50:27 -0300] "GET /cup84?path=//var HTTP/1.1" 200 29459 "-" "Mozilla/5.0 AppleWebKit/537.36 (KHTML, like Gecko; compatible; GPTBot/1.3; +https://openai.com/gptbot)" maoristudio.com 264460
3.235.215.92 - - [11/Nov/2025:10:50:28 -0300] "GET /?path=//home/maoristu4c3dbd03/public_html/blogs/media/media HTTP/1.1" 200 19318 "-" "Mozilla/5.0 AppleWebKit/537.36 (KHTML, like Gecko; compatible; Amazonbot/0.1; +https://developer.amazon.com/support/amazonbot) Chrome/119.0.6045.214 Safari/537.36" maoristudio.com 442019
74.7.227.128 - - [11/Nov/2025:10:50:28 -0300] "GET /bit12?path=//opt HTTP/1.1" 200 33687 "-" "Mozilla/5.0 AppleWebKit/537.36 (KHTML, like Gecko; compatible; GPTBot/1.3; +https://openai.com/gptbot)" maoristudio.com 209806
74.7.227.128 - - [11/Nov/2025:10:50:30 -0300] "GET /bow76?path=//var HTTP/1.1" 200 29459 "-" "Mozilla/5.0 AppleWebKit/537.36 (KHTML, like Gecko; compatible; GPTBot/1.3; +https://openai.com/gptbot)" maoristudio.com 240137
74.7.227.128 - - [11/Nov/2025:10:50:31 -0300] "GET /bow76?path=//lib HTTP/1.1" 200 61010 "-" "Mozilla/5.0 AppleWebKit/537.36 (KHTML, like Gecko; compatible; GPTBot/1.3; +https://openai.com/gptbot)" maoristudio.com 206368
74.7.227.128 - - [11/Nov/2025:10:50:32 -0300] "GET /ask71?path=//opt HTTP/1.1" 200 33687 "-" "Mozilla/5.0 AppleWebKit/537.36 (KHTML, like Gecko; compatible; GPTBot/1.3; +https://openai.com/gptbot)" maoristudio.com 149076
74.7.227.128 - - [11/Nov/2025:10:50:33 -0300] "GET /ass29?fileloc=//usr/bin/tic&path=//usr/bin HTTP/1.1" 200 141471 "-" "Mozilla/5.0 AppleWebKit/537.36 (KHTML, like Gecko; compatible; GPTBot/1.3; +https://openai.com/gptbot)" maoristudio.com 219316
74.7.227.128 - - [11/Nov/2025:10:50:36 -0300] "GET /pig76?path=//etc HTTP/1.1" 200 105890 "-" "Mozilla/5.0 AppleWebKit/537.36 (KHTML, like Gecko; compatible; GPTBot/1.3; +https://openai.com/gptbot)" maoristudio.com 207755
74.7.227.128 - - [11/Nov/2025:10:50:38 -0300] "GET /ass29?fileloc=//usr/bin/ionice&path=//usr/bin HTTP/1.1" 200 32760 "-" "Mozilla/5.0 AppleWebKit/537.36 (KHTML, like Gecko; compatible; GPTBot/1.3; +https://openai.com/gptbot)" maoristudio.com 263888
74.7.227.128 - - [11/Nov/2025:10:50:39 -0300] "GET /huh77?fileloc=//bin/gs&path=//bin HTTP/1.1" 200 29690 "-" "Mozilla/5.0 AppleWebKit/537.36 (KHTML, like Gecko; compatible; GPTBot/1.3; +https://openai.com/gptbot)" maoristudio.com 218182
17.241.75.181 - - [11/Nov/2025:10:50:39 -0300] "GET /robots.txt HTTP/1.1" 200 369 "-" "Mozilla/5.0 (Macintosh; Intel Mac OS X 10_15_7) AppleWebKit/605.1.15 (KHTML, like Gecko) Version/17.4 Safari/605.1.15 (Applebot/0.1; +http://www.apple.com/go/applebot)" maoristudio.com 1797
17.241.75.181 - - [11/Nov/2025:10:50:40 -0300] "GET /?path=//dev HTTP/1.1" 200 18041 "-" "Mozilla/5.0 (Macintosh; Intel Mac OS X 10_15_7) AppleWebKit/605.1.15 (KHTML, like Gecko) Version/17.4 Safari/605.1.15 (Applebot/0.1; +http://www.apple.com/go/applebot)" maoristudio.com 261061
74.7.227.128 - - [11/Nov/2025:10:50:40 -0300] "GET /lay28?path=//etc HTTP/1.1" 200 105890 "-" "Mozilla/5.0 AppleWebKit/537.36 (KHTML, like Gecko; compatible; GPTBot/1.3; +https://openai.com/gptbot)" maoristudio.com 233888
74.7.227.128 - - [11/Nov/2025:10:50:42 -0300] "GET /art43?path=//bin HTTP/1.1" 200 665055 "-" "Mozilla/5.0 AppleWebKit/537.36 (KHTML, like Gecko; compatible; GPTBot/1.3; +https://openai.com/gptbot)" maoristudio.com 6980809
74.7.227.128 - - [11/Nov/2025:10:50:50 -0300] "GET /buy99?path=//lib HTTP/1.1" 200 61010 "-" "Mozilla/5.0 AppleWebKit/537.36 (KHTML, like Gecko; compatible; GPTBot/1.3; +https://openai.com/gptbot)" maoristudio.com 204365
74.7.227.128 - - [11/Nov/2025:10:50:51 -0300] "GET /dot93?path=//run HTTP/1.1" 200 29755 "-" "Mozilla/5.0 AppleWebKit/537.36 (KHTML, like Gecko; compatible; GPTBot/1.3; +https://openai.com/gptbot)" maoristudio.com 349154
35.169.119.108 - - [11/Nov/2025:10:50:52 -0300] "GET /?path=//proc/self/cwd/wp-includes/blocks/list HTTP/1.1" 200 20711 "-" "Mozilla/5.0 AppleWebKit/537.36 (KHTML, like Gecko; compatible; Amazonbot/0.1; +https://developer.amazon.com/support/amazonbot) Chrome/119.0.6045.214 Safari/537.36" maoristudio.com 282957
74.7.227.128 - - [11/Nov/2025:10:50:53 -0300] "GET /wet40?path=//var HTTP/1.1" 200 29459 "-" "Mozilla/5.0 AppleWebKit/537.36 (KHTML, like Gecko; compatible; GPTBot/1.3; +https://openai.com/gptbot)" maoristudio.com 230881
52.70.138.176 - - [11/Nov/2025:10:50:56 -0300] "GET /?path=//proc/thread-self/root/lib/dracut/modules.d HTTP/1.1" 200 172109 "-" "Mozilla/5.0 AppleWebKit/537.36 (KHTML, like Gecko; compatible; Amazonbot/0.1; +https://developer.amazon.com/support/amazonbot) Chrome/119.0.6045.214 Safari/537.36" maoristudio.com 350989
74.7.227.128 - - [11/Nov/2025:10:50:54 -0300] "GET /shy59?path=//bin HTTP/1.1" 200 665055 "-" "Mozilla/5.0 AppleWebKit/537.36 (KHTML, like Gecko; compatible; GPTBot/1.3; +https://openai.com/gptbot)" maoristudio.com 5970770
74.7.227.128 - - [11/Nov/2025:10:51:01 -0300] "GET /buy99?path=//lib/systemd HTTP/1.1" 200 102955 "-" "Mozilla/5.0 AppleWebKit/537.36 (KHTML, like Gecko; compatible; GPTBot/1.3; +https://openai.com/gptbot)" maoristudio.com 218287
74.7.227.128 - - [11/Nov/2025:10:51:03 -0300] "GET /dig39?path=//opt HTTP/1.1" 200 33687 "-" "Mozilla/5.0 AppleWebKit/537.36 (KHTML, like Gecko; compatible; GPTBot/1.3; +https://openai.com/gptbot)" maoristudio.com 258953
74.7.227.128 - - [11/Nov/2025:10:51:04 -0300] "GET /ban29?path=//lib HTTP/1.1" 200 61010 "-" "Mozilla/5.0 AppleWebKit/537.36 (KHTML, like Gecko; compatible; GPTBot/1.3; +https://openai.com/gptbot)" maoristudio.com 265693
98.82.66.172 - - [11/Nov/2025:10:51:04 -0300] "GET /?path=//proc/self/root/usr/lib64/girepository-1.0 HTTP/1.1" 200 80700 "-" "Mozilla/5.0 AppleWebKit/537.36 (KHTML, like Gecko; compatible; Amazonbot/0.1; +https://developer.amazon.com/support/amazonbot) Chrome/119.0.6045.214 Safari/537.36" maoristudio.com 274109
74.7.227.128 - - [11/Nov/2025:10:51:05 -0300] "GET /its15?path=//bin HTTP/1.1" 200 665055 "-" "Mozilla/5.0 AppleWebKit/537.36 (KHTML, like Gecko; compatible; GPTBot/1.3; +https://openai.com/gptbot)" maoristudio.com 9172878
74.7.227.128 - - [11/Nov/2025:10:51:16 -0300] "GET /art43?fileloc=//bin/hunspell&path=//bin HTTP/1.1" 200 170293 "-" "Mozilla/5.0 AppleWebKit/537.36 (KHTML, like Gecko; compatible; GPTBot/1.3; +https://openai.com/gptbot)" maoristudio.com 216869
74.7.227.128 - - [11/Nov/2025:10:51:18 -0300] "GET /who94?path=//usr HTTP/1.1" 200 26927 "-" "Mozilla/5.0 AppleWebKit/537.36 (KHTML, like Gecko; compatible; GPTBot/1.3; +https://openai.com/gptbot)" maoristudio.com 229737
74.7.227.128 - - [11/Nov/2025:10:51:19 -0300] "GET /boy41?path=//lib HTTP/1.1" 200 61010 "-" "Mozilla/5.0 AppleWebKit/537.36 (KHTML, like Gecko; compatible; GPTBot/1.3; +https://openai.com/gptbot)" maoristudio.com 272826
74.7.227.128 - - [11/Nov/2025:10:51:20 -0300] "GET /its15?fileloc=//bin/ruby&path=//bin HTTP/1.1" 200 29632 "-" "Mozilla/5.0 AppleWebKit/537.36 (KHTML, like Gecko; compatible; GPTBot/1.3; +https://openai.com/gptbot)" maoristudio.com 254575
74.7.227.128 - - [11/Nov/2025:10:51:21 -0300] "GET /per95?path=//usr HTTP/1.1" 200 26927 "-" "Mozilla/5.0 AppleWebKit/537.36 (KHTML, like Gecko; compatible; GPTBot/1.3; +https://openai.com/gptbot)" maoristudio.com 284175
74.7.227.128 - - [11/Nov/2025:10:51:22 -0300] "GET /pig76?path=//run HTTP/1.1" 200 29755 "-" "Mozilla/5.0 AppleWebKit/537.36 (KHTML, like Gecko; compatible; GPTBot/1.3; +https://openai.com/gptbot)" maoristudio.com 263637
74.7.227.128 - - [11/Nov/2025:10:51:24 -0300] "GET /ban29?path=//lib/binfmt.d HTTP/1.1" 200 12771 "-" "Mozilla/5.0 AppleWebKit/537.36 (KHTML, like Gecko; compatible; GPTBot/1.3; +https://openai.com/gptbot)" maoristudio.com 297791
44.207.207.36 - - [11/Nov/2025:10:51:24 -0300] "GET /?path=//opt/cloudlinux/alt-php81/root/usr/share HTTP/1.1" 200 22761 "-" "Mozilla/5.0 AppleWebKit/537.36 (KHTML, like Gecko; compatible; Amazonbot/0.1; +https://developer.amazon.com/support/amazonbot) Chrome/119.0.6045.214 Safari/537.36" maoristudio.com 279823
74.7.227.128 - - [11/Nov/2025:10:51:25 -0300] "GET /its15?fileloc=//bin/bzcat&path=//bin HTTP/1.1" 200 66476 "-" "Mozilla/5.0 AppleWebKit/537.36 (KHTML, like Gecko; compatible; GPTBot/1.3; +https://openai.com/gptbot)" maoristudio.com 206910
173.208.176.202 - - [11/Nov/2025:10:49:57 -0300] "GET /wp-includes/qq5da787/index.php?id=775696 HTTP/1.1" 200 - "http://maoristudio.com/wp-includes/qq5da787/index.php?id=775696" "Mozilla/5.0 (Windows NT 10.0; Win64; x64) AppleWebKit/537.36 (KHTML, like Gecko) Chrome/58.0.3029.110 Safari/537.3" maoristudio.com 87829997
74.7.227.128 - - [11/Nov/2025:10:51:26 -0300] "GET /dot93?path=//bin HTTP/1.1" 200 665055 "-" "Mozilla/5.0 AppleWebKit/537.36 (KHTML, like Gecko; compatible; GPTBot/1.3; +https://openai.com/gptbot)" maoristudio.com 4327687
74.7.227.128 - - [11/Nov/2025:10:51:31 -0300] "GET /fly95?path=//var HTTP/1.1" 200 29459 "-" "Mozilla/5.0 AppleWebKit/537.36 (KHTML, like Gecko; compatible; GPTBot/1.3; +https://openai.com/gptbot)" maoristudio.com 234947
74.7.227.128 - - [11/Nov/2025:10:51:32 -0300] "GET /its15?fileloc=//bin/enc2xs&path=//bin HTTP/1.1" 200 57991 "-" "Mozilla/5.0 AppleWebKit/537.36 (KHTML, like Gecko; compatible; GPTBot/1.3; +https://openai.com/gptbot)" maoristudio.com 218472
74.7.227.128 - - [11/Nov/2025:10:51:33 -0300] "GET /per95?path=//var HTTP/1.1" 200 29459 "-" "Mozilla/5.0 AppleWebKit/537.36 (KHTML, like Gecko; compatible; GPTBot/1.3; +https://openai.com/gptbot)" maoristudio.com 195746
74.7.227.128 - - [11/Nov/2025:10:51:35 -0300] "GET /bat78?path=//etc HTTP/1.1" 200 105890 "-" "Mozilla/5.0 AppleWebKit/537.36 (KHTML, like Gecko; compatible; GPTBot/1.3; +https://openai.com/gptbot)" maoristudio.com 176875
74.7.227.128 - - [11/Nov/2025:10:51:36 -0300] "GET /bit78?path=//tmp HTTP/1.1" 200 12727 "-" "Mozilla/5.0 AppleWebKit/537.36 (KHTML, like Gecko; compatible; GPTBot/1.3; +https://openai.com/gptbot)" maoristudio.com 239566
74.7.227.128 - - [11/Nov/2025:10:51:37 -0300] "GET /huh77?fileloc=//bin/geoiplookup6&path=//bin HTTP/1.1" 200 31314 "-" "Mozilla/5.0 AppleWebKit/537.36 (KHTML, like Gecko; compatible; GPTBot/1.3; +https://openai.com/gptbot)" maoristudio.com 332929
74.7.227.128 - - [11/Nov/2025:10:51:38 -0300] "GET /fix40?path=//etc HTTP/1.1" 200 105890 "-" "Mozilla/5.0 AppleWebKit/537.36 (KHTML, like Gecko; compatible; GPTBot/1.3; +https://openai.com/gptbot)" maoristudio.com 208503
74.7.227.128 - - [11/Nov/2025:10:51:39 -0300] "GET /now78?path=//opt HTTP/1.1" 200 33687 "-" "Mozilla/5.0 AppleWebKit/537.36 (KHTML, like Gecko; compatible; GPTBot/1.3; +https://openai.com/gptbot)" maoristudio.com 176738
74.7.227.128 - - [11/Nov/2025:10:51:40 -0300] "GET /dot93?fileloc=//bin/sum&path=//bin HTTP/1.1" 200 61140 "-" "Mozilla/5.0 AppleWebKit/537.36 (KHTML, like Gecko; compatible; GPTBot/1.3; +https://openai.com/gptbot)" maoristudio.com 236793
74.7.227.128 - - [11/Nov/2025:10:51:42 -0300] "GET /dot93?fileloc=//bin/grep&path=//bin HTTP/1.1" 200 257137 "-" "Mozilla/5.0 AppleWebKit/537.36 (KHTML, like Gecko; compatible; GPTBot/1.3; +https://openai.com/gptbot)" maoristudio.com 987728
74.7.227.128 - - [11/Nov/2025:10:51:44 -0300] "GET /dot93?fileloc=//bin/zcmp&path=//bin HTTP/1.1" 200 14102 "-" "Mozilla/5.0 AppleWebKit/537.36 (KHTML, like Gecko; compatible; GPTBot/1.3; +https://openai.com/gptbot)" maoristudio.com 256882
74.7.227.128 - - [11/Nov/2025:10:51:45 -0300] "GET /dot93?fileloc=//bin/diff3&path=//bin HTTP/1.1" 200 90367 "-" "Mozilla/5.0 AppleWebKit/537.36 (KHTML, like Gecko; compatible; GPTBot/1.3; +https://openai.com/gptbot)" maoristudio.com 222880
74.7.227.128 - - [11/Nov/2025:10:51:46 -0300] "GET /dot93?fileloc=//bin/prezip&path=//bin HTTP/1.1" 200 18800 "-" "Mozilla/5.0 AppleWebKit/537.36 (KHTML, like Gecko; compatible; GPTBot/1.3; +https://openai.com/gptbot)" maoristudio.com 228870
74.7.227.128 - - [11/Nov/2025:10:51:47 -0300] "GET /dot93?fileloc=//bin/crontab.cagefs&path=//bin HTTP/1.1" 200 68920 "-" "Mozilla/5.0 AppleWebKit/537.36 (KHTML, like Gecko; compatible; GPTBot/1.3; +https://openai.com/gptbot)" maoristudio.com 218096
18.215.112.101 - - [11/Nov/2025:10:51:48 -0300] "GET /?path=//proc/sys/net/ipv6/neigh/eth0 HTTP/1.1" 200 36984 "-" "Mozilla/5.0 AppleWebKit/537.36 (KHTML, like Gecko; compatible; Amazonbot/0.1; +https://developer.amazon.com/support/amazonbot) Chrome/119.0.6045.214 Safari/537.36" maoristudio.com 267683
74.7.227.128 - - [11/Nov/2025:10:51:48 -0300] "GET /fat16?path=//usr HTTP/1.1" 200 26927 "-" "Mozilla/5.0 AppleWebKit/537.36 (KHTML, like Gecko; compatible; GPTBot/1.3; +https://openai.com/gptbot)" maoristudio.com 188084
74.7.227.128 - - [11/Nov/2025:10:51:50 -0300] "GET /law21?path=//run HTTP/1.1" 200 29755 "-" "Mozilla/5.0 AppleWebKit/537.36 (KHTML, like Gecko; compatible; GPTBot/1.3; +https://openai.com/gptbot)" maoristudio.com 142945
74.7.227.128 - - [11/Nov/2025:10:51:51 -0300] "GET /huh22?path=//run HTTP/1.1" 200 29755 "-" "Mozilla/5.0 AppleWebKit/537.36 (KHTML, like Gecko; compatible; GPTBot/1.3; +https://openai.com/gptbot)" maoristudio.com 147689
74.7.227.128 - - [11/Nov/2025:10:51:52 -0300] "GET /to82?path=//sbin HTTP/1.1" 200 61855 "-" "Mozilla/5.0 AppleWebKit/537.36 (KHTML, like Gecko; compatible; GPTBot/1.3; +https://openai.com/gptbot)" maoristudio.com 154820
74.7.227.128 - - [11/Nov/2025:10:51:53 -0300] "GET /buy99?path=//etc HTTP/1.1" 200 105890 "-" "Mozilla/5.0 AppleWebKit/537.36 (KHTML, like Gecko; compatible; GPTBot/1.3; +https://openai.com/gptbot)" maoristudio.com 270184
74.7.227.128 - - [11/Nov/2025:10:51:54 -0300] "GET /lay28?path=//usr HTTP/1.1" 200 26927 "-" "Mozilla/5.0 AppleWebKit/537.36 (KHTML, like Gecko; compatible; GPTBot/1.3; +https://openai.com/gptbot)" maoristudio.com 119674
74.7.227.128 - - [11/Nov/2025:10:51:55 -0300] "GET /per95?path=//tmp HTTP/1.1" 200 12727 "-" "Mozilla/5.0 AppleWebKit/537.36 (KHTML, like Gecko; compatible; GPTBot/1.3; +https://openai.com/gptbot)" maoristudio.com 143883
74.7.227.128 - - [11/Nov/2025:10:51:57 -0300] "GET /fat16?path=//tmp HTTP/1.1" 200 12727 "-" "Mozilla/5.0 AppleWebKit/537.36 (KHTML, like Gecko; compatible; GPTBot/1.3; +https://openai.com/gptbot)" maoristudio.com 163956
74.7.227.128 - - [11/Nov/2025:10:51:58 -0300] "GET /off97?path=//bin HTTP/1.1" 200 665055 "-" "Mozilla/5.0 AppleWebKit/537.36 (KHTML, like Gecko; compatible; GPTBot/1.3; +https://openai.com/gptbot)" maoristudio.com 7750781
204.12.252.98 - - [11/Nov/2025:10:50:23 -0300] "GET /wp-content/ade7e187/edit.php HTTP/1.1" 200 - "http://maoristudio.com/wp-content/ade7e187/edit.php" "Mozilla/5.0 (Windows NT 10.0; Win64; x64) AppleWebKit/537.36 (KHTML, like Gecko) Chrome/58.0.3029.110 Safari/537.3" maoristudio.com 102986909
74.7.227.128 - - [11/Nov/2025:10:52:07 -0300] "GET /fat16?path=//bin HTTP/1.1" 200 665055 "-" "Mozilla/5.0 AppleWebKit/537.36 (KHTML, like Gecko; compatible; GPTBot/1.3; +https://openai.com/gptbot)" maoristudio.com 5836883
74.7.227.128 - - [11/Nov/2025:10:52:14 -0300] "GET /law21?path=//run/motd.d HTTP/1.1" 200 12767 "-" "Mozilla/5.0 AppleWebKit/537.36 (KHTML, like Gecko; compatible; GPTBot/1.3; +https://openai.com/gptbot)" maoristudio.com 256733
74.7.227.128 - - [11/Nov/2025:10:52:15 -0300] "GET /map69?path=//opt HTTP/1.1" 200 33687 "-" "Mozilla/5.0 AppleWebKit/537.36 (KHTML, like Gecko; compatible; GPTBot/1.3; +https://openai.com/gptbot)" maoristudio.com 290267
74.7.227.128 - - [11/Nov/2025:10:52:16 -0300] "GET /lay28?path=//bin HTTP/1.1" 200 665055 "-" "Mozilla/5.0 AppleWebKit/537.36 (KHTML, like Gecko; compatible; GPTBot/1.3; +https://openai.com/gptbot)" maoristudio.com 4362588
74.7.227.128 - - [11/Nov/2025:10:52:22 -0300] "GET /buy99?fileloc=//etc/senderverifybypasshosts&path=//etc HTTP/1.1" 200 12327 "-" "Mozilla/5.0 AppleWebKit/537.36 (KHTML, like Gecko; compatible; GPTBot/1.3; +https://openai.com/gptbot)" maoristudio.com 313410
74.7.227.128 - - [11/Nov/2025:10:52:23 -0300] "GET /to82?fileloc=//sbin/unix_chkpwd&path=//sbin HTTP/1.1" 200 46217 "-" "Mozilla/5.0 AppleWebKit/537.36 (KHTML, like Gecko; compatible; GPTBot/1.3; +https://openai.com/gptbot)" maoristudio.com 264496
74.7.227.128 - - [11/Nov/2025:10:52:24 -0300] "GET /go34?path=//proc HTTP/1.1" 200 102372 "-" "Mozilla/5.0 AppleWebKit/537.36 (KHTML, like Gecko; compatible; GPTBot/1.3; +https://openai.com/gptbot)" maoristudio.com 237806
74.7.227.128 - - [11/Nov/2025:10:52:26 -0300] "GET /bug96?path=//var HTTP/1.1" 200 29459 "-" "Mozilla/5.0 AppleWebKit/537.36 (KHTML, like Gecko; compatible; GPTBot/1.3; +https://openai.com/gptbot)" maoristudio.com 176657
74.7.227.128 - - [11/Nov/2025:10:52:27 -0300] "GET /off97?fileloc=//bin/vi&path=//bin HTTP/1.1" 200 13080 "-" "Mozilla/5.0 AppleWebKit/537.36 (KHTML, like Gecko; compatible; GPTBot/1.3; +https://openai.com/gptbot)" maoristudio.com 180935
74.7.227.128 - - [11/Nov/2025:10:52:28 -0300] "GET /map69?path=//lib HTTP/1.1" 200 61010 "-" "Mozilla/5.0 AppleWebKit/537.36 (KHTML, like Gecko; compatible; GPTBot/1.3; +https://openai.com/gptbot)" maoristudio.com 257381
74.7.227.128 - - [11/Nov/2025:10:52:29 -0300] "GET /fat16?fileloc=//bin/vi&path=//bin HTTP/1.1" 200 13080 "-" "Mozilla/5.0 AppleWebKit/537.36 (KHTML, like Gecko; compatible; GPTBot/1.3; +https://openai.com/gptbot)" maoristudio.com 237757
74.7.227.128 - - [11/Nov/2025:10:52:30 -0300] "GET /off97?fileloc=//bin/captoinfo&path=//bin HTTP/1.1" 200 141439 "-" "Mozilla/5.0 AppleWebKit/537.36 (KHTML, like Gecko; compatible; GPTBot/1.3; +https://openai.com/gptbot)" maoristudio.com 842379
74.7.227.128 - - [11/Nov/2025:10:52:32 -0300] "GET /who88?path=//tmp HTTP/1.1" 200 12727 "-" "Mozilla/5.0 AppleWebKit/537.36 (KHTML, like Gecko; compatible; GPTBot/1.3; +https://openai.com/gptbot)" maoristudio.com 331896
74.7.227.128 - - [11/Nov/2025:10:52:33 -0300] "GET /fat16?fileloc=//bin/flock&path=//bin HTTP/1.1" 200 42325 "-" "Mozilla/5.0 AppleWebKit/537.36 (KHTML, like Gecko; compatible; GPTBot/1.3; +https://openai.com/gptbot)" maoristudio.com 306832
74.7.227.128 - - [11/Nov/2025:10:52:34 -0300] "GET /go34?path=//proc/net HTTP/1.1" 200 85336 "-" "Mozilla/5.0 AppleWebKit/537.36 (KHTML, like Gecko; compatible; GPTBot/1.3; +https://openai.com/gptbot)" maoristudio.com 449450
74.7.227.128 - - [11/Nov/2025:10:52:36 -0300] "GET /hit25?path=//opt HTTP/1.1" 200 33687 "-" "Mozilla/5.0 AppleWebKit/537.36 (KHTML, like Gecko; compatible; GPTBot/1.3; +https://openai.com/gptbot)" maoristudio.com 289834
18.214.124.6 - - [11/Nov/2025:10:52:36 -0300] "GET /?path=//proc/thread-self/root/lib/.build-id/07 HTTP/1.1" 200 45867 "-" "Mozilla/5.0 AppleWebKit/537.36 (KHTML, like Gecko; compatible; Amazonbot/0.1; +https://developer.amazon.com/support/amazonbot) Chrome/119.0.6045.214 Safari/537.36" maoristudio.com 275133
74.7.227.128 - - [11/Nov/2025:10:52:37 -0300] "GET /lay28?fileloc=//bin/touch&path=//bin HTTP/1.1" 200 156641 "-" "Mozilla/5.0 AppleWebKit/537.36 (KHTML, like Gecko; compatible; GPTBot/1.3; +https://openai.com/gptbot)" maoristudio.com 273514
74.7.227.128 - - [11/Nov/2025:10:52:39 -0300] "GET /lay28?fileloc=//bin/tclsh8.6&path=//bin HTTP/1.1" 200 29952 "-" "Mozilla/5.0 AppleWebKit/537.36 (KHTML, like Gecko; compatible; GPTBot/1.3; +https://openai.com/gptbot)" maoristudio.com 223187
98.82.214.73 - - [11/Nov/2025:10:52:40 -0300] "GET /?path=//proc/self/root/usr/lib64/clang HTTP/1.1" 200 14342 "-" "Mozilla/5.0 AppleWebKit/537.36 (KHTML, like Gecko; compatible; Amazonbot/0.1; +https://developer.amazon.com/support/amazonbot) Chrome/119.0.6045.214 Safari/537.36" maoristudio.com 198681
74.7.227.128 - - [11/Nov/2025:10:52:40 -0300] "GET /pig42?path=//tmp HTTP/1.1" 200 12727 "-" "Mozilla/5.0 AppleWebKit/537.36 (KHTML, like Gecko; compatible; GPTBot/1.3; +https://openai.com/gptbot)" maoristudio.com 225177
74.7.227.128 - - [11/Nov/2025:10:52:42 -0300] "GET /ear42?path=//bin HTTP/1.1" 200 665055 "-" "Mozilla/5.0 AppleWebKit/537.36 (KHTML, like Gecko; compatible; GPTBot/1.3; +https://openai.com/gptbot)" maoristudio.com 5554055
74.7.227.128 - - [11/Nov/2025:10:52:49 -0300] "GET /mud45?path=//var HTTP/1.1" 200 29459 "-" "Mozilla/5.0 AppleWebKit/537.36 (KHTML, like Gecko; compatible; GPTBot/1.3; +https://openai.com/gptbot)" maoristudio.com 246890
34.225.243.131 - - [11/Nov/2025:10:52:52 -0300] "GET /?path=//opt/cpanel/ea-libxml2/include/libxml2/libxml HTTP/1.1" 200 84488 "-" "Mozilla/5.0 AppleWebKit/537.36 (KHTML, like Gecko; compatible; Amazonbot/0.1; +https://developer.amazon.com/support/amazonbot) Chrome/119.0.6045.214 Safari/537.36" maoristudio.com 167346
173.208.176.202 - - [11/Nov/2025:10:51:27 -0300] "GET /wp-includes/qq5da787/index.php?id=775696 HTTP/1.1" 200 - "http://maoristudio.com/wp-includes/qq5da787/index.php?id=775696" "Mozilla/5.0 (Windows NT 10.0; Win64; x64) AppleWebKit/537.36 (KHTML, like Gecko) Chrome/58.0.3029.110 Safari/537.3" maoristudio.com 86831479
74.7.227.128 - - [11/Nov/2025:10:52:50 -0300] "GET /who88?path=//bin HTTP/1.1" 200 665055 "-" "Mozilla/5.0 AppleWebKit/537.36 (KHTML, like Gecko; compatible; GPTBot/1.3; +https://openai.com/gptbot)" maoristudio.com 4815254
74.7.227.128 - - [11/Nov/2025:10:52:56 -0300] "GET /per95?path=//run HTTP/1.1" 200 29755 "-" "Mozilla/5.0 AppleWebKit/537.36 (KHTML, like Gecko; compatible; GPTBot/1.3; +https://openai.com/gptbot)" maoristudio.com 157086
74.7.227.128 - - [11/Nov/2025:10:52:57 -0300] "GET /go34?fileloc=//proc/net/nf_conntrack_expect&path=//proc/net HTTP/1.1" 200 12365 "-" "Mozilla/5.0 AppleWebKit/537.36 (KHTML, like Gecko; compatible; GPTBot/1.3; +https://openai.com/gptbot)" maoristudio.com 189371
74.7.227.128 - - [11/Nov/2025:10:52:58 -0300] "GET /go34?fileloc=//proc/net/dev&path=//proc/net HTTP/1.1" 200 12950 "-" "Mozilla/5.0 AppleWebKit/537.36 (KHTML, like Gecko; compatible; GPTBot/1.3; +https://openai.com/gptbot)" maoristudio.com 150654
74.7.227.128 - - [11/Nov/2025:10:52:59 -0300] "GET /go34?fileloc=//proc/net/ip6_flowlabel&path=//proc/net HTTP/1.1" 200 12359 "-" "Mozilla/5.0 AppleWebKit/537.36 (KHTML, like Gecko; compatible; GPTBot/1.3; +https://openai.com/gptbot)" maoristudio.com 208400
3.216.86.144 - - [11/Nov/2025:10:53:04 -0300] "GET /?path=//usr/share/locale/th/LC_MESSAGES HTTP/1.1" 200 53610 "-" "Mozilla/5.0 AppleWebKit/537.36 (KHTML, like Gecko; compatible; Amazonbot/0.1; +https://developer.amazon.com/support/amazonbot) Chrome/119.0.6045.214 Safari/537.36" maoristudio.com 243808
100.24.149.244 - - [11/Nov/2025:10:53:08 -0300] "GET /?path=//opt/cpanel/ea-php81/root/usr/tmp HTTP/1.1" 200 14371 "-" "Mozilla/5.0 AppleWebKit/537.36 (KHTML, like Gecko; compatible; Amazonbot/0.1; +https://developer.amazon.com/support/amazonbot) Chrome/119.0.6045.214 Safari/537.36" maoristudio.com 253787
74.7.227.128 - - [11/Nov/2025:10:53:00 -0300] "GET /bow76?path=//bin HTTP/1.1" 200 665055 "-" "Mozilla/5.0 AppleWebKit/537.36 (KHTML, like Gecko; compatible; GPTBot/1.3; +https://openai.com/gptbot)" maoristudio.com 8887615
74.7.227.128 - - [11/Nov/2025:10:53:11 -0300] "GET /go34?fileloc=//proc/net/protocols&path=//proc/net HTTP/1.1" 200 12355 "-" "Mozilla/5.0 AppleWebKit/537.36 (KHTML, like Gecko; compatible; GPTBot/1.3; +https://openai.com/gptbot)" maoristudio.com 227068
52.204.89.12 - - [11/Nov/2025:10:53:12 -0300] "GET /?path=//usr/share/locale/srr/LC_MESSAGES HTTP/1.1" 200 12925 "-" "Mozilla/5.0 AppleWebKit/537.36 (KHTML, like Gecko; compatible; Amazonbot/0.1; +https://developer.amazon.com/support/amazonbot) Chrome/119.0.6045.214 Safari/537.36" maoristudio.com 282583
74.7.227.128 - - [11/Nov/2025:10:53:12 -0300] "GET /who88?fileloc=//bin/sdiff&path=//bin HTTP/1.1" 200 74030 "-" "Mozilla/5.0 AppleWebKit/537.36 (KHTML, like Gecko; compatible; GPTBot/1.3; +https://openai.com/gptbot)" maoristudio.com 273393
74.7.227.128 - - [11/Nov/2025:10:53:13 -0300] "GET /go34?fileloc=//proc/net/sockstat6&path=//proc/net HTTP/1.1" 200 12355 "-" "Mozilla/5.0 AppleWebKit/537.36 (KHTML, like Gecko; compatible; GPTBot/1.3; +https://openai.com/gptbot)" maoristudio.com 274072
74.7.227.128 - - [11/Nov/2025:10:53:14 -0300] "GET /go34?fileloc=//proc/net/connector&path=//proc/net HTTP/1.1" 200 12355 "-" "Mozilla/5.0 AppleWebKit/537.36 (KHTML, like Gecko; compatible; GPTBot/1.3; +https://openai.com/gptbot)" maoristudio.com 375805
98.83.226.125 - - [11/Nov/2025:10:53:20 -0300] "GET /?path=//home/maoristu4c3dbd03/.cagefs/opt/alt/php82 HTTP/1.1" 200 15866 "-" "Mozilla/5.0 AppleWebKit/537.36 (KHTML, like Gecko; compatible; Amazonbot/0.1; +https://developer.amazon.com/support/amazonbot) Chrome/119.0.6045.214 Safari/537.36" maoristudio.com 278755
74.7.227.128 - - [11/Nov/2025:10:53:16 -0300] "GET /bow76?fileloc=//bin/gtar&path=//bin HTTP/1.1" 200 848924 "-" "Mozilla/5.0 AppleWebKit/537.36 (KHTML, like Gecko; compatible; GPTBot/1.3; +https://openai.com/gptbot)" maoristudio.com 8139411
74.7.227.128 - - [11/Nov/2025:10:53:25 -0300] "GET /go34?fileloc=//proc/net/softnet_stat&path=//proc/net HTTP/1.1" 200 12358 "-" "Mozilla/5.0 AppleWebKit/537.36 (KHTML, like Gecko; compatible; GPTBot/1.3; +https://openai.com/gptbot)" maoristudio.com 204946
