54.37.254.160 - - [11/Nov/2025:12:08:14 -0300] "GET /?fileloc=//lib/modules/5.14.0-570.52.1.el9_6.x86_64/kernel/drivers/misc/pvpanic/pvpanic.ko.xz&path=//lib/modules/5.14.0-570.52.1.el9_6.x86_64/kernel/drivers/misc/pvpanic HTTP/1.1" 200 18765 "-" "Mozilla/5.0 (compatible; MJ12bot/v1.4.8; http://mj12bot.com/)" maoristudio.com 142781
74.7.227.128 - - [11/Nov/2025:12:08:15 -0300] "GET /ruin6?path=//lib64/sasl2 HTTP/1.1" 200 25806 "-" "Mozilla/5.0 AppleWebKit/537.36 (KHTML, like Gecko; compatible; GPTBot/1.3; +https://openai.com/gptbot)" maoristudio.com 339860
54.37.254.160 - - [11/Nov/2025:12:08:16 -0300] "GET /?fileloc=//lib/modules/5.14.0-570.52.1.el9_6.x86_64/kernel/drivers/misc/sgi-gru/gru.ko.xz&path=//lib/modules/5.14.0-570.52.1.el9_6.x86_64/kernel/drivers/misc/sgi-gru HTTP/1.1" 200 85126 "-" "Mozilla/5.0 (compatible; MJ12bot/v1.4.8; http://mj12bot.com/)" maoristudio.com 200548
74.7.227.128 - - [11/Nov/2025:12:08:16 -0300] "GET /folk1?fileloc=//lib64/libOpenEXRUtil-3_1.so.30.1.0&path=//lib64 HTTP/1.1" 200 321178 "-" "Mozilla/5.0 AppleWebKit/537.36 (KHTML, like Gecko; compatible; GPTBot/1.3; +https://openai.com/gptbot)" maoristudio.com 167618
74.7.227.128 - - [11/Nov/2025:12:08:17 -0300] "GET /evil4?fileloc=//lib64/libxcb-xkb.so.1&path=//lib64 HTTP/1.1" 200 177941 "-" "Mozilla/5.0 AppleWebKit/537.36 (KHTML, like Gecko; compatible; GPTBot/1.3; +https://openai.com/gptbot)" maoristudio.com 249983
54.37.254.160 - - [11/Nov/2025:12:08:18 -0300] "GET /?fileloc=//lib/modules/5.14.0-570.52.1.el9_6.x86_64/kernel/drivers/misc/sgi-xp/xp.ko.xz&path=//lib/modules/5.14.0-570.52.1.el9_6.x86_64/kernel/drivers/misc/sgi-xp HTTP/1.1" 200 25027 "-" "Mozilla/5.0 (compatible; MJ12bot/v1.4.8; http://mj12bot.com/)" maoristudio.com 241043
23.23.180.225 - - [11/Nov/2025:12:08:18 -0300] "GET /?path=//proc/thread-self/root/opt/cloudlinux/venv HTTP/1.1" 200 21556 "-" "Mozilla/5.0 AppleWebKit/537.36 (KHTML, like Gecko; compatible; Amazonbot/0.1; +https://developer.amazon.com/support/amazonbot) Chrome/119.0.6045.214 Safari/537.36" maoristudio.com 315487
74.7.227.128 - - [11/Nov/2025:12:08:18 -0300] "GET /swim9?fileloc=//lib64/libavahi-client.so.3&path=//lib64 HTTP/1.1" 200 128619 "-" "Mozilla/5.0 AppleWebKit/537.36 (KHTML, like Gecko; compatible; GPTBot/1.3; +https://openai.com/gptbot)" maoristudio.com 202140
74.7.227.128 - - [11/Nov/2025:12:08:19 -0300] "GET /swim9?fileloc=//lib64/libdcerpc-server-core.so.0.0.1&path=//lib64 HTTP/1.1" 200 132071 "-" "Mozilla/5.0 AppleWebKit/537.36 (KHTML, like Gecko; compatible; GPTBot/1.3; +https://openai.com/gptbot)" maoristudio.com 169253
54.37.254.160 - - [11/Nov/2025:12:08:20 -0300] "GET /?fileloc=//lib/modules/5.14.0-570.52.1.el9_6.x86_64/kernel/drivers/misc/sgi-xp/xpc.ko.xz&path=//lib/modules/5.14.0-570.52.1.el9_6.x86_64/kernel/drivers/misc/sgi-xp HTTP/1.1" 200 76237 "-" "Mozilla/5.0 (compatible; MJ12bot/v1.4.8; http://mj12bot.com/)" maoristudio.com 228537
74.7.227.128 - - [11/Nov/2025:12:08:20 -0300] "GET /swim9?fileloc=//lib64/libarchive.so.13.5.3&path=//lib64 HTTP/1.1" 200 1339010 "-" "Mozilla/5.0 AppleWebKit/537.36 (KHTML, like Gecko; compatible; GPTBot/1.3; +https://openai.com/gptbot)" maoristudio.com 380929
74.7.227.128 - - [11/Nov/2025:12:08:21 -0300] "GET /swim9?fileloc=//lib64/libxcb-xfixes.so.0&path=//lib64 HTTP/1.1" 200 56383 "-" "Mozilla/5.0 AppleWebKit/537.36 (KHTML, like Gecko; compatible; GPTBot/1.3; +https://openai.com/gptbot)" maoristudio.com 332037
54.37.254.160 - - [11/Nov/2025:12:08:22 -0300] "GET /?fileloc=//lib/modules/5.14.0-570.52.1.el9_6.x86_64/kernel/drivers/misc/sgi-xp/xpnet.ko.xz&path=//lib/modules/5.14.0-570.52.1.el9_6.x86_64/kernel/drivers/misc/sgi-xp HTTP/1.1" 200 27875 "-" "Mozilla/5.0 (compatible; MJ12bot/v1.4.8; http://mj12bot.com/)" maoristudio.com 209358
74.7.227.128 - - [11/Nov/2025:12:08:22 -0300] "GET /swim9?fileloc=//lib64/libodbctxtS.so.2.0.0&path=//lib64 HTTP/1.1" 200 29940 "-" "Mozilla/5.0 AppleWebKit/537.36 (KHTML, like Gecko; compatible; GPTBot/1.3; +https://openai.com/gptbot)" maoristudio.com 161053
74.7.227.128 - - [11/Nov/2025:12:08:24 -0300] "GET /folk1?fileloc=//lib64/.libgnutls.so.30.37.1.hmac&path=//lib64 HTTP/1.1" 200 12741 "-" "Mozilla/5.0 AppleWebKit/537.36 (KHTML, like Gecko; compatible; GPTBot/1.3; +https://openai.com/gptbot)" maoristudio.com 167100
54.37.254.160 - - [11/Nov/2025:12:08:24 -0300] "GET /?fileloc=//lib/modules/5.14.0-570.52.1.el9_6.x86_64/kernel/drivers/misc/vmw_vmci/vmw_vmci.ko.xz&path=//lib/modules/5.14.0-570.52.1.el9_6.x86_64/kernel/drivers/misc/vmw_vmci HTTP/1.1" 200 102883 "-" "Mozilla/5.0 (compatible; MJ12bot/v1.4.8; http://mj12bot.com/)" maoristudio.com 143664
3.213.106.226 - - [11/Nov/2025:12:08:24 -0300] "GET /?path=//proc/self/root/lib/kbd/unimaps HTTP/1.1" 200 109062 "-" "Mozilla/5.0 AppleWebKit/537.36 (KHTML, like Gecko; compatible; Amazonbot/0.1; +https://developer.amazon.com/support/amazonbot) Chrome/119.0.6045.214 Safari/537.36" maoristudio.com 301195
74.7.227.128 - - [11/Nov/2025:12:08:25 -0300] "GET /evil4?fileloc=//lib64/libmemcachedutil.so.2.0.0&path=//lib64 HTTP/1.1" 200 42355 "-" "Mozilla/5.0 AppleWebKit/537.36 (KHTML, like Gecko; compatible; GPTBot/1.3; +https://openai.com/gptbot)" maoristudio.com 186067
74.7.227.128 - - [11/Nov/2025:12:08:26 -0300] "GET /folk1?fileloc=//lib64/libgudev-1.0.so.0.3.0&path=//lib64 HTTP/1.1" 200 83016 "-" "Mozilla/5.0 AppleWebKit/537.36 (KHTML, like Gecko; compatible; GPTBot/1.3; +https://openai.com/gptbot)" maoristudio.com 170013
54.37.254.160 - - [11/Nov/2025:12:08:27 -0300] "GET /?fileloc=//lib/modules/5.14.0-570.52.1.el9_6.x86_64/kernel/drivers/mmc/core/mmc_block.ko.xz&path=//lib/modules/5.14.0-570.52.1.el9_6.x86_64/kernel/drivers/mmc/core HTTP/1.1" 200 68792 "-" "Mozilla/5.0 (compatible; MJ12bot/v1.4.8; http://mj12bot.com/)" maoristudio.com 154192
74.7.227.128 - - [11/Nov/2025:12:08:27 -0300] "GET /ruin6?fileloc=//lib64/libz.so.1.2.11&path=//lib64 HTTP/1.1" 200 168547 "-" "Mozilla/5.0 AppleWebKit/537.36 (KHTML, like Gecko; compatible; GPTBot/1.3; +https://openai.com/gptbot)" maoristudio.com 166474
74.7.227.128 - - [11/Nov/2025:12:08:28 -0300] "GET /ruin6?fileloc=//lib64/libattr.so.1&path=//lib64 HTTP/1.1" 200 50440 "-" "Mozilla/5.0 AppleWebKit/537.36 (KHTML, like Gecko; compatible; GPTBot/1.3; +https://openai.com/gptbot)" maoristudio.com 108478
54.37.254.160 - - [11/Nov/2025:12:08:29 -0300] "GET /?fileloc=//lib/modules/5.14.0-570.52.1.el9_6.x86_64/kernel/drivers/mmc/core/mmc_core.ko.xz&path=//lib/modules/5.14.0-570.52.1.el9_6.x86_64/kernel/drivers/mmc/core HTTP/1.1" 200 179152 "-" "Mozilla/5.0 (compatible; MJ12bot/v1.4.8; http://mj12bot.com/)" maoristudio.com 181413
74.7.227.128 - - [11/Nov/2025:12:08:29 -0300] "GET /evil4?fileloc=//lib64/libjson-glib-1.0.so.0&path=//lib64 HTTP/1.1" 200 280871 "-" "Mozilla/5.0 AppleWebKit/537.36 (KHTML, like Gecko; compatible; GPTBot/1.3; +https://openai.com/gptbot)" maoristudio.com 158942
74.7.227.128 - - [11/Nov/2025:12:08:31 -0300] "GET /ruin6?fileloc=//lib64/libaudit.so.1.0.0&path=//lib64 HTTP/1.1" 200 231489 "-" "Mozilla/5.0 AppleWebKit/537.36 (KHTML, like Gecko; compatible; GPTBot/1.3; +https://openai.com/gptbot)" maoristudio.com 134926
74.7.227.128 - - [11/Nov/2025:12:08:32 -0300] "GET /swim9?fileloc=//lib64/libfftw3_threads.so.3.5.8&path=//lib64 HTTP/1.1" 200 60692 "-" "Mozilla/5.0 AppleWebKit/537.36 (KHTML, like Gecko; compatible; GPTBot/1.3; +https://openai.com/gptbot)" maoristudio.com 172933
54.37.254.160 - - [11/Nov/2025:12:08:32 -0300] "GET /?fileloc=//lib/modules/5.14.0-570.52.1.el9_6.x86_64/kernel/drivers/mmc/core/sdio_uart.ko.xz&path=//lib/modules/5.14.0-570.52.1.el9_6.x86_64/kernel/drivers/mmc/core HTTP/1.1" 200 35763 "-" "Mozilla/5.0 (compatible; MJ12bot/v1.4.8; http://mj12bot.com/)" maoristudio.com 200613
74.7.227.128 - - [11/Nov/2025:12:08:33 -0300] "GET /evil4?fileloc=//lib64/libgearman.so.8.0.0&path=//lib64 HTTP/1.1" 200 204442 "-" "Mozilla/5.0 AppleWebKit/537.36 (KHTML, like Gecko; compatible; GPTBot/1.3; +https://openai.com/gptbot)" maoristudio.com 129688
74.7.227.128 - - [11/Nov/2025:12:08:34 -0300] "GET /ruin6?fileloc=//lib64/libsubid_sss.so&path=//lib64 HTTP/1.1" 200 37803 "-" "Mozilla/5.0 AppleWebKit/537.36 (KHTML, like Gecko; compatible; GPTBot/1.3; +https://openai.com/gptbot)" maoristudio.com 180014
54.37.254.160 - - [11/Nov/2025:12:08:34 -0300] "GET /?fileloc=//lib/modules/5.14.0-570.52.1.el9_6.x86_64/kernel/drivers/mmc/host/cb710-mmc.ko.xz&path=//lib/modules/5.14.0-570.52.1.el9_6.x86_64/kernel/drivers/mmc/host HTTP/1.1" 200 34766 "-" "Mozilla/5.0 (compatible; MJ12bot/v1.4.8; http://mj12bot.com/)" maoristudio.com 171725
74.7.227.128 - - [11/Nov/2025:12:08:35 -0300] "GET /swim9?fileloc=//lib64/libmemcached.so.11&path=//lib64 HTTP/1.1" 200 297923 "-" "Mozilla/5.0 AppleWebKit/537.36 (KHTML, like Gecko; compatible; GPTBot/1.3; +https://openai.com/gptbot)" maoristudio.com 174103
54.37.254.160 - - [11/Nov/2025:12:08:36 -0300] "GET /?fileloc=//lib/modules/5.14.0-570.52.1.el9_6.x86_64/kernel/drivers/mmc/host/cqhci.ko.xz&path=//lib/modules/5.14.0-570.52.1.el9_6.x86_64/kernel/drivers/mmc/host HTTP/1.1" 200 44945 "-" "Mozilla/5.0 (compatible; MJ12bot/v1.4.8; http://mj12bot.com/)" maoristudio.com 176834
74.7.227.128 - - [11/Nov/2025:12:08:36 -0300] "GET /folk1?fileloc=//lib64/libtss2-fapi.so.1&path=//lib64 HTTP/1.1" 200 1323222 "-" "Mozilla/5.0 AppleWebKit/537.36 (KHTML, like Gecko; compatible; GPTBot/1.3; +https://openai.com/gptbot)" maoristudio.com 282097
74.7.227.128 - - [11/Nov/2025:12:08:37 -0300] "GET /evil4?fileloc=//lib64/libXcomposite.so.1.0.0&path=//lib64 HTTP/1.1" 200 31528 "-" "Mozilla/5.0 AppleWebKit/537.36 (KHTML, like Gecko; compatible; GPTBot/1.3; +https://openai.com/gptbot)" maoristudio.com 285221
54.37.254.160 - - [11/Nov/2025:12:08:38 -0300] "GET /?fileloc=//lib/modules/5.14.0-570.52.1.el9_6.x86_64/kernel/drivers/mmc/host/rtsx_pci_sdmmc.ko.xz&path=//lib/modules/5.14.0-570.52.1.el9_6.x86_64/kernel/drivers/mmc/host HTTP/1.1" 200 45722 "-" "Mozilla/5.0 (compatible; MJ12bot/v1.4.8; http://mj12bot.com/)" maoristudio.com 146089
74.7.227.128 - - [11/Nov/2025:12:08:39 -0300] "GET /evil4?fileloc=//lib64/ld-linux-x86-64.so.2&path=//lib64 HTTP/1.1" 200 1237102 "-" "Mozilla/5.0 AppleWebKit/537.36 (KHTML, like Gecko; compatible; GPTBot/1.3; +https://openai.com/gptbot)" maoristudio.com 151105
52.23.112.144 - - [11/Nov/2025:12:08:40 -0300] "GET /?path=//usr/lib/dracut/modules.d/00systemd HTTP/1.1" 200 14464 "-" "Mozilla/5.0 AppleWebKit/537.36 (KHTML, like Gecko; compatible; Amazonbot/0.1; +https://developer.amazon.com/support/amazonbot) Chrome/119.0.6045.214 Safari/537.36" maoristudio.com 222171
74.7.227.128 - - [11/Nov/2025:12:08:40 -0300] "GET /evil4?fileloc=//lib64/libdrop_ambient.so.0.0.0&path=//lib64 HTTP/1.1" 200 29136 "-" "Mozilla/5.0 AppleWebKit/537.36 (KHTML, like Gecko; compatible; GPTBot/1.3; +https://openai.com/gptbot)" maoristudio.com 168446
54.37.254.160 - - [11/Nov/2025:12:08:40 -0300] "GET /?fileloc=//lib/modules/5.14.0-570.52.1.el9_6.x86_64/kernel/drivers/mmc/host/rtsx_usb_sdmmc.ko.xz&path=//lib/modules/5.14.0-570.52.1.el9_6.x86_64/kernel/drivers/mmc/host HTTP/1.1" 200 43396 "-" "Mozilla/5.0 (compatible; MJ12bot/v1.4.8; http://mj12bot.com/)" maoristudio.com 151658
74.7.227.128 - - [11/Nov/2025:12:08:41 -0300] "GET /ruin6?fileloc=//lib64/libnfnetlink.so.0&path=//lib64 HTTP/1.1" 200 59928 "-" "Mozilla/5.0 AppleWebKit/537.36 (KHTML, like Gecko; compatible; GPTBot/1.3; +https://openai.com/gptbot)" maoristudio.com 152067
74.7.227.128 - - [11/Nov/2025:12:08:42 -0300] "GET /ruin6?fileloc=//lib64/libpsx.so&path=//lib64 HTTP/1.1" 200 36781 "-" "Mozilla/5.0 AppleWebKit/537.36 (KHTML, like Gecko; compatible; GPTBot/1.3; +https://openai.com/gptbot)" maoristudio.com 139029
54.37.254.160 - - [11/Nov/2025:12:08:43 -0300] "GET /?fileloc=//lib/modules/5.14.0-570.52.1.el9_6.x86_64/kernel/drivers/mmc/host/sdhci-pltfm.ko.xz&path=//lib/modules/5.14.0-570.52.1.el9_6.x86_64/kernel/drivers/mmc/host HTTP/1.1" 200 29569 "-" "Mozilla/5.0 (compatible; MJ12bot/v1.4.8; http://mj12bot.com/)" maoristudio.com 122986
74.7.227.128 - - [11/Nov/2025:12:08:43 -0300] "GET /ruin6?fileloc=//lib64/libeconf.so.0&path=//lib64 HTTP/1.1" 200 69735 "-" "Mozilla/5.0 AppleWebKit/537.36 (KHTML, like Gecko; compatible; GPTBot/1.3; +https://openai.com/gptbot)" maoristudio.com 167721
74.7.227.128 - - [11/Nov/2025:12:08:44 -0300] "GET /evil4?fileloc=//lib64/libvmaf.so.1&path=//lib64 HTTP/1.1" 200 974067 "-" "Mozilla/5.0 AppleWebKit/537.36 (KHTML, like Gecko; compatible; GPTBot/1.3; +https://openai.com/gptbot)" maoristudio.com 279633
54.37.254.160 - - [11/Nov/2025:12:08:45 -0300] "GET /?fileloc=//lib/modules/5.14.0-570.52.1.el9_6.x86_64/kernel/drivers/mmc/host/sdhci.ko.xz&path=//lib/modules/5.14.0-570.52.1.el9_6.x86_64/kernel/drivers/mmc/host HTTP/1.1" 200 87116 "-" "Mozilla/5.0 (compatible; MJ12bot/v1.4.8; http://mj12bot.com/)" maoristudio.com 167618
74.7.227.128 - - [11/Nov/2025:12:08:45 -0300] "GET /swim9?fileloc=//lib64/libffi.so&path=//lib64 HTTP/1.1" 200 78310 "-" "Mozilla/5.0 AppleWebKit/537.36 (KHTML, like Gecko; compatible; GPTBot/1.3; +https://openai.com/gptbot)" maoristudio.com 218367
74.7.227.128 - - [11/Nov/2025:12:08:47 -0300] "GET /swim9?fileloc=//lib64/libctf.so.0.0.0&path=//lib64 HTTP/1.1" 200 194296 "-" "Mozilla/5.0 AppleWebKit/537.36 (KHTML, like Gecko; compatible; GPTBot/1.3; +https://openai.com/gptbot)" maoristudio.com 191490
54.37.254.160 - - [11/Nov/2025:12:08:47 -0300] "GET /?fileloc=//lib/modules/5.14.0-570.52.1.el9_6.x86_64/kernel/drivers/mmc/host/tifm_sd.ko.xz&path=//lib/modules/5.14.0-570.52.1.el9_6.x86_64/kernel/drivers/mmc/host HTTP/1.1" 200 38024 "-" "Mozilla/5.0 (compatible; MJ12bot/v1.4.8; http://mj12bot.com/)" maoristudio.com 144783
74.7.227.128 - - [11/Nov/2025:12:08:48 -0300] "GET /folk1?fileloc=//lib64/libxml2.so&path=//lib64 HTTP/1.1" 200 2582718 "-" "Mozilla/5.0 AppleWebKit/537.36 (KHTML, like Gecko; compatible; GPTBot/1.3; +https://openai.com/gptbot)" maoristudio.com 255467
98.84.70.201 - - [11/Nov/2025:12:08:48 -0300] "GET /?path=//opt/cpanel/ea-php82/root/etc/skel HTTP/1.1" 200 12986 "-" "Mozilla/5.0 AppleWebKit/537.36 (KHTML, like Gecko; compatible; Amazonbot/0.1; +https://developer.amazon.com/support/amazonbot) Chrome/119.0.6045.214 Safari/537.36" maoristudio.com 168368
54.37.254.160 - - [11/Nov/2025:12:08:49 -0300] "GET /?fileloc=//lib/modules/5.14.0-570.52.1.el9_6.x86_64/kernel/drivers/mmc/host/ushc.ko.xz&path=//lib/modules/5.14.0-570.52.1.el9_6.x86_64/kernel/drivers/mmc/host HTTP/1.1" 200 29487 "-" "Mozilla/5.0 (compatible; MJ12bot/v1.4.8; http://mj12bot.com/)" maoristudio.com 153902
74.7.227.128 - - [11/Nov/2025:12:08:49 -0300] "GET /large279046492.html?fileloc=/home/maoristu4c3dbd03/public_html/wp-blog-header.php&path=/home/maoristu4c3dbd03/public_html HTTP/1.1" 200 14711 "-" "Mozilla/5.0 AppleWebKit/537.36 (KHTML, like Gecko; compatible; GPTBot/1.3; +https://openai.com/gptbot)" maoristudio.com 233744
74.7.227.128 - - [11/Nov/2025:12:08:50 -0300] "GET /bunch288004809.html?fileloc=/home/maoristu4c3dbd03/public_html/wp-blog-header.php&path=/home/maoristu4c3dbd03/public_html HTTP/1.1" 200 14711 "-" "Mozilla/5.0 AppleWebKit/537.36 (KHTML, like Gecko; compatible; GPTBot/1.3; +https://openai.com/gptbot)" maoristudio.com 150972
54.37.254.160 - - [11/Nov/2025:12:08:51 -0300] "GET /?fileloc=//lib/modules/5.14.0-570.52.1.el9_6.x86_64/kernel/drivers/mmc/host/via-sdmmc.ko.xz&path=//lib/modules/5.14.0-570.52.1.el9_6.x86_64/kernel/drivers/mmc/host HTTP/1.1" 200 36583 "-" "Mozilla/5.0 (compatible; MJ12bot/v1.4.8; http://mj12bot.com/)" maoristudio.com 132572
74.7.227.128 - - [11/Nov/2025:12:08:51 -0300] "GET /shelf009018146.html?fileloc=/home/maoristu4c3dbd03/public_html/wp-blog-header.php&path=/home/maoristu4c3dbd03/public_html HTTP/1.1" 200 14711 "-" "Mozilla/5.0 AppleWebKit/537.36 (KHTML, like Gecko; compatible; GPTBot/1.3; +https://openai.com/gptbot)" maoristudio.com 131266
74.7.227.128 - - [11/Nov/2025:12:08:52 -0300] "GET /yield277002216.html?fileloc=/home/maoristu4c3dbd03/public_html/wp-blog-header.php&path=/home/maoristu4c3dbd03/public_html HTTP/1.1" 200 14711 "-" "Mozilla/5.0 AppleWebKit/537.36 (KHTML, like Gecko; compatible; GPTBot/1.3; +https://openai.com/gptbot)" maoristudio.com 430085
54.37.254.160 - - [11/Nov/2025:12:08:53 -0300] "GET /?fileloc=//lib/modules/5.14.0-570.52.1.el9_6.x86_64/kernel/drivers/mmc/host/vub300.ko.xz&path=//lib/modules/5.14.0-570.52.1.el9_6.x86_64/kernel/drivers/mmc/host HTTP/1.1" 200 55710 "-" "Mozilla/5.0 (compatible; MJ12bot/v1.4.8; http://mj12bot.com/)" maoristudio.com 151572
23.23.99.55 - - [11/Nov/2025:12:08:54 -0300] "GET /?path=//usr/share/locale/es_SV/LC_MESSAGES HTTP/1.1" 200 12931 "-" "Mozilla/5.0 AppleWebKit/537.36 (KHTML, like Gecko; compatible; Amazonbot/0.1; +https://developer.amazon.com/support/amazonbot) Chrome/119.0.6045.214 Safari/537.36" maoristudio.com 141122
74.7.227.128 - - [11/Nov/2025:12:08:54 -0300] "GET /AM238023767.html HTTP/1.1" 200 87388 "-" "Mozilla/5.0 AppleWebKit/537.36 (KHTML, like Gecko; compatible; GPTBot/1.3; +https://openai.com/gptbot)" maoristudio.com 158975
173.208.176.202 - - [11/Nov/2025:12:07:26 -0300] "GET /wp-content/ade7e187/edit.php?id=798844 HTTP/1.1" 200 - "http://maoristudio.com/wp-content/ade7e187/edit.php?id=798844" "Mozilla/5.0 (Windows NT 10.0; Win64; x64) AppleWebKit/537.36 (KHTML, like Gecko) Chrome/58.0.3029.110 Safari/537.3" maoristudio.com 87711020
74.7.227.128 - - [11/Nov/2025:12:08:55 -0300] "GET /building138?path=/home HTTP/1.1" 200 14068 "-" "Mozilla/5.0 AppleWebKit/537.36 (KHTML, like Gecko; compatible; GPTBot/1.3; +https://openai.com/gptbot)" maoristudio.com 146975
54.37.254.160 - - [11/Nov/2025:12:08:55 -0300] "GET /?fileloc=//lib/modules/5.14.0-570.52.1.el9_6.x86_64/kernel/drivers/mtd/chips/chipreg.ko.xz&path=//lib/modules/5.14.0-570.52.1.el9_6.x86_64/kernel/drivers/mtd/chips HTTP/1.1" 200 21724 "-" "Mozilla/5.0 (compatible; MJ12bot/v1.4.8; http://mj12bot.com/)" maoristudio.com 130217
74.7.227.128 - - [11/Nov/2025:12:08:56 -0300] "GET /building127?path=/home HTTP/1.1" 200 14068 "-" "Mozilla/5.0 AppleWebKit/537.36 (KHTML, like Gecko; compatible; GPTBot/1.3; +https://openai.com/gptbot)" maoristudio.com 123981
54.37.254.160 - - [11/Nov/2025:12:08:57 -0300] "GET /?fileloc=//lib/modules/5.14.0-570.52.1.el9_6.x86_64/kernel/drivers/mtd/ubi/ubi.ko.xz&path=//lib/modules/5.14.0-570.52.1.el9_6.x86_64/kernel/drivers/mtd/ubi HTTP/1.1" 200 178269 "-" "Mozilla/5.0 (compatible; MJ12bot/v1.4.8; http://mj12bot.com/)" maoristudio.com 204267
74.7.227.128 - - [11/Nov/2025:12:08:57 -0300] "GET /look22?fileloc=//lib64/libxcb-dpms.so&path=//lib64 HTTP/1.1" 200 30722 "-" "Mozilla/5.0 AppleWebKit/537.36 (KHTML, like Gecko; compatible; GPTBot/1.3; +https://openai.com/gptbot)" maoristudio.com 138394
74.7.227.128 - - [11/Nov/2025:12:08:58 -0300] "GET /literary219?path=/home HTTP/1.1" 200 14068 "-" "Mozilla/5.0 AppleWebKit/537.36 (KHTML, like Gecko; compatible; GPTBot/1.3; +https://openai.com/gptbot)" maoristudio.com 116005
54.37.254.160 - - [11/Nov/2025:12:08:59 -0300] "GET /?fileloc=//lib/modules/5.14.0-570.52.1.el9_6.x86_64/kernel/drivers/net/bonding/bonding.ko.xz&path=//lib/modules/5.14.0-570.52.1.el9_6.x86_64/kernel/drivers/net/bonding HTTP/1.1" 200 204568 "-" "Mozilla/5.0 (compatible; MJ12bot/v1.4.8; http://mj12bot.com/)" maoristudio.com 125411
74.7.227.128 - - [11/Nov/2025:12:09:00 -0300] "GET /dam8?fileloc=//lib64/librpmbuild.so.9&path=//lib64 HTTP/1.1" 200 313302 "-" "Mozilla/5.0 AppleWebKit/537.36 (KHTML, like Gecko; compatible; GPTBot/1.3; +https://openai.com/gptbot)" maoristudio.com 182914
74.7.227.128 - - [11/Nov/2025:12:09:01 -0300] "GET /observer146?path=/home HTTP/1.1" 200 14068 "-" "Mozilla/5.0 AppleWebKit/537.36 (KHTML, like Gecko; compatible; GPTBot/1.3; +https://openai.com/gptbot)" maoristudio.com 158380
54.37.254.160 - - [11/Nov/2025:12:09:02 -0300] "GET /?fileloc=//lib/modules/5.14.0-570.52.1.el9_6.x86_64/kernel/drivers/net/can/vxcan.ko.xz&path=//lib/modules/5.14.0-570.52.1.el9_6.x86_64/kernel/drivers/net/can HTTP/1.1" 200 23274 "-" "Mozilla/5.0 (compatible; MJ12bot/v1.4.8; http://mj12bot.com/)" maoristudio.com 177730
74.7.227.128 - - [11/Nov/2025:12:09:02 -0300] "GET /educator169?path=/home HTTP/1.1" 200 14068 "-" "Mozilla/5.0 AppleWebKit/537.36 (KHTML, like Gecko; compatible; GPTBot/1.3; +https://openai.com/gptbot)" maoristudio.com 210856
74.7.227.128 - - [11/Nov/2025:12:09:03 -0300] "GET /frequent174?path=/home HTTP/1.1" 200 14068 "-" "Mozilla/5.0 AppleWebKit/537.36 (KHTML, like Gecko; compatible; GPTBot/1.3; +https://openai.com/gptbot)" maoristudio.com 161124
54.37.254.160 - - [11/Nov/2025:12:09:04 -0300] "GET /?fileloc=//lib/modules/5.14.0-570.52.1.el9_6.x86_64/kernel/drivers/net/fjes/fjes.ko.xz&path=//lib/modules/5.14.0-570.52.1.el9_6.x86_64/kernel/drivers/net/fjes HTTP/1.1" 200 80729 "-" "Mozilla/5.0 (compatible; MJ12bot/v1.4.8; http://mj12bot.com/)" maoristudio.com 204362
74.7.227.128 - - [11/Nov/2025:12:09:04 -0300] "GET /category203?path=/home HTTP/1.1" 200 14068 "-" "Mozilla/5.0 AppleWebKit/537.36 (KHTML, like Gecko; compatible; GPTBot/1.3; +https://openai.com/gptbot)" maoristudio.com 174959
74.7.227.128 - - [11/Nov/2025:12:09:05 -0300] "GET /AM238023767.html?fileloc=/home/maoristu4c3dbd03/public_html/wp-mail.php&path=/home/maoristu4c3dbd03/public_html HTTP/1.1" 200 22369 "-" "Mozilla/5.0 AppleWebKit/537.36 (KHTML, like Gecko; compatible; GPTBot/1.3; +https://openai.com/gptbot)" maoristudio.com 413760
54.37.254.160 - - [11/Nov/2025:12:09:06 -0300] "GET /?fileloc=//lib/modules/5.14.0-570.52.1.el9_6.x86_64/kernel/drivers/net/hyperv/hv_netvsc.ko.xz&path=//lib/modules/5.14.0-570.52.1.el9_6.x86_64/kernel/drivers/net/hyperv HTTP/1.1" 200 119927 "-" "Mozilla/5.0 (compatible; MJ12bot/v1.4.8; http://mj12bot.com/)" maoristudio.com 194492
74.7.227.128 - - [11/Nov/2025:12:09:06 -0300] "GET /indicate198?path=/home HTTP/1.1" 200 14068 "-" "Mozilla/5.0 AppleWebKit/537.36 (KHTML, like Gecko; compatible; GPTBot/1.3; +https://openai.com/gptbot)" maoristudio.com 207021
74.7.227.128 - - [11/Nov/2025:12:09:07 -0300] "GET /proclaim294?path=/home HTTP/1.1" 200 14068 "-" "Mozilla/5.0 AppleWebKit/537.36 (KHTML, like Gecko; compatible; GPTBot/1.3; +https://openai.com/gptbot)" maoristudio.com 191090
54.37.254.160 - - [11/Nov/2025:12:09:08 -0300] "GET /?fileloc=//lib/modules/5.14.0-570.52.1.el9_6.x86_64/kernel/drivers/net/ieee802154/fakelb.ko.xz&path=//lib/modules/5.14.0-570.52.1.el9_6.x86_64/kernel/drivers/net/ieee802154 HTTP/1.1" 200 22667 "-" "Mozilla/5.0 (compatible; MJ12bot/v1.4.8; http://mj12bot.com/)" maoristudio.com 205294
74.7.227.128 - - [11/Nov/2025:12:09:09 -0300] "GET /gasoline138?path=/home HTTP/1.1" 200 14068 "-" "Mozilla/5.0 AppleWebKit/537.36 (KHTML, like Gecko; compatible; GPTBot/1.3; +https://openai.com/gptbot)" maoristudio.com 295743
74.7.227.128 - - [11/Nov/2025:12:09:10 -0300] "GET /pleasure234?path=/home HTTP/1.1" 200 14068 "-" "Mozilla/5.0 AppleWebKit/537.36 (KHTML, like Gecko; compatible; GPTBot/1.3; +https://openai.com/gptbot)" maoristudio.com 153066
54.37.254.160 - - [11/Nov/2025:12:09:10 -0300] "GET /?fileloc=//lib/modules/5.14.0-570.52.1.el9_6.x86_64/kernel/drivers/net/ipvlan/ipvlan.ko.xz&path=//lib/modules/5.14.0-570.52.1.el9_6.x86_64/kernel/drivers/net/ipvlan HTTP/1.1" 200 48652 "-" "Mozilla/5.0 (compatible; MJ12bot/v1.4.8; http://mj12bot.com/)" maoristudio.com 331698
74.7.227.128 - - [11/Nov/2025:12:09:11 -0300] "GET /increase278?path=/home HTTP/1.1" 200 14068 "-" "Mozilla/5.0 AppleWebKit/537.36 (KHTML, like Gecko; compatible; GPTBot/1.3; +https://openai.com/gptbot)" maoristudio.com 150269
74.7.227.128 - - [11/Nov/2025:12:09:12 -0300] "GET /annually150?path=/home HTTP/1.1" 200 14068 "-" "Mozilla/5.0 AppleWebKit/537.36 (KHTML, like Gecko; compatible; GPTBot/1.3; +https://openai.com/gptbot)" maoristudio.com 148398
54.37.254.160 - - [11/Nov/2025:12:09:12 -0300] "GET /?fileloc=//lib/modules/5.14.0-570.52.1.el9_6.x86_64/kernel/drivers/net/ipvlan/ipvtap.ko.xz&path=//lib/modules/5.14.0-570.52.1.el9_6.x86_64/kernel/drivers/net/ipvlan HTTP/1.1" 200 21081 "-" "Mozilla/5.0 (compatible; MJ12bot/v1.4.8; http://mj12bot.com/)" maoristudio.com 292720
74.7.227.128 - - [11/Nov/2025:12:09:13 -0300] "GET /historic201?path=/home HTTP/1.1" 200 14068 "-" "Mozilla/5.0 AppleWebKit/537.36 (KHTML, like Gecko; compatible; GPTBot/1.3; +https://openai.com/gptbot)" maoristudio.com 151636
74.7.227.128 - - [11/Nov/2025:12:09:15 -0300] "GET /judgment241?path=/home HTTP/1.1" 200 14068 "-" "Mozilla/5.0 AppleWebKit/537.36 (KHTML, like Gecko; compatible; GPTBot/1.3; +https://openai.com/gptbot)" maoristudio.com 200991
54.37.254.160 - - [11/Nov/2025:12:09:15 -0300] "GET /?fileloc=//lib/modules/5.14.0-570.52.1.el9_6.x86_64/kernel/drivers/net/mdio/mdio-bcm-unimac.ko.xz&path=//lib/modules/5.14.0-570.52.1.el9_6.x86_64/kernel/drivers/net/mdio HTTP/1.1" 200 22045 "-" "Mozilla/5.0 (compatible; MJ12bot/v1.4.8; http://mj12bot.com/)" maoristudio.com 211929
74.7.227.128 - - [11/Nov/2025:12:09:16 -0300] "GET /precious298?path=/home HTTP/1.1" 200 14068 "-" "Mozilla/5.0 AppleWebKit/537.36 (KHTML, like Gecko; compatible; GPTBot/1.3; +https://openai.com/gptbot)" maoristudio.com 137104
54.37.254.160 - - [11/Nov/2025:12:09:17 -0300] "GET /?fileloc=//lib/modules/5.14.0-570.52.1.el9_6.x86_64/kernel/drivers/net/mdio/mdio-bitbang.ko.xz&path=//lib/modules/5.14.0-570.52.1.el9_6.x86_64/kernel/drivers/net/mdio HTTP/1.1" 200 20347 "-" "Mozilla/5.0 (compatible; MJ12bot/v1.4.8; http://mj12bot.com/)" maoristudio.com 178204
74.7.227.128 - - [11/Nov/2025:12:09:17 -0300] "GET /peaceful207?path=/home HTTP/1.1" 200 14068 "-" "Mozilla/5.0 AppleWebKit/537.36 (KHTML, like Gecko; compatible; GPTBot/1.3; +https://openai.com/gptbot)" maoristudio.com 180035
107.23.62.75 - - [11/Nov/2025:12:09:18 -0300] "GET /?path=//home/maoristu4c3dbd03/public_html/wp-includes/sodium_compat/namespaced HTTP/1.1" 200 19620 "-" "Mozilla/5.0 AppleWebKit/537.36 (KHTML, like Gecko; compatible; Amazonbot/0.1; +https://developer.amazon.com/support/amazonbot) Chrome/119.0.6045.214 Safari/537.36" maoristudio.com 149302
74.7.227.128 - - [11/Nov/2025:12:09:18 -0300] "GET /confront280?path=/home HTTP/1.1" 200 14068 "-" "Mozilla/5.0 AppleWebKit/537.36 (KHTML, like Gecko; compatible; GPTBot/1.3; +https://openai.com/gptbot)" maoristudio.com 210400
54.37.254.160 - - [11/Nov/2025:12:09:19 -0300] "GET /?fileloc=//lib/modules/5.14.0-570.52.1.el9_6.x86_64/kernel/drivers/net/mdio/mdio-cavium.ko.xz&path=//lib/modules/5.14.0-570.52.1.el9_6.x86_64/kernel/drivers/net/mdio HTTP/1.1" 200 18354 "-" "Mozilla/5.0 (compatible; MJ12bot/v1.4.8; http://mj12bot.com/)" maoristudio.com 130411
74.7.227.128 - - [11/Nov/2025:12:09:19 -0300] "GET /chairman167?path=/home HTTP/1.1" 200 14068 "-" "Mozilla/5.0 AppleWebKit/537.36 (KHTML, like Gecko; compatible; GPTBot/1.3; +https://openai.com/gptbot)" maoristudio.com 146671
54.37.254.160 - - [11/Nov/2025:12:09:20 -0300] "GET /?fileloc=//lib/modules/5.14.0-570.52.1.el9_6.x86_64/kernel/drivers/net/mdio/mdio-mscc-miim.ko.xz&path=//lib/modules/5.14.0-570.52.1.el9_6.x86_64/kernel/drivers/net/mdio HTTP/1.1" 200 19789 "-" "Mozilla/5.0 (compatible; MJ12bot/v1.4.8; http://mj12bot.com/)" maoristudio.com 223872
74.7.227.128 - - [11/Nov/2025:12:09:20 -0300] "GET /location240?path=/home HTTP/1.1" 200 14068 "-" "Mozilla/5.0 AppleWebKit/537.36 (KHTML, like Gecko; compatible; GPTBot/1.3; +https://openai.com/gptbot)" maoristudio.com 173945
74.7.227.128 - - [11/Nov/2025:12:09:22 -0300] "GET /standing129?path=/home HTTP/1.1" 200 14068 "-" "Mozilla/5.0 AppleWebKit/537.36 (KHTML, like Gecko; compatible; GPTBot/1.3; +https://openai.com/gptbot)" maoristudio.com 175700
54.37.254.160 - - [11/Nov/2025:12:09:23 -0300] "GET /?fileloc=//lib/modules/5.14.0-570.52.1.el9_6.x86_64/kernel/drivers/net/mdio/mdio-thunder.ko.xz&path=//lib/modules/5.14.0-570.52.1.el9_6.x86_64/kernel/drivers/net/mdio HTTP/1.1" 200 18544 "-" "Mozilla/5.0 (compatible; MJ12bot/v1.4.8; http://mj12bot.com/)" maoristudio.com 173697
74.7.227.128 - - [11/Nov/2025:12:09:23 -0300] "GET /flexible147?path=/home HTTP/1.1" 200 14068 "-" "Mozilla/5.0 AppleWebKit/537.36 (KHTML, like Gecko; compatible; GPTBot/1.3; +https://openai.com/gptbot)" maoristudio.com 144115
74.7.227.128 - - [11/Nov/2025:12:09:24 -0300] "GET /grateful200?path=/home HTTP/1.1" 200 14068 "-" "Mozilla/5.0 AppleWebKit/537.36 (KHTML, like Gecko; compatible; GPTBot/1.3; +https://openai.com/gptbot)" maoristudio.com 126598
54.37.254.160 - - [11/Nov/2025:12:09:25 -0300] "GET /?fileloc=//lib/modules/5.14.0-570.52.1.el9_6.x86_64/kernel/drivers/net/pcs/pcs_xpcs.ko.xz&path=//lib/modules/5.14.0-570.52.1.el9_6.x86_64/kernel/drivers/net/pcs HTTP/1.1" 200 31157 "-" "Mozilla/5.0 (compatible; MJ12bot/v1.4.8; http://mj12bot.com/)" maoristudio.com 142697
74.7.227.128 - - [11/Nov/2025:12:09:25 -0300] "GET /religion180?path=/home HTTP/1.1" 200 14068 "-" "Mozilla/5.0 AppleWebKit/537.36 (KHTML, like Gecko; compatible; GPTBot/1.3; +https://openai.com/gptbot)" maoristudio.com 183241
74.7.227.128 - - [11/Nov/2025:12:09:26 -0300] "GET /publicly144?path=/home HTTP/1.1" 200 14068 "-" "Mozilla/5.0 AppleWebKit/537.36 (KHTML, like Gecko; compatible; GPTBot/1.3; +https://openai.com/gptbot)" maoristudio.com 480443
54.37.254.160 - - [11/Nov/2025:12:09:27 -0300] "GET /?fileloc=//lib/modules/5.14.0-570.52.1.el9_6.x86_64/kernel/drivers/net/phy/air_en8811h.ko.xz&path=//lib/modules/5.14.0-570.52.1.el9_6.x86_64/kernel/drivers/net/phy HTTP/1.1" 200 28356 "-" "Mozilla/5.0 (compatible; MJ12bot/v1.4.8; http://mj12bot.com/)" maoristudio.com 285663
74.7.227.128 - - [11/Nov/2025:12:09:27 -0300] "GET /disclose187?path=/home HTTP/1.1" 200 14068 "-" "Mozilla/5.0 AppleWebKit/537.36 (KHTML, like Gecko; compatible; GPTBot/1.3; +https://openai.com/gptbot)" maoristudio.com 290854
54.37.254.160 - - [11/Nov/2025:12:09:29 -0300] "GET /?fileloc=//lib/modules/5.14.0-570.52.1.el9_6.x86_64/kernel/drivers/net/phy/ax88796b.ko.xz&path=//lib/modules/5.14.0-570.52.1.el9_6.x86_64/kernel/drivers/net/phy HTTP/1.1" 200 18396 "-" "Mozilla/5.0 (compatible; MJ12bot/v1.4.8; http://mj12bot.com/)" maoristudio.com 149695
74.7.227.128 - - [11/Nov/2025:12:09:29 -0300] "GET /scenario134?path=/home HTTP/1.1" 200 14068 "-" "Mozilla/5.0 AppleWebKit/537.36 (KHTML, like Gecko; compatible; GPTBot/1.3; +https://openai.com/gptbot)" maoristudio.com 184487
74.7.227.128 - - [11/Nov/2025:12:09:30 -0300] "GET /required144?path=/home HTTP/1.1" 200 14068 "-" "Mozilla/5.0 AppleWebKit/537.36 (KHTML, like Gecko; compatible; GPTBot/1.3; +https://openai.com/gptbot)" maoristudio.com 176402
54.37.254.160 - - [11/Nov/2025:12:09:31 -0300] "GET /?fileloc=//lib/modules/5.14.0-570.52.1.el9_6.x86_64/kernel/drivers/net/phy/bcm-phy-lib.ko.xz&path=//lib/modules/5.14.0-570.52.1.el9_6.x86_64/kernel/drivers/net/phy HTTP/1.1" 200 33024 "-" "Mozilla/5.0 (compatible; MJ12bot/v1.4.8; http://mj12bot.com/)" maoristudio.com 176504
74.7.227.128 - - [11/Nov/2025:12:09:31 -0300] "GET /republic101?path=/home HTTP/1.1" 200 14068 "-" "Mozilla/5.0 AppleWebKit/537.36 (KHTML, like Gecko; compatible; GPTBot/1.3; +https://openai.com/gptbot)" maoristudio.com 140940
74.7.227.128 - - [11/Nov/2025:12:09:32 -0300] "GET /troubled116?path=/home HTTP/1.1" 200 14068 "-" "Mozilla/5.0 AppleWebKit/537.36 (KHTML, like Gecko; compatible; GPTBot/1.3; +https://openai.com/gptbot)" maoristudio.com 166328
54.37.254.160 - - [11/Nov/2025:12:09:32 -0300] "GET /?fileloc=//lib/modules/5.14.0-570.52.1.el9_6.x86_64/kernel/drivers/net/phy/bcm-phy-ptp.ko.xz&path=//lib/modules/5.14.0-570.52.1.el9_6.x86_64/kernel/drivers/net/phy HTTP/1.1" 200 27355 "-" "Mozilla/5.0 (compatible; MJ12bot/v1.4.8; http://mj12bot.com/)" maoristudio.com 135943
74.7.227.128 - - [11/Nov/2025:12:09:33 -0300] "GET /critical174?path=/home HTTP/1.1" 200 14068 "-" "Mozilla/5.0 AppleWebKit/537.36 (KHTML, like Gecko; compatible; GPTBot/1.3; +https://openai.com/gptbot)" maoristudio.com 173760
74.7.227.128 - - [11/Nov/2025:12:09:34 -0300] "GET /socially242?path=/home HTTP/1.1" 200 14068 "-" "Mozilla/5.0 AppleWebKit/537.36 (KHTML, like Gecko; compatible; GPTBot/1.3; +https://openai.com/gptbot)" maoristudio.com 134156
54.37.254.160 - - [11/Nov/2025:12:09:34 -0300] "GET /?fileloc=//lib/modules/5.14.0-570.52.1.el9_6.x86_64/kernel/drivers/net/phy/bcm7xxx.ko.xz&path=//lib/modules/5.14.0-570.52.1.el9_6.x86_64/kernel/drivers/net/phy HTTP/1.1" 200 27497 "-" "Mozilla/5.0 (compatible; MJ12bot/v1.4.8; http://mj12bot.com/)" maoristudio.com 157532
74.7.227.128 - - [11/Nov/2025:12:09:35 -0300] "GET /training192?path=/home HTTP/1.1" 200 14068 "-" "Mozilla/5.0 AppleWebKit/537.36 (KHTML, like Gecko; compatible; GPTBot/1.3; +https://openai.com/gptbot)" maoristudio.com 136441
74.7.227.128 - - [11/Nov/2025:12:09:37 -0300] "GET /strength178?path=/home HTTP/1.1" 200 14068 "-" "Mozilla/5.0 AppleWebKit/537.36 (KHTML, like Gecko; compatible; GPTBot/1.3; +https://openai.com/gptbot)" maoristudio.com 215447
54.37.254.160 - - [11/Nov/2025:12:09:37 -0300] "GET /?fileloc=//lib/modules/5.14.0-570.52.1.el9_6.x86_64/kernel/drivers/net/phy/bcm87xx.ko.xz&path=//lib/modules/5.14.0-570.52.1.el9_6.x86_64/kernel/drivers/net/phy HTTP/1.1" 200 18376 "-" "Mozilla/5.0 (compatible; MJ12bot/v1.4.8; http://mj12bot.com/)" maoristudio.com 380130
74.7.227.128 - - [11/Nov/2025:12:09:38 -0300] "GET /flexible206?path=/home HTTP/1.1" 200 14068 "-" "Mozilla/5.0 AppleWebKit/537.36 (KHTML, like Gecko; compatible; GPTBot/1.3; +https://openai.com/gptbot)" maoristudio.com 168656
98.84.70.201 - - [11/Nov/2025:12:09:38 -0300] "GET /?path=//usr/share/locale/zh_Hans/LC_MESSAGES HTTP/1.1" 200 14443 "-" "Mozilla/5.0 AppleWebKit/537.36 (KHTML, like Gecko; compatible; Amazonbot/0.1; +https://developer.amazon.com/support/amazonbot) Chrome/119.0.6045.214 Safari/537.36" maoristudio.com 173695
54.37.254.160 - - [11/Nov/2025:12:09:39 -0300] "GET /?fileloc=//lib/modules/5.14.0-570.52.1.el9_6.x86_64/kernel/drivers/net/phy/broadcom.ko.xz&path=//lib/modules/5.14.0-570.52.1.el9_6.x86_64/kernel/drivers/net/phy HTTP/1.1" 200 29583 "-" "Mozilla/5.0 (compatible; MJ12bot/v1.4.8; http://mj12bot.com/)" maoristudio.com 179722
74.7.227.128 - - [11/Nov/2025:12:09:39 -0300] "GET /recovery283?path=/home HTTP/1.1" 200 14068 "-" "Mozilla/5.0 AppleWebKit/537.36 (KHTML, like Gecko; compatible; GPTBot/1.3; +https://openai.com/gptbot)" maoristudio.com 177926
74.7.227.128 - - [11/Nov/2025:12:09:40 -0300] "GET /precious123?path=/home HTTP/1.1" 200 14068 "-" "Mozilla/5.0 AppleWebKit/537.36 (KHTML, like Gecko; compatible; GPTBot/1.3; +https://openai.com/gptbot)" maoristudio.com 146336
54.37.254.160 - - [11/Nov/2025:12:09:41 -0300] "GET /?fileloc=//lib/modules/5.14.0-570.52.1.el9_6.x86_64/kernel/drivers/net/phy/cicada.ko.xz&path=//lib/modules/5.14.0-570.52.1.el9_6.x86_64/kernel/drivers/net/phy HTTP/1.1" 200 17972 "-" "Mozilla/5.0 (compatible; MJ12bot/v1.4.8; http://mj12bot.com/)" maoristudio.com 119560
74.7.227.128 - - [11/Nov/2025:12:09:41 -0300] "GET /business106?path=/home HTTP/1.1" 200 14068 "-" "Mozilla/5.0 AppleWebKit/537.36 (KHTML, like Gecko; compatible; GPTBot/1.3; +https://openai.com/gptbot)" maoristudio.com 118074
74.7.227.128 - - [11/Nov/2025:12:09:42 -0300] "GET /calendar143?path=/home HTTP/1.1" 200 14068 "-" "Mozilla/5.0 AppleWebKit/537.36 (KHTML, like Gecko; compatible; GPTBot/1.3; +https://openai.com/gptbot)" maoristudio.com 130875
54.37.254.160 - - [11/Nov/2025:12:09:43 -0300] "GET /?fileloc=//lib/modules/5.14.0-570.52.1.el9_6.x86_64/kernel/drivers/net/phy/cortina.ko.xz&path=//lib/modules/5.14.0-570.52.1.el9_6.x86_64/kernel/drivers/net/phy HTTP/1.1" 200 17938 "-" "Mozilla/5.0 (compatible; MJ12bot/v1.4.8; http://mj12bot.com/)" maoristudio.com 172759
74.7.227.128 - - [11/Nov/2025:12:09:43 -0300] "GET /contrast204?path=/home HTTP/1.1" 200 14068 "-" "Mozilla/5.0 AppleWebKit/537.36 (KHTML, like Gecko; compatible; GPTBot/1.3; +https://openai.com/gptbot)" maoristudio.com 163785
52.70.123.241 - - [11/Nov/2025:12:09:44 -0300] "GET /?path=//opt/cpanel/ea-wappspector/vendor/sebastian/code-unit-reverse-lookup HTTP/1.1" 200 24274 "-" "Mozilla/5.0 AppleWebKit/537.36 (KHTML, like Gecko; compatible; Amazonbot/0.1; +https://developer.amazon.com/support/amazonbot) Chrome/119.0.6045.214 Safari/537.36" maoristudio.com 117157
74.7.227.128 - - [11/Nov/2025:12:09:44 -0300] "GET /numerous294?path=/home HTTP/1.1" 200 14068 "-" "Mozilla/5.0 AppleWebKit/537.36 (KHTML, like Gecko; compatible; GPTBot/1.3; +https://openai.com/gptbot)" maoristudio.com 184524
54.37.254.160 - - [11/Nov/2025:12:09:45 -0300] "GET /?fileloc=//lib/modules/5.14.0-570.52.1.el9_6.x86_64/kernel/drivers/net/phy/davicom.ko.xz&path=//lib/modules/5.14.0-570.52.1.el9_6.x86_64/kernel/drivers/net/phy HTTP/1.1" 200 18512 "-" "Mozilla/5.0 (compatible; MJ12bot/v1.4.8; http://mj12bot.com/)" maoristudio.com 177133
74.7.227.128 - - [11/Nov/2025:12:09:46 -0300] "GET /ministry199?path=/home HTTP/1.1" 200 14068 "-" "Mozilla/5.0 AppleWebKit/537.36 (KHTML, like Gecko; compatible; GPTBot/1.3; +https://openai.com/gptbot)" maoristudio.com 197052
54.37.254.160 - - [11/Nov/2025:12:09:47 -0300] "GET /?fileloc=//lib/modules/5.14.0-570.52.1.el9_6.x86_64/kernel/drivers/net/phy/dp83640.ko.xz&path=//lib/modules/5.14.0-570.52.1.el9_6.x86_64/kernel/drivers/net/phy HTTP/1.1" 200 38410 "-" "Mozilla/5.0 (compatible; MJ12bot/v1.4.8; http://mj12bot.com/)" maoristudio.com 163201
74.7.227.128 - - [11/Nov/2025:12:09:47 -0300] "GET /probably264?path=/home HTTP/1.1" 200 14068 "-" "Mozilla/5.0 AppleWebKit/537.36 (KHTML, like Gecko; compatible; GPTBot/1.3; +https://openai.com/gptbot)" maoristudio.com 156300
74.7.227.128 - - [11/Nov/2025:12:09:48 -0300] "GET /exercise150?path=/home HTTP/1.1" 200 14068 "-" "Mozilla/5.0 AppleWebKit/537.36 (KHTML, like Gecko; compatible; GPTBot/1.3; +https://openai.com/gptbot)" maoristudio.com 173260
54.37.254.160 - - [11/Nov/2025:12:09:48 -0300] "GET /?fileloc=//lib/modules/5.14.0-570.52.1.el9_6.x86_64/kernel/drivers/net/phy/dp83822.ko.xz&path=//lib/modules/5.14.0-570.52.1.el9_6.x86_64/kernel/drivers/net/phy HTTP/1.1" 200 24312 "-" "Mozilla/5.0 (compatible; MJ12bot/v1.4.8; http://mj12bot.com/)" maoristudio.com 161190
74.7.227.128 - - [11/Nov/2025:12:09:49 -0300] "GET /channel194?path=//lib64 HTTP/1.1" 200 2125469 "-" "Mozilla/5.0 AppleWebKit/537.36 (KHTML, like Gecko; compatible; GPTBot/1.3; +https://openai.com/gptbot)" maoristudio.com 941785
54.37.254.160 - - [11/Nov/2025:12:09:50 -0300] "GET /?fileloc=//lib/modules/5.14.0-570.52.1.el9_6.x86_64/kernel/drivers/net/phy/dp83848.ko.xz&path=//lib/modules/5.14.0-570.52.1.el9_6.x86_64/kernel/drivers/net/phy HTTP/1.1" 200 18437 "-" "Mozilla/5.0 (compatible; MJ12bot/v1.4.8; http://mj12bot.com/)" maoristudio.com 241654
74.7.227.128 - - [11/Nov/2025:12:09:50 -0300] "GET /setting186?path=//lib64 HTTP/1.1" 200 2125469 "-" "Mozilla/5.0 AppleWebKit/537.36 (KHTML, like Gecko; compatible; GPTBot/1.3; +https://openai.com/gptbot)" maoristudio.com 259182
74.7.227.128 - - [11/Nov/2025:12:09:52 -0300] "GET /harvest204?path=//lib64 HTTP/1.1" 200 2125469 "-" "Mozilla/5.0 AppleWebKit/537.36 (KHTML, like Gecko; compatible; GPTBot/1.3; +https://openai.com/gptbot)" maoristudio.com 232352
54.37.254.160 - - [11/Nov/2025:12:09:52 -0300] "GET /?fileloc=//lib/modules/5.14.0-570.52.1.el9_6.x86_64/kernel/drivers/net/phy/dp83867.ko.xz&path=//lib/modules/5.14.0-570.52.1.el9_6.x86_64/kernel/drivers/net/phy HTTP/1.1" 200 25657 "-" "Mozilla/5.0 (compatible; MJ12bot/v1.4.8; http://mj12bot.com/)" maoristudio.com 148520
74.7.227.128 - - [11/Nov/2025:12:09:53 -0300] "GET /current261?path=//lib64 HTTP/1.1" 200 2125469 "-" "Mozilla/5.0 AppleWebKit/537.36 (KHTML, like Gecko; compatible; GPTBot/1.3; +https://openai.com/gptbot)" maoristudio.com 266640
74.7.227.128 - - [11/Nov/2025:12:09:54 -0300] "GET /gallery144?path=//lib64 HTTP/1.1" 200 2125469 "-" "Mozilla/5.0 AppleWebKit/537.36 (KHTML, like Gecko; compatible; GPTBot/1.3; +https://openai.com/gptbot)" maoristudio.com 233122
54.37.254.160 - - [11/Nov/2025:12:09:54 -0300] "GET /?fileloc=//lib/modules/5.14.0-570.52.1.el9_6.x86_64/kernel/drivers/net/phy/dp83tc811.ko.xz&path=//lib/modules/5.14.0-570.52.1.el9_6.x86_64/kernel/drivers/net/phy HTTP/1.1" 200 20344 "-" "Mozilla/5.0 (compatible; MJ12bot/v1.4.8; http://mj12bot.com/)" maoristudio.com 158271
74.7.227.128 - - [11/Nov/2025:12:09:55 -0300] "GET /opening188?path=//lib64 HTTP/1.1" 200 2125469 "-" "Mozilla/5.0 AppleWebKit/537.36 (KHTML, like Gecko; compatible; GPTBot/1.3; +https://openai.com/gptbot)" maoristudio.com 220298
74.7.227.128 - - [11/Nov/2025:12:09:56 -0300] "GET /shortly194?path=//lib64 HTTP/1.1" 200 2125469 "-" "Mozilla/5.0 AppleWebKit/537.36 (KHTML, like Gecko; compatible; GPTBot/1.3; +https://openai.com/gptbot)" maoristudio.com 268820
54.37.254.160 - - [11/Nov/2025:12:09:56 -0300] "GET /?fileloc=//lib/modules/5.14.0-570.52.1.el9_6.x86_64/kernel/drivers/net/phy/dp83tg720.ko.xz&path=//lib/modules/5.14.0-570.52.1.el9_6.x86_64/kernel/drivers/net/phy HTTP/1.1" 200 19662 "-" "Mozilla/5.0 (compatible; MJ12bot/v1.4.8; http://mj12bot.com/)" maoristudio.com 265854
74.7.227.128 - - [11/Nov/2025:12:09:57 -0300] "GET /classic185?path=//lib64 HTTP/1.1" 200 2125469 "-" "Mozilla/5.0 AppleWebKit/537.36 (KHTML, like Gecko; compatible; GPTBot/1.3; +https://openai.com/gptbot)" maoristudio.com 240167
54.37.254.160 - - [11/Nov/2025:12:09:58 -0300] "GET /?fileloc=//lib/modules/5.14.0-570.52.1.el9_6.x86_64/kernel/drivers/net/phy/et1011c.ko.xz&path=//lib/modules/5.14.0-570.52.1.el9_6.x86_64/kernel/drivers/net/phy HTTP/1.1" 200 17663 "-" "Mozilla/5.0 (compatible; MJ12bot/v1.4.8; http://mj12bot.com/)" maoristudio.com 185351
74.7.227.128 - - [11/Nov/2025:12:09:58 -0300] "GET /equally106?path=//lib64 HTTP/1.1" 200 2125469 "-" "Mozilla/5.0 AppleWebKit/537.36 (KHTML, like Gecko; compatible; GPTBot/1.3; +https://openai.com/gptbot)" maoristudio.com 338129
74.7.227.128 - - [11/Nov/2025:12:10:00 -0300] "GET /coastal110?path=//lib64 HTTP/1.1" 200 2125469 "-" "Mozilla/5.0 AppleWebKit/537.36 (KHTML, like Gecko; compatible; GPTBot/1.3; +https://openai.com/gptbot)" maoristudio.com 259060
54.37.254.160 - - [11/Nov/2025:12:10:00 -0300] "GET /?fileloc=//lib/modules/5.14.0-570.52.1.el9_6.x86_64/kernel/drivers/net/phy/icplus.ko.xz&path=//lib/modules/5.14.0-570.52.1.el9_6.x86_64/kernel/drivers/net/phy HTTP/1.1" 200 23811 "-" "Mozilla/5.0 (compatible; MJ12bot/v1.4.8; http://mj12bot.com/)" maoristudio.com 134525
74.7.227.128 - - [11/Nov/2025:12:10:01 -0300] "GET /maximum122?path=//lib64 HTTP/1.1" 200 2125469 "-" "Mozilla/5.0 AppleWebKit/537.36 (KHTML, like Gecko; compatible; GPTBot/1.3; +https://openai.com/gptbot)" maoristudio.com 238213
74.7.227.128 - - [11/Nov/2025:12:10:02 -0300] "GET /rolling300?path=//lib64 HTTP/1.1" 200 2125469 "-" "Mozilla/5.0 AppleWebKit/537.36 (KHTML, like Gecko; compatible; GPTBot/1.3; +https://openai.com/gptbot)" maoristudio.com 234916
54.37.254.160 - - [11/Nov/2025:12:10:02 -0300] "GET /?fileloc=//lib/modules/5.14.0-570.52.1.el9_6.x86_64/kernel/drivers/net/phy/intel-xway.ko.xz&path=//lib/modules/5.14.0-570.52.1.el9_6.x86_64/kernel/drivers/net/phy HTTP/1.1" 200 20093 "-" "Mozilla/5.0 (compatible; MJ12bot/v1.4.8; http://mj12bot.com/)" maoristudio.com 124927
3.230.69.161 - - [11/Nov/2025:12:10:04 -0300] "GET /?path=//lib/python3.9/site-packages/pip/_vendor/webencodings HTTP/1.1" 200 22467 "-" "Mozilla/5.0 AppleWebKit/537.36 (KHTML, like Gecko; compatible; Amazonbot/0.1; +https://developer.amazon.com/support/amazonbot) Chrome/119.0.6045.214 Safari/537.36" maoristudio.com 9870900
54.37.254.160 - - [11/Nov/2025:12:10:04 -0300] "GET /?fileloc=//lib/modules/5.14.0-570.52.1.el9_6.x86_64/kernel/drivers/net/phy/lxt.ko.xz&path=//lib/modules/5.14.0-570.52.1.el9_6.x86_64/kernel/drivers/net/phy HTTP/1.1" 200 19968 "-" "Mozilla/5.0 (compatible; MJ12bot/v1.4.8; http://mj12bot.com/)" maoristudio.com 9404642
54.37.254.160 - - [11/Nov/2025:12:10:16 -0300] "GET /?fileloc=//lib/modules/5.14.0-570.52.1.el9_6.x86_64/kernel/drivers/net/phy/marvell-88q2xxx.ko.xz&path=//lib/modules/5.14.0-570.52.1.el9_6.x86_64/kernel/drivers/net/phy HTTP/1.1" 200 24886 "-" "Mozilla/5.0 (compatible; MJ12bot/v1.4.8; http://mj12bot.com/)" maoristudio.com 2716148
74.7.227.128 - - [11/Nov/2025:12:10:03 -0300] "GET /setting186?fileloc=//lib64/libgs.so.9.54&path=//lib64 HTTP/1.1" 200 20040721 "-" "Mozilla/5.0 AppleWebKit/537.36 (KHTML, like Gecko; compatible; GPTBot/1.3; +https://openai.com/gptbot)" maoristudio.com 17397318
54.37.254.160 - - [11/Nov/2025:12:10:20 -0300] "GET /?fileloc=//lib/modules/5.14.0-570.52.1.el9_6.x86_64/kernel/drivers/net/phy/marvell.ko.xz&path=//lib/modules/5.14.0-570.52.1.el9_6.x86_64/kernel/drivers/net/phy HTTP/1.1" 200 45641 "-" "Mozilla/5.0 (compatible; MJ12bot/v1.4.8; http://mj12bot.com/)" maoristudio.com 176538
74.7.227.128 - - [11/Nov/2025:12:10:20 -0300] "GET /harvest204?fileloc=//lib64/libdrm.so.2&path=//lib64 HTTP/1.1" 200 148019 "-" "Mozilla/5.0 AppleWebKit/537.36 (KHTML, like Gecko; compatible; GPTBot/1.3; +https://openai.com/gptbot)" maoristudio.com 153947
52.4.238.8 - - [11/Nov/2025:12:10:21 -0300] "GET /?path=//home/maoristu4c3dbd03/.cagefs/var/log/alt-php81-newrelic HTTP/1.1" 200 13072 "-" "Mozilla/5.0 AppleWebKit/537.36 (KHTML, like Gecko; compatible; Amazonbot/0.1; +https://developer.amazon.com/support/amazonbot) Chrome/119.0.6045.214 Safari/537.36" maoristudio.com 193051
74.7.227.128 - - [11/Nov/2025:12:10:22 -0300] "GET /gallery144?fileloc=//lib64/libcares.so.2&path=//lib64 HTTP/1.1" 200 167322 "-" "Mozilla/5.0 AppleWebKit/537.36 (KHTML, like Gecko; compatible; GPTBot/1.3; +https://openai.com/gptbot)" maoristudio.com 145059
54.37.254.160 - - [11/Nov/2025:12:10:23 -0300] "GET /?fileloc=//lib/modules/5.14.0-570.52.1.el9_6.x86_64/kernel/drivers/net/phy/marvell10g.ko.xz&path=//lib/modules/5.14.0-570.52.1.el9_6.x86_64/kernel/drivers/net/phy HTTP/1.1" 200 31375 "-" "Mozilla/5.0 (compatible; MJ12bot/v1.4.8; http://mj12bot.com/)" maoristudio.com 127570
74.7.227.128 - - [11/Nov/2025:12:10:23 -0300] "GET /current261?fileloc=//lib64/libndr.so.5&path=//lib64 HTTP/1.1" 200 195713 "-" "Mozilla/5.0 AppleWebKit/537.36 (KHTML, like Gecko; compatible; GPTBot/1.3; +https://openai.com/gptbot)" maoristudio.com 138572
173.208.176.202 - - [11/Nov/2025:12:08:56 -0300] "GET /wp-content/ade7e187/edit.php?id=798844 HTTP/1.1" 200 - "http://maoristudio.com/wp-content/ade7e187/edit.php?id=798844" "Mozilla/5.0 (Windows NT 10.0; Win64; x64) AppleWebKit/537.36 (KHTML, like Gecko) Chrome/58.0.3029.110 Safari/537.3" maoristudio.com 87929029
74.7.227.128 - - [11/Nov/2025:12:10:24 -0300] "GET /gallery144?fileloc=//lib64/libverto.so.1&path=//lib64 HTTP/1.1" 200 50113 "-" "Mozilla/5.0 AppleWebKit/537.36 (KHTML, like Gecko; compatible; GPTBot/1.3; +https://openai.com/gptbot)" maoristudio.com 144083
54.37.254.160 - - [11/Nov/2025:12:10:25 -0300] "GET /?fileloc=//lib/modules/5.14.0-570.52.1.el9_6.x86_64/kernel/drivers/net/phy/micrel.ko.xz&path=//lib/modules/5.14.0-570.52.1.el9_6.x86_64/kernel/drivers/net/phy HTTP/1.1" 200 59273 "-" "Mozilla/5.0 (compatible; MJ12bot/v1.4.8; http://mj12bot.com/)" maoristudio.com 130546
74.7.227.128 - - [11/Nov/2025:12:10:25 -0300] "GET /harvest204?fileloc=//lib64/libenchant-2.so.2.2.15&path=//lib64 HTTP/1.1" 200 86161 "-" "Mozilla/5.0 AppleWebKit/537.36 (KHTML, like Gecko; compatible; GPTBot/1.3; +https://openai.com/gptbot)" maoristudio.com 116998
74.7.227.128 - - [11/Nov/2025:12:10:26 -0300] "GET /classic185?fileloc=//lib64/libhashkit.so.2&path=//lib64 HTTP/1.1" 200 56081 "-" "Mozilla/5.0 AppleWebKit/537.36 (KHTML, like Gecko; compatible; GPTBot/1.3; +https://openai.com/gptbot)" maoristudio.com 114722
54.37.254.160 - - [11/Nov/2025:12:10:27 -0300] "GET /?fileloc=//lib/modules/5.14.0-570.52.1.el9_6.x86_64/kernel/drivers/net/phy/microchip.ko.xz&path=//lib/modules/5.14.0-570.52.1.el9_6.x86_64/kernel/drivers/net/phy HTTP/1.1" 200 22314 "-" "Mozilla/5.0 (compatible; MJ12bot/v1.4.8; http://mj12bot.com/)" maoristudio.com 161844
74.7.227.128 - - [11/Nov/2025:12:10:27 -0300] "GET /equally106?fileloc=//lib64/librrd.so.8&path=//lib64 HTTP/1.1" 200 584859 "-" "Mozilla/5.0 AppleWebKit/537.36 (KHTML, like Gecko; compatible; GPTBot/1.3; +https://openai.com/gptbot)" maoristudio.com 130244
74.7.227.128 - - [11/Nov/2025:12:10:29 -0300] "GET /gallery144?fileloc=//lib64/libidn.so.12.6.3&path=//lib64 HTTP/1.1" 200 295250 "-" "Mozilla/5.0 AppleWebKit/537.36 (KHTML, like Gecko; compatible; GPTBot/1.3; +https://openai.com/gptbot)" maoristudio.com 147184
54.37.254.160 - - [11/Nov/2025:12:10:29 -0300] "GET /?fileloc=//lib/modules/5.14.0-570.52.1.el9_6.x86_64/kernel/drivers/net/phy/microchip_t1.ko.xz&path=//lib/modules/5.14.0-570.52.1.el9_6.x86_64/kernel/drivers/net/phy HTTP/1.1" 200 31136 "-" "Mozilla/5.0 (compatible; MJ12bot/v1.4.8; http://mj12bot.com/)" maoristudio.com 114196
74.7.227.128 - - [11/Nov/2025:12:10:30 -0300] "GET /equally106?fileloc=//lib64/libfido2.so.1&path=//lib64 HTTP/1.1" 200 364665 "-" "Mozilla/5.0 AppleWebKit/537.36 (KHTML, like Gecko; compatible; GPTBot/1.3; +https://openai.com/gptbot)" maoristudio.com 570298
54.37.254.160 - - [11/Nov/2025:12:10:31 -0300] "GET /?fileloc=//lib/modules/5.14.0-570.52.1.el9_6.x86_64/kernel/drivers/net/phy/mxl-gpy.ko.xz&path=//lib/modules/5.14.0-570.52.1.el9_6.x86_64/kernel/drivers/net/phy HTTP/1.1" 200 26947 "-" "Mozilla/5.0 (compatible; MJ12bot/v1.4.8; http://mj12bot.com/)" maoristudio.com 125895
74.7.227.128 - - [11/Nov/2025:12:10:31 -0300] "GET /maximum122?fileloc=//lib64/libctf.so.0&path=//lib64 HTTP/1.1" 200 194292 "-" "Mozilla/5.0 AppleWebKit/537.36 (KHTML, like Gecko; compatible; GPTBot/1.3; +https://openai.com/gptbot)" maoristudio.com 125214
74.7.227.128 - - [11/Nov/2025:12:10:32 -0300] "GET /equally106?fileloc=//lib64/libpq.so.5.13&path=//lib64 HTTP/1.1" 200 521093 "-" "Mozilla/5.0 AppleWebKit/537.36 (KHTML, like Gecko; compatible; GPTBot/1.3; +https://openai.com/gptbot)" maoristudio.com 125194
