54.37.254.160 - - [11/Nov/2025:12:10:33 -0300] "GET /?fileloc=//lib/modules/5.14.0-570.52.1.el9_6.x86_64/kernel/drivers/net/phy/national.ko.xz&path=//lib/modules/5.14.0-570.52.1.el9_6.x86_64/kernel/drivers/net/phy HTTP/1.1" 200 18636 "-" "Mozilla/5.0 (compatible; MJ12bot/v1.4.8; http://mj12bot.com/)" maoristudio.com 143615
74.7.227.128 - - [11/Nov/2025:12:10:33 -0300] "GET /coastal110?fileloc=//lib64/libncurses++.so.6.2&path=//lib64 HTTP/1.1" 200 12329 "-" "Mozilla/5.0 AppleWebKit/537.36 (KHTML, like Gecko; compatible; GPTBot/1.3; +https://openai.com/gptbot)" maoristudio.com 134245
74.7.227.128 - - [11/Nov/2025:12:10:34 -0300] "GET /coastal110?fileloc=//lib64/libglib-2.0.so.0.6800.4&path=//lib64 HTTP/1.1" 200 1919079 "-" "Mozilla/5.0 AppleWebKit/537.36 (KHTML, like Gecko; compatible; GPTBot/1.3; +https://openai.com/gptbot)" maoristudio.com 163308
54.37.254.160 - - [11/Nov/2025:12:10:35 -0300] "GET /?fileloc=//lib/modules/5.14.0-570.52.1.el9_6.x86_64/kernel/drivers/net/phy/phylink.ko.xz&path=//lib/modules/5.14.0-570.52.1.el9_6.x86_64/kernel/drivers/net/phy HTTP/1.1" 200 61579 "-" "Mozilla/5.0 (compatible; MJ12bot/v1.4.8; http://mj12bot.com/)" maoristudio.com 123051
74.7.227.128 - - [11/Nov/2025:12:10:35 -0300] "GET /coastal110?fileloc=//lib64/libkdb5.so&path=//lib64 HTTP/1.1" 200 141287 "-" "Mozilla/5.0 AppleWebKit/537.36 (KHTML, like Gecko; compatible; GPTBot/1.3; +https://openai.com/gptbot)" maoristudio.com 147055
74.7.227.128 - - [11/Nov/2025:12:10:37 -0300] "GET /current261?fileloc=//lib64/libplc4.so&path=//lib64 HTTP/1.1" 200 44189 "-" "Mozilla/5.0 AppleWebKit/537.36 (KHTML, like Gecko; compatible; GPTBot/1.3; +https://openai.com/gptbot)" maoristudio.com 167765
44.215.231.15 - - [11/Nov/2025:12:10:37 -0300] "GET /?path=//proc/thread-self/root/lib/.build-id/4b HTTP/1.1" 200 22872 "-" "Mozilla/5.0 AppleWebKit/537.36 (KHTML, like Gecko; compatible; Amazonbot/0.1; +https://developer.amazon.com/support/amazonbot) Chrome/119.0.6045.214 Safari/537.36" maoristudio.com 212238
54.37.254.160 - - [11/Nov/2025:12:10:37 -0300] "GET /?fileloc=//lib/modules/5.14.0-570.52.1.el9_6.x86_64/kernel/drivers/net/phy/qsemi.ko.xz&path=//lib/modules/5.14.0-570.52.1.el9_6.x86_64/kernel/drivers/net/phy HTTP/1.1" 200 18054 "-" "Mozilla/5.0 (compatible; MJ12bot/v1.4.8; http://mj12bot.com/)" maoristudio.com 199508
74.7.227.128 - - [11/Nov/2025:12:10:38 -0300] "GET /harvest204?fileloc=//lib64/librecode.so.3.7.11&path=//lib64 HTTP/1.1" 200 1964821 "-" "Mozilla/5.0 AppleWebKit/537.36 (KHTML, like Gecko; compatible; GPTBot/1.3; +https://openai.com/gptbot)" maoristudio.com 640295
54.37.254.160 - - [11/Nov/2025:12:10:39 -0300] "GET /?fileloc=//lib/modules/5.14.0-570.52.1.el9_6.x86_64/kernel/drivers/net/phy/realtek.ko.xz&path=//lib/modules/5.14.0-570.52.1.el9_6.x86_64/kernel/drivers/net/phy HTTP/1.1" 200 33010 "-" "Mozilla/5.0 (compatible; MJ12bot/v1.4.8; http://mj12bot.com/)" maoristudio.com 140262
74.7.227.128 - - [11/Nov/2025:12:10:40 -0300] "GET /opening188?fileloc=//lib64/libunistring.so.2&path=//lib64 HTTP/1.1" 200 2567229 "-" "Mozilla/5.0 AppleWebKit/537.36 (KHTML, like Gecko; compatible; GPTBot/1.3; +https://openai.com/gptbot)" maoristudio.com 211079
74.7.227.128 - - [11/Nov/2025:12:10:41 -0300] "GET /opening188?fileloc=//lib64/libsamba-hostconfig.so.0&path=//lib64 HTTP/1.1" 200 306473 "-" "Mozilla/5.0 AppleWebKit/537.36 (KHTML, like Gecko; compatible; GPTBot/1.3; +https://openai.com/gptbot)" maoristudio.com 176557
54.37.254.160 - - [11/Nov/2025:12:10:41 -0300] "GET /?fileloc=//lib/modules/5.14.0-570.52.1.el9_6.x86_64/kernel/drivers/net/phy/rockchip.ko.xz&path=//lib/modules/5.14.0-570.52.1.el9_6.x86_64/kernel/drivers/net/phy HTTP/1.1" 200 18629 "-" "Mozilla/5.0 (compatible; MJ12bot/v1.4.8; http://mj12bot.com/)" maoristudio.com 175792
204.12.252.98 - - [11/Nov/2025:12:10:41 -0300] "GET /wp-content/ade7e187/edit.php HTTP/1.1" 200 6 "http://maoristudio.com/wp-content/ade7e187/edit.php" "Mozilla/5.0 (Windows NT 10.0; Win64; x64) AppleWebKit/537.36 (KHTML, like Gecko) Chrome/58.0.3029.110 Safari/537.3" maoristudio.com 382254
74.7.227.128 - - [11/Nov/2025:12:10:42 -0300] "GET /shortly194?fileloc=//lib64/libnl-3.so.200&path=//lib64 HTTP/1.1" 200 232412 "-" "Mozilla/5.0 AppleWebKit/537.36 (KHTML, like Gecko; compatible; GPTBot/1.3; +https://openai.com/gptbot)" maoristudio.com 248241
54.37.254.160 - - [11/Nov/2025:12:10:43 -0300] "GET /?fileloc=//lib/modules/5.14.0-570.52.1.el9_6.x86_64/kernel/drivers/net/phy/smsc.ko.xz&path=//lib/modules/5.14.0-570.52.1.el9_6.x86_64/kernel/drivers/net/phy HTTP/1.1" 200 25529 "-" "Mozilla/5.0 (compatible; MJ12bot/v1.4.8; http://mj12bot.com/)" maoristudio.com 222679
74.7.227.128 - - [11/Nov/2025:12:10:43 -0300] "GET /maximum122?fileloc=//lib64/libdrm_radeon.so.1&path=//lib64 HTTP/1.1" 200 97951 "-" "Mozilla/5.0 AppleWebKit/537.36 (KHTML, like Gecko; compatible; GPTBot/1.3; +https://openai.com/gptbot)" maoristudio.com 225151
74.7.227.128 - - [11/Nov/2025:12:10:44 -0300] "GET /shortly194?fileloc=//lib64/libxcb-render.so.0&path=//lib64 HTTP/1.1" 200 91510 "-" "Mozilla/5.0 AppleWebKit/537.36 (KHTML, like Gecko; compatible; GPTBot/1.3; +https://openai.com/gptbot)" maoristudio.com 242929
54.37.254.160 - - [11/Nov/2025:12:10:45 -0300] "GET /?fileloc=//lib/modules/5.14.0-570.52.1.el9_6.x86_64/kernel/drivers/net/phy/spi_ks8995.ko.xz&path=//lib/modules/5.14.0-570.52.1.el9_6.x86_64/kernel/drivers/net/phy HTTP/1.1" 200 22102 "-" "Mozilla/5.0 (compatible; MJ12bot/v1.4.8; http://mj12bot.com/)" maoristudio.com 150524
74.7.227.128 - - [11/Nov/2025:12:10:45 -0300] "GET /equally106?fileloc=//lib64/libsgutils2-1.47.so.2.0.0&path=//lib64 HTTP/1.1" 200 403255 "-" "Mozilla/5.0 AppleWebKit/537.36 (KHTML, like Gecko; compatible; GPTBot/1.3; +https://openai.com/gptbot)" maoristudio.com 150237
74.7.227.128 - - [11/Nov/2025:12:10:46 -0300] "GET /current261?fileloc=//lib64/libnn.so.2&path=//lib64 HTTP/1.1" 200 153651 "-" "Mozilla/5.0 AppleWebKit/537.36 (KHTML, like Gecko; compatible; GPTBot/1.3; +https://openai.com/gptbot)" maoristudio.com 187167
54.37.254.160 - - [11/Nov/2025:12:10:47 -0300] "GET /?fileloc=//lib/modules/5.14.0-570.52.1.el9_6.x86_64/kernel/drivers/net/phy/ste10Xp.ko.xz&path=//lib/modules/5.14.0-570.52.1.el9_6.x86_64/kernel/drivers/net/phy HTTP/1.1" 200 18153 "-" "Mozilla/5.0 (compatible; MJ12bot/v1.4.8; http://mj12bot.com/)" maoristudio.com 162232
74.7.227.128 - - [11/Nov/2025:12:10:48 -0300] "GET /gallery144?fileloc=//lib64/libmnl.so.0&path=//lib64 HTTP/1.1" 200 48141 "-" "Mozilla/5.0 AppleWebKit/537.36 (KHTML, like Gecko; compatible; GPTBot/1.3; +https://openai.com/gptbot)" maoristudio.com 126925
54.37.254.160 - - [11/Nov/2025:12:10:49 -0300] "GET /?fileloc=//lib/modules/5.14.0-570.52.1.el9_6.x86_64/kernel/drivers/net/phy/teranetics.ko.xz&path=//lib/modules/5.14.0-570.52.1.el9_6.x86_64/kernel/drivers/net/phy HTTP/1.1" 200 17926 "-" "Mozilla/5.0 (compatible; MJ12bot/v1.4.8; http://mj12bot.com/)" maoristudio.com 217971
54.37.254.160 - - [11/Nov/2025:12:10:51 -0300] "GET /?fileloc=//lib/modules/5.14.0-570.52.1.el9_6.x86_64/kernel/drivers/net/phy/uPD60620.ko.xz&path=//lib/modules/5.14.0-570.52.1.el9_6.x86_64/kernel/drivers/net/phy HTTP/1.1" 200 17739 "-" "Mozilla/5.0 (compatible; MJ12bot/v1.4.8; http://mj12bot.com/)" maoristudio.com 1022411
74.7.227.128 - - [11/Nov/2025:12:10:49 -0300] "GET /classic185?fileloc=//lib64/libpoppler.so.106.0.0&path=//lib64 HTTP/1.1" 200 5299636 "-" "Mozilla/5.0 AppleWebKit/537.36 (KHTML, like Gecko; compatible; GPTBot/1.3; +https://openai.com/gptbot)" maoristudio.com 3693069
74.7.227.128 - - [11/Nov/2025:12:10:53 -0300] "GET /rolling300?fileloc=//lib64/liblua-5.1.so&path=//lib64 HTTP/1.1" 200 340308 "-" "Mozilla/5.0 AppleWebKit/537.36 (KHTML, like Gecko; compatible; GPTBot/1.3; +https://openai.com/gptbot)" maoristudio.com 206307
54.37.254.160 - - [11/Nov/2025:12:10:54 -0300] "GET /?fileloc=//lib/modules/5.14.0-570.52.1.el9_6.x86_64/kernel/drivers/net/phy/vitesse.ko.xz&path=//lib/modules/5.14.0-570.52.1.el9_6.x86_64/kernel/drivers/net/phy HTTP/1.1" 200 22322 "-" "Mozilla/5.0 (compatible; MJ12bot/v1.4.8; http://mj12bot.com/)" maoristudio.com 129735
74.7.227.128 - - [11/Nov/2025:12:10:54 -0300] "GET /channel194?fileloc=//lib64/libunwind-x86_64.so.8&path=//lib64 HTTP/1.1" 200 127660 "-" "Mozilla/5.0 AppleWebKit/537.36 (KHTML, like Gecko; compatible; GPTBot/1.3; +https://openai.com/gptbot)" maoristudio.com 205777
74.7.227.128 - - [11/Nov/2025:12:10:55 -0300] "GET /classic185?fileloc=//lib64/libXext.so.6&path=//lib64 HTTP/1.1" 200 135495 "-" "Mozilla/5.0 AppleWebKit/537.36 (KHTML, like Gecko; compatible; GPTBot/1.3; +https://openai.com/gptbot)" maoristudio.com 147261
54.37.254.160 - - [11/Nov/2025:12:10:56 -0300] "GET /?fileloc=//lib/modules/5.14.0-570.52.1.el9_6.x86_64/kernel/drivers/net/phy/xilinx_gmii2rgmii.ko.xz&path=//lib/modules/5.14.0-570.52.1.el9_6.x86_64/kernel/drivers/net/phy HTTP/1.1" 200 17744 "-" "Mozilla/5.0 (compatible; MJ12bot/v1.4.8; http://mj12bot.com/)" maoristudio.com 164350
74.7.227.128 - - [11/Nov/2025:12:10:56 -0300] "GET /gallery144?fileloc=//lib64/libpcre2-posix.so&path=//lib64 HTTP/1.1" 200 30151 "-" "Mozilla/5.0 AppleWebKit/537.36 (KHTML, like Gecko; compatible; GPTBot/1.3; +https://openai.com/gptbot)" maoristudio.com 114659
74.7.227.128 - - [11/Nov/2025:12:10:57 -0300] "GET /gallery144?fileloc=//lib64/libXext.so.6&path=//lib64 HTTP/1.1" 200 135495 "-" "Mozilla/5.0 AppleWebKit/537.36 (KHTML, like Gecko; compatible; GPTBot/1.3; +https://openai.com/gptbot)" maoristudio.com 134075
54.37.254.160 - - [11/Nov/2025:12:10:58 -0300] "GET /?fileloc=//lib/modules/5.14.0-570.52.1.el9_6.x86_64/kernel/drivers/net/ppp/bsd_comp.ko.xz&path=//lib/modules/5.14.0-570.52.1.el9_6.x86_64/kernel/drivers/net/ppp HTTP/1.1" 200 24642 "-" "Mozilla/5.0 (compatible; MJ12bot/v1.4.8; http://mj12bot.com/)" maoristudio.com 161035
74.7.227.128 - - [11/Nov/2025:12:10:59 -0300] "GET /harvest204?path=//lib64/graphviz HTTP/1.1" 200 47009 "-" "Mozilla/5.0 AppleWebKit/537.36 (KHTML, like Gecko; compatible; GPTBot/1.3; +https://openai.com/gptbot)" maoristudio.com 139685
54.37.254.160 - - [11/Nov/2025:12:11:00 -0300] "GET /?fileloc=//lib/modules/5.14.0-570.52.1.el9_6.x86_64/kernel/drivers/net/ppp/ppp_async.ko.xz&path=//lib/modules/5.14.0-570.52.1.el9_6.x86_64/kernel/drivers/net/ppp HTTP/1.1" 200 29700 "-" "Mozilla/5.0 (compatible; MJ12bot/v1.4.8; http://mj12bot.com/)" maoristudio.com 138804
74.7.227.128 - - [11/Nov/2025:12:11:00 -0300] "GET /classic185?fileloc=//lib64/libXcursor.so.1&path=//lib64 HTTP/1.1" 200 82105 "-" "Mozilla/5.0 AppleWebKit/537.36 (KHTML, like Gecko; compatible; GPTBot/1.3; +https://openai.com/gptbot)" maoristudio.com 138359
74.7.227.128 - - [11/Nov/2025:12:11:01 -0300] "GET /maximum122?fileloc=//lib64/libsmbclient.so.0&path=//lib64 HTTP/1.1" 200 271326 "-" "Mozilla/5.0 AppleWebKit/537.36 (KHTML, like Gecko; compatible; GPTBot/1.3; +https://openai.com/gptbot)" maoristudio.com 139139
54.37.254.160 - - [11/Nov/2025:12:11:02 -0300] "GET /?fileloc=//lib/modules/5.14.0-570.52.1.el9_6.x86_64/kernel/drivers/net/ppp/ppp_deflate.ko.xz&path=//lib/modules/5.14.0-570.52.1.el9_6.x86_64/kernel/drivers/net/ppp HTTP/1.1" 200 23294 "-" "Mozilla/5.0 (compatible; MJ12bot/v1.4.8; http://mj12bot.com/)" maoristudio.com 166611
74.7.227.128 - - [11/Nov/2025:12:11:02 -0300] "GET /coastal110?path=//lib64/man-db HTTP/1.1" 200 18531 "-" "Mozilla/5.0 AppleWebKit/537.36 (KHTML, like Gecko; compatible; GPTBot/1.3; +https://openai.com/gptbot)" maoristudio.com 137224
74.7.227.128 - - [11/Nov/2025:12:11:03 -0300] "GET /setting186?fileloc=//lib64/libsmbconf.so.0.0.1&path=//lib64 HTTP/1.1" 200 950191 "-" "Mozilla/5.0 AppleWebKit/537.36 (KHTML, like Gecko; compatible; GPTBot/1.3; +https://openai.com/gptbot)" maoristudio.com 146915
54.37.254.160 - - [11/Nov/2025:12:11:04 -0300] "GET /?fileloc=//lib/modules/5.14.0-570.52.1.el9_6.x86_64/kernel/drivers/net/ppp/ppp_generic.ko.xz&path=//lib/modules/5.14.0-570.52.1.el9_6.x86_64/kernel/drivers/net/ppp HTTP/1.1" 200 61764 "-" "Mozilla/5.0 (compatible; MJ12bot/v1.4.8; http://mj12bot.com/)" maoristudio.com 143148
74.7.227.128 - - [11/Nov/2025:12:11:05 -0300] "GET /maximum122?fileloc=//lib64/libpcp_import.so.1&path=//lib64 HTTP/1.1" 200 68103 "-" "Mozilla/5.0 AppleWebKit/537.36 (KHTML, like Gecko; compatible; GPTBot/1.3; +https://openai.com/gptbot)" maoristudio.com 153891
98.82.39.241 - - [11/Nov/2025:12:11:05 -0300] "GET /?path=//usr/share/locale/av/LC_MESSAGES HTTP/1.1" 200 12922 "-" "Mozilla/5.0 AppleWebKit/537.36 (KHTML, like Gecko; compatible; Amazonbot/0.1; +https://developer.amazon.com/support/amazonbot) Chrome/119.0.6045.214 Safari/537.36" maoristudio.com 129506
74.7.227.128 - - [11/Nov/2025:12:11:06 -0300] "GET /gallery144?fileloc=//lib64/libXmu.so.6&path=//lib64 HTTP/1.1" 200 182569 "-" "Mozilla/5.0 AppleWebKit/537.36 (KHTML, like Gecko; compatible; GPTBot/1.3; +https://openai.com/gptbot)" maoristudio.com 196524
54.37.254.160 - - [11/Nov/2025:12:11:06 -0300] "GET /?fileloc=//lib/modules/5.14.0-570.52.1.el9_6.x86_64/kernel/drivers/net/ppp/ppp_mppe.ko.xz&path=//lib/modules/5.14.0-570.52.1.el9_6.x86_64/kernel/drivers/net/ppp HTTP/1.1" 200 25827 "-" "Mozilla/5.0 (compatible; MJ12bot/v1.4.8; http://mj12bot.com/)" maoristudio.com 190634
74.7.227.128 - - [11/Nov/2025:12:11:07 -0300] "GET /current261?fileloc=//lib64/libGraphicsMagick-Q16.so.3&path=//lib64 HTTP/1.1" 200 2753542 "-" "Mozilla/5.0 AppleWebKit/537.36 (KHTML, like Gecko; compatible; GPTBot/1.3; +https://openai.com/gptbot)" maoristudio.com 927368
54.37.254.160 - - [11/Nov/2025:12:11:08 -0300] "GET /?fileloc=//lib/modules/5.14.0-570.52.1.el9_6.x86_64/kernel/drivers/net/ppp/ppp_synctty.ko.xz&path=//lib/modules/5.14.0-570.52.1.el9_6.x86_64/kernel/drivers/net/ppp HTTP/1.1" 200 27314 "-" "Mozilla/5.0 (compatible; MJ12bot/v1.4.8; http://mj12bot.com/)" maoristudio.com 218366
74.7.227.128 - - [11/Nov/2025:12:11:09 -0300] "GET /coastal110?fileloc=//lib64/libibverbs.so.1.14.54.0&path=//lib64 HTTP/1.1" 200 220794 "-" "Mozilla/5.0 AppleWebKit/537.36 (KHTML, like Gecko; compatible; GPTBot/1.3; +https://openai.com/gptbot)" maoristudio.com 128293
54.37.254.160 - - [11/Nov/2025:12:11:10 -0300] "GET /?fileloc=//lib/modules/5.14.0-570.52.1.el9_6.x86_64/kernel/drivers/net/ppp/pppoe.ko.xz&path=//lib/modules/5.14.0-570.52.1.el9_6.x86_64/kernel/drivers/net/ppp HTTP/1.1" 200 32687 "-" "Mozilla/5.0 (compatible; MJ12bot/v1.4.8; http://mj12bot.com/)" maoristudio.com 120742
74.7.227.128 - - [11/Nov/2025:12:11:10 -0300] "GET /harvest204?fileloc=//lib64/libicuuc.so&path=//lib64 HTTP/1.1" 200 2998764 "-" "Mozilla/5.0 AppleWebKit/537.36 (KHTML, like Gecko; compatible; GPTBot/1.3; +https://openai.com/gptbot)" maoristudio.com 196209
74.7.227.128 - - [11/Nov/2025:12:11:11 -0300] "GET /shortly194?fileloc=//lib64/libesoobS.so.2&path=//lib64 HTTP/1.1" 200 30870 "-" "Mozilla/5.0 AppleWebKit/537.36 (KHTML, like Gecko; compatible; GPTBot/1.3; +https://openai.com/gptbot)" maoristudio.com 159861
54.37.254.160 - - [11/Nov/2025:12:11:12 -0300] "GET /?fileloc=//lib/modules/5.14.0-570.52.1.el9_6.x86_64/kernel/drivers/net/ppp/pppox.ko.xz&path=//lib/modules/5.14.0-570.52.1.el9_6.x86_64/kernel/drivers/net/ppp HTTP/1.1" 200 20416 "-" "Mozilla/5.0 (compatible; MJ12bot/v1.4.8; http://mj12bot.com/)" maoristudio.com 132720
74.7.227.128 - - [11/Nov/2025:12:11:12 -0300] "GET /equally106?fileloc=//lib64/libcrypt.so&path=//lib64 HTTP/1.1" 200 316512 "-" "Mozilla/5.0 AppleWebKit/537.36 (KHTML, like Gecko; compatible; GPTBot/1.3; +https://openai.com/gptbot)" maoristudio.com 146017
74.7.227.128 - - [11/Nov/2025:12:11:13 -0300] "GET /rolling300?fileloc=//lib64/libinih.so.0&path=//lib64 HTTP/1.1" 200 30706 "-" "Mozilla/5.0 AppleWebKit/537.36 (KHTML, like Gecko; compatible; GPTBot/1.3; +https://openai.com/gptbot)" maoristudio.com 141208
54.37.254.160 - - [11/Nov/2025:12:11:14 -0300] "GET /?fileloc=//lib/modules/5.14.0-570.52.1.el9_6.x86_64/kernel/drivers/net/ppp/pptp.ko.xz&path=//lib/modules/5.14.0-570.52.1.el9_6.x86_64/kernel/drivers/net/ppp HTTP/1.1" 200 28399 "-" "Mozilla/5.0 (compatible; MJ12bot/v1.4.8; http://mj12bot.com/)" maoristudio.com 126229
74.7.227.128 - - [11/Nov/2025:12:11:15 -0300] "GET /channel194?fileloc=//lib64/grcrt1.o&path=//lib64 HTTP/1.1" 200 16106 "-" "Mozilla/5.0 AppleWebKit/537.36 (KHTML, like Gecko; compatible; GPTBot/1.3; +https://openai.com/gptbot)" maoristudio.com 131115
54.37.254.160 - - [11/Nov/2025:12:11:16 -0300] "GET /?fileloc=//lib/modules/5.14.0-570.52.1.el9_6.x86_64/kernel/drivers/net/slip/slhc.ko.xz&path=//lib/modules/5.14.0-570.52.1.el9_6.x86_64/kernel/drivers/net/slip HTTP/1.1" 200 24255 "-" "Mozilla/5.0 (compatible; MJ12bot/v1.4.8; http://mj12bot.com/)" maoristudio.com 133553
74.7.227.128 - - [11/Nov/2025:12:11:16 -0300] "GET /current261?fileloc=//lib64/libjxl_threads.so.0.7&path=//lib64 HTTP/1.1" 200 39155 "-" "Mozilla/5.0 AppleWebKit/537.36 (KHTML, like Gecko; compatible; GPTBot/1.3; +https://openai.com/gptbot)" maoristudio.com 180190
74.7.227.128 - - [11/Nov/2025:12:11:17 -0300] "GET /harvest204?fileloc=//lib64/libxmlrpc_server_abyss.so.3&path=//lib64 HTTP/1.1" 200 58908 "-" "Mozilla/5.0 AppleWebKit/537.36 (KHTML, like Gecko; compatible; GPTBot/1.3; +https://openai.com/gptbot)" maoristudio.com 363296
54.37.254.160 - - [11/Nov/2025:12:11:18 -0300] "GET /?fileloc=//lib/modules/5.14.0-570.52.1.el9_6.x86_64/kernel/drivers/net/team/team.ko.xz&path=//lib/modules/5.14.0-570.52.1.el9_6.x86_64/kernel/drivers/net/team HTTP/1.1" 200 60364 "-" "Mozilla/5.0 (compatible; MJ12bot/v1.4.8; http://mj12bot.com/)" maoristudio.com 125494
74.7.227.128 - - [11/Nov/2025:12:11:18 -0300] "GET /maximum122?fileloc=//lib64/libpcrecpp.so.0&path=//lib64 HTTP/1.1" 200 77352 "-" "Mozilla/5.0 AppleWebKit/537.36 (KHTML, like Gecko; compatible; GPTBot/1.3; +https://openai.com/gptbot)" maoristudio.com 144414
74.7.227.128 - - [11/Nov/2025:12:11:19 -0300] "GET /shortly194?fileloc=//lib64/libnetsnmpmibs.so.40&path=//lib64 HTTP/1.1" 200 2631953 "-" "Mozilla/5.0 AppleWebKit/537.36 (KHTML, like Gecko; compatible; GPTBot/1.3; +https://openai.com/gptbot)" maoristudio.com 691154
54.37.254.160 - - [11/Nov/2025:12:11:20 -0300] "GET /?fileloc=//lib/modules/5.14.0-570.52.1.el9_6.x86_64/kernel/drivers/net/team/team_mode_activebackup.ko.xz&path=//lib/modules/5.14.0-570.52.1.el9_6.x86_64/kernel/drivers/net/team HTTP/1.1" 200 20338 "-" "Mozilla/5.0 (compatible; MJ12bot/v1.4.8; http://mj12bot.com/)" maoristudio.com 285166
74.7.227.128 - - [11/Nov/2025:12:11:21 -0300] "GET /harvest204?path=//lib64/ruby HTTP/1.1" 200 60074 "-" "Mozilla/5.0 AppleWebKit/537.36 (KHTML, like Gecko; compatible; GPTBot/1.3; +https://openai.com/gptbot)" maoristudio.com 140727
54.37.254.160 - - [11/Nov/2025:12:11:22 -0300] "GET /?fileloc=//lib/modules/5.14.0-570.52.1.el9_6.x86_64/kernel/drivers/net/team/team_mode_broadcast.ko.xz&path=//lib/modules/5.14.0-570.52.1.el9_6.x86_64/kernel/drivers/net/team HTTP/1.1" 200 19227 "-" "Mozilla/5.0 (compatible; MJ12bot/v1.4.8; http://mj12bot.com/)" maoristudio.com 139763
74.7.227.128 - - [11/Nov/2025:12:11:22 -0300] "GET /rolling300?fileloc=//lib64/libselinux.so&path=//lib64 HTTP/1.1" 200 284668 "-" "Mozilla/5.0 AppleWebKit/537.36 (KHTML, like Gecko; compatible; GPTBot/1.3; +https://openai.com/gptbot)" maoristudio.com 176799
74.7.227.128 - - [11/Nov/2025:12:11:23 -0300] "GET /coastal110?fileloc=//lib64/libsecureio.so.0&path=//lib64 HTTP/1.1" 200 32312 "-" "Mozilla/5.0 AppleWebKit/537.36 (KHTML, like Gecko; compatible; GPTBot/1.3; +https://openai.com/gptbot)" maoristudio.com 136079
54.37.254.160 - - [11/Nov/2025:12:11:24 -0300] "GET /?fileloc=//lib/modules/5.14.0-570.52.1.el9_6.x86_64/kernel/drivers/net/team/team_mode_loadbalance.ko.xz&path=//lib/modules/5.14.0-570.52.1.el9_6.x86_64/kernel/drivers/net/team HTTP/1.1" 200 27483 "-" "Mozilla/5.0 (compatible; MJ12bot/v1.4.8; http://mj12bot.com/)" maoristudio.com 168205
74.7.227.128 - - [11/Nov/2025:12:11:24 -0300] "GET /current261?fileloc=//lib64/libpam_misc.so&path=//lib64 HTTP/1.1" 200 36417 "-" "Mozilla/5.0 AppleWebKit/537.36 (KHTML, like Gecko; compatible; GPTBot/1.3; +https://openai.com/gptbot)" maoristudio.com 143075
3.221.244.28 - - [11/Nov/2025:12:11:26 -0300] "GET /?path=//usr/lib/rpm/platform/sh4-linux HTTP/1.1" 200 14395 "-" "Mozilla/5.0 AppleWebKit/537.36 (KHTML, like Gecko; compatible; Amazonbot/0.1; +https://developer.amazon.com/support/amazonbot) Chrome/119.0.6045.214 Safari/537.36" maoristudio.com 172290
74.7.227.128 - - [11/Nov/2025:12:11:26 -0300] "GET /opening188?path=//lib64/xfsprogs HTTP/1.1" 200 12777 "-" "Mozilla/5.0 AppleWebKit/537.36 (KHTML, like Gecko; compatible; GPTBot/1.3; +https://openai.com/gptbot)" maoristudio.com 345171
54.37.254.160 - - [11/Nov/2025:12:11:26 -0300] "GET /?fileloc=//lib/modules/5.14.0-570.52.1.el9_6.x86_64/kernel/drivers/net/team/team_mode_random.ko.xz&path=//lib/modules/5.14.0-570.52.1.el9_6.x86_64/kernel/drivers/net/team HTTP/1.1" 200 19097 "-" "Mozilla/5.0 (compatible; MJ12bot/v1.4.8; http://mj12bot.com/)" maoristudio.com 169821
74.7.227.128 - - [11/Nov/2025:12:11:27 -0300] "GET /setting186?fileloc=//lib64/libtokyocabinet.so.9.11.0&path=//lib64 HTTP/1.1" 200 971053 "-" "Mozilla/5.0 AppleWebKit/537.36 (KHTML, like Gecko; compatible; GPTBot/1.3; +https://openai.com/gptbot)" maoristudio.com 237914
74.7.227.128 - - [11/Nov/2025:12:11:28 -0300] "GET /harvest204?fileloc=//lib64/libtevent-util.so.0.0.1&path=//lib64 HTTP/1.1" 200 41583 "-" "Mozilla/5.0 AppleWebKit/537.36 (KHTML, like Gecko; compatible; GPTBot/1.3; +https://openai.com/gptbot)" maoristudio.com 175440
54.37.254.160 - - [11/Nov/2025:12:11:28 -0300] "GET /?fileloc=//lib/modules/5.14.0-570.52.1.el9_6.x86_64/kernel/drivers/net/team/team_mode_roundrobin.ko.xz&path=//lib/modules/5.14.0-570.52.1.el9_6.x86_64/kernel/drivers/net/team HTTP/1.1" 200 19200 "-" "Mozilla/5.0 (compatible; MJ12bot/v1.4.8; http://mj12bot.com/)" maoristudio.com 255445
34.192.67.98 - - [11/Nov/2025:12:11:28 -0300] "GET /?path=//usr/share/locale/ypk/LC_MESSAGES HTTP/1.1" 200 12925 "-" "Mozilla/5.0 AppleWebKit/537.36 (KHTML, like Gecko; compatible; Amazonbot/0.1; +https://developer.amazon.com/support/amazonbot) Chrome/119.0.6045.214 Safari/537.36" maoristudio.com 166705
74.7.227.128 - - [11/Nov/2025:12:11:29 -0300] "GET /equally106?fileloc=//lib64/libtokyocabinet.so.9.11.0&path=//lib64 HTTP/1.1" 200 971053 "-" "Mozilla/5.0 AppleWebKit/537.36 (KHTML, like Gecko; compatible; GPTBot/1.3; +https://openai.com/gptbot)" maoristudio.com 158103
54.37.254.160 - - [11/Nov/2025:12:11:30 -0300] "GET /?fileloc=//lib/modules/5.14.0-570.52.1.el9_6.x86_64/kernel/drivers/net/thunderbolt/thunderbolt_net.ko.xz&path=//lib/modules/5.14.0-570.52.1.el9_6.x86_64/kernel/drivers/net/thunderbolt HTTP/1.1" 200 49340 "-" "Mozilla/5.0 (compatible; MJ12bot/v1.4.8; http://mj12bot.com/)" maoristudio.com 120862
74.7.227.128 - - [11/Nov/2025:12:11:30 -0300] "GET /channel194?path=//lib64/php HTTP/1.1" 200 14081 "-" "Mozilla/5.0 AppleWebKit/537.36 (KHTML, like Gecko; compatible; GPTBot/1.3; +https://openai.com/gptbot)" maoristudio.com 199566
74.7.227.128 - - [11/Nov/2025:12:11:31 -0300] "GET /classic185?fileloc=//lib64/libnss_dns.so.2&path=//lib64 HTTP/1.1" 200 28797 "-" "Mozilla/5.0 AppleWebKit/537.36 (KHTML, like Gecko; compatible; GPTBot/1.3; +https://openai.com/gptbot)" maoristudio.com 172116
54.37.254.160 - - [11/Nov/2025:12:11:32 -0300] "GET /?fileloc=//lib/modules/5.14.0-570.52.1.el9_6.x86_64/kernel/drivers/net/usb/asix.ko.xz&path=//lib/modules/5.14.0-570.52.1.el9_6.x86_64/kernel/drivers/net/usb HTTP/1.1" 200 57995 "-" "Mozilla/5.0 (compatible; MJ12bot/v1.4.8; http://mj12bot.com/)" maoristudio.com 132616
74.7.227.128 - - [11/Nov/2025:12:11:33 -0300] "GET /maximum122?fileloc=//lib64/libldap-2.4.so.2&path=//lib64 HTTP/1.1" 200 28265 "-" "Mozilla/5.0 AppleWebKit/537.36 (KHTML, like Gecko; compatible; GPTBot/1.3; +https://openai.com/gptbot)" maoristudio.com 142960
74.7.227.128 - - [11/Nov/2025:12:11:34 -0300] "GET /equally106?fileloc=//lib64/libxdot.so.4.0.0&path=//lib64 HTTP/1.1" 200 45903 "-" "Mozilla/5.0 AppleWebKit/537.36 (KHTML, like Gecko; compatible; GPTBot/1.3; +https://openai.com/gptbot)" maoristudio.com 174061
54.37.254.160 - - [11/Nov/2025:12:11:34 -0300] "GET /?fileloc=//lib/modules/5.14.0-570.52.1.el9_6.x86_64/kernel/drivers/net/usb/ax88179_178a.ko.xz&path=//lib/modules/5.14.0-570.52.1.el9_6.x86_64/kernel/drivers/net/usb HTTP/1.1" 200 40210 "-" "Mozilla/5.0 (compatible; MJ12bot/v1.4.8; http://mj12bot.com/)" maoristudio.com 165059
74.7.227.128 - - [11/Nov/2025:12:11:35 -0300] "GET /shortly194?fileloc=//lib64/libcbor.so.0.7.0&path=//lib64 HTTP/1.1" 200 111470 "-" "Mozilla/5.0 AppleWebKit/537.36 (KHTML, like Gecko; compatible; GPTBot/1.3; +https://openai.com/gptbot)" maoristudio.com 194220
74.7.227.128 - - [11/Nov/2025:12:11:36 -0300] "GET /setting186?fileloc=//lib64/liblmdb.so.0.0.0&path=//lib64 HTTP/1.1" 200 157966 "-" "Mozilla/5.0 AppleWebKit/537.36 (KHTML, like Gecko; compatible; GPTBot/1.3; +https://openai.com/gptbot)" maoristudio.com 141528
54.37.254.160 - - [11/Nov/2025:12:11:36 -0300] "GET /?fileloc=//lib/modules/5.14.0-570.52.1.el9_6.x86_64/kernel/drivers/net/usb/catc.ko.xz&path=//lib/modules/5.14.0-570.52.1.el9_6.x86_64/kernel/drivers/net/usb HTTP/1.1" 200 34757 "-" "Mozilla/5.0 (compatible; MJ12bot/v1.4.8; http://mj12bot.com/)" maoristudio.com 188930
74.7.227.128 - - [11/Nov/2025:12:11:37 -0300] "GET /shortly194?fileloc=//lib64/libfuse.so.2.9.9&path=//lib64 HTTP/1.1" 200 384111 "-" "Mozilla/5.0 AppleWebKit/537.36 (KHTML, like Gecko; compatible; GPTBot/1.3; +https://openai.com/gptbot)" maoristudio.com 139842
52.204.37.237 - - [11/Nov/2025:12:11:37 -0300] "GET /?path=//opt/cloudlinux/alt-php52/root/etc/mariadb102 HTTP/1.1" 200 17687 "-" "Mozilla/5.0 AppleWebKit/537.36 (KHTML, like Gecko; compatible; Amazonbot/0.1; +https://developer.amazon.com/support/amazonbot) Chrome/119.0.6045.214 Safari/537.36" maoristudio.com 201893
54.37.254.160 - - [11/Nov/2025:12:11:38 -0300] "GET /?fileloc=//lib/modules/5.14.0-570.52.1.el9_6.x86_64/kernel/drivers/net/usb/cdc_eem.ko.xz&path=//lib/modules/5.14.0-570.52.1.el9_6.x86_64/kernel/drivers/net/usb HTTP/1.1" 200 22248 "-" "Mozilla/5.0 (compatible; MJ12bot/v1.4.8; http://mj12bot.com/)" maoristudio.com 169732
74.7.227.128 - - [11/Nov/2025:12:11:38 -0300] "GET /opening188?fileloc=//lib64/libyaml-0.so.2&path=//lib64 HTTP/1.1" 200 226328 "-" "Mozilla/5.0 AppleWebKit/537.36 (KHTML, like Gecko; compatible; GPTBot/1.3; +https://openai.com/gptbot)" maoristudio.com 180859
74.7.227.128 - - [11/Nov/2025:12:11:40 -0300] "GET /equally106?fileloc=//lib64/libgvc.so.6.0.0&path=//lib64 HTTP/1.1" 200 1014304 "-" "Mozilla/5.0 AppleWebKit/537.36 (KHTML, like Gecko; compatible; GPTBot/1.3; +https://openai.com/gptbot)" maoristudio.com 159523
54.37.254.160 - - [11/Nov/2025:12:11:40 -0300] "GET /?fileloc=//lib/modules/5.14.0-570.52.1.el9_6.x86_64/kernel/drivers/net/usb/cdc_ether.ko.xz&path=//lib/modules/5.14.0-570.52.1.el9_6.x86_64/kernel/drivers/net/usb HTTP/1.1" 200 29078 "-" "Mozilla/5.0 (compatible; MJ12bot/v1.4.8; http://mj12bot.com/)" maoristudio.com 158235
74.7.227.128 - - [11/Nov/2025:12:11:41 -0300] "GET /shortly194?fileloc=//lib64/libbrotlicommon.so&path=//lib64 HTTP/1.1" 200 164738 "-" "Mozilla/5.0 AppleWebKit/537.36 (KHTML, like Gecko; compatible; GPTBot/1.3; +https://openai.com/gptbot)" maoristudio.com 156312
74.7.227.128 - - [11/Nov/2025:12:11:42 -0300] "GET /setting186?fileloc=//lib64/libgif.so.7.2.0&path=//lib64 HTTP/1.1" 200 75912 "-" "Mozilla/5.0 AppleWebKit/537.36 (KHTML, like Gecko; compatible; GPTBot/1.3; +https://openai.com/gptbot)" maoristudio.com 181216
54.37.254.160 - - [11/Nov/2025:12:11:42 -0300] "GET /?fileloc=//lib/modules/5.14.0-570.52.1.el9_6.x86_64/kernel/drivers/net/usb/cdc_mbim.ko.xz&path=//lib/modules/5.14.0-570.52.1.el9_6.x86_64/kernel/drivers/net/usb HTTP/1.1" 200 28773 "-" "Mozilla/5.0 (compatible; MJ12bot/v1.4.8; http://mj12bot.com/)" maoristudio.com 154249
74.7.227.128 - - [11/Nov/2025:12:11:43 -0300] "GET /setting186?fileloc=//lib64/libgomp.so.1&path=//lib64 HTTP/1.1" 200 471344 "-" "Mozilla/5.0 AppleWebKit/537.36 (KHTML, like Gecko; compatible; GPTBot/1.3; +https://openai.com/gptbot)" maoristudio.com 189672
74.7.227.128 - - [11/Nov/2025:12:11:44 -0300] "GET /maximum122?fileloc=//lib64/librpm.so.9.1.3&path=//lib64 HTTP/1.1" 200 831931 "-" "Mozilla/5.0 AppleWebKit/537.36 (KHTML, like Gecko; compatible; GPTBot/1.3; +https://openai.com/gptbot)" maoristudio.com 146179
54.37.254.160 - - [11/Nov/2025:12:11:44 -0300] "GET /?fileloc=//lib/modules/5.14.0-570.52.1.el9_6.x86_64/kernel/drivers/net/usb/cdc_ncm.ko.xz&path=//lib/modules/5.14.0-570.52.1.el9_6.x86_64/kernel/drivers/net/usb HTTP/1.1" 200 47883 "-" "Mozilla/5.0 (compatible; MJ12bot/v1.4.8; http://mj12bot.com/)" maoristudio.com 189259
74.7.227.128 - - [11/Nov/2025:12:11:45 -0300] "GET /rolling300?fileloc=//lib64/libtss2-tctildr.so.0&path=//lib64 HTTP/1.1" 200 47586 "-" "Mozilla/5.0 AppleWebKit/537.36 (KHTML, like Gecko; compatible; GPTBot/1.3; +https://openai.com/gptbot)" maoristudio.com 148176
74.7.227.128 - - [11/Nov/2025:12:11:46 -0300] "GET /rolling300?path=//lib64/ImageMagick-6.9.13 HTTP/1.1" 200 15543 "-" "Mozilla/5.0 AppleWebKit/537.36 (KHTML, like Gecko; compatible; GPTBot/1.3; +https://openai.com/gptbot)" maoristudio.com 136821
54.37.254.160 - - [11/Nov/2025:12:11:46 -0300] "GET /?fileloc=//lib/modules/5.14.0-570.52.1.el9_6.x86_64/kernel/drivers/net/usb/cdc_subset.ko.xz&path=//lib/modules/5.14.0-570.52.1.el9_6.x86_64/kernel/drivers/net/usb HTTP/1.1" 200 19959 "-" "Mozilla/5.0 (compatible; MJ12bot/v1.4.8; http://mj12bot.com/)" maoristudio.com 162216
74.7.227.128 - - [11/Nov/2025:12:11:47 -0300] "GET /channel194?path=//lib64/graphite2 HTTP/1.1" 200 15727 "-" "Mozilla/5.0 AppleWebKit/537.36 (KHTML, like Gecko; compatible; GPTBot/1.3; +https://openai.com/gptbot)" maoristudio.com 140139
54.37.254.160 - - [11/Nov/2025:12:11:48 -0300] "GET /?fileloc=//lib/modules/5.14.0-570.52.1.el9_6.x86_64/kernel/drivers/net/usb/ch9200.ko.xz&path=//lib/modules/5.14.0-570.52.1.el9_6.x86_64/kernel/drivers/net/usb HTTP/1.1" 200 24183 "-" "Mozilla/5.0 (compatible; MJ12bot/v1.4.8; http://mj12bot.com/)" maoristudio.com 189653
35.173.38.202 - - [11/Nov/2025:12:11:48 -0300] "GET /?fileloc=//opt/alt/php72/etc/php.d.all/luasandbox.ini&path=//opt/alt/php72/etc/php.d.all HTTP/1.1" 200 12582 "-" "Mozilla/5.0 AppleWebKit/537.36 (KHTML, like Gecko; compatible; Amazonbot/0.1; +https://developer.amazon.com/support/amazonbot) Chrome/119.0.6045.214 Safari/537.36" maoristudio.com 155971
74.7.227.128 - - [11/Nov/2025:12:11:49 -0300] "GET /classic185?fileloc=//lib64/libmpc.so.3.2.1&path=//lib64 HTTP/1.1" 200 196762 "-" "Mozilla/5.0 AppleWebKit/537.36 (KHTML, like Gecko; compatible; GPTBot/1.3; +https://openai.com/gptbot)" maoristudio.com 156537
74.7.227.128 - - [11/Nov/2025:12:11:50 -0300] "GET /harvest204?fileloc=//lib64/libsss_certmap.so.0.2.0&path=//lib64 HTTP/1.1" 200 115481 "-" "Mozilla/5.0 AppleWebKit/537.36 (KHTML, like Gecko; compatible; GPTBot/1.3; +https://openai.com/gptbot)" maoristudio.com 136499
54.37.254.160 - - [11/Nov/2025:12:11:50 -0300] "GET /?fileloc=//lib/modules/5.14.0-570.52.1.el9_6.x86_64/kernel/drivers/net/usb/cx82310_eth.ko.xz&path=//lib/modules/5.14.0-570.52.1.el9_6.x86_64/kernel/drivers/net/usb HTTP/1.1" 200 24280 "-" "Mozilla/5.0 (compatible; MJ12bot/v1.4.8; http://mj12bot.com/)" maoristudio.com 138390
74.7.227.128 - - [11/Nov/2025:12:11:51 -0300] "GET /coastal110?fileloc=//lib64/.libhogweed.so.6.10.hmac&path=//lib64 HTTP/1.1" 200 12399 "-" "Mozilla/5.0 AppleWebKit/537.36 (KHTML, like Gecko; compatible; GPTBot/1.3; +https://openai.com/gptbot)" maoristudio.com 142560
74.7.227.128 - - [11/Nov/2025:12:11:52 -0300] "GET /current261?fileloc=//lib64/libkadm5clnt_mit.so.12.0&path=//lib64 HTTP/1.1" 200 150033 "-" "Mozilla/5.0 AppleWebKit/537.36 (KHTML, like Gecko; compatible; GPTBot/1.3; +https://openai.com/gptbot)" maoristudio.com 147136
54.37.254.160 - - [11/Nov/2025:12:11:52 -0300] "GET /?fileloc=//lib/modules/5.14.0-570.52.1.el9_6.x86_64/kernel/drivers/net/usb/dm9601.ko.xz&path=//lib/modules/5.14.0-570.52.1.el9_6.x86_64/kernel/drivers/net/usb HTTP/1.1" 200 28930 "-" "Mozilla/5.0 (compatible; MJ12bot/v1.4.8; http://mj12bot.com/)" maoristudio.com 203024
74.7.227.128 - - [11/Nov/2025:12:11:53 -0300] "GET /maximum122?fileloc=//lib64/libidn2.so.0&path=//lib64 HTTP/1.1" 200 198499 "-" "Mozilla/5.0 AppleWebKit/537.36 (KHTML, like Gecko; compatible; GPTBot/1.3; +https://openai.com/gptbot)" maoristudio.com 201143
52.204.71.8 - - [11/Nov/2025:12:11:54 -0300] "GET /?path=//proc/thread-self/root/proc/tty/ldisc HTTP/1.1" 200 13005 "-" "Mozilla/5.0 AppleWebKit/537.36 (KHTML, like Gecko; compatible; Amazonbot/0.1; +https://developer.amazon.com/support/amazonbot) Chrome/119.0.6045.214 Safari/537.36" maoristudio.com 123846
74.7.227.128 - - [11/Nov/2025:12:11:54 -0300] "GET /rolling300?fileloc=//lib64/libanl.so&path=//lib64 HTTP/1.1" 200 29004 "-" "Mozilla/5.0 AppleWebKit/537.36 (KHTML, like Gecko; compatible; GPTBot/1.3; +https://openai.com/gptbot)" maoristudio.com 150384
54.37.254.160 - - [11/Nov/2025:12:11:54 -0300] "GET /?fileloc=//lib/modules/5.14.0-570.52.1.el9_6.x86_64/kernel/drivers/net/usb/gl620a.ko.xz&path=//lib/modules/5.14.0-570.52.1.el9_6.x86_64/kernel/drivers/net/usb HTTP/1.1" 200 21325 "-" "Mozilla/5.0 (compatible; MJ12bot/v1.4.8; http://mj12bot.com/)" maoristudio.com 240928
74.7.227.128 - - [11/Nov/2025:12:11:56 -0300] "GET /equally106?fileloc=//lib64/libtss2-rc.so.0&path=//lib64 HTTP/1.1" 200 52586 "-" "Mozilla/5.0 AppleWebKit/537.36 (KHTML, like Gecko; compatible; GPTBot/1.3; +https://openai.com/gptbot)" maoristudio.com 166139
54.37.254.160 - - [11/Nov/2025:12:11:56 -0300] "GET /?fileloc=//lib/modules/5.14.0-570.52.1.el9_6.x86_64/kernel/drivers/net/usb/hso.ko.xz&path=//lib/modules/5.14.0-570.52.1.el9_6.x86_64/kernel/drivers/net/usb HTTP/1.1" 200 58439 "-" "Mozilla/5.0 (compatible; MJ12bot/v1.4.8; http://mj12bot.com/)" maoristudio.com 131066
74.7.227.128 - - [11/Nov/2025:12:11:57 -0300] "GET /opening188?path=//lib64/NetworkManager HTTP/1.1" 200 14164 "-" "Mozilla/5.0 AppleWebKit/537.36 (KHTML, like Gecko; compatible; GPTBot/1.3; +https://openai.com/gptbot)" maoristudio.com 128467
74.7.227.128 - - [11/Nov/2025:12:11:58 -0300] "GET /harvest204?fileloc=//lib64/libsysfs.so.2&path=//lib64 HTTP/1.1" 200 85236 "-" "Mozilla/5.0 AppleWebKit/537.36 (KHTML, like Gecko; compatible; GPTBot/1.3; +https://openai.com/gptbot)" maoristudio.com 153914
54.37.254.160 - - [11/Nov/2025:12:11:59 -0300] "GET /?fileloc=//lib/modules/5.14.0-570.52.1.el9_6.x86_64/kernel/drivers/net/usb/huawei_cdc_ncm.ko.xz&path=//lib/modules/5.14.0-570.52.1.el9_6.x86_64/kernel/drivers/net/usb HTTP/1.1" 200 22238 "-" "Mozilla/5.0 (compatible; MJ12bot/v1.4.8; http://mj12bot.com/)" maoristudio.com 167678
74.7.227.128 - - [11/Nov/2025:12:11:59 -0300] "GET /gallery144?fileloc=//lib64/libsamdb.so.0&path=//lib64 HTTP/1.1" 200 195117 "-" "Mozilla/5.0 AppleWebKit/537.36 (KHTML, like Gecko; compatible; GPTBot/1.3; +https://openai.com/gptbot)" maoristudio.com 153362
74.7.227.128 - - [11/Nov/2025:12:12:00 -0300] "GET /opening188?fileloc=//lib64/libgmodule-2.0.so.0.6800.4&path=//lib64 HTTP/1.1" 200 36744 "-" "Mozilla/5.0 AppleWebKit/537.36 (KHTML, like Gecko; compatible; GPTBot/1.3; +https://openai.com/gptbot)" maoristudio.com 157967
54.37.254.160 - - [11/Nov/2025:12:12:01 -0300] "GET /?fileloc=//lib/modules/5.14.0-570.52.1.el9_6.x86_64/kernel/drivers/net/usb/int51x1.ko.xz&path=//lib/modules/5.14.0-570.52.1.el9_6.x86_64/kernel/drivers/net/usb HTTP/1.1" 200 21837 "-" "Mozilla/5.0 (compatible; MJ12bot/v1.4.8; http://mj12bot.com/)" maoristudio.com 134249
54.37.254.160 - - [11/Nov/2025:12:12:03 -0300] "GET /?fileloc=//lib/modules/5.14.0-570.52.1.el9_6.x86_64/kernel/drivers/net/usb/ipheth.ko.xz&path=//lib/modules/5.14.0-570.52.1.el9_6.x86_64/kernel/drivers/net/usb HTTP/1.1" 200 25676 "-" "Mozilla/5.0 (compatible; MJ12bot/v1.4.8; http://mj12bot.com/)" maoristudio.com 141283
74.7.227.128 - - [11/Nov/2025:12:12:01 -0300] "GET /current261?fileloc=//lib64/libuv.so.1.0.0&path=//lib64 HTTP/1.1" 200 329849 "-" "Mozilla/5.0 AppleWebKit/537.36 (KHTML, like Gecko; compatible; GPTBot/1.3; +https://openai.com/gptbot)" maoristudio.com 1596009
173.208.176.202 - - [11/Nov/2025:12:10:29 -0300] "GET /wp-content/ade7e187/edit.php?id=798844 HTTP/1.1" 200 - "http://maoristudio.com/wp-content/ade7e187/edit.php?id=798844" "Mozilla/5.0 (Windows NT 10.0; Win64; x64) AppleWebKit/537.36 (KHTML, like Gecko) Chrome/58.0.3029.110 Safari/537.3" maoristudio.com 94390559
54.37.254.160 - - [11/Nov/2025:12:12:05 -0300] "GET /?fileloc=//lib/modules/5.14.0-570.52.1.el9_6.x86_64/kernel/drivers/net/usb/kalmia.ko.xz&path=//lib/modules/5.14.0-570.52.1.el9_6.x86_64/kernel/drivers/net/usb HTTP/1.1" 200 24363 "-" "Mozilla/5.0 (compatible; MJ12bot/v1.4.8; http://mj12bot.com/)" maoristudio.com 318131
54.37.254.160 - - [11/Nov/2025:12:12:07 -0300] "GET /?fileloc=//lib/modules/5.14.0-570.52.1.el9_6.x86_64/kernel/drivers/net/usb/kaweth.ko.xz&path=//lib/modules/5.14.0-570.52.1.el9_6.x86_64/kernel/drivers/net/usb HTTP/1.1" 200 33547 "-" "Mozilla/5.0 (compatible; MJ12bot/v1.4.8; http://mj12bot.com/)" maoristudio.com 134470
74.7.227.128 - - [11/Nov/2025:12:12:04 -0300] "GET /shortly194?fileloc=//lib64/libpq.so.5.13&path=//lib64 HTTP/1.1" 200 521093 "-" "Mozilla/5.0 AppleWebKit/537.36 (KHTML, like Gecko; compatible; GPTBot/1.3; +https://openai.com/gptbot)" maoristudio.com 3698096
54.37.254.160 - - [11/Nov/2025:12:12:09 -0300] "GET /?fileloc=//lib/modules/5.14.0-570.52.1.el9_6.x86_64/kernel/drivers/net/usb/lan78xx.ko.xz&path=//lib/modules/5.14.0-570.52.1.el9_6.x86_64/kernel/drivers/net/usb HTTP/1.1" 200 77951 "-" "Mozilla/5.0 (compatible; MJ12bot/v1.4.8; http://mj12bot.com/)" maoristudio.com 140109
74.7.227.128 - - [11/Nov/2025:12:12:09 -0300] "GET /gallery144?fileloc=//lib64/libXfixes.so.3.1.0&path=//lib64 HTTP/1.1" 200 53664 "-" "Mozilla/5.0 AppleWebKit/537.36 (KHTML, like Gecko; compatible; GPTBot/1.3; +https://openai.com/gptbot)" maoristudio.com 131232
54.37.254.160 - - [11/Nov/2025:12:12:11 -0300] "GET /?fileloc=//lib/modules/5.14.0-570.52.1.el9_6.x86_64/kernel/drivers/net/usb/lg-vl600.ko.xz&path=//lib/modules/5.14.0-570.52.1.el9_6.x86_64/kernel/drivers/net/usb HTTP/1.1" 200 22503 "-" "Mozilla/5.0 (compatible; MJ12bot/v1.4.8; http://mj12bot.com/)" maoristudio.com 132748
54.37.254.160 - - [11/Nov/2025:12:12:13 -0300] "GET /?fileloc=//lib/modules/5.14.0-570.52.1.el9_6.x86_64/kernel/drivers/net/usb/mcs7830.ko.xz&path=//lib/modules/5.14.0-570.52.1.el9_6.x86_64/kernel/drivers/net/usb HTTP/1.1" 200 27031 "-" "Mozilla/5.0 (compatible; MJ12bot/v1.4.8; http://mj12bot.com/)" maoristudio.com 154823
18.215.112.101 - - [11/Nov/2025:12:12:13 -0300] "GET /?path=//usr/share/locale/be/LC_MESSAGES HTTP/1.1" 200 73307 "-" "Mozilla/5.0 AppleWebKit/537.36 (KHTML, like Gecko; compatible; Amazonbot/0.1; +https://developer.amazon.com/support/amazonbot) Chrome/119.0.6045.214 Safari/537.36" maoristudio.com 203935
54.37.254.160 - - [11/Nov/2025:12:12:15 -0300] "GET /?fileloc=//lib/modules/5.14.0-570.52.1.el9_6.x86_64/kernel/drivers/net/usb/net1080.ko.xz&path=//lib/modules/5.14.0-570.52.1.el9_6.x86_64/kernel/drivers/net/usb HTTP/1.1" 200 25469 "-" "Mozilla/5.0 (compatible; MJ12bot/v1.4.8; http://mj12bot.com/)" maoristudio.com 161686
54.37.254.160 - - [11/Nov/2025:12:12:17 -0300] "GET /?fileloc=//lib/modules/5.14.0-570.52.1.el9_6.x86_64/kernel/drivers/net/usb/pegasus.ko.xz&path=//lib/modules/5.14.0-570.52.1.el9_6.x86_64/kernel/drivers/net/usb HTTP/1.1" 200 43270 "-" "Mozilla/5.0 (compatible; MJ12bot/v1.4.8; http://mj12bot.com/)" maoristudio.com 140129
54.37.254.160 - - [11/Nov/2025:12:12:19 -0300] "GET /?fileloc=//lib/modules/5.14.0-570.52.1.el9_6.x86_64/kernel/drivers/net/usb/plusb.ko.xz&path=//lib/modules/5.14.0-570.52.1.el9_6.x86_64/kernel/drivers/net/usb HTTP/1.1" 200 19305 "-" "Mozilla/5.0 (compatible; MJ12bot/v1.4.8; http://mj12bot.com/)" maoristudio.com 203385
34.233.219.155 - - [11/Nov/2025:12:12:19 -0300] "GET /?path=//usr/lib/rpm/platform/ppc64pseries-linux HTTP/1.1" 200 14450 "-" "Mozilla/5.0 AppleWebKit/537.36 (KHTML, like Gecko; compatible; Amazonbot/0.1; +https://developer.amazon.com/support/amazonbot) Chrome/119.0.6045.214 Safari/537.36" maoristudio.com 138923
54.37.254.160 - - [11/Nov/2025:12:12:21 -0300] "GET /?fileloc=//lib/modules/5.14.0-570.52.1.el9_6.x86_64/kernel/drivers/net/usb/qmi_wwan.ko.xz&path=//lib/modules/5.14.0-570.52.1.el9_6.x86_64/kernel/drivers/net/usb HTTP/1.1" 200 39593 "-" "Mozilla/5.0 (compatible; MJ12bot/v1.4.8; http://mj12bot.com/)" maoristudio.com 118392
54.37.254.160 - - [11/Nov/2025:12:12:23 -0300] "GET /?fileloc=//lib/modules/5.14.0-570.52.1.el9_6.x86_64/kernel/drivers/net/usb/r8152.ko.xz&path=//lib/modules/5.14.0-570.52.1.el9_6.x86_64/kernel/drivers/net/usb HTTP/1.1" 200 118060 "-" "Mozilla/5.0 (compatible; MJ12bot/v1.4.8; http://mj12bot.com/)" maoristudio.com 157556
54.37.254.160 - - [11/Nov/2025:12:12:25 -0300] "GET /?fileloc=//lib/modules/5.14.0-570.52.1.el9_6.x86_64/kernel/drivers/net/usb/r8153_ecm.ko.xz&path=//lib/modules/5.14.0-570.52.1.el9_6.x86_64/kernel/drivers/net/usb HTTP/1.1" 200 20688 "-" "Mozilla/5.0 (compatible; MJ12bot/v1.4.8; http://mj12bot.com/)" maoristudio.com 218600
54.37.254.160 - - [11/Nov/2025:12:12:27 -0300] "GET /?fileloc=//lib/modules/5.14.0-570.52.1.el9_6.x86_64/kernel/drivers/net/usb/rndis_host.ko.xz&path=//lib/modules/5.14.0-570.52.1.el9_6.x86_64/kernel/drivers/net/usb HTTP/1.1" 200 29554 "-" "Mozilla/5.0 (compatible; MJ12bot/v1.4.8; http://mj12bot.com/)" maoristudio.com 142564
18.214.186.220 - - [11/Nov/2025:12:12:29 -0300] "GET /?path=//proc/self/root/proc/self/map_files HTTP/1.1" 200 12974 "-" "Mozilla/5.0 AppleWebKit/537.36 (KHTML, like Gecko; compatible; Amazonbot/0.1; +https://developer.amazon.com/support/amazonbot) Chrome/119.0.6045.214 Safari/537.36" maoristudio.com 145388
54.37.254.160 - - [11/Nov/2025:12:12:29 -0300] "GET /?fileloc=//lib/modules/5.14.0-570.52.1.el9_6.x86_64/kernel/drivers/net/usb/rtl8150.ko.xz&path=//lib/modules/5.14.0-570.52.1.el9_6.x86_64/kernel/drivers/net/usb HTTP/1.1" 200 31505 "-" "Mozilla/5.0 (compatible; MJ12bot/v1.4.8; http://mj12bot.com/)" maoristudio.com 118325
74.7.227.128 - - [11/Nov/2025:12:12:10 -0300] "GET /maximum122?fileloc=//lib64/libMagickWand-6.Q16.so.7.0.0&path=//lib64 HTTP/1.1" 200 2004420 "-" "Mozilla/5.0 AppleWebKit/537.36 (KHTML, like Gecko; compatible; GPTBot/1.3; +https://openai.com/gptbot)" maoristudio.com 20323130
54.37.254.160 - - [11/Nov/2025:12:12:31 -0300] "GET /?fileloc=//lib/modules/5.14.0-570.52.1.el9_6.x86_64/kernel/drivers/net/usb/sierra_net.ko.xz&path=//lib/modules/5.14.0-570.52.1.el9_6.x86_64/kernel/drivers/net/usb HTTP/1.1" 200 32191 "-" "Mozilla/5.0 (compatible; MJ12bot/v1.4.8; http://mj12bot.com/)" maoristudio.com 119753
74.7.227.128 - - [11/Nov/2025:12:12:33 -0300] "GET /harvest204?fileloc=//lib64/libpcp_trace.so.2&path=//lib64 HTTP/1.1" 200 62960 "-" "Mozilla/5.0 AppleWebKit/537.36 (KHTML, like Gecko; compatible; GPTBot/1.3; +https://openai.com/gptbot)" maoristudio.com 189484
23.21.175.228 - - [11/Nov/2025:12:12:33 -0300] "GET /?path=//proc/self/root/proc/tty/driver HTTP/1.1" 200 12965 "-" "Mozilla/5.0 AppleWebKit/537.36 (KHTML, like Gecko; compatible; Amazonbot/0.1; +https://developer.amazon.com/support/amazonbot) Chrome/119.0.6045.214 Safari/537.36" maoristudio.com 122141
54.37.254.160 - - [11/Nov/2025:12:12:33 -0300] "GET /?fileloc=//lib/modules/5.14.0-570.52.1.el9_6.x86_64/kernel/drivers/net/usb/smsc75xx.ko.xz&path=//lib/modules/5.14.0-570.52.1.el9_6.x86_64/kernel/drivers/net/usb HTTP/1.1" 200 51385 "-" "Mozilla/5.0 (compatible; MJ12bot/v1.4.8; http://mj12bot.com/)" maoristudio.com 148831
54.37.254.160 - - [11/Nov/2025:12:12:35 -0300] "GET /?fileloc=//lib/modules/5.14.0-570.52.1.el9_6.x86_64/kernel/drivers/net/usb/smsc95xx.ko.xz&path=//lib/modules/5.14.0-570.52.1.el9_6.x86_64/kernel/drivers/net/usb HTTP/1.1" 200 48455 "-" "Mozilla/5.0 (compatible; MJ12bot/v1.4.8; http://mj12bot.com/)" maoristudio.com 586559
52.54.95.127 - - [11/Nov/2025:12:12:36 -0300] "GET /?path=//proc/self/root/lib/.build-id/1a HTTP/1.1" 200 38805 "-" "Mozilla/5.0 AppleWebKit/537.36 (KHTML, like Gecko; compatible; Amazonbot/0.1; +https://developer.amazon.com/support/amazonbot) Chrome/119.0.6045.214 Safari/537.36" maoristudio.com 198149
54.37.254.160 - - [11/Nov/2025:12:12:38 -0300] "GET /?fileloc=//lib/modules/5.14.0-570.52.1.el9_6.x86_64/kernel/drivers/net/usb/usbnet.ko.xz&path=//lib/modules/5.14.0-570.52.1.el9_6.x86_64/kernel/drivers/net/usb HTTP/1.1" 200 57155 "-" "Mozilla/5.0 (compatible; MJ12bot/v1.4.8; http://mj12bot.com/)" maoristudio.com 156680
54.37.254.160 - - [11/Nov/2025:12:12:40 -0300] "GET /?fileloc=//lib/modules/5.14.0-570.52.1.el9_6.x86_64/kernel/drivers/net/usb/zaurus.ko.xz&path=//lib/modules/5.14.0-570.52.1.el9_6.x86_64/kernel/drivers/net/usb HTTP/1.1" 200 22154 "-" "Mozilla/5.0 (compatible; MJ12bot/v1.4.8; http://mj12bot.com/)" maoristudio.com 319362
54.37.254.160 - - [11/Nov/2025:12:12:42 -0300] "GET /?fileloc=//lib/modules/5.14.0-570.52.1.el9_6.x86_64/kernel/drivers/net/vmxnet3/vmxnet3.ko.xz&path=//lib/modules/5.14.0-570.52.1.el9_6.x86_64/kernel/drivers/net/vmxnet3 HTTP/1.1" 200 95725 "-" "Mozilla/5.0 (compatible; MJ12bot/v1.4.8; http://mj12bot.com/)" maoristudio.com 134043
54.37.254.160 - - [11/Nov/2025:12:12:45 -0300] "GET /?fileloc=//lib/modules/5.14.0-570.52.1.el9_6.x86_64/kernel/drivers/net/vxlan/vxlan.ko.xz&path=//lib/modules/5.14.0-570.52.1.el9_6.x86_64/kernel/drivers/net/vxlan HTTP/1.1" 200 133926 "-" "Mozilla/5.0 (compatible; MJ12bot/v1.4.8; http://mj12bot.com/)" maoristudio.com 330830
54.37.254.160 - - [11/Nov/2025:12:12:47 -0300] "GET /?fileloc=//lib/modules/5.14.0-570.52.1.el9_6.x86_64/kernel/drivers/net/wan/hdlc.ko.xz&path=//lib/modules/5.14.0-570.52.1.el9_6.x86_64/kernel/drivers/net/wan HTTP/1.1" 200 23543 "-" "Mozilla/5.0 (compatible; MJ12bot/v1.4.8; http://mj12bot.com/)" maoristudio.com 128264
34.236.185.101 - - [11/Nov/2025:12:12:48 -0300] "GET /?path=//proc/self/root/lib64/gtk-2.0/immodules HTTP/1.1" 200 12987 "-" "Mozilla/5.0 AppleWebKit/537.36 (KHTML, like Gecko; compatible; Amazonbot/0.1; +https://developer.amazon.com/support/amazonbot) Chrome/119.0.6045.214 Safari/537.36" maoristudio.com 139379
54.37.254.160 - - [11/Nov/2025:12:12:49 -0300] "GET /?fileloc=//lib/modules/5.14.0-570.52.1.el9_6.x86_64/kernel/drivers/net/wan/hdlc_cisco.ko.xz&path=//lib/modules/5.14.0-570.52.1.el9_6.x86_64/kernel/drivers/net/wan HTTP/1.1" 200 23021 "-" "Mozilla/5.0 (compatible; MJ12bot/v1.4.8; http://mj12bot.com/)" maoristudio.com 136456
54.37.254.160 - - [11/Nov/2025:12:12:51 -0300] "GET /?fileloc=//lib/modules/5.14.0-570.52.1.el9_6.x86_64/kernel/drivers/net/wan/hdlc_fr.ko.xz&path=//lib/modules/5.14.0-570.52.1.el9_6.x86_64/kernel/drivers/net/wan HTTP/1.1" 200 33081 "-" "Mozilla/5.0 (compatible; MJ12bot/v1.4.8; http://mj12bot.com/)" maoristudio.com 116916
54.37.254.160 - - [11/Nov/2025:12:12:53 -0300] "GET /?fileloc=//lib/modules/5.14.0-570.52.1.el9_6.x86_64/kernel/drivers/net/wan/hdlc_ppp.ko.xz&path=//lib/modules/5.14.0-570.52.1.el9_6.x86_64/kernel/drivers/net/wan HTTP/1.1" 200 27610 "-" "Mozilla/5.0 (compatible; MJ12bot/v1.4.8; http://mj12bot.com/)" maoristudio.com 148901
54.37.254.160 - - [11/Nov/2025:12:12:55 -0300] "GET /?fileloc=//lib/modules/5.14.0-570.52.1.el9_6.x86_64/kernel/drivers/net/wan/hdlc_raw.ko.xz&path=//lib/modules/5.14.0-570.52.1.el9_6.x86_64/kernel/drivers/net/wan HTTP/1.1" 200 18478 "-" "Mozilla/5.0 (compatible; MJ12bot/v1.4.8; http://mj12bot.com/)" maoristudio.com 139881
34.225.243.131 - - [11/Nov/2025:12:12:56 -0300] "GET /?path=//proc/self/root/lib/firmware/adaptec HTTP/1.1" 200 16076 "-" "Mozilla/5.0 AppleWebKit/537.36 (KHTML, like Gecko; compatible; Amazonbot/0.1; +https://developer.amazon.com/support/amazonbot) Chrome/119.0.6045.214 Safari/537.36" maoristudio.com 134580
54.37.254.160 - - [11/Nov/2025:12:12:57 -0300] "GET /?fileloc=//lib/modules/5.14.0-570.52.1.el9_6.x86_64/kernel/drivers/net/wireguard/wireguard.ko.xz&path=//lib/modules/5.14.0-570.52.1.el9_6.x86_64/kernel/drivers/net/wireguard HTTP/1.1" 200 105240 "-" "Mozilla/5.0 (compatible; MJ12bot/v1.4.8; http://mj12bot.com/)" maoristudio.com 134885
54.37.254.160 - - [11/Nov/2025:12:12:59 -0300] "GET /?fileloc=//lib/modules/5.14.0-570.52.1.el9_6.x86_64/kernel/drivers/net/wwan/mhi_wwan_ctrl.ko.xz&path=//lib/modules/5.14.0-570.52.1.el9_6.x86_64/kernel/drivers/net/wwan HTTP/1.1" 200 24458 "-" "Mozilla/5.0 (compatible; MJ12bot/v1.4.8; http://mj12bot.com/)" maoristudio.com 134955
54.37.254.160 - - [11/Nov/2025:12:13:01 -0300] "GET /?fileloc=//lib/modules/5.14.0-570.52.1.el9_6.x86_64/kernel/drivers/net/wwan/mhi_wwan_mbim.ko.xz&path=//lib/modules/5.14.0-570.52.1.el9_6.x86_64/kernel/drivers/net/wwan HTTP/1.1" 200 29752 "-" "Mozilla/5.0 (compatible; MJ12bot/v1.4.8; http://mj12bot.com/)" maoristudio.com 354082
54.37.254.160 - - [11/Nov/2025:12:13:03 -0300] "GET /?fileloc=//lib/modules/5.14.0-570.52.1.el9_6.x86_64/kernel/drivers/ntb/test/ntb_msi_test.ko.xz&path=//lib/modules/5.14.0-570.52.1.el9_6.x86_64/kernel/drivers/ntb/test HTTP/1.1" 200 28410 "-" "Mozilla/5.0 (compatible; MJ12bot/v1.4.8; http://mj12bot.com/)" maoristudio.com 140149
74.7.227.128 - - [11/Nov/2025:12:12:34 -0300] "GET /equally106?fileloc=//lib64/libgfortran.so.5&path=//lib64 HTTP/1.1" 200 4783857 "-" "Mozilla/5.0 AppleWebKit/537.36 (KHTML, like Gecko; compatible; GPTBot/1.3; +https://openai.com/gptbot)" maoristudio.com 30032097
54.37.254.160 - - [11/Nov/2025:12:13:05 -0300] "GET /?fileloc=//lib/modules/5.14.0-570.52.1.el9_6.x86_64/kernel/drivers/ntb/test/ntb_perf.ko.xz&path=//lib/modules/5.14.0-570.52.1.el9_6.x86_64/kernel/drivers/ntb/test HTTP/1.1" 200 43679 "-" "Mozilla/5.0 (compatible; MJ12bot/v1.4.8; http://mj12bot.com/)" maoristudio.com 389159
